{"text_format":"1","workbook":"xlsx","n_sheets":7,"sheets":["Assumptions","Income Statement","Cashflow Statement","Balance Sheet","Graphs","Data","Inputs"],"not_rendered":{"charts":3,"images":0,"macros":1,"external_links":0,"defined_names":26,"comments":0,"pivot_tables":0},"unopened":[],"bounds":{"document_bytes":16777216,"sheet_cells":100000,"rows_first":2000,"rows_last":500,"rows_between":2000,"halvings":0,"cell_chars":16384,"cell_head_chars":4096},"cells_cut":0,"cells_raw":0,"read":"whole","date_system":"1900"}

{"sheet":"Assumptions","index":0,"n_rows":47,"n_cols":12,"rows_kept":47,"cut":false,"hidden":false,"merged":[]}
["Initial Operation Year:",2014,null,null,null,null,"Type of Business/Marketing:","Saasware/Email"]
[]
["Unit Assumptions",null,null,"Financial Assumptions",null,null,"Market Assumptions"]
[]
["Initial Scale (Year 1)",null,null,"Taxes",null,null,"Marketing Ratios",null,null,"Saasware/Email","Mfg./Wholesale","Product/Direct"]
["Sale Price:",100,null,"Income Tax Rate:",0.4,null,"Reception/Open Rate:",{"$f":"IF($H$1=$J$5,J6,IF($H$1=$K$5,K6,IF($H$1=$L$5,L6,0)))","v":0.04},null,0.04,{"$f":"0.5","v":0.5},0.95]
["Transaction Cost:",10,null,null,null,null,"Action/Click Rate:",{"$f":"IF($H$1=$J$5,J7,IF($H$1=$K$5,K7,IF($H$1=$L$5,L7,0)))","v":0.25},null,0.25,1,0.8]
["Logistics Cost:",0,null,"Overhead",null,null,"Conversion Rate:",{"$f":"IF($H$1=$J$5,J8,IF($H$1=$K$5,K8,IF($H$1=$L$5,L8,0)))","v":0.1},null,0.1,0.05,0.1]
["Component 1:",0,null,"SG&A Rate:",0.2]
["Component 2:",0,null,null,null,null,"Marketing Costs"]
["Component 3:",0,null,null,null,null,"Cost per contact lead:",{"$f":"IF($H$1=$J$5,J11,IF($H$1=$K$5,K11,IF($H$1=$L$5,L11,0)))","v":0.04},null,0.04,22,0.8]
["Other components:",0,null,null,null,null,"Cost per contact made:",1.5E-3,null,1.5E-3,35,0]
["Manufacturing:",0,null,null,null,null,"Cost per action required:",0.02,null,0.02,300,0]
["Processing:",0,null,null,null,null,"Cost per sale/conversion:",0.27,null,0.27,1200,2.25]
[]
[]
["Gross Margin:",{"$f":"B6-SUM(B7:B16)","v":90},null,null,null,null,"Awareness Factors"]
[null,null,null,null,null,null,"Referral coefficient (K):",0.2,null,0.2,0.05,0.35]
[null,null,null,null,null,null,"Contact overlap:",{"$f":"IF($H$1=$J$5,J19,IF($H$1=$K$5,K19,IF($H$1=$L$5,L19,0)))","v":0.25},null,0.25,0.05,0.3]
["Expansion Scale (Year 3)",null,null,null,null,null,"Contact decay:",0.05,null,0.05,0.01,0.02]
["Sale Price:",{"$f":"B6","v":100},null,null,null,null,"Recurring coefficient:",0.55000000000000004,null,0.55000000000000004,0.8,0.6]
["Transaction Cost:",{"$f":"B7","v":10}]
["Logistics Cost:",0,null,null,null,null,"Marketing Efforts"]
["Component 1:",0,null,null,null,null,"Contacts Made Year 1:",1000000]
["Component 2:",0,null,null,null,null,"Contacts Made Year 2:",2000000]
["Component 3:",0,null,null,null,null,"Contacts Made Year 3:",4000000]
["Other components:",0,null,null,null,null,"Contacts Made Year 4:",5000000]
["Manufacturing:",0,null,null,null,null,"Contacts Made Year 5:",6000000]
["Processing:",0]
[]
[]
["Gross Margin:",{"$f":"B21-SUM(B22:B31)","v":90}]
[]
[]
["Full Scale (Year 5)"]
["Sale Price:",{"$f":"B21","v":100}]
["Transaction Cost:",{"$f":"B22","v":10}]
["Logistics Cost:",0]
["Component 1:",0]
["Component 2:",0]
["Component 3:",0]
["Other components:",0]
["Manufacturing:",0]
["Processing:",0]
[]
[]
["Gross Margin:",{"$f":"B36-SUM(B37:B46)","v":90}]

{"sheet":"Income Statement","index":1,"n_rows":34,"n_cols":6,"rows_kept":34,"cut":false,"hidden":false,"merged":[]}
["Total Products Sold:",{"$f":"Contacts1*OpenRate*ClickRate*ConversionRate","v":1000},{"$f":"(Contacts2*OpenRate*ClickRate*ConversionRate*(1-ContactDecay)*(1-Overlap)*(1+K))+(Recurring*B1)","v":2260},{"$f":"(Contacts3*OpenRate*ClickRate*ConversionRate*(1-ContactDecay)*(1-Overlap)*(1+K))+(Recurring*C1)","v":4663},{"$f":"(Contacts4*OpenRate*ClickRate*ConversionRate*(1-ContactDecay)*(1-Overlap)*(1+K))+(Recurring*D1)","v":6839.65},{"$f":"(Contacts5*OpenRate*ClickRate*ConversionRate*(1-ContactDecay)*(1-Overlap)*(1+K))+(Recurring*E1)","v":8891.807499999999}]
[]
[null,{"$f":"Assumptions!B1","v":2014},{"$f":"B3+1","v":2015},{"$f":"C3+1","v":2016},2017,2018]
["Revenues:"]
["sales",{"$f":"Assumptions!$B$6*B1","v":100000},{"$f":"Assumptions!$B$6*C1","v":226000},{"$f":"Assumptions!$B$21*D1","v":466300},{"$f":"Assumptions!$B$21*E1","v":683965},{"$f":"Assumptions!$B$36*F1","v":889180.74999999988}]
["other revenue"]
[]
[]
[]
["Total Revenue:",{"$f":"SUM(B5:B9)","v":100000},{"$f":"SUM(C5:C9)","v":226000},466300,683965,889180.74999999988]
[]
["Expenses:"]
["COGS",{"$f":"SUM(Assumptions!$B$7:$B$14)*B1","v":10000},{"$f":"SUM(Assumptions!$B$7:$B$14)*C1","v":22600},{"$f":"SUM(Assumptions!$B$22:$B$29)*D1","v":46630},{"$f":"SUM(Assumptions!$B$22:$B$29)*E1","v":68396.5},{"$f":"SUM(Assumptions!$B$37:$B$44)*F1","v":88918.074999999983}]
["General R&D"]
["Marketing",{"$f":"(Contacts1*LeadCost)+(Contacts1*ContactCost)+(Contacts1*OpenRate*ClickRate*ActionCost)+(Contacts1*OpenRate*ClickRate*ConversionRate*ConversionCost)","v":41970},{"$f":"(Contacts2*LeadCost)+(Contacts2*ContactCost)+(Contacts2*OpenRate*ClickRate*ActionCost)+(Contacts2*OpenRate*ClickRate*ConversionRate*ConversionCost)","v":83940},{"$f":"(Contacts3*LeadCost)+(Contacts3*ContactCost)+(Contacts3*OpenRate*ClickRate*ActionCost)+(Contacts3*OpenRate*ClickRate*ConversionRate*ConversionCost)","v":167880},{"$f":"(Contacts4*LeadCost)+(Contacts4*ContactCost)+(Contacts4*OpenRate*ClickRate*ActionCost)+(Contacts4*OpenRate*ClickRate*ConversionRate*ConversionCost)","v":209850},{"$f":"(Contacts5*LeadCost)+(Contacts5*ContactCost)+(Contacts5*OpenRate*ClickRate*ActionCost)+(Contacts5*OpenRate*ClickRate*ConversionRate*ConversionCost)","v":251820}]
["Salary 1"]
["Salary 2"]
["Salary 3"]
["Salary 4"]
["Other SG&A",{"$f":"Assumptions!$E$9*B5","v":20000},{"$f":"Assumptions!$E$9*C5","v":45200},{"$f":"Assumptions!$E$9*D5","v":93260},{"$f":"Assumptions!$E$9*E5","v":136793},{"$f":"Assumptions!$E$9*F5","v":177836.15}]
["Principal payments"]
[]
[]
["Total operating expenses",{"$f":"SUM(B13:B23)","v":71970},{"$f":"SUM(C13:C23)","v":151740},307770,415039.5,518574.22499999998]
["EBITDA",{"$f":"B10-B24","v":28030},{"$f":"C10-C24","v":74260},158530,268925.5,370606.52499999991]
["Interest expense"]
["Depreciation"]
[]
["Taxable income",{"$f":"B25-SUM(B26:B28)","v":28030},{"$f":"C25-SUM(C26:C28)","v":74260},158530,268925.5,370606.52499999991]
["income tax expense",{"$f":"IF(B29>0,B29*Assumptions!$E$6,0)","v":11212},{"$f":"IF(C29>0,C29*Assumptions!$E$6,0)","v":29704},{"$f":"IF(D29>0,D29*Assumptions!$E$6,0)","v":63412},{"$f":"IF(E29>0,E29*Assumptions!$E$6,0)","v":107570.20000000001},{"$f":"IF(F29>0,F29*Assumptions!$E$6,0)","v":148242.60999999996}]
[]
[]
["Total Expenses:",{"$f":"B24+SUM(B26:B28)+SUM(B30:B32)","v":83182},{"$f":"C24+SUM(C26:C28)+SUM(C30:C32)","v":181444},371182,522609.7,666816.83499999996]
["Net income (loss):",{"$f":"B10-B33","v":16818},{"$f":"C10-C33","v":44556},95118,161355.29999999999,222363.91499999992]

{"sheet":"Cashflow Statement","index":2,"n_rows":46,"n_cols":6,"rows_kept":46,"cut":false,"hidden":false,"merged":[]}
[]
[null,{"$f":"Assumptions!B1","v":2014},{"$f":"B2+1","v":2015},{"$f":"C2+1","v":2016},2017,2018]
["Operations Cash Flow:"]
["Sales",{"$f":"'Income Statement'!B5","v":100000},{"$f":"'Income Statement'!C5","v":226000},{"$f":"'Income Statement'!D5","v":466300},{"$f":"'Income Statement'!E5","v":683965},{"$f":"'Income Statement'!F5","v":889180.74999999988}]
["Other",{"$f":"'Income Statement'!B6","v":0},{"$f":"'Income Statement'!C6","v":0},{"$f":"'Income Statement'!D6","v":0},{"$f":"'Income Statement'!E6","v":0},{"$f":"'Income Statement'!F6","v":0}]
[]
["Costs you have to cover during regular business operation are called Operating Expense (or Opex)"]
["Cash paid for:"]
["inventory purchases",{"$f":"-'Income Statement'!B13","v":-10000},{"$f":"-'Income Statement'!C13","v":-22600},{"$f":"-'Income Statement'!D13","v":-46630},{"$f":"-'Income Statement'!E13","v":-68396.5},{"$f":"-'Income Statement'!F13","v":-88918.074999999983}]
["General R&D",{"$f":"-'Income Statement'!B14","v":0},{"$f":"-'Income Statement'!C14","v":0},{"$f":"-'Income Statement'!D14","v":0},{"$f":"-'Income Statement'!E14","v":0},{"$f":"-'Income Statement'!F14","v":0}]
["Marketing",{"$f":"-'Income Statement'!B15","v":-41970},{"$f":"-'Income Statement'!C15","v":-83940},{"$f":"-'Income Statement'!D15","v":-167880},{"$f":"-'Income Statement'!E15","v":-209850},{"$f":"-'Income Statement'!F15","v":-251820}]
["Salary 1",{"$f":"-'Income Statement'!B16","v":0},{"$f":"-'Income Statement'!C16","v":0},{"$f":"-'Income Statement'!D16","v":0},{"$f":"-'Income Statement'!E16","v":0},{"$f":"-'Income Statement'!F16","v":0}]
["Salary 2",{"$f":"-'Income Statement'!B17","v":0},{"$f":"-'Income Statement'!C17","v":0},{"$f":"-'Income Statement'!D17","v":0},{"$f":"-'Income Statement'!E17","v":0},{"$f":"-'Income Statement'!F17","v":0}]
["Salary 3",{"$f":"-'Income Statement'!B18","v":0},{"$f":"-'Income Statement'!C18","v":0},{"$f":"-'Income Statement'!D18","v":0},{"$f":"-'Income Statement'!E18","v":0},{"$f":"-'Income Statement'!F18","v":0}]
["Salary 4",{"$f":"-'Income Statement'!B19","v":0},{"$f":"-'Income Statement'!C19","v":0},{"$f":"-'Income Statement'!D19","v":0},{"$f":"-'Income Statement'!E19","v":0},{"$f":"-'Income Statement'!F19","v":0}]
["Other SG&A",{"$f":"-'Income Statement'!B20","v":-20000},{"$f":"-'Income Statement'!C20","v":-45200},{"$f":"-'Income Statement'!D20","v":-93260},{"$f":"-'Income Statement'!E20","v":-136793},{"$f":"-'Income Statement'!F20","v":-177836.15}]
["Interest  expense",{"$f":"-'Income Statement'!B26","v":0},{"$f":"-'Income Statement'!C26","v":0},{"$f":"-'Income Statement'!D26","v":0},{"$f":"-'Income Statement'!E26","v":0},{"$f":"-'Income Statement'!F26","v":0}]
["Principal payments",{"$f":"-'Income Statement'!B21","v":0},{"$f":"-'Income Statement'!C21","v":0},{"$f":"-'Income Statement'!D21","v":0},{"$f":"-'Income Statement'!E21","v":0},{"$f":"-'Income Statement'!F21","v":0}]
[]
["income taxes paid for last year",0,{"$f":"-'Income Statement'!B30","v":-11212},{"$f":"-'Income Statement'!C30","v":-29704},{"$f":"-'Income Statement'!D30","v":-63412},{"$f":"-'Income Statement'!E30","v":-107570.20000000001}]
[]
["Net cash flow from operations:",{"$f":"SUM(B4:B21)","v":28030},{"$f":"SUM(C4:C21)","v":63048},128826,205513.5,263036.3249999999]
[]
["Investing Cash Flow - this is cash for equipment (or Capital Expense, also known as Capex)"]
["cash (paid) for property additions"]
["cash proceeds from property sales"]
["other"]
[]
["Net cash flow for investing:",{"$f":"SUM(B25:B28)","v":0},{"$f":"SUM(C25:C28)","v":0},{"$f":"SUM(D25:D28)","v":0},{"$f":"SUM(E25:E28)","v":0},{"$f":"SUM(F25:F28)","v":0}]
[]
["Financing Cash Flow - this is what investors give you or what you borrow to run your company"]
["cash from investors",1000000]
["additions to short-term borrowing"]
["payments on short-term borrowing"]
["additions to long-term borrowing"]
["payments on long-term borrowing"]
["treasury stock purchase"]
["net warrant and option proceeds"]
["other"]
[]
["Net cash flow for financing:",{"$f":"SUM(B32:B40)","v":1000000},{"$f":"SUM(C32:C40)","v":0},{"$f":"SUM(D32:D40)","v":0},{"$f":"SUM(E32:E40)","v":0},{"$f":"SUM(F32:F40)","v":0}]
["Increase in cash and equivalents:",{"$f":"B41+B29+B22","v":1028030},{"$f":"C41+C29+C22","v":63048},{"$f":"D41+D29+D22","v":128826},{"$f":"E41+E29+E22","v":205513.5},{"$f":"F41+F29+F22","v":263036.3249999999}]
[]
["Cash and Cash Equivalents:"]
["beginning of year",0,{"$f":"B46","v":1028030},{"$f":"C46","v":1091078},1219904,1425417.5]
["end of year",{"$f":"B45+B42","v":1028030},{"$f":"C45+C42","v":1091078},1219904,1425417.5,1688453.825]

{"sheet":"Balance Sheet","index":3,"n_rows":63,"n_cols":12,"rows_kept":63,"cut":false,"hidden":false,"merged":[]}
[]
[null,{"$f":"Assumptions!B1","v":2014},{"$f":"B2+1","v":2015},{"$f":"C2+1","v":2016},2017,2018]
["Assets:"]
["Current Assets:"]
["cash",{"$f":"'Cashflow Statement'!B46","v":1028030},{"$f":"'Cashflow Statement'!C46","v":1091078},{"$f":"'Cashflow Statement'!D46","v":1219904},{"$f":"'Cashflow Statement'!E46","v":1425417.5},{"$f":"'Cashflow Statement'!F46","v":1688453.825}]
["accounts receivable"]
["inventory"]
["prepaid expenses"]
[]
[]
[]
["Total Current Assets:",{"$f":"SUM(B5:B11)","v":1028030},{"$f":"SUM(C5:C11)","v":1091078},1219904,1425417.5,1688453.825]
[]
["Property:"]
["land"]
["buildings"]
["leasehold improvements"]
["fixtures and equipment"]
["property under capital lease"]
[]
[]
[]
["Total Property",{"$f":"SUM(B15:B22)","v":0},{"$f":"SUM(C15:C22)","v":0},0,0,0]
["less accumulated depreciation"]
["Total Property Net:",{"$f":"SUM(B23:B24)","v":0},{"$f":"SUM(C23:C24)","v":0},0,0,0]
["Goodwill:"]
["Other Assets (see Notes):"]
["Total Assets:",{"$f":"B12+SUM(B25:B27)","v":1028030},{"$f":"C12+SUM(C25:C27)","v":1091078},1219904,1425417.5,1688453.825]
[]
["Liabilities:"]
["Current Liabilities:"]
["short-term loans payable"]
["accounts payable"]
["accrued salaries and wages"]
[]
[]
[]
["Total Current Liabilities:",{"$f":"SUM(B32:B37)","v":0},{"$f":"SUM(C32:C37)","v":0},{"$f":"SUM(D32:D37)","v":0},{"$f":"SUM(E32:E37)","v":0},{"$f":"SUM(F32:F37)","v":0}]
[]
["Long-term liabilities:"]
["long-term notes and debentures"]
["obligations under capital leases",null,null,null,null,null,"Price:",{"$f":"B2","v":2014},{"$f":"C2","v":2015},{"$f":"D2","v":2016},{"$f":"E2","v":2017},{"$f":"F2","v":2018}]
["other liabilities",null,null,null,null,null,null,1.1455317647499998,1.42733285335,1.9982775703000002,2.7895076655625002,3.7775354993743777]
[]
[null,null,null,null,null,null,"Shares:",1000000,1000000,1000000,1000000,1000000]
["Total long-term liabilities:",{"$f":"SUM(B41:B45)","v":0},{"$f":"SUM(C41:C45)","v":0},0,0,0]
[null,null,null,null,null,null,"Percentages (basic cap table):"]
["Stockholders' equity:",null,null,null,null,null,null,{"$f":"B2","v":2014},{"$f":"C2","v":2015},2016,2017,2018]
["paid-in capital and investor shares",{"$f":"H49*H$45*H$43","v":400936.11766249995},{"$f":"I49*I$45*I$43","v":499566.49867250002},699397.14960500004,976327.68294687511,1322137.4247810321,null,0.35,0.35,0.35,0.35,0.35]
["founder and employee shares",{"$f":"H50*H$45*H$43","v":458212.70589999994},570933.14133999997,799311.02812000003,1115803.066225,1511014.199749751,null,0.4,0.4,0.4,0.4,0.4]
["outstanding unexercised option shares",286382.94118749996,356833.2133375,499569.39257500006,697376.91639062506,944383.87484359439,null,0.25,0.25,0.25,0.25,0.25]
["other equity holder…",0,0,0,0,0,null,0,0,0,0,0]
["other equity holder…",0,0,0,0,0,null,0,0,0,0,0]
[]
["acc. other comprehensive income (loss)"]
[]
[]
["Total equity incl. retained earnings:",{"$f":"SUM(B48:B57)","v":1145531.7647499999},{"$f":"C38+SUM(C48:C57)","v":1427332.85335},{"$f":"D38+SUM(D48:D57)","v":1998277.5703000003},{"$f":"E38+SUM(E48:E57)","v":2789507.6655625002},{"$f":"F38+SUM(F48:F57)","v":3777535.4993743775},null,{"$f":"SUM(H49:H53)","v":1},{"$f":"SUM(I49:I53)","v":1},1,1,1]
["Total liabilities and stockholders' equity:",{"$f":"B58+B46","v":1145531.7647499999},{"$f":"C58+C46","v":1427332.85335},{"$f":"D58+D46","v":1998277.5703000003},{"$f":"E58+E46","v":2789507.6655625002},{"$f":"F58+F46","v":3777535.4993743775}]
[]
[]
[]
[null,null,null,null,null,null,"Check:",{"$f":"B28-B59","v":-117501.76474999986},{"$f":"C28-C59","v":-336254.85334999999},{"$f":"D28-D59","v":-778373.57030000025},{"$f":"E28-E59","v":-1364090.1655625002},{"$f":"F28-F59","v":-2089081.6743743776}]

{"sheet":"Graphs","index":4,"n_rows":34,"n_cols":7,"rows_kept":34,"cut":false,"hidden":false,"merged":[]}
["Table for Written Plan:"]
[]
[null,null,2012,2013,2014,2015,2016]
[null,"Sales",{"$f":"'Income Statement'!B10","v":100000},{"$f":"'Income Statement'!C10","v":226000},{"$f":"'Income Statement'!D10","v":466300},{"$f":"'Income Statement'!E10","v":683965},{"$f":"'Income Statement'!F10","v":889180.74999999988}]
[null,"COGS",{"$f":"'Income Statement'!B13","v":10000},{"$f":"'Income Statement'!C13","v":22600},{"$f":"'Income Statement'!D13","v":46630},{"$f":"'Income Statement'!E13","v":68396.5},{"$f":"'Income Statement'!F13","v":88918.074999999983}]
[null,"R&D",{"$f":"'Income Statement'!B14","v":0},{"$f":"'Income Statement'!C14","v":0},{"$f":"'Income Statement'!D14","v":0},{"$f":"'Income Statement'!E14","v":0},{"$f":"'Income Statement'!F14","v":0}]
[null,"Marketing",{"$f":"'Income Statement'!B15","v":41970},{"$f":"'Income Statement'!C15","v":83940},{"$f":"'Income Statement'!D15","v":167880},{"$f":"'Income Statement'!E15","v":209850},{"$f":"'Income Statement'!F15","v":251820}]
[null,"SG&A",{"$f":"SUM('Income Statement'!B16:B20)","v":20000},{"$f":"SUM('Income Statement'!C16:C20)","v":45200},{"$f":"SUM('Income Statement'!D16:D20)","v":93260},{"$f":"SUM('Income Statement'!E16:E20)","v":136793},{"$f":"SUM('Income Statement'!F16:F20)","v":177836.15}]
[null,"Other",{"$f":"'Income Statement'!B33-SUM(C5:C8)-C10","v":0},{"$f":"'Income Statement'!C33-SUM(D5:D8)-D10","v":0},{"$f":"'Income Statement'!D33-SUM(E5:E8)-E10","v":0},{"$f":"'Income Statement'!E33-SUM(F5:F8)-F10","v":0},{"$f":"'Income Statement'!F33-SUM(G5:G8)-G10","v":0}]
[null,"Taxes",{"$f":"'Income Statement'!B30","v":11212},{"$f":"'Income Statement'!C30","v":29704},{"$f":"'Income Statement'!D30","v":63412},{"$f":"'Income Statement'!E30","v":107570.20000000001},{"$f":"'Income Statement'!F30","v":148242.60999999996}]
[null,"Total:",{"$f":"C4-SUM(C5:C10)","v":16818},{"$f":"D4-SUM(D5:D10)","v":44556},95118,161355.29999999999,222363.91499999992]
[]
[]
[]
[null,null,null,null,null,null,"Revenue Breakdown:"]
[]
[]
[]
[]
[]
[]
[]
[]
[]
[]
[]
[]
[]
[]
[]
[]
[]
[]
[null,null,null,null,null,null,"Growth Curve:"]

{"sheet":"Data","index":5,"n_rows":1001,"n_cols":13,"rows_kept":1001,"cut":false,"hidden":true,"merged":[]}
["Year 1 Share Price","Year 2 Share Price","Year 3 Share Price","Year 4 Share Price","Year 5 Share Price","Open Rate","Click Rate","Conversion Rate","5-year Simple Growth","Bin Range","Bins","Bin Labels","Frequency"]
[1.1451736618499999,1.42629749981,1.9958720725800012,2.7852531060874988,3.7709837777571251,7.3000000000000009E-2,0.32250000000000001,0.114,2.2929361749947983,{"$f":"MIN(I:I)","v":0.62512113364886468},{"$f":"((($J$3-$J$2)/15)*1)+$J$2","v":0.86793073030513712},{"$f":"ROUND(J2,2)*100&\" - \"&ROUND(K2,2)*100&\"%\"","v":"63 - 87%"},{"$f":"COUNTIF(I:I,\"<=\"&K2)","v":18}]
[1.1175042943999998,1.3471760614399997,1.8127693299199985,2.4645889136000001,3.2800958156959994,9.8000000000000004E-2,0.32,7.3000000000000009E-2,1.9351975040571263,{"$f":"MAX(I:I)","v":4.2672650834929513},{"$f":"((($J$3-$J$2)/15)*2)+$J$2","v":1.1107403269614096},{"$f":"ROUND(K2,2)*100&\" - \"&ROUND(K3,2)*100&\"%\"","v":"87 - 111%"},{"$f":"COUNTIF(I:I,\"<=\"&K3)-COUNTIF(I:I,\"<=\"&K2)","v":50}]
[1.1618788658999999,1.4740987573399991,2.1065205961199998,2.9791484302250004,4.0679175723497494,8.4000000000000005E-2,0.29749999999999999,0.11700000000000001,2.5011546312951571,null,{"$f":"((($J$3-$J$2)/15)*3)+$J$2","v":1.353549923617682},{"$f":"ROUND(K3,2)*100&\" - \"&ROUND(K4,2)*100&\"%\"","v":"111 - 135%"},{"$f":"COUNTIF(I:I,\"<=\"&K4)-COUNTIF(I:I,\"<=\"&K3)","v":80}]
[1.0988022870000003,1.2935935262,1.6886821415999995,2.2468954917500001,2.9464877756425003,8.1000000000000003E-2,0.20749999999999999,0.12,1.6815449972234173,null,{"$f":"((($J$3-$J$2)/15)*4)+$J$2","v":1.5963595202739547},"135 - 160%",120]
[1.1671650600999997,1.48927229026,2.1416832206800001,3.0409401262750002,4.1627070133652504,0.11600000000000002,0.29749999999999999,8.7000000000000008E-2,2.5665109894641644,null,{"$f":"((($J$3-$J$2)/15)*5)+$J$2","v":1.8391691169302271},"160 - 184%",136]
[1.0809445112250009,1.2425156206849999,1.5704668233300003,2.0398193006187499,2.6294413567868129,8.7000000000000008E-2,0.2225,9.0999999999999998E-2,1.4325405508622719,null,{"$f":"((($J$3-$J$2)/15)*6)+$J$2","v":2.0819787135864996},"184 - 208%",133]
[1.2014056738500001,1.5872318110099997,2.36842064418,3.4381957065874995,4.7710060997121246,0.114,0.29749999999999999,0.10300000000000001,2.9711865888089708,null,{"$f":"((($J$3-$J$2)/15)*7)+$J$2","v":2.3247883102427718},"208 - 232%",121]
[1.2483510720000002,1.7215412671999992,2.6792959295999994,3.982874767999999,5.605056832479999,0.128,0.26250000000000001,0.124,3.4899683736403264,null,{"$f":"((($J$3-$J$2)/15)*8)+$J$2","v":2.5675979068990444},"232 - 257%",94]
[1.08298697625,1.2483828132500003,1.5840669885000001,2.0637354921874995,2.6661443161281242,0.11800000000000001,0.20250000000000001,7.4999999999999997E-2,1.4618433781725031,null,{"$f":"((($J$3-$J$2)/15)*9)+$J$2","v":2.8104075035553171},"257 - 281%",88]
[1.0808304049499999,1.2421603858700001,1.5696205476600003,2.0382304581125004,2.6269105159048753,7.1000000000000008E-2,0.19500000000000001,0.127,1.4304557901721855,null,{"$f":"((($J$3-$J$2)/15)*10)+$J$2","v":3.0532171002115893},"281 - 305%",59]
[1.2396814194000001,1.6967320864400002,2.6218674799199997,3.8822349423500002,5.4509312040084996,0.12300000000000001,0.26500000000000001,0.124,3.3970419486054122,null,{"$f":"((($J$3-$J$2)/15)*11)+$J$2","v":3.2960266968678615},"305 - 330%",41]
[1.1250375552000003,1.3686728115200002,1.8624795993600001,2.5514800688000006,3.412960191568001,9.6000000000000016E-2,0.215,0.11600000000000002,2.0336411222834889,null,{"$f":"((($J$3-$J$2)/15)*12)+$J$2","v":3.5388362935241346},"330 - 354%",35]
[1.1218471112000001,1.3595986971200003,1.8415213001599999,2.5149572078000002,3.3572163358580007,0.11900000000000001,0.26,7.6000000000000012E-2,1.9925792047250586,null,{"$f":"((($J$3-$J$2)/15)*13)+$J$2","v":3.7816458901804069},"354 - 378%",16]
[1.129893423,1.3825877197999998,1.8947060364000001,2.6080260432499989,3.4996235680075021,8.3000000000000004E-2,0.3,9.9000000000000005E-2,2.09730413220354,null,{"$f":"((($J$3-$J$2)/15)*14)+$J$2","v":4.0244554868366791},"378 - 402%",6]
[1.1467967588000001,1.4309491648800001,2.0066456158400001,2.8041588447000003,3.7999608848170014,0.109,0.23,0.10800000000000001,2.3135434466986577,null,{"$f":"((($J$3-$J$2)/15)*15)+$J$2","v":4.2672650834929513},"402 - 427%",3]
[1.1159516689000002,1.3426960651399997,1.8023681165199994,2.4462251234749997,3.2518467110572509,0.12200000000000001,0.19750000000000001,9.4E-2,1.9139673353977904]
[1.0752380756250002,1.2261915841249991,1.53268448925,1.9736286017187505,2.5280920334078125,9.3000000000000013E-2,0.21249999999999999,8.5000000000000006E-2,1.3511928108928961]
[1.0366094160000003,1.1156449215999995,1.2767849988000004,1.5251567815,1.8412545780649996,7.6999999999999999E-2,0.1825,0.08,0.776227911540598]
[1.0935805250000001,1.278662865,1.65413057,2.1863901937499999,2.8538672550624997,7.400000000000001E-2,0.25,0.105,1.6096544239963484]
[1.2560268855000001,1.7434994723000001,2.7301190814000003,4.0719134401250008,5.7413920085387504,0.10200000000000001,0.32500000000000001,0.129,3.5710741344945123]
[1.1927380831999999,1.5624137043199995,2.3109591497599999,3.3374433307999998,4.6166576995880018,0.124,0.24249999999999999,0.11200000000000002,2.8706382940351496]
[1.1629217406250001,1.4771102131249991,2.1135142112500005,2.9915043804687484,4.0869324998203131,0.125,0.24249999999999999,9.7000000000000017E-2,2.514365891572234]
[1.0709109249000006,1.2138001707400001,1.5039934273200006,1.9233168949750001,2.4510119112222504,8.900000000000001E-2,0.19750000000000001,9.2000000000000012E-2,1.2887168803989189]
[1.2428616510000003,1.7058546325999999,2.6430027468000001,3.9193541202499991,5.5078523022774997,0.126,0.29499999999999998,0.11,3.4315892262392271]
[1.1345404688000005,1.3959342108800001,1.9256410438399998,2.6624162972000009,3.5830846530920013,0.11200000000000002,0.31,7.3000000000000009E-2,2.158181441409329]
[1.0921899248999993,1.2746765707400005,1.6448972773199997,2.1701838524750001,2.8290243478472505,8.4000000000000005E-2,0.20250000000000001,0.113,1.5902311341191646]
[1.1694672630999994,1.4958240380600001,2.1568189610800004,3.0673309345250006,4.2030001313227503,9.2000000000000012E-2,0.30249999999999999,0.109,2.5939442376364816]
[1.0867418500000006,1.2591078100000002,1.6088765799999998,2.1071390875000007,2.7325471071250007,8.2000000000000017E-2,0.25,0.09,1.5144399354133635]
[1.1442587760000003,1.4236886576000001,1.9898407968,2.7747175939999997,3.7548803853400008,0.126,0.2,0.10600000000000001,2.2814958155409419]
[1.1921622324000007,1.5607716202399997,2.3071628683200007,3.3308118731000005,4.6065215447410006,0.12200000000000001,0.255,0.10800000000000001,2.8640056022135378]
[1.1925148923,1.5618092019800001,2.3095883936399999,3.3351671443249997,4.6132880308007493,0.11900000000000001,0.3075,9.2000000000000012E-2,2.8685370393179026]
[1.2184980641500001,1.6361148277900002,2.4815513342200006,3.6363442529124961,5.0743643913328746,0.10300000000000001,0.29499999999999998,0.12300000000000001,3.1644418982911144]
[1.067029340875,1.2026908087750003,1.4782759229500002,1.8782420086562499,2.3819755981084381,7.9000000000000001E-2,0.21249999999999999,9.3000000000000013E-2,1.2323431107856302]
[1.1817402039000007,1.5309361561399999,2.2380898045199995,3.2097225922249999,4.4210387887697502,9.3000000000000013E-2,0.29749999999999999,0.11600000000000002,2.7411258195154544]
[1.2131174759999999,1.6207392775999994,2.4459779568000011,3.5740837190000008,4.9790884720900008,0.12,0.28249999999999997,0.10800000000000001,3.1043745313994648]
[1.1733003479999999,1.5067752248000001,2.1821541264000004,3.1116643370000001,4.2708349740699996,8.3000000000000004E-2,0.3,0.124,2.6400185011024986]
[1.2072785124000001,1.604005148239998,2.4072205723200004,3.5060706130999999,4.8748433309410002,0.129,0.22,0.126,3.037877988278026]
[1.1573301357000001,1.4611483908200016,2.0765984067599996,2.926956100175,3.988212747594249,0.11800000000000001,0.315,7.6999999999999999E-2,2.4460458814390216]
[1.0857028295999991,1.2561246209600003,1.6019627932800007,2.0949865573999995,2.7139023107140008,9.6000000000000016E-2,0.1925,9.9000000000000005E-2,1.4996732408939861]
[1.0811665772999999,1.2431744829800002,1.57201150164,2.0426124755749995,2.6337985238882506,7.400000000000001E-2,0.32250000000000001,7.400000000000001E-2,1.4360709803531317]
[1.2133709405999999,1.6214714495600002,2.4476785180800005,3.5770891101500011,4.9837144052665003,0.127,0.27750000000000002,0.10400000000000001,3.1073296207358507]
[1.1106748619999998,1.3276017212,1.7674325016000008,2.3850240905,3.1581397404550002,0.12300000000000001,0.2,8.900000000000001E-2,1.8434421706169857]
[1.1054538223999999,1.3126343542400001,1.7327635803200003,2.3241702505999999,3.064853624966001,7.6999999999999999E-2,0.245,0.11200000000000002,1.7724845333765624]
[1.1143930989500002,1.3382103502700002,1.7919630968600004,2.4278962791124998,3.2236895146148763,0.10700000000000001,0.17749999999999999,0.11800000000000001,1.8927759133220501]
[1.1224819348500001,1.3613858296100001,1.8456335389799992,2.5220549843375002,3.3679860340146259,0.114,0.2225,9.3000000000000013E-2,2.0004812812107287]
[1.1345838397500001,1.39600174835,1.9257501303000002,2.6623989693125014,3.5828657819368792,9.0999999999999998E-2,0.26250000000000001,0.10600000000000001,2.1578678070422246]
[1.1375259936,1.40445660736,1.9453511884800001,2.6968796584000003,3.6357923792240001,9.7000000000000017E-2,0.32,8.3000000000000004E-2,2.1962279540686187]
[1.1907767947500001,1.5568181313499976,2.2980205743000006,3.3148314580624998,4.5820859394493754,0.126,0.26250000000000001,0.10100000000000002,2.8479805448437294]
[1.1655418286999999,1.4845754126199988,2.1307675791599991,3.021620160925,4.1329431330267505,0.11900000000000001,0.20499999999999999,0.12200000000000001,2.5459414936969487]
[1.19172889755,1.5595731506299999,2.3044233593399994,3.3261642412624983,4.5995452086013744,0.12100000000000001,0.32250000000000001,8.5999999999999993E-2,2.8595566643196184]
[1.2304272787249999,1.6702962661849992,2.5607120423300005,3.7752331012437503,5.287218597080563,0.127,0.3175,9.7000000000000017E-2,3.2970589879633629]
[1.21344955805,1.6216679379299994,2.4481095607400003,3.5777395101375,4.9846136264526244,0.11800000000000001,0.2525,0.12300000000000001,3.1078045588172971]
[1.1124241655000013,1.3325676003,1.7788941853999993,2.4049627601249997,3.1885391537387502,7.0000000000000007E-2,0.245,0.129,1.8662979937204056]
[1.1075271307999999,1.3185906120799997,1.74657058544,2.3484518776999996,3.102118965047,0.124,0.19,9.0999999999999998E-2,1.8009417365751095]
[1.1288617439999999,1.3796814943999987,1.8880171391999998,2.5964738360000004,3.4820883739599995,0.12,0.28000000000000003,7.3000000000000009E-2,2.084601274219458]
[1.2141988720000003,1.6238275472000001,2.4531214696000005,3.5865791930000013,4.9982034582300008,0.10100000000000002,0.32500000000000001,0.11200000000000002,3.1164619515722953]
[1.053367223,1.1635995997999999,1.3877910764000005,1.7196893532500002,2.1391741205074997,7.3000000000000009E-2,0.22,8.5000000000000006E-2,1.0307961685148235]
[1.2425599687999997,1.7049949108799998,2.6410156438399999,3.9158850222000008,5.5025516818420011,0.124,0.30499999999999999,0.10800000000000001,3.4283992885720291]
[1.1236783174999998,1.3647840754999998,1.8534786589999992,2.5357096981249989,3.3888115109187495,0.11800000000000001,0.17499999999999999,0.115,2.015819971020087]
[1.1005487615,1.2986011899000001,1.7002822082000004,2.2672604966250001,2.9777096822537499,8.5000000000000006E-2,0.2225,0.10800000000000001,1.705659018865517]
[1.1353051736000004,1.3980636753600013,1.9305212124800009,2.670751703400001,3.5956499891740012,0.10700000000000001,0.22,0.10800000000000001,2.1671219974910896]
[1.1519065783999998,1.4455545598400001,2.0404401411200008,2.8633192945999988,3.8905050650059985,0.11800000000000001,0.19,0.124,2.3774484302450261]
[1.0303993607500002,1.0978712429500002,1.2356399430999998,1.4530418745625,1.7308037577643747,7.3000000000000009E-2,0.17499999999999999,8.1000000000000003E-2,0.67974071383795198]
[1.214632044,1.6250702743999998,2.4560007792,3.5916366409999996,5.0059594587100005,0.10800000000000001,0.31,0.11,3.1213793785848782]
[1.0412543219999999,1.1289447172000004,1.3075780295999999,1.5791487055000004,1.9239677031050006,9.2000000000000012E-2,0.17499999999999999,7.400000000000001E-2,0.84774042465391164]
[1.0849939066500003,1.25410096829,1.5972826132200002,2.0868032922875002,2.7013870184391249,8.900000000000001E-2,0.2175,9.4E-2,1.489771603215597]
[1.0739198000000001,1.2224034800000001,1.5239026400000004,1.9581810499999994,2.5043813494999987,8.3000000000000004E-2,0.2,0.1,1.3320003500261364]
[1.2107078776,1.6138540657600002,2.4300484796800004,3.5462055994000004,4.9364287305339998,0.11200000000000002,0.3175,0.10200000000000001,3.0773078476366558]
[1.1544069240000003,1.4527601623999995,2.0571619632000004,2.8928096810000001,3.93584031391,0.12,0.27,8.7000000000000008E-2,2.4094046320099851]
[1.1320182313,1.3886711433800001,1.9087905288399991,2.6327194790750004,3.5374508773732507,0.124,0.20749999999999999,9.7000000000000017E-2,2.1249062776231726]
[1.1337873408000001,1.3937285580800003,1.9204932134400006,2.6532089552000007,3.5688123370720009,0.10400000000000001,0.24,0.10100000000000002,2.1476911133562733]
[1.2617709942999999,1.75993674718,2.7681680772399999,4.1385914673249999,5.8435061227307514,0.109,0.31,0.129,3.6311938926544967]
[1.0846434414999999,1.2530795579,1.5949027822000001,2.0825645491250007,2.6948326163287506,7.6000000000000012E-2,0.20749999999999999,0.115,1.484533177651405]
[1.1695907015000007,1.4961828339000001,2.1576541502,3.0688150541249994,4.2052919104787501,9.8000000000000004E-2,0.29499999999999998,0.105,2.5955244044651358]
[1.0732116730500001,1.2203855369299998,1.5192385427400004,1.9500386163875005,2.4919402559901251,7.8000000000000014E-2,0.23250000000000001,9.0999999999999998E-2,1.3219466565325251]
[1.08400165,1.25125529,1.5906902200000002,2.075227587500001,2.6836381541249992,9.5000000000000001E-2,0.19,0.1,1.4756771856620321]
[1.1536778400000005,1.4506679840000001,2.0523141120000004,2.8842926599999998,3.9227770606000005,9.6000000000000016E-2,0.32500000000000001,0.09,2.4002361184297336]
[1.0774106863999997,1.23238396064,1.5469979355199999,1.9986206665999995,2.566282034726,8.5999999999999993E-2,0.17749999999999999,0.11200000000000002,1.3818976989181651]
[1.1895464654999994,1.5532875803000001,2.2898398253999996,3.3004589851249992,4.5600416994887505,0.10800000000000001,0.28749999999999998,0.10700000000000001,2.8334288165633263]
[1.1417932529999999,1.4166394777999987,1.9735284803999997,2.7461540757499989,3.7111576120824994,0.09,0.28999999999999998,0.10100000000000002,2.2502886160271434]
[1.2307961037999984,1.6713057618799998,2.5630104618400003,3.7790916384499997,5.2929716046794999,0.10700000000000001,0.29499999999999998,0.124,3.3004455314229659]
[1.2271335300000001,1.660817378,2.5387256040000001,3.7365062075000006,5.2277282583250013,0.11,0.27,0.13,3.2601136147954501]
[1.0846155175000001,1.2530287955000001,1.5948096190000003,2.0825086981250003,2.6948461689187506,0.12200000000000001,0.17499999999999999,8.5000000000000006E-2,1.4846096385660004]
[1.1852931434999991,1.5411114631,2.2616504958000001,3.2510413746250006,4.484344538633751,9.8000000000000004E-2,0.30249999999999999,0.11,2.783321082405092]
[1.0664906685999993,1.2011552623600001,1.4747263784800002,1.8720434846500005,2.3725029631615002,9.4E-2,0.19,8.7000000000000008E-2,1.224588581047714]
[1.1841359040000001,1.5378087103999998,2.2540126272000007,3.2376889760000007,4.4639258833600008,0.13,0.24,0.10400000000000001,2.7697749627225225]
[1.0716818187500008,1.2160273537500002,1.5091666175,1.9324606640625004,2.4650872261093757,7.9000000000000001E-2,0.27500000000000002,7.4999999999999997E-2,1.3002043918078496]
[1.1635493760000002,1.4789402176000002,2.1177786768000004,2.999102734,4.0986844963400006,0.124,0.29749999999999999,0.08,2.5225703187863684]
[1.1042134559999996,1.3091240255999999,1.7246705207999995,2.3101318289999999,3.0434873697899993,9.8000000000000004E-2,0.26750000000000002,0.08,1.7562491230771602]
[1.0765125328499998,1.2298097044099994,1.5410356153799993,1.9881569963375005,2.5502434643346259,7.1000000000000008E-2,0.20250000000000001,0.11800000000000001,1.3689863206543591]
[1.20743826025,1.6044577116500003,2.4082643497,3.5078829156875004,4.8776032488131262,0.10100000000000002,0.27250000000000002,0.13,3.0396295275612841]
[1.1168448038999998,1.3452821161400002,1.8083795845199997,2.456871317225001,3.2682537315197497,0.129,0.23250000000000001,7.6000000000000012E-2,1.9263275614544408]
[1.1701116600000001,1.497654716,2.1610454879999996,3.0746885149999996,4.2142226156499998,0.13,0.19500000000000001,0.12,2.6015559537711126]
[1.0659855600000001,1.1997178560000001,1.4714057580000002,1.8662538525000005,2.3636636472750006,8.5000000000000006E-2,0.22750000000000001,0.08,1.2173505307848638]
[1.1004413677500002,1.2982878411500001,1.6995518307000002,2.2659583338125007,2.9756949763318761,7.8000000000000014E-2,0.22750000000000001,0.115,1.7040922520171002]
[1.1270426988,1.3744562088800005,1.8759050078399997,2.5751747897000006,3.449402186167001,0.10200000000000001,0.28999999999999998,8.2000000000000017E-2,2.0605780862071108]
[1.1318067867999999,1.3880367576799999,1.90729756624,2.6299951216999999,3.533178981087,8.2000000000000017E-2,0.245,0.124,2.1217156694001549]
[1.1239459402499998,1.3655558796499998,1.8552702237000003,2.5388713131875007,3.3936736926381248,0.09,0.24249999999999999,0.109,2.0194278666848229]
[1.112483382,1.3327406732,1.7792978376000002,2.4056834704999996,3.1896551922550023,8.4000000000000005E-2,0.21249999999999999,0.124,1.8671486189040463]
[1.1486228579250002,1.4361841001050002,2.0187712848900006,2.8254427860437508,3.8325881208085635,9.0999999999999998E-2,0.29749999999999999,0.10100000000000002,2.3366810475391167]
[1.1620747584000002,1.4746490278399997,2.1077857651200005,2.9813276095999997,4.0712198834560036,9.6000000000000016E-2,0.24,0.127,2.5034061741961016]
[1.1521408067999999,1.4462560096799999,2.0420899022399999,2.8663253067000016,3.8952146456369987,9.8000000000000004E-2,0.28999999999999998,9.8000000000000004E-2,2.3808494783339178]
[1.0573716599999992,1.1750467160000002,1.4142788880000001,1.766063285,2.2101529391499999,7.9000000000000001E-2,0.18,0.1,1.0902328128881398]
[1.2098351587499998,1.6113166377499999,2.4241413794999995,3.5357061865624999,4.9202131810843746,9.5000000000000001E-2,0.29249999999999998,0.13,3.0668459215286261]
[1.1813771132999997,1.5298971165799997,2.2356846164400004,3.2055075920750009,4.4145836430032555,0.127,0.2175,0.11600000000000002,2.7368115509464865]
[1.1696426210249999,1.4963586381649998,2.1580838459700002,3.069668425568751,4.2066913898813114,0.12300000000000001,0.27750000000000002,8.900000000000001E-2,2.5965613036525945]
[1.1296557595000005,1.3818797046999995,1.8930438046000002,2.6050102086250004,3.4949100435737508,7.1000000000000008E-2,0.27500000000000002,0.126,2.0937832292561773]
[1.1193569928,1.35243133328,1.8248954870400003,2.4856681381999994,3.3122198990019998,8.4000000000000005E-2,0.27,0.10200000000000001,1.9590380194228234]
[1.1550613696000001,1.4546204249599999,2.0614576652799999,2.9002915424000002,3.9472559480639999,9.4E-2,0.32,9.4E-2,2.4173560400785821]
[1.0806320478000007,1.2416181762799998,1.5683866610399999,2.0361617994500008,2.6238288453895002,8.900000000000001E-2,0.21,9.4E-2,1.4280501866765927]
[1.1353077039500001,1.3981120232700004,1.9306674608600003,2.6711594903625007,3.5964142505023751,0.12200000000000001,0.25750000000000001,8.1000000000000003E-2,2.167788114173463]
[1.0904006613750008,1.269568712075001,1.6330838623500006,2.1495269700312507,2.7974310892346872,7.3000000000000009E-2,0.26250000000000001,9.9000000000000005E-2,1.5655075132723346]
[1.0555496639999999,1.1698508864000008,1.4022665952000002,1.7450788760000007,2.1780774547600004,7.2000000000000008E-2,0.24249999999999999,0.08,1.0634533163567002]
[1.1320468799999988,1.3887490880000002,1.9089675840000004,2.6330148800000006,3.5378895471999998,0.128,0.19500000000000001,0.1,2.1252146971157266]
[1.0405347192000001,1.1268851979199999,1.30281039456,1.5707926297999997,1.911169723078,7.6000000000000012E-2,0.21,7.400000000000001E-2,0.83671884062395818]
[1.1133932862000009,1.3353892521199999,1.78546619016,2.4166581840500001,3.2066147622955006,8.7000000000000008E-2,0.30499999999999999,8.4000000000000005E-2,1.8800378105742326]
[1.1363404217500002,1.40108574155,1.9375664779000004,2.6833177023125003,3.6150968665668759,0.115,0.30499999999999999,7.3000000000000009E-2,2.18135023393739]
[1.0905557784000002,1.2700264798399987,1.6341551011199997,2.1514554146,2.8004316190059995,9.0999999999999998E-2,0.24,8.7000000000000008E-2,1.5678939807321266]
[1.0959472034,1.2854546848399999,1.6698684411199995,2.2140409908500001,2.8962789104435012,8.900000000000001E-2,0.2525,8.8000000000000009E-2,1.6427175519571213]
[1.1811957849999999,1.5294309409999998,2.2346495380000002,3.2038879587500007,4.4122824622124996,0.13,0.28999999999999998,8.5000000000000006E-2,2.73543701920042]
[1.072581525000001,1.2186054649999998,1.5151373699999999,1.9429369437500001,2.4811431075624997,0.125,0.18,7.3000000000000009E-2,1.3132443079909448]
[1.1102571468000002,1.3264020936800003,1.7646520142400002,2.3801356516999999,3.1506387229869994,8.4000000000000005E-2,0.28249999999999997,9.2000000000000012E-2,1.8377558586925722]
[1.0809944775000002,1.2426494915000008,1.5707690970000032,2.0403154306250006,2.6301701761937499,8.7000000000000008E-2,0.20250000000000001,0.1,1.4331023247005898]
[1.1708921258250007,1.4999305826449998,2.1663491546099998,3.0841394067687493,4.2288406642133127,0.11100000000000002,0.30249999999999999,9.0999999999999998E-2,2.6116398521629032]
[1.1534814064000001,1.4500786326399995,2.0509271315199999,2.8817616915999995,3.9188083992759997,0.11800000000000001,0.22,0.10800000000000001,2.3973745719114343]
[1.0619429024999993,1.1881558965000003,1.444647537,1.8193858818749997,2.2919096288812506,0.115,0.17499999999999999,7.400000000000001E-2,1.1582230301513334]
[1.1403385874999994,1.4124505774999996,1.9638100949999999,2.7290266006249997,3.6848384950937501,8.2000000000000017E-2,0.255,0.125,2.2313547357650489]
[1.16929307925,1.4953667010499982,2.1557946489000024,3.0656873954374992,4.2006228823356242,0.12200000000000001,0.29249999999999998,8.5000000000000006E-2,2.5924465447362084]
[1.1393189730000002,1.4095511498000008,1.9571137763999971,2.7173592057499998,3.6670326343825002,8.1000000000000003E-2,0.3,0.10700000000000001,2.2186180703430627]
[1.1057837478750003,1.3135696469749993,1.7349212305500004,2.3279188729062499,3.0705644754259374,8.1000000000000003E-2,0.21249999999999999,0.12300000000000001,1.7768218526693695]
[1.1443655875000001,1.4240127774999998,1.9906064949999998,2.7761274906250004,3.7571023645937505,0.125,0.23,9.3000000000000013E-2,2.2831312000578223]
[1.1086572109999999,1.3218334886000001,1.7540847547999998,2.3616532602499998,3.1223670076775001,8.2000000000000017E-2,0.31,8.5000000000000006E-2,1.8163502448706847]
[1.0944769181999998,1.2812635753199999,1.6601804277599994,2.1971233270500012,2.8704255594255015,0.124,0.20499999999999999,7.6999999999999999E-2,1.6226460436883994]
[1.0699220630249999,1.2109754673650004,1.497458991570001,1.9118842560687501,2.4335204285363128,9.0999999999999998E-2,0.20250000000000001,8.7000000000000008E-2,1.2744838270331573]
[1.1236115928000006,1.3645852932800002,1.8530119670400003,2.5348629482000002,3.3874880885020002,8.8000000000000009E-2,0.2175,0.124,2.0148212337864004]
[1.1542141724999995,1.4521579984999999,2.0557258230000026,2.8901065118749996,3.9315285531812498,7.4999999999999997E-2,0.30249999999999999,0.124,2.4062383280787967]
[1.0945016288999996,1.2813203611400001,1.6603002445200006,2.197281973475,2.8706211729572502,8.2000000000000017E-2,0.27750000000000002,8.5999999999999993E-2,1.6227655557189928]
[1.1559040214999998,1.4570302659000001,2.0670347262000002,2.9100594641249997,3.9622100007787506,0.12200000000000001,0.245,9.5000000000000001E-2,2.427801899708808]
[1.1208817124999999,1.3568122025,1.8350511450000004,2.5035305843750004,3.339635698656251,0.1,0.26250000000000001,8.900000000000001E-2,1.9794720186910459]
[1.2171195235499994,1.6321626182300002,2.4723965861399999,3.6202739902625005,5.0497284381913747,0.10200000000000001,0.28249999999999997,0.129,3.1489174567364762]
[1.2313258602000001,1.67284110452,2.5665806733599998,3.7854196575500016,5.3027286030804976,0.114,0.31,0.11100000000000002,3.3065193174934158]
[1.1486132576000001,1.4361372537600003,2.0186466636800011,2.8251529944000002,3.8320784509840013,0.128,0.1825,0.11700000000000001,2.3362652099202106]
[1.1371796538750001,1.4034290425750005,1.9429421113500003,2.6925234744062498,3.6289970630909352,0.113,0.21249999999999999,0.10700000000000001,2.1912258109129326]
[1.1306872370000001,1.3848663962000001,1.8999866515999999,2.6173061217499991,3.5138597151425004,0.124,0.21249999999999999,9.4E-2,2.1077203316326991]
[1.1331970680000001,1.3920234968,1.9165330224000001,2.6462102570000003,3.5580399708700003,0.11200000000000002,0.19500000000000001,0.115,2.139824547154582]
[1.1648469908499999,1.4825860152100003,2.1261616397800016,3.0135446983374998,4.1205723645546239,0.10600000000000001,0.22750000000000001,0.12300000000000001,2.5374365877425697]
[1.0822852161000007,1.2463297358600003,1.5792770014800008,2.0551758152750006,2.6528828441552506,7.8000000000000014E-2,0.19500000000000001,0.11700000000000001,1.4511864383723876]
[1.0769043519999999,1.2309349952000002,1.5436438336,1.9927426879999994,2.5572800476800008,0.08,0.19,0.11200000000000002,1.3746584763360683]
[1.0615509573999999,1.1870118052399998,1.4419803983199992,1.8146289768499972,2.2845481483034984,8.3000000000000004E-2,0.19,9.4E-2,1.1520852412953591]
[1.173185785599999,1.5064613465599999,2.1814392140800001,3.1104629264000003,4.2690425075040013,0.10400000000000001,0.26500000000000001,0.11200000000000002,2.6388460889173637]
[1.2298469999999995,1.6685821999999988,2.5566996000000004,3.7680042500000006,5.275965917499998,0.125,0.24,0.13,3.2899368112456266]
[1.0946209806000002,1.2816541535600001,1.6610664400800002,2.1985961376500005,2.8726074259915011,9.9000000000000005E-2,0.215,9.2000000000000012E-2,1.6242941409883482]
[1.2427206664500001,1.7054364757699998,2.6420225058599995,3.9175820822374998,5.5050884782836258,0.109,0.315,0.11900000000000001,3.4298679718666434]
[1.0584393615999999,1.1781124841599999,1.4213842508799999,1.7785534004000008,2.2293164488439992,8.5999999999999993E-2,0.19,8.8000000000000009E-2,1.106229728148084]
[1.0789775822249998,1.2369047452849999,1.5574935261299998,2.0171496708687502,2.5947839953643124,7.6999999999999999E-2,0.29249999999999998,7.6999999999999999E-2,1.4048544085721519]
[1.1194098595499999,1.3526047318299992,1.82531534094,2.4864854067625002,3.3135466943063743,8.900000000000001E-2,0.30249999999999999,8.5999999999999993E-2,1.9600835351212758]
[1.0897463675250003,1.2677356890649996,1.6288736021700012,2.1422936284437504,2.7864871834725626,9.0999999999999998E-2,0.29249999999999998,7.1000000000000008E-2,1.5570052504980125]
[1.0890617076,1.2657422237600002,1.6242305236800003,2.1340307519000006,2.7737165506090005,7.2000000000000008E-2,0.27750000000000002,9.4E-2,1.5468864906852047]
[1.0957781017499999,1.28499490955,1.6688243019000002,2.2123001223125001,2.8936948727668743,0.114,0.23749999999999999,7.3000000000000009E-2,1.6407672029086291]
[1.1222544694499998,1.3607583835700008,1.8442007262599993,2.5196305704875002,3.3643529442411251,0.11700000000000001,0.255,7.9000000000000001E-2,1.9978521234047248]
[1.1039476196250002,1.3083493585249997,1.7228656684499999,2.3069175377187499,3.0385174043678083,9.5000000000000001E-2,0.2475,8.900000000000001E-2,1.752410848442213]
[1.1757439898500004,1.5137628726100001,2.19832491298,3.1399838255874997,4.3141877094021241,9.4E-2,0.25750000000000001,0.129,2.6693257602384355]
[1.1070791720000006,1.3172883272,1.7435390095999996,2.343064043,3.0937983677300003,7.0000000000000007E-2,0.28000000000000003,0.109,1.7945592745104941]
[1.0912256238,1.2719133138799996,1.6384976978400005,2.1589549734500011,2.8118148717294984,8.4000000000000005E-2,0.1925,0.11800000000000001,1.5767493086698707]
[1.1919268529999998,1.5600908378000002,2.3055809604000004,3.3280130757499999,4.6022107660825009,0.11,0.27,0.113,2.8611520115509146]
[1.1832140948000001,1.5351564784800003,2.2478612206399995,3.2268560487000002,4.4472868540570012,0.109,0.26,0.114,2.7586493210332579]
[1.0541670694000014,1.1658917764400001,1.3930997999200003,1.7290048248500003,2.1534516803835015,9.2000000000000012E-2,0.1825,8.2000000000000017E-2,1.0427992325819646]
[1.24268951925,1.7053620450499998,2.6418624908999999,3.9173558429375004,5.5047919800606238,0.11700000000000001,0.3175,0.11,3.4297404096422484]
[1.1272432503000001,1.3749876527799996,1.8770997380399999,2.5771120113250001,3.4522246177707503,7.6000000000000012E-2,0.28249999999999997,0.113,2.0625374042842917]
[1.0412978356999991,1.12907041082,1.3078699667600002,1.5796646351750006,1.9247618198442504,7.1000000000000008E-2,0.23,7.3000000000000009E-2,0.84842583346997358]
[1.069696108,1.2103226008000014,1.4959424944000002,1.9092035770000007,2.4293937624700011,0.08,0.215,9.3000000000000013E-2,1.2711064799629999]
[1.2036109525000001,1.5935298265000004,2.382988777,3.463678894375001,4.8099895627562512,0.1,0.3175,0.11100000000000002,2.9962992632839565]
[1.0865226276000008,1.2584854157599998,1.6074399796800003,2.1046397218999999,2.7287362129090003,7.2000000000000008E-2,0.29749999999999999,8.5999999999999993E-2,1.5114398389810377]
[1.1567868202500002,1.4595143676500002,2.0727497577000005,2.9199194556875008,3.977166944213125,0.11100000000000002,0.19750000000000001,0.13,2.4381157137955594]
[1.0973654916000002,1.28953062216,1.6793179348800003,2.2306645778999998,2.9217962046689996,8.8000000000000009E-2,0.29499999999999998,7.6999999999999999E-2,1.6625552079361552]
[1.1077056748,1.3191057864799998,1.7477666646399999,2.3505635986999991,3.1053674277570007,0.11900000000000001,0.20499999999999999,8.8000000000000009E-2,1.8034228752305392]
[1.0555780462500004,1.1699123952499997,1.4023925144999998,1.7452269021874993,2.178237141428125,7.4999999999999997E-2,0.1825,0.10200000000000001,1.0635491133663051]
[1.1604753791999989,1.4700713139200001,2.0971884825600005,2.9627531648000009,4.0427708097280002,0.11200000000000002,0.20250000000000001,0.128,2.4837195878425096]
[1.2157062372500005,1.6281366318499995,2.4630924833000001,3.6040365299375003,5.0249236384306259,0.11800000000000001,0.27250000000000002,0.115,3.1333370550087007]
[1.1568236948000001,1.4596254384800016,2.0730115006399994,2.9203985986999994,3.9779196005569983,7.6000000000000012E-2,0.30249999999999999,0.124,2.4386567447036334]
[1.2313815685750007,1.6730039187949997,2.5669603953099993,3.786097621831249,5.3037784307326872,0.11900000000000001,0.30249999999999999,0.109,3.3071770490039185]
[1.2003882479999999,1.5843017648,2.3616226463999976,3.4262142020000033,4.7525938058199984,0.10800000000000001,0.28000000000000003,0.115,2.9592138741264975]
[1.1033634954999996,1.3066620583000002,1.7189467293999996,2.2999917426250005,3.0278572503137502,8.5999999999999993E-2,0.23749999999999999,0.10200000000000001,1.7442064765262586]
[1.2088302271999987,1.6084902387200002,2.4176400089599999,3.5244947168000005,4.9032109820480008,0.11600000000000002,0.32,9.7000000000000017E-2,3.0561617932116567]
[1.1304636682499996,1.3842054924500002,1.8984391341000009,2.6145162951875021,3.5095153546581259,0.11,0.20250000000000001,0.11100000000000002,2.1044919471768502]
[1.0651556391000006,1.1973356556599999,1.4658853378799996,1.8565527935249997,2.3487821064127492,8.3000000000000004E-2,0.215,8.5999999999999993E-2,1.2051069535690992]
[1.1233106004999993,1.3637752313000002,1.8511796434000001,2.5318408313750003,3.3830341188262505,0.13,0.2225,8.2000000000000017E-2,2.0116640200140732]
[1.18351546875,1.5360058437500002,2.2498164375000003,3.2302343515625012,4.4524162152343747,0.115,0.22500000000000001,0.125,2.7620262115685801]
[1.0919588348999993,1.2740211367400003,1.6433849653200003,2.1675551999750007,2.8250185863722512,7.1000000000000008E-2,0.255,0.10600000000000001,1.5871108837458732]
[1.1946553097749999,1.5679140539150003,2.32370307947,3.3598278471312506,4.6509862044156884,0.12100000000000001,0.27250000000000002,0.10300000000000001,2.8931616227375661]
[1.04283752805,1.1334684599299998,1.3180439567400004,1.5974646176375,1.951994701377626,7.400000000000001E-2,0.20250000000000001,8.1000000000000003E-2,0.87181094741350307]
[1.1346494274999999,1.3961663615,1.9261119069999999,2.6629479256250002,3.5836280414437494,9.5000000000000001E-2,0.20499999999999999,0.13,2.1583570701125212]
[1.1601350805999999,1.469189813559999,2.0952250700799988,2.9596525751500002,4.0383361906165005,0.127,0.3175,7.2000000000000008E-2,2.4809189534445846]
[1.097102765600001,1.28873469456,1.6774386780800001,2.2272087413999997,2.9163537829540003,7.6000000000000012E-2,0.23,0.114,1.6582320949296472]
[1.0765529350000003,1.2299685309999999,1.5414393579999996,1.9890237812500007,2.5517178155875002,0.10300000000000001,0.22,7.4999999999999997E-2,1.3702669256923252]
[1.128866014,1.3796743963999998,1.8879845751999997,2.5963455785000003,3.4818262801350004,0.13,0.23,8.2000000000000017E-2,2.084357432107971]
[1.0930132800000003,1.2770697280000003,1.6504679039999999,2.18008252,2.8443096451999992,0.08,0.30249999999999999,0.08,1.6022644895952209]
[1.2559583722499998,1.7433390828500002,2.7297776013000008,4.0714464711875014,5.7407981300181259,0.12300000000000001,0.32500000000000001,0.10700000000000001,3.5708506403231448]
[1.1643112050000004,1.4810538330000003,2.1226157940000001,3.0073346137499999,4.1110653812624998,0.1,0.24249999999999999,0.12200000000000001,2.5308990960561082]
[1.1351168159999998,1.3975171616000002,1.9292498688000017,2.6684960840000005,3.5921700804400007,9.6000000000000016E-2,0.23,0.115,2.1645818560756842]
[1.1070080278500001,1.3171332914100011,1.7432206813799993,2.3426851225875001,3.0933831280721251,9.0999999999999998E-2,0.3175,7.400000000000001E-2,1.7943637717605418]
[1.1253719999999998,1.3696472000000002,1.8647496000000006,2.5555219999999998,3.4192091799999993,0.08,0.3,0.1,2.0382923868729628]
[1.0884118236,1.2638559653599994,1.61984203248,2.1262423709000009,2.7616987372990009,7.6000000000000012E-2,0.19500000000000001,0.126,1.5373656160445637]
[1.0479426112499999,1.1480673642499994,1.3518293565000001,1.6566351059375002,2.0425782675906246,7.4999999999999997E-2,0.1825,9.4E-2,0.94913179945437087]
[1.0628775735,1.1908171810999995,1.4507967198000002,1.8301126321250036,2.3082917004587502,9.3000000000000013E-2,0.19,8.5000000000000006E-2,1.1717380797279098]
[1.1517660620999997,1.4451835754600002,2.0396073742799996,2.8619746067750005,3.8885515279202498,9.3000000000000013E-2,0.30499999999999999,9.8000000000000004E-2,2.3761643582641305]
[1.1722267286000001,1.5037694183600006,2.1752517864800001,3.099813399650003,4.2529117648115031,0.124,0.30249999999999999,8.2000000000000017E-2,2.628062439670515]
[1.2399820062499998,1.6976290912500001,2.6239746424999999,3.8860633921875003,5.4569195653281257,0.125,0.3175,0.10200000000000001,3.4008054454202501]
[1.0757084557000001,1.2275288228200003,1.5357725827600004,1.9790078401750006,2.5363001693942504,9.8000000000000004E-2,0.185,9.3000000000000013E-2,1.3577951404535475]
[1.0561201199999999,1.1714651120000004,1.4059880160000022,1.7515333700000004,2.1879003703000004,7.8000000000000014E-2,0.18,0.1,1.0716397016468171]
[1.0984715604000002,1.2926713930400009,1.6865678587199999,2.2432798151000002,2.941033058761001,8.4000000000000005E-2,0.255,9.4E-2,1.6773866204510983]
[1.099101543625,1.294453720925,1.6906765316500001,2.2504046837187501,2.951875004027813,8.900000000000001E-2,0.19750000000000001,0.115,1.6857163663805723]
[1.1595915811999999,1.46754411912,2.0913400961599997,2.9525112002999996,4.027092107533,0.124,0.185,0.126,2.4728538675363403]
[1.0960415621249995,1.2857415590249999,1.6705465774500001,2.2152915045937491,2.8982513255990616,0.12100000000000001,0.21249999999999999,7.6999999999999999E-2,1.6442896198023254]
[1.1251669018000001,1.3690531566799999,1.8633685482400006,2.5530755079500009,3.4154382346245007,0.11900000000000001,0.19,0.10600000000000001,2.0354947600756916]
[1.0727591255999993,1.2191076305599995,1.5162947260799999,1.9449428113999998,2.4841944118539998,9.6000000000000016E-2,0.2225,7.6999999999999999E-2,1.3157056906549995]
[1.1298069358,1.38231480508,1.8940530594399996,2.6067880514500001,3.4976412083095005,7.6999999999999999E-2,0.26,0.12300000000000001,2.0957866317512659]
[1.1615771406249999,1.473250253125,2.1045689312499998,2.9757832304687497,4.0628146233203122,0.125,0.2225,0.105,2.4976709520422107]
[1.2366085832000004,1.6879430043200003,2.6015259497600005,3.8466030758000009,5.3963767293380016,0.11800000000000001,0.28000000000000003,0.12100000000000001,3.363851911308648]
[1.1008816189999995,1.2996076694000001,1.7026570892000006,2.2716212322500007,2.9845714493975004,0.10100000000000002,0.28999999999999998,7.0000000000000007E-2,1.7110739228333884]
[1.0638409499999999,1.1935594700000001,1.4571324599999997,1.8411621125000002,2.325164144875,0.08,0.1875,0.10100000000000002,1.1856313623526151]
[1.06992965625,1.2109939812499999,1.4974991624999998,1.9119428046875,2.4335991632031257,9.5000000000000001E-2,0.1875,0.09,1.274541273799864]
[1.0737754480500001,1.22198785193,1.5229384127400001,1.9564819076375002,2.5017705196776254,8.7000000000000008E-2,0.185,0.10300000000000001,1.3298824015960653]
[1.200001838475,1.583201686535,2.3590809186300001,3.4217808980562499,4.7458236849424376,9.7000000000000017E-2,0.32250000000000001,0.11100000000000002,2.9548470117125647]
[1.2107434667500001,1.6139439585500004,2.4302465838999998,3.5465087260625001,4.9368523309293737,0.11,0.30249999999999999,0.109,3.0775378653757026]
[1.1192335975000007,1.3520630034999996,1.824030163,2.4840956181250018,3.3097599061187499,7.9000000000000001E-2,0.25,0.11700000000000001,1.9571663265931829]
[1.1545482075000006,1.4531083895000001,2.057921211,2.8939335706250007,3.9373708753937513,0.10200000000000001,0.21249999999999999,0.13,2.4103130989389623]
[1.0980208125000006,1.2913678625000002,1.683539025,2.2379216093750007,2.9327807364062504,7.4999999999999997E-2,0.25,0.10700000000000001,1.670970079090599]
[1.2760218281250002,1.800722690625,2.8625843062500005,4.30407069609375,6.096949548164063,0.127,0.28749999999999998,0.125,3.7780918897939104]
[1.0483303521999998,1.14919406372,1.3544517589599996,1.6612938555500001,2.0497712008605,8.3000000000000004E-2,0.20499999999999999,7.6000000000000012E-2,0.95527220647470668]
[1.1714169459999999,1.5013796996000002,2.1696595528000002,3.0897464015000002,4.2372483232650007,0.10700000000000001,0.22,0.13,2.6171991004004145]
[1.0579949812499996,1.17682432625,1.4183886225000002,1.7732428859375,2.2211274783906259,7.0000000000000007E-2,0.1875,0.109,1.0993743049389599]
[1.0772986239999998,1.2320765823999997,1.5462975232000011,1.9974422560000007,2.5645225681600006,8.900000000000001E-2,0.2,9.6000000000000016E-2,1.3805122470480395]
[1.1065185648000002,1.3157099004799999,1.7399068166400002,2.3367939812000005,3.084283792732001,9.6000000000000016E-2,0.255,8.7000000000000008E-2,1.7873764533625116]
[1.10855738315,1.3215185171900001,1.7533311834200003,2.3602246801625006,3.1200795759803754,0.10700000000000001,0.185,0.109,1.8145404319211453]
[1.09619006925,1.2861524750499997,1.6714860309000001,2.2168860454374983,2.9006455184356263,9.7000000000000017E-2,0.23749999999999999,8.5999999999999993E-2,1.6461154865416845]
[1.1219413919999999,1.3598248991999997,1.8420085056000002,2.5156503479999994,3.3581296462799997,0.08,0.28249999999999997,0.10400000000000001,1.993141772132782]
[1.09991866375,1.2968414507499995,1.6962449635000001,2.2603452578125012,2.9672666859718748,0.12200000000000001,0.2225,7.4999999999999997E-2,1.6977146436041415]
[1.2449763860249998,1.7118915271649999,2.65696474797,3.9437676543187496,5.5451907677938124,0.109,0.3175,0.11900000000000001,3.4540529684251071]
[1.1183632230000002,1.3496061998000002,1.8183714264000002,2.4743038557500001,3.2948793868824997,0.12300000000000001,0.21249999999999999,8.8000000000000009E-2,1.9461621404573843]
[1.148730794,1.4365280244000007,2.0195966792000002,2.8270184235000002,3.8351203140850001,0.10400000000000001,0.32500000000000001,8.1000000000000003E-2,2.3385718691589283]
[1.0721773743749998,1.2174215858749997,1.5123740707499997,1.9379936107812501,2.4734795964671874,8.1000000000000003E-2,0.21249999999999999,9.5000000000000001E-2,1.3069686561041667]
[1.174662088800001,1.51069722288,2.1912538598400002,3.1277040222000005,4.2954848286419995,9.8000000000000004E-2,0.30499999999999999,0.10400000000000001,2.6567834014547418]
[1.0500483318749994,1.1541121253750002,1.36583768175,1.6812538789062501,2.0803454904859375,7.1000000000000008E-2,0.2475,7.4999999999999997E-2,0.98119022461681082]
[1.0687186448999999,1.2075360427400004,1.4895009733200004,1.897954132475,2.4122016226472498,9.0999999999999998E-2,0.21,8.3000000000000004E-2,1.2570969769812144]
[1.0830081599999999,1.2484356160000003,1.584182687999999,2.0639094399999998,2.6663841343999999,0.128,0.17499999999999999,0.08,1.4620166614441761]
[1.0371423059999996,1.1171760356000011,1.2803344007999999,1.5313997014999996,1.8508363886650008,8.5000000000000006E-2,0.18,7.400000000000001E-2,0.78455394014657187]
[1.147337085,1.4324803210000001,2.0101773779999998,2.8102925837500004,3.8093032879625,8.900000000000001E-2,0.25,0.12200000000000001,2.3201256524907845]
[1.1618851127000001,1.4741725110200001,2.1067379903599988,2.9797353319250002,4.0690063568367512,0.12100000000000001,0.29499999999999998,8.2000000000000017E-2,2.502072892027297]
[1.1371552292000002,1.4033419239200005,1.9427260625600009,2.6920813823000005,3.6282614583530024,7.6000000000000012E-2,0.27250000000000002,0.124,2.1906474729096743]
[1.1394362490000001,1.4098779074000001,1.9578627732000007,2.7186391947500006,3.6689628269725008,0.11600000000000002,0.19500000000000001,0.115,2.2199807845261033]
[1.0933189920000004,1.2779446591999986,1.6524932856000003,2.1836322529999999,2.8497462580299988,9.8000000000000004E-2,0.2475,0.08,1.6065094257779049]
[1.0681950426000002,1.2060197947599995,1.4859762016800007,1.8917112131500002,2.4025799961965006,8.8000000000000009E-2,0.17749999999999999,0.10100000000000002,1.249195980491157]
[1.0804999879999999,1.2412518887999995,1.5675484784000002,2.034735747,2.6216843991700003,0.11,0.19,8.4000000000000005E-2,1.4263622658827837]
[1.0526900960000001,1.1616588895999995,1.3832961727999997,1.7118011239999997,2.1270833116399999,8.8000000000000009E-2,0.17499999999999999,8.8000000000000009E-2,1.0206168175443722]
[1.1320664039999999,1.3887780104,1.9090120272000006,2.6329934509999999,3.5377651146099995,0.09,0.22,0.126,2.1250508822713896]
[1.1553046649999998,1.4553072289999998,2.0630396220000016,2.9030291337500009,3.9514164516625003,0.11100000000000002,0.255,0.1,2.420237597380861]
[1.1606432663249999,1.470550817945,2.0982976700099996,2.9646935431437504,4.045739276389563,9.9000000000000005E-2,0.22750000000000001,0.129,2.4857732722645953]
[1.1731413750000002,1.5063600749999997,2.1812263499999993,3.1101850312500003,4.268704684687501,0.13,0.25,9.5000000000000001E-2,2.6386958772871689]
[1.1056497032500006,1.3132190834500002,1.7341373221,2.3266668139374991,3.0687592598706241,9.7000000000000017E-2,0.24249999999999999,0.09,1.7755257843873731]
[1.0892177891249997,1.2661779292249997,1.6252299610500001,2.1357418888437523,2.7762998937165624,7.6999999999999999E-2,0.23250000000000001,0.105,1.5488932713326733]
[1.0835302374,1.2499091332400001,1.5875765023200004,2.0697814668500008,2.6753073170035018,0.10300000000000001,0.18,9.7000000000000017E-2,1.4690656750134381]
[1.0761131712000001,1.2287148531200003,1.5385413081600006,1.9839626528000012,2.5439830790080009,8.4000000000000005E-2,0.28000000000000003,7.2000000000000008E-2,1.364047896719955]
[1.0868069518500001,1.2593106538100001,1.60935994458,2.108047138587501,2.7339940062321268,0.12300000000000001,0.1925,7.8000000000000014E-2,1.5156206459465762]
[1.1605274255999996,1.4702372105599997,2.0975866660800002,2.9635134614000007,4.043992831354001,0.114,0.22750000000000001,0.11200000000000002,2.4846163409393212]
[1.1262079499999995,1.3720936700000002,1.8704580600000011,2.5657258625000003,3.4350205873749999,0.12,0.28749999999999998,7.0000000000000007E-2,2.0500766642386083]
[1.0794653766999998,1.2382559574199998,1.5605840155599997,2.0224009504249998,2.6026742539717493,7.9000000000000001E-2,0.17749999999999999,0.124,1.4110771036754364]
[1.1279464190999995,1.3769898836600001,1.8817261918800006,2.5851828610250003,3.4645509027377503,9.7000000000000017E-2,0.20250000000000001,0.124,2.0715562761413371]
[1.1134227509999999,1.3354614925999999,1.7856233268000006,2.4168890502499991,3.2069272677774996,0.10200000000000001,0.23749999999999999,9.2000000000000012E-2,1.8802422663783884]
[1.1882110281250005,1.5494826106250001,2.2810458662500004,3.2851090460937504,4.5365901286640637,0.109,0.3125,9.7000000000000017E-2,2.8180003562353839]
[1.2122595807500001,1.6182826149499998,2.440289839100001,3.5641093795625038,4.9638074163143688,0.10300000000000001,0.32500000000000001,0.109,3.0946736945921791]
[1.075059534,1.2256543483999995,1.5314189111999998,1.9713137584999998,2.5244574719350008,7.0000000000000007E-2,0.21,0.114,1.3482024874866148]
[1.07972368125,1.23905194625,1.5624740325000002,2.0259224984375002,2.6082605332656246,0.105,0.23749999999999999,7.0000000000000007E-2,1.4156741012163705]
[1.1578559638499997,1.4625911650100001,2.0798864161799999,2.9324898540875002,3.996476871437125,0.114,0.2225,0.113,2.4516183326882866]
[1.1646170496000001,1.4819403929599997,2.1246774892799998,3.010989442400001,4.1167011882640008,9.8000000000000004E-2,0.27,0.11200000000000002,2.5348110262321204]
[1.1620619801250001,1.474622765825,2.1077335798500001,2.9812741340937494,4.0711730203440624,0.115,0.2175,0.11700000000000001,2.5034043708289437]
[1.055333112,1.1692441712000001,1.4008730016000002,1.7426844980000005,2.1744546695800002,9.6000000000000016E-2,0.20749999999999999,7.0000000000000007E-2,1.0604438966755363]
[1.29394697875,1.8520111697499995,2.9813019054999996,4.5120926040624996,6.4155047155093738,0.115,0.32500000000000001,0.129,3.9580893350877369]
[1.2033035298000005,1.5926579094800004,2.3809769786400006,3.4601821149500007,4.8046609363945016,0.10800000000000001,0.3075,0.10600000000000001,2.992891915802057]
[1.0635531438000001,1.1927576658800001,1.4552946338400001,1.8380217234500003,2.3204288370295005,8.8000000000000009E-2,0.2175,7.9000000000000001E-2,1.1817704649330192]
[1.1160392715749998,1.3429219665950001,1.8028703357100002,2.4470138950812506,3.2529704244401882,8.7000000000000008E-2,0.2225,0.11700000000000001,1.9147454818946155]
[1.1091466359,1.3232357593400004,1.7573321821199999,2.3673505402250004,3.1310980206497505,0.11100000000000002,0.23250000000000001,8.4000000000000005E-2,1.8229793241982557]
[1.0473188050749995,1.1463026436949999,1.3477613835099995,1.6495813072062506,2.0318449282989373,7.6999999999999999E-2,0.22750000000000001,7.3000000000000009E-2,0.94004434796091996]
[1.1116584768000006,1.3304277516799998,1.7739836582399999,2.3965462592000004,3.1758238933119998,0.128,0.21,8.2000000000000017E-2,1.8568341442903105]
[1.195354339399999,1.5699064784399999,2.3283085359200002,3.3678694123500006,4.6632745713085013,0.10600000000000001,0.29749999999999999,0.10800000000000001,2.9011650500630668]
[1.0863825133999991,1.2580748908399997,1.6064816991200002,2.1029251158500002,2.7260778225935001,0.10300000000000001,0.19,9.4E-2,1.5093167360194573]
[1.062099532575,1.1885863851950005,1.4456292305099989,1.8210409128312504,2.2943839757426878,8.7000000000000008E-2,0.1925,8.900000000000001E-2,1.1602344275400294]
[1.2205568019999999,1.6420143652000003,2.4952144936000007,3.6603184255000016,5.111107796305002,0.11200000000000002,0.28749999999999998,0.11700000000000001,3.1875214557241085]
[1.1187627475499995,1.3507511606300002,1.8210231893400004,2.4789570862625006,3.3020113123513757,0.114,0.23250000000000001,8.7000000000000008E-2,1.9514848609166824]
[1.12103574585,1.3572744782100001,1.8361391737800001,2.5055164945875004,3.3427501031921252,0.10300000000000001,0.29499999999999998,7.6999999999999999E-2,1.9818407803379727]
[1.0740047061000004,1.2226710098600007,1.5245424334800002,1.959392767775,2.5063205466302509,9.8000000000000004E-2,0.2175,7.8000000000000014E-2,1.3336215683182377]
[1.1590474878000012,1.4660279202800002,2.0878644530400003,2.9465706594500003,4.0181330799895001,9.9000000000000005E-2,0.31,9.4E-2,2.4667544878737933]
[1.1501895959999999,1.4406375896000001,2.0290552727999986,2.8433546239999994,3.8599176666400004,7.0000000000000007E-2,0.3075,0.128,2.3558968713189445]
[1.2267083880000005,1.6596137288000001,2.5359501984000001,3.7316901769999999,5.2203967116699994,0.11900000000000001,0.27,0.12,3.2556134471218741]
[1.0960893560999996,1.2858240998599997,1.67069235348,2.2153471202750006,2.8981521415052498,8.4000000000000005E-2,0.1825,0.129,1.6440838289107904]
[1.0636491955250003,1.1930325618650011,1.4559309925699999,1.8391370254437498,2.3221369877425628,7.9000000000000001E-2,0.24249999999999999,7.9000000000000001E-2,1.1831793767271108]
[1.0807300671000002,1.2418986884600001,1.5690360082799997,2.0372998105249995,2.6255717256827498,8.5999999999999993E-2,0.2175,9.4E-2,1.4294426569699621]
[1.1239319864999995,1.3655400749000006,1.8552537881999998,2.5389314228750006,3.3938477681912507,0.12300000000000001,0.215,0.09,2.0196202341032428]
[1.0937190524999998,1.2790548865000004,1.6550343569999999,2.1879578443750005,2.8562531192562504,0.10100000000000002,0.17499999999999999,0.11,1.6115053154898304]
[1.1734856595000001,1.5073034447,2.1833751246000004,3.1137964336250001,4.2740931533237498,0.109,0.22500000000000001,0.126,2.6422201828566529]
[1.0831193280000004,1.2487537728000002,1.5849191904000008,2.0652002520000003,2.6683610845199999,7.6000000000000012E-2,0.29499999999999998,0.08,1.4635892053068402]
[1.10854070235,1.3214940751099991,1.7532940579800003,2.3602454599625,3.1201905855583756,0.126,0.1925,8.900000000000001E-2,1.8146829240855755]
[1.1619780404999995,1.4743751753000001,2.1071542854000005,2.9802317288750002,4.069551504051252,8.5000000000000006E-2,0.27750000000000002,0.124,2.5022619724380704]
[1.1154910467999997,1.3413752336800024,1.7993083842400004,2.4408531441999997,3.2436105398620003,9.7000000000000017E-2,0.24249999999999999,9.6000000000000016E-2,1.9077871572048206]
[1.077560928,1.2328459328000001,1.5480940704000001,2.000659652,2.5695135785199996,7.2000000000000008E-2,0.29749999999999999,0.08,1.3845645399273419]
[1.140457118,1.4128106268,1.9646609624,2.7305945744999995,3.687310702495,8.900000000000001E-2,0.28000000000000003,0.105,2.2331866269214693]
[1.11156740065,1.3301590126899987,1.7733548024200003,2.3954143232875,3.1740627946491253,8.3000000000000004E-2,0.30499999999999999,8.7000000000000008E-2,1.8554838805033869]
[1.0811520172,1.2430934927200001,1.5717911809600003,2.0420814493000008,2.6328515855230008,7.1000000000000008E-2,0.23,0.10800000000000001,1.4352279269122941]
[1.0653310103,1.1978542287800005,1.4670997060399995,1.8587425513250002,2.3521925011707494,8.5999999999999993E-2,0.245,7.3000000000000009E-2,1.2079452099196528]
[1.1470973388750003,1.4318449235749999,2.0087488693499997,2.8079759231562491,3.8059276608034374,0.129,0.2475,8.5000000000000006E-2,2.3178768111658661]
[1.1241921471999998,1.3663000307199995,1.8570258649600022,2.5420939168000021,3.3987436108479967,0.128,0.23,8.1000000000000003E-2,2.0232764205951548]
[1.0878382057499996,1.2622545399499998,1.6161684891000001,2.1199522983125001,2.7522019041268764,0.115,0.19500000000000001,8.3000000000000004E-2,1.5299735655353246]
[1.1142955379749999,1.3379456352350003,1.7913624152299958,2.4268969366812492,3.2222082466161863,7.6999999999999999E-2,0.28249999999999997,0.10300000000000001,1.891699855921418]
[1.1442919655000001,1.4237958803000004,1.9900992254000001,2.7752156101250001,3.7556847132387503,0.11600000000000002,0.23749999999999999,9.7000000000000017E-2,2.2821035421652187]
[1.0731665974999998,1.2202768034999998,1.5190037629999997,1.9497018281250005,2.4914933416187499,0.124,0.17749999999999999,7.4999999999999997E-2,1.3216277392744238]
[1.1841359039999986,1.5378087104000002,2.2540126272000007,3.2376889760000007,4.4639258833600008,0.10400000000000001,0.3,0.10400000000000001,2.769774962722527]
[1.0778383643999987,1.23365244344,1.5499715059200001,2.0039961611000003,2.5746661216210009,0.11100000000000002,0.215,7.2000000000000008E-2,1.3887311925979204]
[1.1343183587999996,1.3952293248800003,1.9239514958399999,2.6592000946999996,3.577923596317,0.10200000000000001,0.21,0.11800000000000001,2.1542499233655188]
[1.1433758973750003,1.4211945656750002,1.9840944871500006,2.7647668140312511,3.7397512164746867,0.11700000000000001,0.26750000000000002,8.5000000000000006E-2,2.270797665982403]
[1.0450318823999996,1.13973971024,1.3325538883200001,1.6228623805999998,1.9908626248659997,7.2000000000000008E-2,0.19,9.0999999999999998E-2,0.90507357564424162]
[1.0994776424999999,1.2955378205000001,1.6931925690000005,2.2548428168750005,2.9586985067312508,0.10200000000000001,0.1875,0.10600000000000001,1.6910037934047859]
[1.1138236636000001,1.3366243493600003,1.7883281444799994,2.4216865708999995,3.2143275048990012,9.4E-2,0.28999999999999998,8.2000000000000017E-2,1.8858495378971771]
[1.1253519999999999,1.3695952000000005,1.8646336000000001,2.5553380000000017,3.418945180000001,0.08,0.3125,9.6000000000000016E-2,2.0381117907996797]
[1.0865773032000003,1.2586224763199989,1.6077410457600001,2.1050958258000003,2.7293687626380008,9.2000000000000012E-2,0.1925,0.10400000000000001,1.511895614421481]
[1.1138241711999999,1.3365914531200007,1.7882233081599999,2.4213762628,3.2137355045079996,9.4E-2,0.22,0.10800000000000001,1.8853167201835992]
[1.1723056747499994,1.5039884193499999,2.1757529582999999,3.1006661980624997,4.2541942896493747,0.127,0.28499999999999998,8.5000000000000006E-2,2.6289121355286493]
[1.0637003819999991,1.1931648732,1.4562254375999997,1.8396008205000001,2.322799114755,7.0000000000000007E-2,0.23499999999999999,9.2000000000000012E-2,1.1836967947568171]
[1.1670927031249989,1.4890694656250001,2.14121725625,3.04013915234375,4.1614947466015622,0.125,0.28249999999999997,8.5000000000000006E-2,2.5656933981840297]
[1.2288335704999991,1.6656897532999999,2.5500104894,3.7563099863749998,5.2580824698762507,0.109,0.28749999999999998,0.124,3.2789215692868758]
[1.0938889801999989,1.2795420165200002,1.6561626893600001,2.1899383575500004,2.8592891248805001,7.6000000000000012E-2,0.23499999999999999,0.109,1.6138750610301678]
[1.1772364607999997,1.5180530700799999,2.2082720294400002,3.1574867552000003,4.341058403872001,9.6000000000000016E-2,0.29249999999999998,0.11200000000000002,2.6874991120492506]
[1.1857410315000001,1.5423778918999997,2.2645692942000011,3.2561001766250013,4.4920400240537495,0.11900000000000001,0.22500000000000001,0.12200000000000001,2.78838203681893]
[1.1052499760000001,1.3120737776000002,1.7314849567999997,2.3220133940000003,3.0616278433400002,0.11600000000000002,0.2,9.0999999999999998E-2,1.7700772764730646]
[1.1167296318,1.3449504546800002,1.8076101122399997,2.4555151854500004,3.2661697894494988,0.10200000000000001,0.28999999999999998,7.6999999999999999E-2,1.9247632519474971]
[1.1336300752499999,1.3932735306499999,1.919435741700001,2.6513373944374985,3.565929141225626,7.8000000000000014E-2,0.3075,0.105,2.1455844539403475]
[1.1424711368,1.4185850676800003,1.9780369462400005,2.7540760741999994,3.7233093639619996,0.124,0.22,9.7000000000000017E-2,2.2589964367859552]
[1.2375416250000004,1.6906357250000004,2.6077780500000003,3.8576432187499998,5.4133614728124995,0.12,0.3125,0.10700000000000001,3.3742863782965666]
[1.1167127770999996,1.3448631344599999,1.8073753362800002,2.4549596980250006,3.2651861932077506,9.4E-2,0.23499999999999999,0.10300000000000001,1.923926599718093]
[1.095577851,1.2844237525999993,1.6675037567999988,2.2099928877500039,2.8901678424025001,0.129,0.21249999999999999,7.2000000000000008E-2,1.6380305514249576]
[1.0684873172,1.2068892727199996,1.4880165209600009,1.8954087392999999,2.4083551370229999,8.3000000000000004E-2,0.26500000000000001,7.2000000000000008E-2,1.2539857032034407]
[1.1868870175999999,1.5456954297600003,2.2722806316799997,3.2697544943999999,4.5130808023840006,0.11600000000000002,0.29499999999999998,9.6000000000000016E-2,2.8024519060878137]
[1.1198142785749994,1.3537543647949999,1.8279701233099999,2.4911095293312497,3.3206023092576871,0.10100000000000002,0.2525,9.0999999999999998E-2,1.9653152069852717]
[1.1027487605499999,1.30489421443,1.7148472377400001,2.2927755320125014,3.0167763143338777,7.400000000000001E-2,0.2525,0.11100000000000002,1.7356877851572008]
[1.0435692500000009,1.1355750500000001,1.3229309000000002,1.6060754374999999,1.965224935625,0.1,0.17499999999999999,7.0000000000000007E-2,0.88317635425248331]
[1.1400127056000009,1.4115481385599999,1.9617462700800001,2.7255208364000003,3.6795719268040012,9.6000000000000016E-2,0.27750000000000002,9.8000000000000004E-2,2.2276586995294965]
[1.0854349935000003,1.2553632731000002,1.6002046757999999,2.0919243421249991,2.7092299797587485,0.105,0.185,9.4E-2,1.4959854767744301]
[1.1018114846,1.3022568239599999,1.70877954728,2.2823071236499999,3.0008964588515026,0.12200000000000001,0.2225,7.6000000000000012E-2,1.7236024499607967]
[1.0878678759999998,1.2623303176,1.6163362768000005,2.1202126989999996,2.7525696670900004,8.8000000000000009E-2,0.23499999999999999,0.09,1.5302426221196745]
[1.1623195692499995,1.4753791750500003,2.1095006309000008,2.9844418704374998,4.0760898521856248,0.12100000000000001,0.23749999999999999,0.10200000000000001,2.5068581481560792]
[1.0510526978749994,1.156981916975,1.3724770905499999,1.6928731354062494,2.0981252228009368,9.5000000000000001E-2,0.17749999999999999,7.9000000000000001E-2,0.99621315567039681]
[1.1018315839999999,1.3022686784000002,1.7087688511999999,2.2821200960000003,3.0004547945600009,9.2000000000000012E-2,0.2,0.11200000000000002,1.7231519209745225]
[1.1172661469249998,1.3464539115049998,1.8110637300900001,2.4614500907937522,3.2751505938810679,7.3000000000000009E-2,0.32250000000000001,9.7000000000000017E-2,1.9313969665107225]
[1.1426957806,1.41920663356,1.9794579800800016,2.7564879326499998,3.7269306852415003,9.2000000000000012E-2,0.2525,0.114,2.2615248507214978]
[1.1179022625000001,1.3482466325,1.8151904850000007,2.4685802768750005,3.2859763565312505,7.8000000000000014E-2,0.23499999999999999,0.125,1.9394129225418308]
[1.1244119962500001,1.3668986652499999,1.8583861245000006,2.5443653271875002,3.4021185281781268,0.105,0.22500000000000001,0.10100000000000002,2.0256867940972278]
[1.1126712480000001,1.3333055647999998,1.7806282464000012,2.4081155120000002,3.1934725463199971,0.11,0.21,9.6000000000000016E-2,1.8700953242569966]
[1.1804340316500004,1.52722479329,2.22952076322,3.1948031510375001,4.3982800332516252,0.129,0.2525,9.8000000000000004E-2,2.7259854556241043]
[1.142457904,1.4185259103999988,1.9778822272000005,2.7537264760000006,3.7227015883600005,0.08,0.28999999999999998,0.114,2.2585021954209354]
[1.138859200875,1.408230844775,1.95405367095,2.7119795486562501,3.658778225508438,0.105,0.2225,0.11100000000000002,2.2126695053237069]
[1.1053572603749999,1.3123925294750007,1.7322326155499999,2.3233669072812502,3.0637406235821878,9.7000000000000017E-2,0.26250000000000001,8.3000000000000004E-2,1.7717198171230115]
[1.0543341562499995,1.16635068125,1.3941460125,1.7307673671875001,2.1560855525781264,7.4999999999999997E-2,0.17499999999999999,0.105,1.044973635537692]
[1.1130284280000002,1.3343434328000001,1.7830438704000002,2.4124068170000004,3.2000980692699996,0.109,0.24,8.5000000000000006E-2,1.8751269857682367]
[1.1402516250000001,1.4122017250000005,1.9632340500000018,2.7280171187500009,3.6832925178125016,7.6000000000000012E-2,0.27500000000000002,0.125,2.230245357302167]
[1.1780632319999997,1.5204472832000004,2.2138378176000004,3.1673448079999997,4.3562518568800002,0.105,0.32,9.4E-2,2.697808180877002]
[1.1046435412500002,1.3103409822500001,1.7274760305000005,2.3149975259375006,3.0508921287906245,0.09,0.26250000000000001,8.900000000000001E-2,1.7618792984914164]
[1.199025204750001,1.5803933973500002,2.3525689622999999,3.4103191855625004,4.7282245169743744,0.127,0.22500000000000001,0.12100000000000001,2.9433904293615067]
[1.2608695048500005,1.7573933116100002,2.7623108149800002,4.1284606718375008,5.8281145719396257,0.129,0.315,0.10700000000000001,3.6222979852565853]
[1.1550516559999986,1.4545893456000001,2.061382980799999,2.9001485639999984,3.9470258220399992,9.5000000000000001E-2,0.31,9.6000000000000016E-2,2.4171855445052097]
[1.0918173161250004,1.273662879425,1.6425946846499999,2.1663424430937495,2.8233201173340632,0.105,0.25750000000000001,7.1000000000000008E-2,1.5858905841083268]
[1.1346672047499997,1.3962275973500002,1.9262623123000002,2.6632496980624998,3.5841254288493753,0.10100000000000002,0.21249999999999999,0.11800000000000001,2.158745942286278]
[1.0810137199999994,1.242740471999999,1.5710096960000004,2.0408694299999999,2.6311407073000019,0.1,0.245,7.2000000000000008E-2,1.4339568116674812]
[1.117045222,1.3458390572000014,1.8096549496000005,2.4590452205000011,3.2715266123550002,0.12200000000000001,0.22,8.5000000000000006E-2,1.9287324702016408]
[1.1772469310000007,1.5180755605999996,2.2083178507999999,3.1575395202500003,4.3411138114774985,0.13,0.20499999999999999,0.11800000000000001,2.6875133815723626]
[1.3000500943500002,1.8694757743099997,3.0217289635800002,4.5829380079625004,6.5240009618383752,0.129,0.29499999999999998,0.129,4.0182689037842412]
[1.1312773200000001,1.3865298319999997,1.9038161759999999,2.6239244299999998,3.5239098612999999,0.12,0.18,0.115,2.1149832132230846]
[1.0931096317499998,1.2773470875499999,1.6511113059,2.1812160798124998,2.8460512135918759,0.09,0.27250000000000002,7.9000000000000001E-2,1.6036283378415821]
[1.1999825599999991,1.583145056,2.3589486079999999,3.4215436400000012,4.7454553604000012,0.1,0.31,0.11200000000000002,2.9546036072390955]
[1.1057805348000007,1.3135908224799999,1.7349956126400008,2.3281611487,3.0710387606570007,9.4E-2,0.245,9.2000000000000012E-2,1.7772588357349322]
[1.1814158662499994,1.5300145272500001,2.2359618404999995,3.2060174196875,4.4153865708531255,0.11,0.26250000000000001,0.11100000000000002,2.7373686074390218]
[1.163297949975,1.4781719864349994,2.1159596568299999,2.9957353596812508,4.0933617769461872,0.10100000000000002,0.27250000000000002,0.10700000000000001,2.5187561166373205]
[1.1916725275000002,1.5593504215000002,2.3038564870000013,3.3249444756250015,4.5974683779437511,0.1,0.27250000000000002,0.12300000000000001,2.8579964477227158]
[1.1119193232,1.3311365283199998,1.7755928817600006,2.3992275158000012,3.1798020749379985,7.8000000000000014E-2,0.2525,0.11200000000000002,1.8597417173998065]
[1.1558014042999998,1.4566972131799993,2.0662308652400001,2.9085055348250011,3.9596962672557501,0.11600000000000002,0.1925,0.127,2.425931351635537]
[1.10018059425,1.2975743400499991,1.6979275509000002,2.2632325116875007,2.971631773373125,8.2000000000000017E-2,0.29249999999999998,8.5000000000000006E-2,1.7010399828029188]
[1.0542797645000006,1.1662188176999992,1.3938606386000003,1.7303549223750005,2.1555347718362503,7.0000000000000007E-2,0.2525,7.8000000000000014E-2,1.0445567148474366]
[1.119615553499999,1.3531871291000002,1.8266582838000001,2.4888159121250002,3.3170946216587498,0.10100000000000002,0.255,0.09,1.962708593400005]
[1.0681997849999998,1.2060663410000023,1.4861114880000006,1.8920698212500009,2.4032412965875012,0.11700000000000001,0.1875,7.2000000000000008E-2,1.2498050742329083]
[1.1057837478750001,1.3135696469749998,1.7349212305500001,2.3279188729062503,3.0705644754259378,8.5000000000000006E-2,0.20250000000000001,0.12300000000000001,1.7768218526693704]
[1.1611128420000003,1.4719536691999999,2.1015943656,2.9706886355000006,4.0551214574049999,0.113,0.3,8.5999999999999993E-2,2.4924438958233472]
[1.2443261380000001,1.7100608788000002,2.6527522984000003,3.9364965594999997,5.5341577570449996,0.124,0.32500000000000001,0.10200000000000001,3.4475138695872989]
[1.1580549920000001,1.4631842592000006,2.0812789856,2.9350170480000006,4.000427235280001,0.115,0.26,9.6000000000000016E-2,2.4544363289442135]
[1.2100786799999999,1.6120157679999996,2.4257616240000002,3.5385539199999996,4.9245820711999997,0.1,0.28249999999999997,0.128,3.069637910817502]
[1.1335196000000005,1.3930149600000001,1.9188852800000005,2.6505849000000001,3.5649724390000013,0.11200000000000002,0.3125,7.2000000000000008E-2,2.1450470190369884]
[1.1087493405000002,1.3220575552999996,1.7545703753999984,2.3623584413749956,3.1233124279262503,0.10200000000000001,0.17499999999999999,0.12100000000000001,1.8169689160922209]
[1.1668877747999999,1.4884492464799999,2.1397533446399999,3.0374491936999997,4.1572602990069987,0.10200000000000001,0.28249999999999997,0.10400000000000001,2.5626907649448438]
[1.0973606750000007,1.2894922550000003,1.67920859,2.2303823562500007,2.9212804154374998,8.5000000000000006E-2,0.25,9.4E-2,1.6620968675021073]
[1.0762256838000002,1.2290368698800003,1.5392867558399994,1.9852691859500016,2.5459841470045004,0.129,0.1825,7.2000000000000008E-2,1.3656600890762909]
[1.1884870559999998,1.5502573855999997,2.2828267007999994,3.288174164,4.5412328580399999,0.12,0.26,0.10600000000000001,2.8210200398177503]
[1.1225764755000005,1.3616390063000001,1.8462050934000001,2.5229926126249995,3.3693629460137502,8.4000000000000005E-2,0.26250000000000001,0.10700000000000001,2.0014551520982313]
[1.1194701659999999,1.3527408716,1.8256000488000002,2.4868500665000006,3.3139812898150005,8.4000000000000005E-2,0.23749999999999999,0.11600000000000002,1.9603122892111093]
[1.144706832,1.4249846432000006,1.9928522976000014,2.7800460079999998,3.7630876208799999,0.12,0.23250000000000001,9.6000000000000016E-2,2.287381114258956]
[1.1433357371250001,1.4210369140249999,1.9836938674500002,2.7639072808437497,3.7382896120365614,0.11700000000000001,0.19750000000000001,0.115,2.2696341858750602]
[1.2003515349,1.5842341567400002,2.3614974253200001,3.4261327799749997,4.7525964333722506,0.11600000000000002,0.32250000000000001,9.3000000000000013E-2,2.9593371568173019]
[1.1518753680000002,1.445501076800001,2.0403462624000004,2.8632868220000005,3.8905771436200007,0.12200000000000001,0.24,9.5000000000000001E-2,2.3776025182092444]
[1.0635752084999996,1.1928039320999997,1.4553876377999999,1.8381225183750003,2.3205258317962496,7.400000000000001E-2,0.215,9.5000000000000001E-2,1.181816399301912]
[1.1529822064499997,1.4486930797700004,2.0477557278600003,2.8763623397375007,3.9106855855086269,0.12300000000000001,0.27750000000000002,8.2000000000000017E-2,2.3918004663311496]
[1.2728795999999987,1.7917509600000001,2.8418332800000004,4.2677799000000007,6.041440089,0.125,0.32,0.113,3.7462777225748658]
[1.1184590216000001,1.3498520001600005,1.8189167388800005,2.4751550454000002,3.2960866059940002,0.11200000000000002,0.185,0.11100000000000002,1.946989154129954]
[1.1926668854000004,1.5621947380400001,2.3104395687199997,3.3364766838500004,4.6151255570735001,8.900000000000001E-2,0.30499999999999999,0.124,2.8695847210729464]
[1.1455003157749999,1.4272291095150003,1.99802594027,2.7890160286312495,3.7767358350806872,9.0999999999999998E-2,0.2525,0.11700000000000001,2.2970185892314645]
[1.2420891236999987,1.7036456796199999,2.63789088516,3.9104022371750005,5.4941487212642501,0.11600000000000002,0.32250000000000001,0.109,3.4233128013374747]
[1.0646479125000001,1.1958623224999996,1.4624578050000001,1.8504710093750003,2.3393987004062504,7.4999999999999997E-2,0.185,0.11,1.1973449371754159]
[1.0570293968750002,1.1740919943750001,1.4120895237500004,1.7623175976562504,2.2045005598984382,8.5000000000000006E-2,0.2225,7.4999999999999997E-2,1.0855622051910947]
[1.0560876228,1.1713871712800001,1.4058201710400002,1.7512947107000001,2.1875860520770001,9.4E-2,0.18,8.3000000000000004E-2,1.0714058235784107]
[1.1432211888500001,1.4207642500100002,1.9831087461800001,2.7630850628374999,3.737217842749625,0.127,0.26500000000000001,7.9000000000000001E-2,2.269024296609655]
[1.137036564,1.4030108264000003,1.9419667151999997,2.6907819110000006,3.6263001900100003,0.124,0.18,0.115,2.1892555655844332]
[1.0817056793250002,1.2447125117450002,1.57556783841,2.0488275188937495,2.6433007158720629,8.3000000000000004E-2,0.27750000000000002,7.6999999999999999E-2,1.4436413401485702]
[1.1168793436500002,1.34531868449,1.8084122248199999,2.4566990240375,3.2677781670816248,7.3000000000000009E-2,0.2475,0.126,1.9258112665978881]
[1.1203980702,1.3554362505199999,1.8318728013600001,2.4979903800500001,3.3311784598555003,0.129,0.215,8.4000000000000005E-2,1.9732097443374375]
[1.0941681357749997,1.2803702415150009,1.6581044162699989,2.1934494286312503,2.8647660998806881,9.7000000000000017E-2,0.24249999999999999,8.3000000000000004E-2,1.6182137883695298]
[1.112883965325,1.3339332953449994,1.7820972032099995,2.4107598503937493,3.1975868882370615,8.3000000000000004E-2,0.32250000000000001,8.3000000000000004E-2,1.8732437413663852]
[1.1179523094999999,1.3484477347000001,1.8157043446000003,2.4696941211250008,3.2878789624487514,0.10700000000000001,0.27500000000000002,7.8000000000000014E-2,1.9409832016172881]
[1.2038231692999997,1.59412090218,2.3843434672400003,3.4659931785749998,4.8134786934182499,9.4E-2,0.30499999999999999,0.12300000000000001,2.9984931476416063]
[1.0983179486000014,1.2922053903600002,1.6854670824799995,2.2412533846500002,2.9378398273614996,8.5999999999999993E-2,0.19,0.12300000000000001,1.6748536988822691]
[1.1682676532500003,1.4924057534499999,2.1489184320999999,3.0535393039374998,4.1819282423706241,0.115,0.26500000000000001,9.9000000000000005E-2,2.5795977323663211]
[1.2030618420000001,1.5919410692000011,2.3792965655999985,3.4571443354999998,4.7999229524049998,0.09,0.315,0.124,2.9897557921257709]
[1.211389794,1.6158214244,2.4346158791999999,3.554268573499999,4.9488311565849994,0.129,0.3,9.4E-2,3.0852508260318059]
[1.0990069574999988,1.2942321395,1.6902046110000004,2.2497585781249998,2.9510524045187498,9.3000000000000013E-2,0.28999999999999998,7.4999999999999997E-2,1.6851990193326443]
[1.1815557539000012,1.5304565861399997,2.2370199945199998,3.2080256522249999,4.4186040487697511,0.124,0.29749999999999999,8.7000000000000008E-2,2.7396492160315873]
[1.1242793143499998,1.3664985463100003,1.8574428595800003,2.5426370029625005,3.3994021998883754,0.10100000000000002,0.19500000000000001,0.12100000000000001,2.0236278089433086]
[1.1853144814000003,1.54117112764,2.2617874415200001,3.2512762178500005,4.4846994442135006,0.10400000000000001,0.28249999999999997,0.11100000000000002,2.7835523943962333]
[1.1148952981500011,1.3396441961899999,1.7952794554199998,2.4336960039124995,3.2325604871428744,8.1000000000000003E-2,0.22750000000000001,0.12200000000000001,1.8994296527277641]
[1.1057664920000001,1.3135841591999999,1.7350081856000001,2.3283067230000012,3.0713756665299994,0.124,0.23749999999999999,7.2000000000000008E-2,1.7775987866794567]
[1.1704241963999995,1.49855248664,2.16312650352,3.0783479441000003,4.2198384787510008,0.11200000000000002,0.23250000000000001,0.11700000000000001,2.6053923797290035]
[1.1460086207999998,1.4287070860800004,2.0014667174399983,2.7951320351999946,3.7861818102719984,8.5999999999999993E-2,0.32,9.8000000000000004E-2,2.3037987163036875]
[1.0832139664,1.2490376886400001,1.5855873395200002,2.0664194116000005,2.6702727036759999,8.5999999999999993E-2,0.28999999999999998,7.2000000000000008E-2,1.465138732055403]
[1.0596555936000001,1.1816095673599998,1.4294932684799977,1.7928254984000001,2.2512303352239997,8.2000000000000017E-2,0.24,7.400000000000001E-2,1.1244924754993524]
[1.1020321523999996,1.30284621224,1.7101087243200002,2.2844813530999999,3.0040831475409999,7.8000000000000014E-2,0.245,0.10800000000000001,1.725948731167892]
[1.1889374897499989,1.5515172383499998,2.2857187002999999,3.2931349193124992,4.5487310654368756,7.9000000000000001E-2,0.32500000000000001,0.129,2.825879076614322]
[1.1962396479999999,1.5724234048000001,2.3341209663999996,3.3779945920000003,4.6787248163200008,8.900000000000001E-2,0.32,0.12,2.9111935673946174]
[1.0718524728000014,1.2164707812800002,1.5101555510400002,1.9340281682000002,2.4673350827020015,7.3000000000000009E-2,0.18,0.124,1.3019353365455038]
[1.171276043025,1.5009950153649998,2.1687845555699998,3.0882812960687493,4.235067557736313,9.0999999999999998E-2,0.29749999999999999,0.113,2.6157723731790856]
[1.0992325202500002,1.29485818765,1.6916375676999995,2.2521981581874999,2.9547224785881241,9.5000000000000001E-2,0.245,8.7000000000000008E-2,1.6879867763702323]
[1.2816338903999998,1.81677765104,2.8997446027200002,4.3691749376000004,6.1966383523359996,0.11800000000000001,0.3075,0.128,3.83495200833213]
[1.295140551,1.8554297726,2.9892178667999971,4.5259761252499997,6.4367771510274983,0.12,0.3175,0.127,3.9699448805440869]
[1.1154022911499999,1.3411279979899995,1.79874171782,2.4398849671624996,3.2421507609503748,8.2000000000000017E-2,0.30249999999999999,9.0999999999999998E-2,1.906709791323504]
[1.2339892705499995,1.68046294043,2.58422390574,3.8163390345124997,5.3500809621088754,0.12200000000000001,0.29249999999999998,0.11100000000000002,3.3355976342681641]
[1.0953482399249999,1.2837179733049999,1.6658293224899998,2.2068789865437495,2.8852333945635622,8.3000000000000004E-2,0.2175,0.109,1.6340786330757409]
[1.0960374268749999,1.2857230723749997,1.6704982277499996,2.2151822551562499,2.8980613957234374,8.5000000000000006E-2,0.28749999999999998,8.1000000000000003E-2,1.6441263087030999]
[1.2377188860999999,1.6911160778599998,2.6088675074800012,3.8594532902749998,5.4160420692052513,0.10700000000000001,0.30249999999999999,0.124,3.3758256660936734]
[1.1181553794000008,1.3490417824400001,1.8170902579200003,2.4721705398500005,3.2917154870334997,0.129,0.2475,7.2000000000000008E-2,1.9438802045560299]
[1.0276425636750015,1.0899905400549998,1.2174044739900001,1.4211154843562501,1.6819376549354383,7.1000000000000008E-2,0.19750000000000001,7.1000000000000008E-2,0.63669520355461051]
[1.1616825159000002,1.4735882473399999,2.1053817661200003,2.9773420102249997,4.0653257523497501,0.11700000000000001,0.29749999999999999,8.4000000000000005E-2,2.4995153122367397]
[1.083510648000001,1.2498440048000001,1.5874181664,2.0694705620000011,2.6748003398200004,8.4000000000000005E-2,0.2,0.10700000000000001,1.468642412289425]
[1.0505722958999999,1.155599875340001,1.36927182012,1.687229127725,2.0894567861747508,7.8000000000000014E-2,0.19750000000000001,8.5999999999999993E-2,0.98887482025667139]
[1.0866826064749995,1.2589348033349992,1.6084732010300002,2.1064193850562498,2.7314331003124379,0.10300000000000001,0.1925,9.3000000000000013E-2,1.5135518724944992]
[1.2580567380000003,1.7493094387999999,2.7435691283999999,4.0954886719999992,5.7775009529199988,0.115,0.29249999999999998,0.128,3.5924009453697607]
[1.0400550470000001,1.1255081022,1.2996189596000001,1.5651833992500008,1.9025642611675009,7.0000000000000007E-2,0.215,7.8000000000000014E-2,0.82929188859318204]
[1.105675978949999,1.31328903827,1.7342948808600001,2.3269236291124997,3.0691347603148742,0.11700000000000001,0.1925,9.4E-2,1.7757994373988899]
[1.2413352773999999,1.7014798372400002,2.6328701743200007,3.9015719568500011,5.4805961921035005,0.12300000000000001,0.28999999999999998,0.114,3.415081317581429]
[1.2325444814249999,1.676346811205,2.5747111446900002,3.7997359356687501,5.3247162228923131,0.129,0.30249999999999999,0.10100000000000002,3.3201006561127673]
[1.1063920612499987,1.31532393425,1.7389933664999999,2.3351049059375,3.0816155805906256,0.10600000000000001,0.1875,0.10700000000000001,1.7852835251809607]
[1.0882450885499999,1.2634281872300002,1.618893028140002,2.1247611840125002,2.759598148853871,7.6999999999999999E-2,0.315,7.6999999999999999E-2,1.5358241244449964]
[1.1319897622500001,1.3885882968500003,1.9085976033000005,2.6323763061875001,3.5369206338681249,9.7000000000000017E-2,0.26250000000000001,9.8000000000000004E-2,2.1245164504296947]
[1.1804462350500005,1.5273034781300001,2.2297394543400002,3.1953476793875009,4.3992627393201262,0.129,0.3175,7.8000000000000014E-2,2.7267794234896141]
[1.1339393850000001,1.3941883010000005,1.9215780180000002,2.6552008587500007,3.5719466612125008,0.10800000000000001,0.27500000000000002,8.5000000000000006E-2,2.1500331573830116]
[1.1313814122000001,1.3868212197200003,1.9044852669600005,2.62507307555,3.5256469202605003,9.7000000000000017E-2,0.21,0.12200000000000001,2.1162319640772509]
[1.1228148281250001,1.362344490625,1.8478577062500003,2.5259749960937508,3.3740099331640625,0.125,0.21249999999999999,8.900000000000001E-2,2.0049566933475185]
[1.1842188013499992,1.5380277925099999,2.2545046111800007,3.2384843022125001,4.4650822276558761,0.129,0.215,0.11700000000000001,2.7704875336937067]
[1.1053889817999989,1.3124617646800001,1.7323748922400004,2.3235368579500006,3.0639276683245007,9.7000000000000017E-2,0.22,9.9000000000000005E-2,1.7718094885795286]
[1.1152433660000001,1.3406591916000001,1.7976448088000012,2.4379110165000011,3.2390800603150023,0.10400000000000001,0.21249999999999999,0.10200000000000001,1.9043706145793851]
[1.1055289500000001,1.3128682699999998,1.7333208600000001,2.3252166124999998,3.0665204398749975,0.09,0.25,9.4E-2,1.7738038337892439]
[1.1872439699999988,1.5466941219999999,2.2745733960000001,3.2736885175000001,4.5190281904249989,0.10400000000000001,0.28749999999999998,0.11,2.8063180817208138]
[1.0748747339999991,1.2251738683999998,1.5303470712,1.9696135985000003,2.522018111935,0.114,0.21,7.0000000000000007E-2,1.3463367703784934]
[1.2106853099999999,1.6137932060000002,2.429910708,3.5459778724999995,4.9360926232749991,0.11700000000000001,0.31,0.1,3.0771062327294612]
[1.0316015005999999,1.1013143055600001,1.2436124760799998,1.4670243226499999,1.7522275005414993,7.6000000000000012E-2,0.17749999999999999,7.8000000000000014E-2,0.69855074805762596]
[1.1150349084000004,1.3400604178400002,1.7962568851200007,2.4354704771000004,3.2353348315810004,0.11100000000000002,0.19500000000000001,0.10400000000000001,1.9015547470379084]
[1.1173266180000001,1.3466653268,1.8115851624000001,2.4625052795000002,3.2768970202450007,0.10300000000000001,0.3,7.400000000000001E-2,1.9328013558923378]
[1.1868284954999992,1.5455110583,2.2718397294000008,3.2689195426250004,4.5117446403137498,0.11800000000000001,0.26250000000000001,0.10600000000000001,2.8015135779268561]
[1.0570664376000001,1.1742007217599997,1.4123434876800001,1.7627727194000002,2.2052068449340005,7.2000000000000008E-2,0.27,7.3000000000000009E-2,1.0861572806537854]
[1.241469591275,1.7018533958149997,2.6337258736700004,3.9030317312562497,5.4827950725944374,0.11900000000000001,0.28249999999999997,0.12100000000000001,3.416374844077783]
[1.1770724168999998,1.5175823299400018,2.2071812629200003,3.1555704254749997,4.33811917187725,0.10800000000000001,0.25750000000000001,0.113,2.6855159543219527]
[1.2193915140000005,1.6387006963999993,2.4875614752000006,3.6469841285000015,5.0907580526350005,0.11100000000000002,0.32500000000000001,0.10400000000000001,3.1748347386276778]
[1.0680097500000001,1.2054903500000005,1.4847512999999999,1.8895675624999995,2.3992997743749997,7.4999999999999997E-2,0.21,0.1,1.2465148603512277]
[1.2616469942999999,1.7596143471799999,2.7674488772400001,4.137450667325,5.8418693227307505,0.124,0.32250000000000001,0.109,3.6303517141670811]
[1.1191994756249999,1.3519572241249995,1.8237785092500003,2.4836246267187501,3.309010943157813,9.7000000000000017E-2,0.1875,0.127,1.9565872887046756]
[1.0758065995750008,1.2278265393949999,1.5364758261100002,1.9803023920812497,2.5383400637101876,8.3000000000000004E-2,0.25750000000000001,7.9000000000000001E-2,1.3594761964771021]
[1.11713612975,1.3460513023499989,1.8101062523000002,2.4596595793125,3.2723046380368745,7.0000000000000007E-2,0.2525,0.129,1.9291905891264767]
[1.1711777994000006,1.5007138744400002,2.1681337639200002,3.0871408023500004,4.2333209202084996,8.8000000000000009E-2,0.3075,0.113,2.6145843290209636]
[1.1077822342499997,1.3193042040500003,1.7482087029,2.3512620816875014,3.1063668664731252,9.4E-2,0.2175,0.105,1.804131326926564]
[1.1917248633000002,1.5595312665800003,2.3043010664400003,3.325838117075,4.5989426167532503,0.10800000000000001,0.3075,0.10100000000000002,2.8590640829782958]
[1.1395444117499998,1.4101987155499991,1.9586148098999994,2.7199986948124999,3.671083221041874,0.114,0.2175,0.105,2.2215358902986386]
[1.1243211474500001,1.3666522663700005,1.8578270966600003,2.5434356949875006,3.4007409876361261,9.8000000000000004E-2,0.26750000000000002,9.0999999999999998E-2,2.0247060596068356]
[1.0923645199999996,1.2751645520000008,1.6460171360000002,2.1721034299999999,2.8319245193000002,7.400000000000001E-2,0.2,0.13,1.5924720800159284]
[1.162508101,1.4759144026,2.1107360068000003,2.9865910277500003,4.0793666544025005,8.8000000000000009E-2,0.3175,0.105,2.5091081523590177]
[1.1641236323999999,1.48059126024,2.1216069883199995,3.0058401530999994,4.109028894740999,0.124,0.31,7.6999999999999999E-2,2.5297186487569832]
[1.27389066845,1.7946211609700002,2.8484579594599997,4.2793041677374983,6.0590105355886239,0.12100000000000001,0.29499999999999998,0.127,3.7563034141390599]
[1.1059304271999999,1.3140147587199997,1.73597276896,2.3298551367999996,3.073616041048,9.4E-2,0.23499999999999999,9.6000000000000016E-2,1.7792128378543632]
[1.1770611912,1.5175515051199999,2.2071109941600002,3.1554520703000004,4.3379423314330019,0.129,0.2175,0.11200000000000002,2.6854008643429328]
[1.0821195687499998,1.2458955037500001,1.5783050674999999,2.0536191890625006,2.6506341998593754,7.3000000000000009E-2,0.3125,7.8000000000000014E-2,1.4494836581887438]
[1.1961054234000013,1.57205585684,2.3332839871200002,3.3765888333499992,4.6766282246185007,0.114,0.27750000000000002,0.10800000000000001,2.9098796252632186]
[1.1448865080000001,1.4254736407999995,1.9939632144000001,2.7819000770000009,3.7658414934700004,8.8000000000000009E-2,0.26250000000000001,0.11600000000000002,2.289270567131183]
[1.0874288582999996,1.2610889535800001,1.6134752324399999,2.1152539333249996,2.7450262999907507,8.7000000000000008E-2,0.27,7.9000000000000001E-2,1.5243272505036403]
[1.1934965887500004,1.5645775557500003,2.3159624535000001,3.3461866315625004,4.6300249260343751,0.105,0.27500000000000002,0.11700000000000001,2.8793784328144554]
[1.1601363131999998,1.4691133023200009,2.0949811137600007,2.9589300833000003,4.0369576156630007,0.11900000000000001,0.21,0.11600000000000002,2.4797269680559135]
[1.1380033999999999,1.4057648400000002,1.94833112,2.7018883500000035,3.6432660685000009,0.08,0.25,0.129,2.2014544670956182]
[1.0817094087000005,1.24469832062,1.5755142231600006,2.0486419309250006,2.6429319677267502,8.7000000000000008E-2,0.21,9.7000000000000017E-2,1.443292021378485]
[1.0815872784,1.2443423798400002,1.5746849011200001,2.0471648196000003,2.6406479017560005,7.400000000000001E-2,0.23,0.10400000000000001,1.4414561399634158]
[1.1712716516249988,1.5010167217250001,2.1688634260500002,3.0885458207187497,4.2355891844978135,0.11700000000000001,0.28749999999999998,9.0999999999999998E-2,2.6162312804390355]
[1.10966275,1.3247081499999998,1.7607366999999998,2.3733000625000003,3.140194069375001,0.1,0.25,8.7000000000000008E-2,1.8298634602044639]
[1.082710431675,1.2475741168550003,1.5821805363899977,2.0603657213562503,2.6609247268054381,9.9000000000000005E-2,0.20749999999999999,8.7000000000000008E-2,1.4576513248227156]
[1.1089268766,1.3225841231600008,1.7558047528800012,2.364589896650001,3.126792798881501,0.11900000000000001,0.18,0.10100000000000002,1.8196564307903988]
[1.0908981360000001,1.2709733935999998,1.636319644800001,2.1551278340000004,2.8059443277399989,7.8000000000000014E-2,0.2,0.12200000000000001,1.5721414632062389]
[1.1987325440000021,1.5795455743999998,2.3505977792000001,3.4068266959999995,4.7228407589599986,8.3000000000000004E-2,0.32,0.13,2.9398619672079165]
[1.1288165400000001,1.3794766040000002,1.8874797720000001,2.5952537600000003,3.4799630835999995,8.5000000000000006E-2,0.22500000000000001,0.128,2.0828420387957811]
[1.1276073384,1.3760429358399999,1.8795537091199999,2.5814618446000002,3.4589317739060004,8.5999999999999993E-2,0.28000000000000003,0.10100000000000002,2.0674966862258941]
[1.115154966,1.3404293516000001,1.7971320888,2.4370977364999993,3.2379131803149996,0.10200000000000001,0.26,8.5000000000000006E-2,1.903554464658143]
[1.1615255136000002,1.4731161593600011,2.1042699244799996,2.9753095183999996,4.0621355350240007,0.11700000000000001,0.26,9.6000000000000016E-2,2.4972417630620352]
[1.2167134031250004,1.6310052856249975,2.4697216162500006,3.6156040573437513,5.042593042351565,0.10700000000000001,0.27750000000000002,0.125,3.1444378186351813]
[1.0584111888000001,1.17805088288,1.4212575398400003,1.7784014372000005,2.229148380892001,0.11100000000000002,0.18,7.2000000000000008E-2,1.1061269991101976]
[1.1495606027000007,1.4389073850199998,2.0251084223599998,2.8366949944249993,3.8499557898117498,0.11800000000000001,0.29499999999999998,7.9000000000000001E-2,2.3490672703720583]
[1.0854756934999998,1.2554690930999999,1.6004407357999997,2.0922987821249999,2.7097672197587492,9.4E-2,0.185,0.105,1.4963868246753602]
[1.1001639025999999,1.2975472307600004,1.697882049680002,2.2632288981500008,2.9716964633464964,0.127,0.22,7.3000000000000009E-2,1.7011397631966776]
[1.1424174063999999,1.4184002326400003,1.9775831315200003,2.7531662516000002,3.7218103472760005,8.2000000000000017E-2,0.26,0.124,2.2578375700736353]
[1.1181272339000004,1.3489076341399997,1.8167349585199983,2.4713503372249974,3.2902771327197504,0.12200000000000001,0.17749999999999999,0.10600000000000001,1.9426679119900736]
[1.08719996535,1.2604225789099996,1.61192320638,2.1124921932124998,2.740758150665874,9.9000000000000005E-2,0.215,8.7000000000000008E-2,1.5209328900075412]
[1.1621415429499999,1.4748742646699999,2.1083356460600005,2.9824170076125003,4.0730042674498748,9.7000000000000017E-2,0.30499999999999999,9.9000000000000005E-2,2.5047402720936138]
[1.1743340064000001,1.5097553926400005,2.1890712115199999,3.1238680616000027,4.2896000667759981,9.6000000000000016E-2,0.30499999999999999,0.10600000000000001,2.6527938758463239]
[1.1511222836999999,1.4433262956200006,2.0352955731600013,2.8543630271750047,3.8768435981642524,0.12100000000000001,0.21,0.109,2.3678816343499931]
[1.1819304900000001,1.5314958740000004,2.2393981319999994,3.2120713474999998,4.4246874597250008,0.10200000000000001,0.3,0.105,2.7436105567637914]
[1.1040569983499997,1.3086570847100001,1.7235735907800007,2.3081386939625013,3.0403696256983754,0.114,0.19750000000000001,9.3000000000000013E-2,1.7538158176997858]
[1.2060083130000006,1.6003790338000001,2.398834088400001,3.4914058907500012,4.8524145187325018,9.2000000000000012E-2,0.32500000000000001,0.11900000000000001,3.0235332264517312]
[1.0641693299999999,1.194522458,1.4593810440000001,1.8451884575000004,2.3314095078250006,7.8000000000000014E-2,0.25,7.8000000000000014E-2,1.1908256910815131]
[1.0836627569999997,1.2502995482000006,1.5884895876000016,2.07142285175,2.6778590894424998,0.115,0.18,8.7000000000000008E-2,1.4711185026380864]
[1.0393084439999998,1.1233649144000011,1.2946522992000005,1.5564549410000001,1.8891742197100008,7.6000000000000012E-2,0.18,8.5000000000000006E-2,0.81772238127798869]
[1.1884830231999999,1.55022214832,2.2827253417599995,3.2879092057999997,4.5407465224379999,0.124,0.215,0.124,2.8206237984047968]
[1.2109024512000002,1.6144021811200002,2.4313100121600018,3.5483843728000011,4.9397359242080023,0.128,0.26500000000000001,0.10700000000000001,3.0793838672245988]
[1.1024811000000001,1.3041248599999999,1.7130634800000006,2.2896370249999998,3.0119582177499997,0.09,0.2,0.115,1.7319817253556542]
[1.0817529292500001,1.2448303110499992,1.5758259788999991,2.0492157254375032,2.6438360428356247,0.11100000000000002,0.17749999999999999,0.09,1.4440294741504851]
[1.1676921235250004,1.4907276946650001,2.1450080629700001,3.0465719474437503,4.1711522447625633,0.127,0.1925,0.12300000000000001,2.5721335793297899]
[1.0880117030999998,1.2627091820599998,1.6171859530800003,2.1215811445249999,2.7545541684227488,7.8000000000000014E-2,0.185,0.129,1.5317321133351596]
[1.1669633641999997,1.4886599749200005,2.1402364805600009,3.0382752985500012,4.1585064761905004,0.12200000000000001,0.22750000000000001,0.10800000000000001,2.5635278739374336]
[1.1694264955,1.4957158583000001,2.1565756293999998,3.0669357676250004,4.2024237840637513,0.124,0.23749999999999999,0.10300000000000001,2.5935766807361103]
[1.2188456062500004,1.6371234512500012,2.4838978725000009,3.6405083546875012,5.0807894487031273,0.10600000000000001,0.3125,0.113,3.1685258761649866]
[1.0909652879250007,1.271186618105,1.6368308088900003,2.156101238543751,2.8075066598835634,9.7000000000000017E-2,0.20250000000000001,9.7000000000000017E-2,1.5734152048259924]
[1.1421645107500003,1.4177626329500002,1.9761791131000008,2.7510230695625002,3.7188208360143755,0.11900000000000001,0.3175,7.0000000000000007E-2,2.2559415049347127]
[1.0511457453999999,1.1572391740400001,1.3730650667200002,1.6938703263500001,2.0996217508485002,8.3000000000000004E-2,0.1825,8.8000000000000009E-2,0.99746016195833653]
[1.0949755304500002,1.2826568821700017,1.6633776610600008,2.2026027182375012,2.8787030290436255,7.400000000000001E-2,0.25750000000000001,0.10300000000000001,1.6290112874582412]
[1.0578776840000004,1.1765225384000009,1.4177183312000001,1.7721930710000005,2.2196348848100009,0.08,0.245,7.3000000000000009E-2,1.0981961510117271]
[1.167321689999999,1.489690994,2.1426277920000003,3.0424866725000004,4.1649751564749993,0.105,0.27500000000000002,0.10400000000000001,2.567975470819019]
[1.1427750728000001,1.4194335412799997,1.9799832310399998,2.7574084181999994,3.7283403842020006,0.11200000000000002,0.20749999999999999,0.114,2.2625321228497839]
[1.1892440763000005,1.5524096403799998,2.2877970248400006,3.2968325953250006,4.5544451346107513,0.12300000000000001,0.23250000000000001,0.11600000000000002,2.8296975577802583]
[1.1923123271999998,1.5611756987199998,2.3080769889600004,3.3323200767999999,4.6087448240480002,8.900000000000001E-2,0.29499999999999998,0.128,2.8653838586665255]
[1.1928639375000001,1.5627574875000001,2.3117412750000006,3.3387536531250004,4.6186087729687504,9.8000000000000004E-2,0.27500000000000002,0.125,2.8718655395420987]
[1.0981857700000004,1.291846802,1.6846534360000003,2.2398999575000005,2.9358339344250002,8.2000000000000017E-2,0.245,0.1,1.6733490950488268]
[1.1743678656000001,1.5098259545600006,2.1892125580799999,3.1240187264000006,4.2897412887040005,9.6000000000000016E-2,0.2525,0.128,2.652808812605167]
[1.1010327546000003,1.3000319259599999,1.7036322832799999,2.2732998511500004,2.9871141867765005,9.4E-2,0.29499999999999998,7.400000000000001E-2,1.7130111927157918]
[1.1972118978000006,1.5752107862800004,2.3405775410400005,3.3893284319500014,4.6960997222645,0.12200000000000001,0.24249999999999999,0.11600000000000002,2.9225301142546809]
[1.0994221355000002,1.2953771222999999,1.6928190313999998,2.2541813651249996,2.9576792022887499,7.9000000000000001E-2,0.23749999999999999,0.10800000000000001,1.690212527823667]
[1.129690152,1.3820100752000009,1.8933722736000003,2.6057035880000008,3.4960805546800007,9.5000000000000001E-2,0.27,9.6000000000000016E-2,2.0947251761826462]
[1.046403342000001,1.1436789692000002,1.3416847656000006,1.6389177605000003,2.0155006461550005,7.400000000000001E-2,0.22500000000000001,7.6000000000000012E-2,0.92612214168081142]
[1.1224840370000002,1.3613540762,1.8455284915999999,2.5217317017500003,3.3673625361425001,9.8000000000000004E-2,0.185,0.13,1.9999201994375437]
[1.1690449056000001,1.4946758585599993,2.1542116300799998,3.0629845064000003,4.196549253304001,0.12300000000000001,0.32,7.6999999999999999E-2,2.589724597576657]
[1.1364913512000003,1.4014593211200013,1.9383825321599963,2.6845328478000003,3.6167595314580008,0.10400000000000001,0.23,0.10700000000000001,2.1823907217939942]
[1.0856065887000006,1.2558501886200015,1.6013283471599997,2.0938783109250001,2.7122083819267502,8.2000000000000017E-2,0.22750000000000001,9.8000000000000004E-2,1.4983344889004253]
[1.1151933926000004,1.3405005047600007,1.7972643816800002,2.4371865456500004,3.2379172480715006,9.2000000000000012E-2,0.20749999999999999,0.11800000000000001,1.9034580634687126]
[1.1128739825,1.3338809045,1.781956031,2.4104246543749999,3.1969925549562497,0.10700000000000001,0.20749999999999999,0.1,1.8727354626212134]
[1.1613690317499998,1.4726575275499996,2.1031992259000001,2.9733932298125003,4.0591639620918754,0.11,0.25750000000000001,0.10300000000000001,2.4951542973169829]
[1.2176920128000002,1.6338371852800013,2.4763032230400013,3.6272540032,5.0605415275520018,0.11200000000000002,0.32,0.10400000000000001,3.1558468597618785]
[1.0990047488749999,1.294191589575,1.6900821573500002,2.2494178356562498,2.9504142000784377,0.115,0.17749999999999999,9.9000000000000005E-2,1.6846237044004038]
[1.1261112997499998,1.3717345443500011,1.8695578083,2.5638439968125,3.4318579414618755,8.3000000000000004E-2,0.22500000000000001,0.129,2.04752997525534]
[1.0599039075000001,1.1822812094999997,1.431015471,1.7953495706250004,2.2549634733937505,7.0000000000000007E-2,0.17499999999999999,0.11900000000000001,1.1275168979351557]
[1.09365449805,1.27886038193,1.6545759527400001,2.1871184951374998,2.8549344598026258,8.1000000000000003E-2,0.19500000000000001,0.12300000000000001,1.6104537263761183]
[1.1390961962000001,1.40889621812,1.9555831781600004,2.7146126865500015,3.6627671960704999,0.10600000000000001,0.19750000000000001,0.124,2.2155029647973636]
[1.1875164060000003,1.547460695600001,2.2763369808,3.2767310615000005,4.5236434106650014,0.11800000000000001,0.23250000000000001,0.12,2.8093312966532609]
[1.171451165625,1.5015162181249999,2.1700078012499997,3.0904989242187484,4.2385319933828152,0.125,0.2475,9.9000000000000005E-2,2.6181892320892839]
[1.2037950961999999,1.5940393581199996,2.3841536981600013,3.4656561615500006,4.8129584533204994,9.4E-2,0.30249999999999999,0.124,2.9981542278361872]
[1.0931269695000017,1.2773862507,1.6511932325999996,2.1813211361250002,2.8461765730987496,0.10600000000000001,0.21249999999999999,8.5999999999999993E-2,1.6037017222259151]
[1.182516343200001,1.53314358032,2.2431882177599998,3.2186071807999999,4.4345989734879989,8.5999999999999993E-2,0.29249999999999998,0.128,2.7501375765239362]
[1.1644318002500003,1.4814115156500001,2.1234542717000013,3.0088503781874998,4.1134294987881264,9.7000000000000017E-2,0.27500000000000002,0.11100000000000002,2.5325636914974194]
[1.116298335,1.3436805709999993,1.804640778,2.4501801162499999,3.2578780558374998,8.900000000000001E-2,0.255,0.1,1.9184653902018944]
[1.1410443203999998,1.4144989690400005,1.9685758267200002,2.7374846051000006,3.6978896796610008,0.10200000000000001,0.26,9.9000000000000005E-2,2.2407940809561926]
[1.1137144815,1.3362718619000011,1.7874787542000001,2.4200504641250005,3.2116857151787501,8.7000000000000008E-2,0.22500000000000001,0.114,1.883760396877582]
[1.1175185234749998,1.347168967535,1.8127129766300005,2.46431395180625,3.2795121754049372,0.10700000000000001,0.20749999999999999,0.10300000000000001,1.9346378664105461]
[1.1674997647500001,1.49018265335,2.1437509203000005,3.0443888380625008,4.1678273142493767,9.7000000000000017E-2,0.26250000000000001,0.11800000000000001,2.5698742218948927]
[1.0753716786999998,1.2265640226200001,1.53353835916,1.9750885384250005,2.5302942696517503,7.3000000000000009E-2,0.245,9.4E-2,1.3529485849121337]
[1.2449128860249998,1.7117264271650001,2.6565964479699997,3.9431834543187501,5.5443525677938137,0.11900000000000001,0.3175,0.109,3.4536068587874458]
[1.1339641196000014,1.3942165749600002,1.9216079652800002,2.6550966849000002,3.5716426114390005,8.8000000000000009E-2,0.245,0.11700000000000001,2.1496963172863657]
[1.1113647090000001,1.3295573034000001,1.7719438511999999,2.3928618022499988,3.1700799954974999,9.5000000000000001E-2,0.2225,0.10400000000000001,1.8524209648063421]
[1.0743298424999999,1.2236015405000005,1.5266965290000001,1.9631681168750004,2.5121027297312497,0.09,0.23749999999999999,7.8000000000000014E-2,1.3382974486546018]
[1.1363649505499993,1.4010869084300004,1.9375115297399996,2.6829670245125006,3.6143251518088757,9.3000000000000013E-2,0.23499999999999999,0.11700000000000001,2.1806024552759631]
[1.1374224789,1.40410757114,1.9444991245199998,2.6951918159749999,3.6330279553322495,0.10200000000000001,0.20499999999999999,0.12300000000000001,2.194088408421246]
[1.2283591118999997,1.6643320369399996,2.5468676389199993,3.7508023342249999,5.2496477339897503,0.129,0.24249999999999999,0.124,3.273707650419678]
[1.1835113745000001,1.5360184037000002,2.2498657866000005,3.2304102998749999,4.4527682048612505,0.11100000000000002,0.27500000000000002,0.10600000000000001,2.7623366372312379]
[1.1608156697250001,1.4710460227850002,2.0994455211300012,2.9667119114937499,4.0488366224580679,0.129,0.17749999999999999,0.127,2.4879238177558771]
[1.0853423849000003,1.25508936674,1.59956320532,2.0907674174749999,2.70742795299725,7.6999999999999999E-2,0.23,0.10300000000000001,1.4945381205643258]
[1.0561761961499998,1.1716428509899999,1.4064138718200001,1.7523433059125002,2.1891994689628742,8.900000000000001E-2,0.19500000000000001,8.1000000000000003E-2,1.0727597127666761]
[1.0664452848000001,1.2010361724800005,1.4744597126400003,1.8716159012000002,2.3718847895320012,9.6000000000000016E-2,0.20749999999999999,7.8000000000000014E-2,1.2241035928784867]
[1.1384152991500003,1.4069605387900002,1.9511131322200006,2.7068263191625008,3.6508861656703759,0.11800000000000001,0.19750000000000001,0.11100000000000002,2.2069897236942584]
[1.2107859321000001,1.6140870374600003,2.4305957902800004,3.547200144275001,4.9379845053452511,0.11600000000000002,0.32250000000000001,9.7000000000000017E-2,3.0783299297017415]
[1.1132989800000004,1.3350905479999997,1.7847506639999993,2.415297995,3.2044336544500003,7.0000000000000007E-2,0.3,0.10600000000000001,1.8783226357128249]
[1.1177124782499999,1.3477217984500001,1.8139908420999999,2.4665452526875002,3.2829218646831246,9.8000000000000004E-2,0.2225,0.105,1.9371792196712239]
[1.0924881101999999,1.2755539545199994,1.6469483733600034,2.1738670650500005,2.8347469422054998,0.114,0.19,8.900000000000001E-2,1.5947622822975598]
[1.1869662930000004,1.5458829817999999,2.2726819523999997,3.2703129357499998,4.5138024106824997,0.12,0.2225,0.12300000000000001,2.802805890362801]
[1.0968207840000015,1.2879665983999997,1.6756931111999993,2.2242928310000001,2.91202018681,7.9000000000000001E-2,0.315,0.08,1.6549644475099552]
[1.1071880703000001,1.3176389847799999,1.7443833140399998,2.3446874863249998,3.0964173038207483,8.4000000000000005E-2,0.32250000000000001,7.9000000000000001E-2,1.7966498076354391]
[1.0477371040000001,1.1474998303999999,1.3505327872000001,1.6544386760000009,2.0392843863600008,0.08,0.22,7.3000000000000009E-2,0.94637030470193273]
[1.166245969425,1.4866006000049998,2.1354640230899999,3.0298880176687497,4.1456397163123135,0.109,0.24249999999999999,0.113,2.5546872829547773]
[1.0662231539999998,1.2003865604000001,1.4729443272000002,1.8689088335000004,2.3676915699850007,8.2000000000000017E-2,0.21,0.09,1.220634171282498]
[1.1559185892000015,1.4570770599200003,2.0671473105599998,2.9102755823000006,3.9625583387530008,9.8000000000000004E-2,0.315,9.2000000000000012E-2,2.4280600517856916]
[1.1713313459999999,1.5011571395999996,2.1691630728000004,3.0889588815000022,4.2361184032649994,0.10400000000000001,0.26750000000000002,0.11,2.6164987966308555]
[1.0649091599250005,1.1966411653050002,1.4642867784899998,1.8537913565437498,2.3445899268635624,0.109,0.1825,7.6999999999999999E-2,1.2016806832882228]
[1.0865523623500002,1.2585367911100003,1.6075307459799988,2.1046745349625002,2.7286749092083751,8.2000000000000017E-2,0.1825,0.12300000000000001,1.5113146901699106]
[1.081243368,1.2433848768,1.5724907124000005,2.0434177995000002,2.6350000512449996,7.3000000000000009E-2,0.30249999999999999,0.08,1.4370092147885429]
[1.1275797919999997,1.3759407391999998,1.8792976255999998,2.5809269480000001,3.4580331522800001,0.11200000000000002,0.17499999999999999,0.124,2.0667746768913369]
[1.1030945676000004,1.3059040597599998,1.7172017716799999,2.2969764469000009,3.0232787832590007,7.6000000000000012E-2,0.29749999999999999,9.2000000000000012E-2,1.7407249315321529]
[1.0822638600000001,1.2463184360000004,1.5792924479999995,2.0553864649999971,2.6533747961500005,0.11,0.22500000000000001,7.2000000000000008E-2,1.4516893654288707]
[1.0807991541999999,1.2421196289200001,1.5695668525600002,2.0383157310500004,2.6272065746655002,8.2000000000000017E-2,0.28249999999999997,7.6000000000000012E-2,1.4307999913361704]
[1.1984757974999998,1.5788407235000004,2.3489911230000002,3.404121168125001,4.7187988666187506,0.129,0.25,0.10700000000000001,2.937333466776789]
[1.1424186605000004,1.4184065872999998,1.9776001514000006,2.7532062713750003,3.7218810392262505,9.2000000000000012E-2,0.23749999999999999,0.12100000000000001,2.2578958729519534]
[1.0766397577500011,1.2301792551500004,1.5418956327000006,1.9896843288125001,2.5526011481818753,7.1000000000000008E-2,0.2175,0.11,1.3708962350753136]
[1.2638352834,1.7658438928400002,2.7818419351200001,4.1625538833500002,5.8802033825185003,0.126,0.27,0.129,3.6526659444887759]
[1.1345990624999984,1.3960263125000003,1.9257911250000002,2.6624007968750014,3.5828039945312509,0.10800000000000001,0.1875,0.125,2.1577709809109384]
[1.3259165625000002,1.9435018125000001,3.1930901249999999,4.8832609218749994,6.9839540132812514,0.13,0.32500000000000001,0.125,4.2672650834929513]
[1.0920354380000001,1.2742470588000001,1.6439135384000003,2.1685062345000015,2.8264978802950012,0.08,0.24249999999999999,9.9000000000000005E-2,1.5882840262689357]
[1.0662569271999998,1.2004896587199996,1.4731883689600003,1.8693602818000001,2.3684048807980003,7.1000000000000008E-2,0.26,8.4000000000000005E-2,1.2212328195770346]
[1.2201634707,1.64088596182,2.4926000847599994,3.6557263614249993,5.1040655831817503,0.109,0.28999999999999998,0.11900000000000001,3.1830998105963459]
[1.1140807402499993,1.3373583596500003,1.7900258637000008,2.4246556631875,3.2188689571381253,8.3000000000000004E-2,0.32500000000000001,8.3000000000000004E-2,1.8892600337169572]
[1.2124503868500016,1.6188254848100003,2.4415438525800006,3.5662953773375006,4.9671444934446258,0.10200000000000001,0.32250000000000001,0.11100000000000002,3.0967816475769219]
[1.0931663617499994,1.2775127855499995,1.6514976698999997,2.1819055373124998,2.8471185074168743,9.5000000000000001E-2,0.26500000000000001,7.6999999999999999E-2,1.6044695547153995]
[1.0813146482249998,1.2436035568849999,1.5730091949299985,2.0443805973687486,2.6365245241793103,0.12300000000000001,0.20250000000000001,7.1000000000000008E-2,1.4382584000940146]
[1.223583125,1.650703625,2.5153527500000008,3.6957167187500009,5.1654177078125016,0.12200000000000001,0.3125,0.1,3.2215502995045813]
[1.1436128812499993,1.4218168662499999,1.9854883424999994,2.7670036109374996,3.7429868831406257,7.4999999999999997E-2,0.27500000000000002,0.129,2.2729492160401703]
[1.2295533031499999,1.6677577091900004,2.554804389420001,3.7647418126624999,5.2710238776553755,0.11900000000000001,0.27750000000000002,0.11800000000000001,3.2869421473241607]
[1.21298659425,1.6203539400500002,2.445076950899999,3.5724649416875018,4.9765726498731251,0.10100000000000002,0.315,0.115,3.1027433225263157]
[1.2179071053999999,1.6344441100399998,2.4777009647199995,3.6296718138499995,5.0642151093734977,0.11800000000000001,0.28999999999999998,0.109,3.1581292094607218]
[1.3059642957499986,1.8864029739500001,3.0609147011000002,4.6516198458124993,6.6291946578518743,0.13,0.30249999999999999,0.127,4.076091803907099]
[1.0919863194000001,1.27414082644,1.6436962999200002,2.1682520423500007,2.8262252950084994,9.8000000000000004E-2,0.26500000000000001,7.400000000000001E-2,1.588150826432871]
[1.0825416823,1.2470864559800001,1.58104771564,2.0583629593249992,2.657841379650749,0.10600000000000001,0.185,9.0999999999999998E-2,1.4551861818418119]
[1.1422611738000001,1.4179827438799999,1.9766414378400001,2.7516250359500001,3.7195506331045003,8.7000000000000008E-2,0.31,9.8000000000000004E-2,2.2563048787962749]
[1.1756626477499998,1.5135373691499998,2.1978089847000004,3.1391064713125005,4.3128687811568751,8.900000000000001E-2,0.28749999999999998,0.12200000000000001,2.6684577752052476]
[1.09523664,1.2834328640000001,1.6651979520000002,2.2058987600000002,2.8838486476000003,0.12300000000000001,0.2,0.08,1.6330826985481424]
[1.0569485249999999,1.1738646649999986,1.4115667199999997,1.76141650625,2.2031344969375004,0.105,0.1875,7.2000000000000008E-2,1.0844293216053267]
[1.2278124407999997,1.6627638180800002,2.5432342934399998,3.7444209002000002,5.2398617208220006,9.6000000000000016E-2,0.3175,0.127,3.267640192184313]
[1.1358239325000001,1.3995567744999999,1.9339846410000003,2.6768528893750001,3.6050229772062505,0.1,0.2525,0.10100000000000002,2.17392764323202]
[1.1389853758499999,1.4086027162100001,1.9549235077799998,2.7135437145874994,3.6612104223921236,0.11700000000000001,0.2175,0.10200000000000001,2.2144490175388269]
[1.096093708175,1.2858841457549999,1.67087109659,2.2158357517312508,2.8990622597216875,7.6999999999999999E-2,0.3175,8.1000000000000003E-2,1.6449036593309496]
[1.1008499616749998,1.2994870948550001,1.70235294039,2.2709777288562503,2.983484015130438,0.129,0.1825,8.7000000000000008E-2,1.7101640723054699]
[1.1058265318249998,1.3136920782449999,1.7352046354099999,2.3284155232687502,3.0713250751283119,7.1000000000000008E-2,0.24249999999999999,0.12300000000000001,1.7774022296784229]
[1.1259460560000001,1.3712707855999999,1.8684919008000005,2.5620096139999955,3.4290796155400005,8.5000000000000006E-2,0.24,0.11800000000000001,2.0455096825171526]
[1.08102399,1.2427489739999995,1.5710119319999996,2.0407963724999991,2.6309578134750002,0.1,0.20499999999999999,8.5999999999999993E-2,1.4337645027424415]
[1.1032947225999998,1.3064881627599998,1.7185633256799997,2.2994042681500004,3.0270354316465005,0.12100000000000001,0.20499999999999999,8.4000000000000005E-2,1.7436326573855587]
[1.1005522710750002,1.2986180952950002,1.7003270723100006,2.2673644087062508,2.9778921493639388,9.3000000000000013E-2,0.2175,0.10100000000000002,1.7058161866816066]
[1.1158515522000001,1.3424031837200001,1.8016848189599999,2.4450041505499991,3.2499551311104984,7.2000000000000008E-2,0.3175,9.9000000000000005E-2,1.9125335934721104]
[1.0769757677999998,1.2311836482799998,1.5442564070399998,1.9939794069500003,2.5593246003144992,8.1000000000000003E-2,0.29249999999999998,7.2000000000000008E-2,1.3763994296200168]
[1.1269909247999994,1.37425243648,1.87538686464,2.5740618111999991,3.4475086296319986,8.5999999999999993E-2,0.22,0.128,2.0590385013471231]
[1.1896787336999997,1.5536740656199999,2.2907411331600005,3.3020678996750008,4.5625328310392499,0.10600000000000001,0.3075,0.10200000000000001,2.8350965700205415]
[1.0738782085000005,1.2223217320999997,1.5237445377999996,1.9580413433749997,2.5042941055462493,9.4E-2,0.2525,7.0000000000000007E-2,1.3320094268830189]
[1.1097781829999998,1.325046495799999,1.7615266044000002,2.3747138832500005,3.1423865464074998,0.09,0.29499999999999998,8.2000000000000017E-2,1.8315447127577031]
[1.18546292555,1.5416181434300003,2.26284075974,3.2532040057625,4.4877273329963749,0.10600000000000001,0.3175,9.7000000000000017E-2,2.785632799030199]
[1.1813240389499999,1.52975739427,2.2353713388599998,3.2050033916124998,4.4138528080898753,0.113,0.26500000000000001,0.10700000000000001,2.7363607804113212]
[1.1117848860000006,1.3307389435999999,1.7746617947999994,2.3975483839999998,3.1771867752400009,8.5000000000000006E-2,0.20250000000000001,0.128,1.857735174536272]
[1.2169364640000009,1.6316805663999998,2.4713156352000003,3.6185337160000004,5.0472053687600003,0.128,0.28749999999999998,0.10100000000000002,3.147468268121512]
[1.11834322115,1.3495206159899999,1.8181496418200007,2.4738107246625001,3.2940278077753757,0.10100000000000002,0.20499999999999999,0.11100000000000002,1.9454533684105533]
[1.1029734102000002,1.3055457345199999,1.7163626133600007,2.2954630500499986,3.020921575955501,9.7000000000000017E-2,0.21,0.10200000000000001,1.7388888508270772]
[1.1086970924999999,1.3219653904999999,1.7544049289999999,2.3622798593749996,3.1233870531062506,0.124,0.23250000000000001,7.4999999999999997E-2,1.8171689763011178]
[1.0993622481000001,1.29525089906,1.6925645590800005,2.2539018182749997,2.9574045902852495,0.126,0.2175,7.400000000000001E-2,1.690109284174945]
[1.1799775499999998,1.5259086300000002,2.2264658400000004,3.1894131375000008,4.3899918326250003,9.8000000000000004E-2,0.3125,0.10400000000000001,2.7204028437871557]
[1.1368444499999995,1.4024785699999991,1.9407492599999998,2.6887128875000004,3.623191061125,9.5000000000000001E-2,0.27,0.1,2.1870596378642668]
[1.17320076515,1.5064881903899991,2.1814879710200001,3.1104893231625002,4.2690284631103754,0.10100000000000002,0.24249999999999999,0.126,2.6387876567439483]
[1.1708076463499999,1.49963708951,2.16562655718,3.0826823959624998,4.2264333925183744,0.114,0.20749999999999999,0.129,2.6098443716987214]
[1.0708805182500001,1.2137283024499996,1.5038397141000006,1.9231033326875,2.4507363342831248,7.0000000000000007E-2,0.29249999999999998,7.9000000000000001E-2,1.2885245295974219]
[1.1407728949999996,1.4137208270000001,1.9667733860000001,2.7343206762500003,3.6930394022375008,0.10700000000000001,0.245,0.1,2.2373134200716631]
[1.0877141077500001,1.2618845651499984,1.6152996626999998,2.1183749888125001,2.7497358201818742,8.5999999999999993E-2,0.22750000000000001,9.5000000000000001E-2,1.5279949948151934]
[1.1126224368000002,1.3331524476800005,1.780262586240001,2.4074251892000009,3.1923696592120008,7.6000000000000012E-2,0.27,0.10800000000000001,1.8692299864035964]
[1.1720690459999998,1.5032571595999997,2.1740150327999999,3.0974211365000004,4.2490406215150003,0.12,0.215,0.11900000000000001,2.6252477070493345]
[1.1633772824999999,1.4783844844999998,2.1164394209999995,2.9965226018749997,4.0945180380812474,0.1,0.2475,0.11900000000000001,2.5195100503273302]
[1.049098751250001,1.1514009282499997,1.3595669085000002,1.6702873409375001,2.0635715564406256,7.1000000000000008E-2,0.26250000000000001,7.0000000000000007E-2,0.966994578901062]
[1.1340925768999988,1.3945871459399999,1.92246825092,2.6566152504749998,3.5739783480272505,0.10300000000000001,0.215,0.114,2.1513991192823001]
[1.0780838367500003,1.2343397205500004,1.5515497499000004,2.0067060310625,2.5787646004793756,0.115,0.1825,8.2000000000000017E-2,1.3919889275525537]
[1.0811024658000001,1.2429613830800004,1.5714934634400004,2.0415954189500005,2.6321401846345016,0.10100000000000002,0.18,9.7000000000000017E-2,1.434681510680633]
[1.1466121367749993,1.430441984115,2.0054892430700004,2.8022102663812496,3.7970485757831876,0.113,0.25750000000000001,9.3000000000000013E-2,2.3115370525057379]
[1.13703164,1.403019864,1.9420069520000001,2.6909376600000003,3.6266173426000012,0.1,0.26750000000000002,9.6000000000000016E-2,2.1895483072045394]
[1.0825677799999993,1.247181428,1.5812845040000005,2.0588526950000006,2.658660371449999,0.1,0.23499999999999999,7.6000000000000012E-2,1.4558835211685319]
[1.0877441512500001,1.2619799682500004,1.6155283785000003,2.1188105534375006,2.7504349293156256,0.114,0.1875,8.7000000000000008E-2,1.5285678862579177]
[1.0837232221000002,1.2504725914600001,1.5888901622800005,2.072124891775001,2.6789342870702502,7.6000000000000012E-2,0.27250000000000002,8.7000000000000008E-2,1.4719727624541503]
[1.0721368743750002,1.2173162858750002,1.5121391707499994,1.9376210107812499,2.4729449964671883,8.1000000000000003E-2,0.23749999999999999,8.5000000000000006E-2,1.3065571715447117]
[1.2635209687499998,1.7649501437499997,2.7797778375000002,4.1589576765625003,5.8747153139843764,0.12200000000000001,0.28749999999999998,0.125,3.6494798735285157]
[1.0624658042000001,1.1896299189200001,1.4480409725599999,1.8252504135499998,2.3008150310405,7.400000000000001E-2,0.215,9.4E-2,1.1655426668276951]
[1.0477930931999999,1.1476461303199998,1.3508598177599984,1.6549604783,2.040036182113,8.3000000000000004E-2,0.18,8.5999999999999993E-2,0.94698380372278645]
[1.1047877307500005,1.3107368049500001,1.7283782591000003,2.3165167420625008,3.0531616566893747,9.5000000000000001E-2,0.215,0.10300000000000001,1.7635731025150809]
[1.2872462691000002,1.8328474936599999,2.9369510218800006,4.4344115160250004,6.2965773419877502,0.127,0.30499999999999999,0.12200000000000001,3.8915094905577847]
[1.1018906820749998,1.3024747038949998,1.70927658711,2.2831458989562505,3.0021512515414392,0.129,0.19750000000000001,8.1000000000000003E-2,1.7245454566218927]
[1.2029527813500014,1.5916683405099998,2.3786981251800006,3.4562406647125004,4.7986728342308753,0.113,0.3175,9.8000000000000004E-2,2.9890782985227515]
[1.1768803538000003,1.51701981188,2.205868361839999,3.1532220759499978,4.3344788903045046,8.3000000000000004E-2,0.30499999999999999,0.124,2.6830242567216041]
[1.1307689197500004,1.3851001563499994,1.9005277743000004,2.6182544643125008,3.5153121153868754,0.11100000000000002,0.23749999999999999,9.4E-2,2.1087802768438926]
[1.1330939328,1.3917509772800003,1.9159210790400003,2.6452212032000006,3.5566021563520005,0.109,0.24,9.6000000000000016E-2,2.1388414088170471]
[1.1450764256999999,1.4260673448200003,1.995379478760001,2.7845671226750022,3.7700967405692474,0.11100000000000002,0.29499999999999998,8.2000000000000017E-2,2.2924411471177906]
[1.2021175951999992,1.5892465155200002,2.3730654713599999,3.4462524188000012,4.7832679896680013,0.11200000000000002,0.26500000000000001,0.11800000000000001,2.9790350035365698]
[1.0782208979999992,1.2347256548000003,1.5524378664000003,2.0082392495000003,2.5810913029449996,8.8000000000000009E-2,0.22500000000000001,8.7000000000000008E-2,1.3938427716738628]
[1.2549927735000002,1.7405487011000005,2.7232956797999996,4.0599870121249992,5.7231559374587508,0.11,0.315,0.12300000000000001,3.5603098745323178]
[1.1666877147000005,1.4878859562200002,2.1384571239600003,3.0352115674249998,4.1538647606417509,0.126,0.24249999999999999,9.8000000000000004E-2,2.5603912754921452]
[1.2046818001500001,1.5966107813900001,2.3901344590199995,3.4762624569125009,4.8293172065728758,0.114,0.3075,0.10100000000000002,3.008790708028922]
[1.111189493775,1.3290774923150002,1.7708512106700003,2.3910265731312506,3.1673428094756884,0.11100000000000002,0.22750000000000001,8.7000000000000008E-2,1.8504074482520532]
[1.0439756838000009,1.1367238698800002,1.3255783058399999,1.6106623884500002,1.9722012583795001,7.8000000000000014E-2,0.19,8.3000000000000004E-2,0.88912566545690108]
[1.2135756912,1.6220442051200004,2.4489933441600003,3.5793447577999995,4.9871240895579998,0.11100000000000002,0.29499999999999998,0.11200000000000002,3.1094462634025444]
[1.1362673940000003,1.4008471844000001,1.9369895591999999,2.6821976735000006,3.6132810255850014,0.11200000000000002,0.26250000000000001,8.7000000000000008E-2,2.1799566234715]
[1.0692286469999999,1.2090034622000001,1.4929044395999993,1.9039479492499991,2.4214080676675001,0.115,0.18,7.6999999999999999E-2,1.2646307452212326]
[1.1017136159999996,1.3019328416,1.7079929088000001,2.2807667240000007,2.9983880844400006,7.2000000000000008E-2,0.26,0.11,1.7215676024103905]
[1.1626906422500001,1.4764367848500002,2.1119452373000001,2.9887102036875,4.0826121506931257,0.11900000000000001,0.23499999999999999,0.105,2.5113485929435115]
[1.0387008524999994,1.1216295664999998,1.2906380970000002,1.5494326193750001,1.8784311975062493,7.4999999999999997E-2,0.19,8.1000000000000003E-2,0.80844291499823362]
[1.135991565800001,1.4000510430800002,1.9351409434400002,2.6789329239499997,3.6082579863844995,9.2000000000000012E-2,0.30499999999999999,9.0999999999999998E-2,2.1763070211207514]
[1.1449959140000001,1.4257981364000003,1.9947238952000004,2.7832752035000001,3.7679862598850011,8.8000000000000009E-2,0.28749999999999998,0.10600000000000001,2.2908294377415577]
[1.0864030920000001,1.2581433192,1.6066480656000002,2.1032518230000004,2.7266105955300008,0.10700000000000001,0.2,8.5999999999999993E-2,1.5097596054430233]
[1.1225523456000002,1.36156480256,1.8460290220800002,2.5226650664000001,3.3688438029040007,0.11700000000000001,0.18,0.11200000000000002,2.0010572033532794]
[1.2223258979999991,1.6470726547999999,2.5069199663999995,3.6808161545000009,5.1424850006950003,9.8000000000000004E-2,0.32250000000000001,0.12,3.2071308552893014]
[1.1443411333999995,1.4239461028400002,1.9904549151199997,2.7758740308499998,3.7567254326435,0.113,0.26,9.0999999999999998E-2,2.2828719714738708]
[1.1386093546000002,1.4075590859600002,1.9525347632800008,2.7094769811500017,3.6550925322765022,0.11600000000000002,0.27250000000000002,8.2000000000000017E-2,2.2101374518924066]
[1.1402119062,1.4121064641200001,1.9630289061600004,2.7277254240500004,3.6829083510955005,8.8000000000000009E-2,0.27750000000000002,0.10700000000000001,2.2300209558147661]
[1.0327614915000001,1.1046274879000002,1.2512766222,1.4804321916249998,1.7727397967037501,7.1000000000000008E-2,0.17499999999999999,8.5999999999999993E-2,0.71650454755917869]
[1.1861723375,1.5436303275000003,2.267483645,3.2612744906250004,4.5000261595937516,9.7000000000000017E-2,0.3125,0.10800000000000001,2.7937372313690059]
[1.1304090740000003,1.3840867524000005,1.8981955831999997,2.6142276435,3.5092007442849993,9.5000000000000001E-2,0.31,8.4000000000000005E-2,2.1043635662508828]
[1.1062406823750002,1.3148969066749996,1.7380100251499999,2.3334043627812497,3.0790322131871872,8.5000000000000006E-2,0.2475,0.10100000000000002,1.7833293986049938]
[1.090879758,1.2709510907999997,1.6362933143999991,2.1551933145000026,2.8061475790949983,0.08,0.26750000000000002,8.900000000000001E-2,1.5723711147044661]
[1.0938090775999998,1.2793411857600001,1.6557210396800002,2.1892669194000005,2.8583554245339999,7.6000000000000012E-2,0.30499999999999999,8.4000000000000005E-2,1.6132123814566526]
[1.1355153635249999,1.3986597186649998,1.9318963949699994,2.6731415824437499,3.5992914976125618,9.0999999999999998E-2,0.2475,0.113,2.1697426677162861]
[1.0925309398000005,1.2756565754799998,1.64716926664,2.1741806774499999,2.8351594331694998,8.3000000000000004E-2,0.215,0.10800000000000001,1.5950381173539179]
[1.1736588903750005,1.5078309674750001,2.18462279955,3.1161001147812502,4.2777292659071868,9.5000000000000001E-2,0.32250000000000001,0.10100000000000002,2.6447806947897718]
[1.0887958474999992,1.2650078535,1.622552663,2.131187765625,2.7694524522437503,8.2000000000000017E-2,0.30499999999999999,7.4999999999999997E-2,1.5435920412469724]
[1.1767509559999993,1.5166495256000001,2.2050112207999999,3.1517199889999996,4.332178507790001,0.115,0.22,0.124,2.6814743898878155]
[1.1513473032000001,1.4439504763199997,2.0367239457600004,2.8567934208000016,3.8804985398880047,0.12200000000000001,0.17749999999999999,0.128,2.3703979060903091]
[1.0952262071000005,1.28337425246,1.6650382602800005,2.2055129305249999,2.8831600012827496,9.2000000000000012E-2,0.20749999999999999,0.10300000000000001,1.632479009899642]
[1.0673110910249997,1.2035244601649999,1.4802285419700001,1.8817648030687497,2.3874637333063125,9.0999999999999998E-2,0.24249999999999999,7.1000000000000008E-2,1.2368958341972207]
[1.1502623872500013,1.4408746218500001,2.0296279533000003,2.8444640999375004,3.8617144629306259,0.10300000000000001,0.26250000000000001,0.10200000000000001,2.3572465775943954]
[1.2072917124000004,1.6040394682400001,2.4072971323200001,3.5061920530999999,4.8750175709409982,0.126,0.22,0.129,3.0379781629162754]
[1.0580992725,1.1771432584999999,1.4191440029999995,1.7746421618750001,2.2233400746812508,9.0999999999999998E-2,0.1875,8.4000000000000005E-2,1.1012584853480756]
[1.1203057989,1.35512700314,1.8311192005200003,2.4965031509750006,3.3287471543822509,8.2000000000000017E-2,0.23250000000000001,0.12200000000000001,1.971284409712655]
[1.16315957925,1.4777816010499998,2.1150606489000001,2.9941804604375006,4.0909994780856254,0.127,0.22500000000000001,0.10300000000000001,2.5171437789503335]
[1.0537378704999989,1.1646679332999998,1.3902704793999998,1.7240626738750002,2.1458978000012507,9.5000000000000001E-2,0.185,7.8000000000000014E-2,1.036462634661713]
[1.0932693457500002,1.2777951039500015,1.6521408411000003,2.1829870233125006,2.8487326624768752,0.11700000000000001,0.19500000000000001,8.5000000000000006E-2,1.6057006661268811]
[1.0823519194,1.24654338644,1.57979057992,2.0561597523500006,2.6544671195084977,8.900000000000001E-2,0.22,9.0999999999999998E-2,1.4524991104372016]
[1.1135162510000003,1.3357045926000009,1.7861656268000004,2.4177492502500004,3.2081614677775017,8.5000000000000006E-2,0.23,0.114,1.8811087982742885]
[1.2049580520000007,1.5973626152000004,2.3918424936000005,3.4791130880000005,4.8335512856800005,0.09,0.3075,0.128,3.0113855230538742]
[1.1332017059999988,1.3920464755999999,1.9165943208000005,2.6463534515,3.5582922671650024,0.12,0.19750000000000001,0.10600000000000001,2.1400343366276275]
[1.1262512255999999,1.3722010905599999,1.8706930060800002,2.5660770864000004,3.4355026571040024,0.128,0.245,7.6999999999999999E-2,2.0503874970469136]
[1.0638256259999999,1.1935414675999998,1.4571123767999998,1.8412221815000001,2.3253440174649995,0.105,0.19,7.6000000000000012E-2,1.18583192642983]
[1.0773963000000002,1.2323523800000005,1.5469328400000015,1.9985419249999998,2.5661940407500015,7.6000000000000012E-2,0.22500000000000001,0.1,1.3818478314339868]
[1.156184845050001,1.4577992641300002,2.0687859023400006,2.9130007418875006,3.9665967790951271,0.12100000000000001,0.1925,0.12200000000000001,2.4307635116282684]
[1.1153551392000001,1.3409650899199992,1.7983412505600003,2.4390800648000011,3.2408229711280017,7.2000000000000008E-2,0.27,0.11600000000000002,1.9056422095768664]
[1.2000169602000008,1.5832479645199999,2.3591905533599995,3.4219841025500002,4.7461451018304999,0.11800000000000001,0.27,0.109,2.9550650192806303]
[1.1128672871999996,1.3339069947200004,1.7820542169600007,2.4107634818000014,3.1976652911980001,9.8000000000000004E-2,0.315,7.2000000000000008E-2,1.8733572529060507]
[1.0936501199999999,1.2788711119999998,1.6546202160000001,2.1872817799999997,2.8552635957999994,0.10800000000000001,0.1875,9.6000000000000016E-2,1.6107651282477797]
[1.1034243474999998,1.3068639534999997,1.7194372629999997,2.3009536806249993,3.0294247954937488,0.1,0.25750000000000001,8.1000000000000003E-2,1.7454757567724861]
[1.1072203202999999,1.3177228347800001,1.7445703640399999,2.3449841863249996,3.0968430038207493,0.129,0.19750000000000001,8.4000000000000005E-2,1.7969528259575869]
[1.2445831872000002,1.7107663347199997,2.6543601369600003,3.9392031968000003,5.5382004604480004,0.10800000000000001,0.32,0.11900000000000001,3.4498435439318138]
[1.1899906345500006,1.5545422468300019,2.2927304609400001,3.3054643055124995,4.5676514721188752,0.11900000000000001,0.23499999999999999,0.11900000000000001,2.8383927902475881]
[1.1549178332999996,1.4541687885800012,2.0603780624400017,2.8982489045750004,3.94398871567825,7.8000000000000014E-2,0.28499999999999998,0.127,2.4149517844130175]
[1.2336534343249994,1.6795163747449999,2.5820448724099996,3.812573730143749,5.3443637427595627,0.12100000000000001,0.3175,0.10300000000000001,3.3321435291782429]
[1.1215134989999989,1.3586377573999995,1.8392916731999998,2.5110268122499999,3.3511757815975001,9.9000000000000005E-2,0.3,7.9000000000000001E-2,1.9880833218553204]
[1.0661953242750006,1.2003145216150002,1.4727839180700002,1.8686557320062502,2.367329790626937,7.6999999999999999E-2,0.24249999999999999,8.3000000000000004E-2,1.2203528159689609]
[1.1598942527999996,1.4684206092800003,2.0933776550400003,2.956120083200001,4.0326541851520012,7.8000000000000014E-2,0.32,0.11600000000000002,2.4767429663670826]
[1.0516464865500001,1.15867314203,1.3763852945400001,1.6996926585125001,2.1085419455488745,7.8000000000000014E-2,0.19750000000000001,8.7000000000000008E-2,1.0049911947750558]
[1.2786304599999996,1.8081955960000002,2.879889328,4.3344262149999997,6.1434649826500003,0.11800000000000001,0.32500000000000001,0.12,3.8047228459190645]
[1.0574143847499999,1.1751864653499999,1.4146169862999998,1.7667202305625003,2.2112184769243761,9.5000000000000001E-2,0.185,8.1000000000000003E-2,1.0911560395002242]
[1.150998558825,1.4429675284450003,2.0344611590100001,2.8528833925187507,3.8745615719958124,9.7000000000000017E-2,0.2525,0.113,2.3662610107445912]
[1.0712752625999991,1.21482916676,1.5063639976799998,1.9274210631499997,2.4572510444965001,7.6999999999999999E-2,0.19500000000000001,0.10800000000000001,1.2937625186385053]
[1.1109170688000001,1.3283253708799998,1.7691331238400001,2.3881169071999997,3.1629801125920012,0.127,0.24,7.2000000000000008E-2,1.8471793272639299]
[1.1779498687499996,1.5200792837499999,2.2129495574999996,3.1656275115624992,4.3534736692343747,9.8000000000000004E-2,0.25750000000000001,0.125,2.6958055556762641]
[1.1463726888499999,1.4297771500100007,2.0039672961799986,2.7996182303374999,3.7931482448746245,0.109,0.30249999999999999,8.2000000000000017E-2,2.3088264242231511]
[1.1637807637499999,1.4795359107499995,2.1191020935000004,3.0011770503124993,4.1016353158468739,7.4999999999999997E-2,0.32250000000000001,0.12200000000000001,2.5244054925176398]
[1.221018046875,1.643323484375,2.4982358437499999,3.6655734101562505,5.119118917773438,0.115,0.26250000000000001,0.125,3.1925006193602155]
[1.1623375278749999,1.4754606749750012,2.1097144345500007,2.9849275129062507,4.0769359566259382,0.10700000000000001,0.32250000000000001,8.5000000000000006E-2,2.5075318991717013]
[1.1385663431999999,1.4074075803200004,1.9521603177599995,2.7087160357999958,3.6538305437380076,9.6000000000000016E-2,0.27250000000000002,9.9000000000000005E-2,2.2091503192240225]
[1.0316103276749997,1.1013404864549996,1.2436738491900001,1.4671352703562504,1.7524005441954373,7.6999999999999999E-2,0.17749999999999999,7.6999999999999999E-2,0.69870395553806108]
[1.1021129909999996,1.3031077165999998,1.7107392588000001,2.2856975352499997,3.0060482681275,0.12,0.20749999999999999,8.3000000000000004E-2,1.7275318344627888]
[1.0466976945500004,1.1445250028300002,1.3436462689400004,1.6423688505125,2.0207984602688756,9.8000000000000004E-2,0.17749999999999999,7.3000000000000009E-2,0.93064193299638787]
[1.204227744,1.5952890943999998,2.3870563392000004,3.4707858560000004,4.8208540249600009,9.6000000000000016E-2,0.32,0.115,3.0032743382467704]
[1.0754354549999989,1.2267718830000001,1.534040694,1.9760623012500005,2.5318717543875002,9.0999999999999998E-2,0.25,7.400000000000001E-2,1.3542758820309702]
[1.1421112272499994,1.4175522058499999,1.9756436153000003,2.7498710724375002,3.7168595854056257,9.7000000000000017E-2,0.27500000000000002,9.9000000000000005E-2,2.2543761909732405]
[1.1078597321999999,1.3195496517199996,1.7487966429599997,2.3523796755499999,3.1081589150604993,8.4000000000000005E-2,0.29749999999999999,8.5999999999999993E-2,1.8055527470867485]
[1.1711868265000001,1.5007422588999999,2.1682016001999997,3.0872690878750011,4.2335260615412507,0.11600000000000002,0.23749999999999999,0.11100000000000002,2.6147316258609323]
[1.0989137457000002,1.2939231768200001,1.6894541547600004,2.2482878276750013,2.9486564531192512,0.10200000000000001,0.185,0.10700000000000001,1.6832464919628227]
[1.0355684080000009,1.1126725808000002,1.2699101344000003,1.5131334020000005,1.8228637882200007,7.6000000000000012E-2,0.2,7.3000000000000009E-2,0.76025434354501775]
[1.1120621490000004,1.3316072474,1.7767342932000001,2.4014562897500005,3.1834261552224996,0.11700000000000001,0.27,7.0000000000000007E-2,1.8626333142308023]
[1.1257158498000002,1.37061874148,1.8669881546400002,2.5593991449500022,3.4251046276944992,7.6000000000000012E-2,0.28499999999999998,0.11100000000000002,2.0426014062989508]
[1.1792494848000001,1.5238110924799999,2.2215986726399999,3.1808317711999998,4.3768019060320018,0.11600000000000002,0.24,0.114,2.7115147917781828]
[1.1460159720000005,1.4287160072000018,2.001477249600002,2.7951058430000004,3.7861005097300002,0.12,0.21,0.10700000000000001,2.3037065819620173]
[1.0890390239999999,1.2656956224,1.6241379432,2.1339359910000004,2.77363367841,0.12200000000000001,0.1925,0.08,1.546863443168957]
[1.160760921874999,1.4709574593750003,2.0992973937499997,2.9667033164062495,4.0490549937109366,0.115,0.3125,8.1000000000000003E-2,2.488276455043319]
[1.0878903292500006,1.26242555105,1.6165825989,2.1207585404375,2.7535109270856251,0.11700000000000001,0.22750000000000001,7.0000000000000007E-2,1.5310556156739763]
[1.1167478539500002,1.3449424132699992,1.8075412308600001,2.4551726653624999,3.2654406177523749,8.7000000000000008E-2,0.20749999999999999,0.126,1.9240625860191511]
[1.0652212799999998,1.1975305279999995,1.4663423039999999,1.8573795200000003,2.3500721151999997,0.08,0.24,0.08,1.2061820950478948]
[1.1872106115000001,1.5465809999000002,2.2742967882000009,3.2731386841250005,4.5181260943787507,0.10100000000000002,0.26250000000000001,0.124,2.8056651874685086]
[1.0583776072000008,1.17792862672,1.42095269296,1.7777708068000002,2.2280936647480005,8.2000000000000017E-2,0.1825,9.6000000000000016E-2,1.1051972845897138]
[1.1291084471000006,1.3803496764600001,1.88953229228,2.5989897905250006,3.4858129878827513,0.11600000000000002,0.22750000000000001,9.3000000000000013E-2,2.0872260293824789]
[1.071987709200001,1.21690757192,1.51120822656,1.9360564373000007,2.4706105858030005,0.10200000000000001,0.2225,7.2000000000000008E-2,1.3047004779996578]
[1.0846891316,1.2532596861600003,1.5953609868800005,2.0835495128999995,2.6965089285189983,9.8000000000000004E-2,0.25750000000000001,7.2000000000000008E-2,1.4859739532389709]
[1.1581906841999994,1.4635578069200001,2.0821313565600001,2.9364564135500002,4.0025814142405016,0.129,0.21,0.10600000000000001,2.4558915633181915]
[1.1171604223999996,1.3461655142400004,1.8104079603200003,2.4603530256000004,3.2735185752160003,0.128,0.20499999999999999,8.7000000000000008E-2,1.9302135213342853]
[1.1244531313499999,1.3670032505099998,1.8586172551799995,2.5447219897125004,3.4026201119808754,8.2000000000000017E-2,0.25750000000000001,0.113,2.0260221765719537]
[1.2396023244000001,1.6964991394400002,2.62132273392,3.8812559561000008,5.4494094632709995,0.10800000000000001,0.28999999999999998,0.129,3.3960949056050347]
[1.1914138239999996,1.5586241023999987,2.3021868832000005,3.322070156000001,4.5931140411600007,9.2000000000000012E-2,0.32500000000000001,0.11200000000000002,2.8551794083933695]
[1.0889359124999993,1.2653811225,1.6233937050000002,2.1325601343750007,2.7714605391562506,7.9000000000000001E-2,0.25,9.5000000000000001E-2,1.5451089520901922]
[1.1677275700000012,1.4908554819999997,2.1453258759999998,3.0472260175000003,4.1722435194249998,0.11800000000000001,0.25,0.10200000000000001,2.5729596753675992]
[1.2029631125,1.5916998424999997,2.3787726649999974,3.4563784343750004,4.7988904121562506,0.125,0.28999999999999998,9.7000000000000017E-2,2.9892249083042857]
[1.1017413674999996,1.3020150054999999,1.7081853989999995,2.2811141856249999,2.9989295560437492,0.11,0.17499999999999999,0.10700000000000001,1.7219905183815749]
[1.1687939250000008,1.4938737050000002,2.1522846900000001,3.05929829375,4.1906185860624996,7.4999999999999997E-2,0.31,0.13,2.5854212589807024]
[1.1085581832749991,1.3215290150149999,1.7533623392700006,2.3603095292562508,3.1202374243744382,7.6999999999999999E-2,0.27750000000000002,0.10100000000000002,1.8146807911844203]
[1.1477818871750001,1.4337832711549994,2.01321859379,2.8157330539812504,3.8177374660191874,0.109,0.25750000000000001,9.7000000000000017E-2,2.3261872387755362]
[1.1061281740499995,1.3145897795299997,1.73731146954,2.3322348341375001,3.0772915408926256,0.129,0.185,8.900000000000001E-2,1.7820388387951187]
[1.1097780742500001,1.3250029880500001,1.7613898149,2.3743149716875003,3.1416287735731263,8.5000000000000006E-2,0.215,0.11900000000000001,1.8308621754815912]
[1.1549045474999997,1.4541804734999992,2.0604466230000003,2.8985522306250009,3.944622225993752,0.127,0.25,8.900000000000001E-2,2.415539608474659]
[1.1897768016000001,1.5539514281599993,2.29138044288,3.3031762004000003,4.5642190304439998,0.12300000000000001,0.26,0.10400000000000001,2.8361977005318]
[1.0649760900000009,1.1968384340000002,1.4647482120000004,1.8546211475000005,2.3458802337250018,0.11200000000000002,0.1875,7.3000000000000009E-2,1.2027538981884558]
[1.1711005854000014,1.5004803580399999,2.1675827287200002,3.08612885885,4.2317284713235006,9.3000000000000013E-2,0.26500000000000001,0.124,2.6134628605604449]
[1.0875600219999995,1.2614425372,1.6142755395999999,2.1165762430000004,2.7469773967300002,8.5000000000000006E-2,0.22750000000000001,9.6000000000000016E-2,1.5258168203703992]
[1.113893818125,1.3368384646249993,1.7888349382499997,2.4226239335937501,3.2158084573890622,0.12300000000000001,0.24249999999999999,7.4999999999999997E-2,1.8869973107510212]
[1.0753813463999999,1.2265980766399993,1.5336225235199996,1.9752595765999994,2.5305779276259996,8.4000000000000005E-2,0.22750000000000001,8.8000000000000009E-2,1.3531912061683868]
[1.0699220630249999,1.2109754673650004,1.4974589915700001,1.9118842560687499,2.4335204285363137,9.0999999999999998E-2,0.20250000000000001,8.7000000000000008E-2,1.2744838270331582]
[1.1148252561000005,1.3394514398599993,1.7948396734800001,2.4329536052750003,3.2314496342552506,7.8000000000000014E-2,0.255,0.113,1.8986153808174826]
[1.1148818027999998,1.3396492392799997,1.7953275950399998,2.4339412757000001,3.2330845480270001,0.114,0.23499999999999999,8.4000000000000005E-2,1.899934809149439]
[1.1693439983999991,1.4955146518400004,2.1561389971200011,3.0662990996000006,4.2015672965560027,0.11200000000000002,0.32250000000000001,8.4000000000000005E-2,2.5930977559255122]
[1.0551994317499997,1.1688615675499998,1.3999872958999999,1.7411321223125,2.1720770589668756,0.109,0.1825,7.0000000000000007E-2,1.0584516951118763]
[1.1059636811249998,1.314092528425,1.7361382666500003,2.3300810718437495,3.0739029292465623,9.5000000000000001E-2,0.19750000000000001,0.113,1.7793886740654545]
[1.1541710855,1.4521023922999987,2.0556536413999997,2.8902294901249994,3.9319470240387493,0.124,0.28749999999999998,7.9000000000000001E-2,2.4067280608882911]
[1.0499311124999997,1.1537766425000002,1.3650610649999999,1.6798927343750001,2.0782607971562497,0.09,0.19500000000000001,7.4999999999999997E-2,0.97942586176695501]
[1.1444336960000001,1.4242162495999999,1.9910846528000001,2.7769970240000004,3.7584631606399999,0.128,0.23749999999999999,8.8000000000000009E-2,2.2841248678507973]
[1.2208445762749998,1.6428502568150001,2.4971597716699998,3.6637730800062496,5.1164405873069372,0.127,0.27250000000000002,0.109,3.1909025003969385]
[1.1003033355749996,1.2979462929949994,1.6988058509100001,2.2648480210812498,2.9741762827001872,0.113,0.2475,7.3000000000000009E-2,1.7030512282741865]
[1.2343950399999999,1.681644704,2.5869766719999996,3.8212390399999996,5.3576551775999999,0.128,0.31,0.1,3.3403084134233074]
[1.083534,1.2499484000000001,1.5876912000000001,2.0700875000000005,2.6758728850000009,9.6000000000000016E-2,0.25,7.4999999999999997E-2,1.4695790672004763]
[1.1181178752000001,1.3489344435199997,1.8168417753600004,2.4717350288000008,3.2910484643680005,0.114,0.28000000000000003,7.2000000000000008E-2,1.9433823905009335]
[1.124640576,1.3675853376000005,1.8600028368000003,2.5473185339999995,3.4067519543399998,0.12200000000000001,0.245,0.08,2.0291917498271017]
[1.1415563926000001,1.41596030476,1.9719551816799998,2.743391915649998,3.7069228215714971,0.11600000000000002,0.2225,0.10200000000000001,2.2472533513028106]
[1.1440070667,1.42295395142,1.98812805756,2.7716630104249997,3.7501534235717506,0.10800000000000001,0.20749999999999999,0.11900000000000001,2.2780858901417753]
[1.1633495525999999,1.4783009207599993,2.1162424696799995,2.9961619356499978,4.0939513749714989,0.114,0.21,0.12300000000000001,2.5191068461081381]
[1.2391127388750005,1.6951089635750001,2.6181137893499997,3.8756723831562492,5.4408952698034385,0.105,0.3175,0.12100000000000001,3.3909606439388775]
[1.0561703800000002,1.171632188,1.4063941840000003,1.7523308449999997,2.1892007179500004,0.1,0.185,7.6000000000000012E-2,1.0727723096627648]
[1.1594203055999988,1.4671038985599998,2.0903627500800011,2.9509823764000016,4.0249204378040009,0.11600000000000002,0.28000000000000003,8.900000000000001E-2,2.4714938304630683]
[1.1439501479999998,1.4228207047999994,1.9878443664000001,2.7712750669999999,3.7496600475700004,0.10400000000000001,0.27,9.5000000000000001E-2,2.2778177039669401]
[1.0810110704999996,1.2426762533,1.5708137393999997,2.0403172988749998,2.6301025917512502,7.0000000000000007E-2,0.19500000000000001,0.129,1.4330024580920804]
[1.1259494497499998,1.371313734349999,1.8686190782999998,2.5623549768124998,3.4297215214618739,0.129,0.20749999999999999,0.09,2.0460706048778587]
[1.0647495349999996,1.1961856909999999,1.4632335380000001,1.8519504462499994,2.3417751053375002,7.0000000000000007E-2,0.28749999999999998,7.6000000000000012E-2,1.1993671078123562]
[1.1448036719999999,1.4252910272000001,1.9935859596000001,2.7814395605,3.7653212823550013,0.12300000000000001,0.27250000000000002,0.08,2.2890541622537719]
[1.1080627439999997,1.3201440944000011,1.7501839392,2.354860586,3.1120042264600003,0.12,0.23,7.8000000000000014E-2,1.8085090337267049]
[1.0269076608000003,1.0878861900799999,1.2125321894399999,1.4125721552000003,1.6688493418720003,7.2000000000000008E-2,0.19,7.2000000000000008E-2,0.62512113364886468]
[1.1700772980749998,1.4975813454949998,2.1608964959099999,3.0745194029562501,4.2140484849814381,0.10300000000000001,0.29249999999999998,0.10100000000000002,2.6015129016812404]
[1.0673334719999996,1.2035755071999998,1.4803358496000003,1.8819049480000001,2.3876341674800008,8.8000000000000009E-2,0.2225,0.08,1.2370086108196199]
[1.0629836928,1.1911187532800003,1.4514930470400003,1.8313251632000001,2.310141500752001,9.6000000000000016E-2,0.18,8.7000000000000008E-2,1.1732614680728251]
[1.1007116639999999,1.2991020863999994,1.7014706951999998,2.2694712509999992,2.98121344101,8.5999999999999993E-2,0.29749999999999999,0.08,1.7084417641003578]
[1.0503767572000002,1.1550334167200003,1.3679548129600003,1.6848957142999994,2.0858597948730009,7.6000000000000012E-2,0.185,9.4E-2,0.98582059301587943]
[1.0962710355000007,1.2863652623000001,1.6719628014000003,2.2176518776250003,2.9017540801637502,0.11100000000000002,0.17499999999999999,0.10200000000000001,1.6469312662632583]
[1.1673376100999997,1.4897209202599999,2.14268401068,3.0425275862749999,4.1649846733652502,0.11900000000000001,0.2175,0.11600000000000002,2.5679349635693294]
[1.2432190303999997,1.7068526150399999,2.6452922547200011,3.9232753176000004,5.5137734809360026,0.11600000000000002,0.28000000000000003,0.126,3.4350780885022107]
[1.1140645780000002,1.3373104228000006,1.7899134904,2.4244525195000008,3.2185521166450011,8.2000000000000017E-2,0.32500000000000001,8.4000000000000005E-2,1.8890175490751491]
[1.10633625,1.3151492500000002,1.7385764999999997,2.3343191874999998,3.0803613781249988,0.08,0.21249999999999999,0.125,1.7842903801850465]
[1.1747727060000002,1.5110510755999997,2.1921041207999998,3.1293315515000004,4.2981041621650009,0.13,0.28499999999999998,8.4000000000000005E-2,2.6586687281828971]
[1.1006658909,1.29897452234,1.7011782661199999,2.2689713939749998,2.9804595609122497,0.10600000000000001,0.2475,7.8000000000000014E-2,1.7078694684316666]
[1.1562384987500005,1.4580059217499999,2.0693086414999997,2.9141125840625008,3.9684801173093747,0.13,0.25750000000000001,8.5000000000000006E-2,2.4322331608916885]
[1.0683573999999987,1.2064852399999997,1.4870543200000004,1.8936036499999997,2.4054810434999991,0.08,0.19750000000000001,0.1,1.25156959974256]
[1.0423118937,1.1319726816199998,1.3145885211599999,1.5914400746750001,1.9427968696892504,7.6000000000000012E-2,0.2175,7.3000000000000009E-2,0.86393044292405385]
[1.158341544,1.4639729743999998,2.0830785791999995,2.9380554259999996,4.0049740204599997,7.6000000000000012E-2,0.315,0.12,2.4575070204509561]
[1.0585512000000004,1.17844112,1.42215216,1.7799308,2.231455108,0.08,0.22500000000000001,0.08,1.1080275644673581]
[1.2008770965,1.5857447608999999,2.3649997361999997,3.4322948753750002,4.7620560324662504,0.12300000000000001,0.315,0.09,2.965481602026915]
[1.0965900504000006,1.28728806704,1.67410719072,2.2214463026000004,2.9075987654860005,9.6000000000000016E-2,0.2225,9.3000000000000013E-2,1.6514911059291506]
[1.1159526119999998,1.3426888712,1.8023432016000014,2.4461450030000003,3.2516903773300005,0.11100000000000002,0.2,0.10200000000000001,1.9138247828483967]
[1.0735255487499997,1.2212942517499996,1.5213508315000004,1.9537790590625004,2.4977043655593758,8.5000000000000006E-2,0.23749999999999999,8.2000000000000017E-2,1.3266370963110032]
[1.26221653125,1.7612173562499998,2.7711371625000001,4.1438154484374996,5.8515256547656236,0.127,0.27500000000000002,0.125,3.635912705857792]
[1.0472120640000002,1.1459891263999999,1.3470289151999999,1.6482679760000001,2.0298061957600022,8.4000000000000005E-2,0.19,0.08,0.9382952751774275]
[1.1663403376500001,1.4868902288900001,2.1361508140200001,3.0311637500375008,4.1476600255416267,0.12200000000000001,0.2475,9.9000000000000005E-2,2.5561318524732979]
[1.1260861487999998,1.3716961788800006,1.86949706784,2.5638614072000001,3.4319988587920003,0.124,0.20250000000000001,9.6000000000000016E-2,2.047723180370586]
[1.1065150620000002,1.3156942412000001,1.7398658615999993,2.3367014404999993,3.084122910955001,0.10400000000000001,0.22500000000000001,9.0999999999999998E-2,1.7872398821038376]
[1.1219699543999999,1.35991517744,1.8422246179200008,2.5160605585999987,3.3587869128459991,0.10100000000000002,0.24,9.7000000000000017E-2,1.9936513893923213]
[1.0884858030000002,1.2641171078000006,1.6204878203999999,2.1275562882500001,2.7638790359574998,0.09,0.27,7.6999999999999999E-2,1.5391962195004387]
[1.0495465920000004,1.1526704191999988,1.3624954656000001,1.6753750280000004,2.0713221482799993,9.0999999999999998E-2,0.18,0.08,0.97353996865724512]
[1.0817998469999999,1.2449645822000002,1.5761367996000004,2.0497604592500003,2.6446703161675007,7.3000000000000009E-2,0.27,0.09,1.4446946664871372]
[1.2572775120000002,1.7470796112000007,2.7384075216000006,4.0864433279999997,5.7636484420800009,0.12200000000000001,0.27500000000000002,0.128,3.5842293265164202]
[1.0981223307000001,1.2916743978199998,1.6842619827600003,2.2392476239250003,2.9348659679567506,7.1000000000000008E-2,0.3075,9.2000000000000012E-2,1.6726220621393928]
[1.0788952517999997,1.2366438666799997,1.5568685282400003,2.0159612304500025,2.5928780009994998,7.6000000000000012E-2,0.23250000000000001,9.8000000000000004E-2,1.4032713061565636]
[1.1823129101250001,1.5325713838249997,2.2418720038500002,3.2163372665937509,4.4311565234190642,0.105,0.25750000000000001,0.11900000000000001,2.7478712153710476]
[1.0931216695000003,1.2773724707,1.6511624926000001,2.1812723761250008,2.8461066130987511,8.5999999999999993E-2,0.26500000000000001,8.5000000000000006E-2,1.6036503460777385]
[1.0711667313000002,1.2145322433799994,1.5056880788400013,1.9262868665750008,2.4555604804982507,8.7000000000000008E-2,0.20250000000000001,9.2000000000000012E-2,1.2924166786977305]
[1.0420930007499998,1.1313323069500001,1.3130944951000001,1.5887703345624999,1.9386607203643753,7.9000000000000001E-2,0.17499999999999999,8.7000000000000008E-2,0.86035288498158136]
[1.1674216224,1.4899486342400001,2.1432005203199997,3.0433859456000003,4.166256049215999,0.10200000000000001,0.23,0.128,2.5687672467903733]
[1.1074416599999992,1.318332716,1.745962488,2.3473371650000003,3.1003665731500005,0.1,0.21,0.10200000000000001,1.7995755308229986]
[1.1375812611,1.4045957528600006,1.9456574074800002,2.6973462340249998,3.63644229576775,0.126,0.2175,9.4E-2,2.1966439850208519]
[1.1905577616000003,1.556200324159998,2.2965979708799997,3.3123715304000001,4.5783491963440026,0.12200000000000001,0.28499999999999998,9.6000000000000016E-2,2.8455498288391503]
[1.1407910980000004,1.4137881748000003,1.9669420263999999,2.7346724394999997,3.6936299854449985,0.124,0.23499999999999999,0.09,2.2377794601663319]
[1.1318870853,1.3883265237800002,1.9080184160400004,2.6314794275750009,3.5356560586082511,0.11700000000000001,0.27,7.9000000000000001E-2,2.123682657507437]
[1.0570722750000012,1.1741864150000001,1.4122844700000003,1.7625550062500002,2.2047679969375,7.2000000000000008E-2,0.1875,0.105,1.0857306062042895]
[1.1452188722000007,1.4264750157199999,1.99632319496,2.7862210905500007,3.7726298729105006,0.11600000000000002,0.28249999999999997,8.2000000000000017E-2,2.2942435411173081]
[1.1900414400000001,1.5546773439999995,2.2930345920000001,3.3059593600000001,4.5683746496000008,0.10400000000000001,0.25,0.128,2.8388366119418502]
[1.1369249640000001,1.4027206664000005,1.9413194352000003,2.6897551909999997,3.6248270700100003,0.124,0.22500000000000001,9.2000000000000012E-2,2.1882729157928842]
[1.12756882005,1.3759810991300001,1.8794509823399996,2.5814601506375001,3.4590936854076255,0.114,0.29249999999999998,7.3000000000000009E-2,2.0677450669966539]
[1.0782480425000001,1.2347898605000005,1.5525752390000001,2.0084303393749998,2.5813381501062507,8.3000000000000004E-2,0.20749999999999999,0.1,1.3940114411162963]
[1.1173387527999998,1.3466743092799989,1.8115844550400004,2.4624091682000011,3.2766623119020002,0.10600000000000001,0.245,8.8000000000000009E-2,1.9325594442069016]
[1.3112511000000002,1.9015268599999999,3.0959194799999996,4.7129455250000003,6.7230956927500003,0.13,0.3,0.13,4.127237409181201]
[1.1295991296000001,1.3817210009600003,1.8926792332800004,2.604383662400001,3.4939619004640008,8.4000000000000005E-2,0.24,0.12200000000000001,2.0930989666230007]
[1.2163179479999995,1.6299049848,2.4672008064000002,3.611301987,5.0361111455699987,0.124,0.28749999999999998,0.10400000000000001,3.1404561643202857]
[1.1105968749999984,1.3273643750000002,1.7668712500000001,2.3839882812500002,3.1565052421874995,0.125,0.17499999999999999,0.1,1.8421701098227061]
[1.1374469461499999,1.4042408009900003,1.9448603218200002,2.6960577609125003,3.6345690242128756,0.11900000000000001,0.27750000000000002,7.8000000000000014E-2,2.1953745504483249]
[1.1491933248000001,1.4378026764800005,2.0225063846400007,2.8319371712000021,3.8424868136319983,0.10200000000000001,0.24,0.11200000000000002,2.343638298891725]
[1.1661089795999999,1.4862016109599998,2.1345346132800005,3.0282335698999998,4.1430822785889996,8.8000000000000009E-2,0.28499999999999998,0.11900000000000001,2.5529117355825224]
[1.0788851415000003,1.2366519778999998,1.5569182422000003,2.0161848691249999,2.5933464303287503,0.127,0.19500000000000001,7.0000000000000007E-2,1.4037280064151756]
[1.1548924657499995,1.4541040159500003,2.0602346571000001,2.8980264133125,3.9436745637768751,7.3000000000000009E-2,0.32500000000000001,0.11900000000000001,2.4147547765114314]
[1.1098253830000002,1.3251692158000008,1.7618003643999998,2.3751481232499998,3.1430095864075005,0.11800000000000001,0.20499999999999999,0.09,1.8319856750001002]
[1.0832236278749998,1.2490165349750009,1.5854976145500013,2.0660823229062504,2.6695905561259377,7.6999999999999999E-2,0.20250000000000001,0.115,1.4644870065869713]
[1.1756943375000006,1.5136575275000002,2.1981117450000003,3.139745665625,4.313947885843751,0.105,0.29749999999999999,0.1,2.6692767399194426]
[1.1280150504000002,1.3771830670399985,1.8821706907200004,2.5859499775999999,3.4657147867359996,8.1000000000000003E-2,0.23499999999999999,0.128,2.0724011931463493]
[1.1738893234499996,1.5084733639699992,2.1860956134599996,3.118618428987499,4.2815281159761254,8.7000000000000008E-2,0.315,0.113,2.6473013515387778]
[1.1536611975000002,1.4505837634999996,2.0520885929999997,2.883762580625004,3.9218408494937513,7.4999999999999997E-2,0.32250000000000001,0.11600000000000002,2.3994736565574324]
[1.1015946099999998,1.3015833859999997,1.7071765480000001,2.2793032775000004,2.996116598025,8.5000000000000006E-2,0.2,0.12100000000000001,1.7197996166893015]
[1.1917775337750007,1.5596819963149999,2.30464998267,3.326449598131251,4.5998790988256877,0.10300000000000001,0.32250000000000001,0.10100000000000002,2.8596793180480549]
[1.0639534475750014,1.1938706641950001,1.4578438525100004,1.8423692390812501,2.3269763282801885,7.1000000000000008E-2,0.1825,0.11700000000000001,1.1871035180946228]
[1.1163241271250006,1.3437633280249999,1.8048398194499999,2.45056190834375,3.2584931817615628,0.105,0.23250000000000001,9.3000000000000013E-2,1.9189489885464888]
[1.2405575484,1.6992338818399999,2.6276541871200001,3.8923560895999998,5.4664131380559997,0.12300000000000001,0.25750000000000001,0.128,3.4064164093848497]
[1.0838068220999999,1.2506899514599996,1.5893750422799999,2.0728940117749999,2.6800378070702502,7.6000000000000012E-2,0.2175,0.109,1.4728002743859554]
[1.0672885233000002,1.2034551825800004,1.4800642544400009,1.8814595870750035,2.3869803376532488,0.10200000000000001,0.20749999999999999,7.400000000000001E-2,1.2364902137922655]
[1.1338722495000007,1.3939891787000001,1.9211112366,2.6543570311250009,3.5706305545487513,0.10800000000000001,0.26250000000000001,8.900000000000001E-2,2.1490589492099121]
[1.1309579675000001,1.3856221655000001,1.9017202790000001,2.620274335625,3.5183409625437498,7.0000000000000007E-2,0.32500000000000001,0.109,2.1109387471942007]
[1.0698972982499997,1.2109171304499999,1.4973344180999997,1.9117121276875002,2.4332994207331247,0.11900000000000001,0.17499999999999999,7.6999999999999999E-2,1.2743299050415424]
[1.1490968922000002,1.4375406677200004,2.0219115309600006,2.8309461155500011,3.8410164594605027,9.2000000000000012E-2,0.29499999999999998,0.10100000000000002,2.3426393244408619]
[1.0886559524999999,1.2646168265000002,1.6216552770000001,2.1296494193750011,2.7671281515062498,0.11900000000000001,0.22500000000000001,7.0000000000000007E-2,1.5417838805288211]
[1.2441041181000001,1.7094175610600004,2.6512564750800003,3.9338458007750008,5.5300710924602514,0.12300000000000001,0.315,0.10600000000000001,3.445022737249511]
[1.1249344906000009,1.3684226795600001,1.8619380080799997,2.5506960651500012,3.4119118275165019,9.2000000000000012E-2,0.3175,8.2000000000000017E-2,2.0329871259407355]
[1.0869910257500004,1.2598516719499995,1.6106242151000001,2.1103152858125003,2.7375160920518753,0.109,0.24249999999999999,7.0000000000000007E-2,1.5184348602722346]
[1.1372877434500006,1.4037360559700001,1.9436508694600001,2.693757063987499,3.6308784440261244,8.900000000000001E-2,0.26500000000000001,0.109,2.1925767818544606]
[1.135590624,1.3989237823999998,1.9325483232,2.6744635160000003,3.6014815411600005,0.10800000000000001,0.29499999999999998,0.08,2.1714611454558823]
[1.0900461874999998,1.2685863375000008,1.6308365749999998,2.1457066406249998,2.7916891810937505,0.1,0.2525,7.4999999999999997E-2,1.561074212365658]
[1.0987299990000001,1.2933946574000001,1.6882284732000001,2.2461299172500007,2.9453424993475008,7.8000000000000014E-2,0.23499999999999999,0.11,1.6806790585750635]
[1.1163653702500003,1.34386259765,1.8050539477000009,2.4508680456875025,3.2588982657131242,7.0000000000000007E-2,0.29749999999999999,0.109,1.9192040102276933]
[1.1300678779500002,1.3831016356700001,1.8959079240599983,2.610186428862503,3.5029820610373754,0.129,0.215,8.900000000000001E-2,2.0997979231052568]
[1.114025145,1.3371696770000003,1.7895643859999992,2.4237378987499998,3.2173628396124969,0.12,0.17749999999999999,0.105,1.8880522617041082]
[1.2317183046999998,1.6739460902200003,2.5691234359599999,3.7898092149250013,5.3093896993667515,0.10300000000000001,0.31,0.12300000000000001,3.3105551643644029]
[1.0800064180000002,1.2398048068000005,1.5641698024000004,2.0286870295000003,2.6123031547450002,7.1000000000000008E-2,0.2,0.12300000000000001,1.4187848435035872]
[1.1214728280000004,1.3584828728000016,1.8389009903999998,2.5102002770000009,3.3497790882700005,9.6000000000000016E-2,0.23250000000000001,0.105,1.9869462769275399]
[1.09823919315,1.2919976231900006,1.6850008414199975,2.2405011901625,2.9367477098803754,7.1000000000000008E-2,0.27750000000000002,0.10200000000000001,1.6740510885038755]
[1.1275620730499998,1.3758925769300003,1.8791882627400003,2.5807446663875,3.4577626394901255,0.10300000000000001,0.19500000000000001,0.12100000000000001,2.066582959940332]
[1.117202225,1.3462672850000004,1.8106286300000005,2.4606739437500007,3.2739493555625008,8.3000000000000004E-2,0.27500000000000002,0.1,1.9304894694087282]
[1.1289572273250001,1.3798988565450001,1.8884736248100005,2.5970678808937504,3.4828081716920609,7.6999999999999999E-2,0.29749999999999999,0.10700000000000001,2.0849779667422621]
[1.1087079899999999,1.3220073739999998,1.7545111319999986,2.3625057725000023,3.1237697434749987,0.10300000000000001,0.3,7.0000000000000007E-2,1.8174864541879951]
[1.2367812947249999,1.6884401477850002,2.6026791711300001,3.8486347502437503,5.3994980462705637,0.113,0.29749999999999999,0.11900000000000001,3.3657662589982413]
[1.179519129,1.5245765954000008,2.2233655571999997,3.1839055947500001,4.3814885501724996,8.900000000000001E-2,0.3,0.11900000000000001,2.7146396717509274]
[1.0373726717,1.1178312244200002,1.28184767156,1.5340367691750001,1.8548612505842501,8.2000000000000017E-2,0.17749999999999999,7.8000000000000014E-2,0.78803751167320257]
[1.1895191533499998,1.5532173877100002,2.2896839947800003,3.3002152527125004,4.5596955097108749,0.10100000000000002,0.32250000000000001,0.10200000000000001,2.83322580125723]
[1.2715050267500008,1.7877944145500007,2.8326553918999999,4.2516112660625014,6.0166001463293748,0.109,0.32500000000000001,0.127,3.7318728748622867]
[1.2434625937499999,1.7075658687499999,2.6469568875000014,3.9262524453125009,5.5183881392968734,0.125,0.28499999999999998,0.115,3.4379205028232267]
[1.0482820559999999,1.1490513856,1.3541177507999997,1.6606920415000006,2.048834340665,7.1000000000000008E-2,0.22750000000000001,0.08,0.95446857927042505]
[1.1728194826500002,1.5054013058900002,2.1789755500200001,3.1061019312875002,4.2623236305291261,9.0999999999999998E-2,0.27750000000000002,0.12200000000000001,2.6342537735631337]
[1.0956126641500004,1.2844897877900001,1.6676285642199993,2.2100878254125003,2.8901990502078752,7.6999999999999999E-2,0.27250000000000002,9.4E-2,1.6379752122070925]
[1.0989309996000001,1.2939576629599998,1.68952154928,2.2483510648999996,2.9487026836390009,7.2000000000000008E-2,0.2225,0.126,1.6832464319527789]
[1.0674877263999998,1.203999864640001,1.4813039075200003,1.8835385416000006,2.3900779515760004,7.1000000000000008E-2,0.23,9.6000000000000016E-2,1.2389746434240605]
[1.0945415996999996,1.2814599572199998,1.6606444419599999,2.1979780861749996,2.8717729648542498,0.124,0.2225,7.1000000000000008E-2,1.6237220820491129]
[1.073465015,1.2211391389999997,1.5210069019999997,1.9532430912500005,2.4969451272875003,8.5999999999999993E-2,0.27500000000000002,7.0000000000000007E-2,1.3260610195922409]
[1.0721251988999998,1.2172994431400002,1.5121140205200003,1.9376379959750005,2.4730273351322509,8.3000000000000004E-2,0.27,7.3000000000000009E-2,1.3066590895070616]
[1.1226217592999994,1.3617578361800002,1.8464711792399997,2.5234192760750007,3.3699797996432501,8.5999999999999993E-2,0.23250000000000001,0.11800000000000001,2.0018835567061966]
[1.2659827080000003,1.7719917608000002,2.7960753744,4.1875073270000005,5.9184279489699998,0.11600000000000002,0.3,0.127,3.6749674474779623]
[1.1552491157999996,1.4551256730799997,2.0626004834399998,2.9021762964500004,3.9500335482595004,9.4E-2,0.255,0.11800000000000001,2.4192049959061324]
[1.0664719199999992,1.201109792,1.4746279559999995,1.8719011549999998,2.3723128040499999,7.0000000000000007E-2,0.27750000000000002,0.08,1.2244493826429126]
[1.1819817330000009,1.5316127258000001,2.2396437444000004,3.21239199575,4.4250772552825,8.3000000000000004E-2,0.3,0.129,2.7437780396581619]
[1.1847843115499999,1.5396389870300002,2.2582283045399998,3.2449837672624997,4.4750118258613742,0.129,0.20499999999999999,0.12300000000000001,2.7770687729709373]
[1.0915673279999996,1.2729025727999999,1.6407971904000003,2.1630268320000008,2.818089623520001,9.2000000000000012E-2,0.2,0.10400000000000001,1.5816910704751344]
[1.2069245759999998,1.6029997376000003,2.4048994368000001,3.5020303039999998,4.8686809878400004,9.6000000000000016E-2,0.31,0.12,3.0339562924270105]
[1.1833468200000001,1.5355605320000005,2.2488167760000022,3.2286199550000005,4.4500706300500052,0.12,0.27500000000000002,9.8000000000000004E-2,2.7605802076267079]
[1.0852011199999996,1.2547197120000002,1.5987364159999997,2.0894460000000001,2.7055218567999999,0.128,0.19,7.4999999999999997E-2,1.4931063993004365]
[1.1172932874000001,1.3465200632400003,1.8112072423199999,2.4616591543499995,3.2754316221285009,8.8000000000000009E-2,0.24249999999999999,0.10700000000000001,1.9315772850927995]
[1.1009812968749999,1.2998329343750001,1.7031284437500007,2.2722262226562493,2.9852940696484396,9.5000000000000001E-2,0.1875,0.115,1.7114848164286076]
[1.1059318170000001,1.3140595042000001,1.7361103956000001,2.3302465667499996,3.0743541010925002,9.2000000000000012E-2,0.32500000000000001,7.1000000000000008E-2,1.7798767101502966]
[1.11884687225,1.3509951828500002,1.8215908013000006,2.4799639161875011,3.3035644147681267,0.12200000000000001,0.2225,8.5000000000000006E-2,1.952651070226135]
[1.08668468775,1.2589532731500002,1.6085264067,2.1065587438125002,2.7316890666318754,0.127,0.17499999999999999,8.3000000000000004E-2,1.513782606330716]
[1.1528013822750001,1.4481419924150003,2.0464519724700008,2.8739536165062507,3.9068823652219384,9.3000000000000013E-2,0.29749999999999999,0.10100000000000002,2.3890333801577226]
[1.0791635127999994,1.2374450852799996,1.5587512230399998,2.0193842182000008,2.5982342558019997,0.127,0.19,7.2000000000000008E-2,1.4076372347510313]
[1.0742204202000001,1.2232713605200001,1.5259179813600003,1.9617409025499999,2.5098590262305005,9.4E-2,0.1925,9.2000000000000012E-2,1.3364469517002953]
[1.0646478720000001,1.1958649472000003,1.4624661696000001,1.8504957680000009,2.3394459344799996,7.2000000000000008E-2,0.2,0.10600000000000001,1.1973893866760101]
[1.1130524273999998,1.3343654272399998,1.7830557943199998,2.4122556693500008,3.1997078849785003,8.2000000000000017E-2,0.21,0.129,1.8747144395100586]
[1.239194388,1.6953533288,2.6186883984000007,3.8767188470000002,5.4425343201700009,0.12,0.29499999999999998,0.114,3.3919940026148674]
[1.0579581060000003,1.1767571156000005,1.4182650408000002,1.7731675115000005,2.2211422961650005,8.8000000000000009E-2,0.23250000000000001,7.0000000000000007E-2,1.0994614848813302]
[1.0697876436,1.2105918973600003,1.4965720084799992,1.9103338758999988,2.4311497798490018,7.6000000000000012E-2,0.245,8.5999999999999993E-2,1.2725536179010339]
[1.0777036418999999,1.2332430149400002,1.5490037929199998,2.0022122042249992,2.5718527966897504,9.4E-2,0.20499999999999999,8.900000000000001E-2,1.3864193241061651]
[1.1519093136500003,1.44556940649,2.0404803708199997,2.8634156640374995,3.8906765148816245,9.8000000000000004E-2,0.24249999999999999,0.11700000000000001,2.3775892501063498]
[1.1940211652999999,1.5660913317799987,2.3194771100399998,3.3523924400750005,4.6395718366832517,0.113,0.27750000000000002,0.10800000000000001,2.8856696778214577]
[1.094651232000001,1.2817360832000002,1.6612522176000002,2.1989046079999999,2.87306406688,0.08,0.255,9.6000000000000016E-2,1.6246387734207541]
[1.1636886248999994,1.4793191907400001,2.1186396373199998,3.0005396374749997,4.1008187475972502,0.124,0.26750000000000002,8.900000000000001E-2,2.523982842016395]
[1.0679671012500003,1.2053726382500001,1.4844824384999997,1.8891123659375004,2.3986173891906253,7.8000000000000014E-2,0.21249999999999999,9.5000000000000001E-2,1.2459656167153161]
[1.2445362684000001,1.7106523538399996,2.6541132331199999,3.9388452621000001,5.5377212537310001,0.124,0.31,0.10700000000000001,3.4496262538418438]
[1.1165283551250007,1.3443598408249999,1.8062307298500002,2.4530439553437509,3.2623354395315638,0.12300000000000001,0.2175,8.5000000000000006E-2,1.9218563277475651]
[1.1658154270000003,1.4853542902000005,2.1325671436000002,3.0247588442500004,4.1377361091174993,8.5999999999999993E-2,0.27500000000000002,0.126,2.549220582682767]
[1.133717870625,1.393554351125001,1.9201104952499997,2.6526288879687496,3.568007587145313,0.113,0.26250000000000001,8.5000000000000006E-2,2.1471741599859664]
[1.0981545485999999,1.2917805503600004,1.6845193624800001,2.2397501046500001,2.9356829473615003,0.129,0.19,8.2000000000000017E-2,1.6732876088380302]
[1.0740917060999997,1.2228972098600008,1.5250470334800008,1.9601931677750002,2.50746894663025,8.7000000000000008E-2,0.19500000000000001,9.8000000000000004E-2,1.3345017305224407]
[1.1032478598999997,1.3063301017399991,1.7181774353200001,2.2986397237250005,3.0257831129347506,9.4E-2,0.215,0.10300000000000001,1.7426140787701259]
[1.1449231850000006,1.4256581810000006,1.9944568580000006,2.7830584587500002,3.7678860732125004,0.11800000000000001,0.32500000000000001,7.0000000000000007E-2,2.2909509760801101]
[1.1420705959499999,1.4174318224700002,1.97536151646,2.7493615558625,3.7160653014073755,0.11900000000000001,0.2175,0.10200000000000001,2.2537964943544222]
[1.1055458527500004,1.3129154021499994,1.7334289287,2.3254014375624994,3.0667992862943749,0.12200000000000001,0.1825,9.5000000000000001E-2,1.7740136500587798]
[1.0611395072500003,1.1858409338499998,1.4392755193000002,1.8099129424375002,2.2773479731056248,7.0000000000000007E-2,0.24249999999999999,8.7000000000000008E-2,1.1461343749301105]
[1.1233479277,1.3638839300200003,1.8514328323600004,2.5322914681750004,3.3837306508742508,0.10100000000000002,0.28999999999999998,8.1000000000000003E-2,2.012183996993945]
[1.0683550774500006,1.20650768437,1.4871305706599995,1.8938444849874998,2.4059487723361244,8.3000000000000004E-2,0.25750000000000001,7.400000000000001E-2,1.2520122973335368]
[1.2030979887,1.5920858286200001,2.3796661671599999,3.4579443259250002,4.8012885861767503,0.11700000000000001,0.31,9.7000000000000017E-2,2.9907710188799776]
[1.1250984093749992,1.3688391768750003,1.8628582087500003,2.552114902031251,3.4139059765546889,9.7000000000000017E-2,0.19750000000000001,0.125,2.0343176633332369]
[1.1455317647499998,1.42733285335,1.9982775703000002,2.7895076655625002,3.7775354993743777,9.4E-2,0.27250000000000002,0.105,2.2976261467518402]

{"sheet":"Inputs","index":6,"n_rows":4,"n_cols":3,"rows_kept":4,"cut":false,"hidden":true,"merged":[]}
[0.7,1.3,{"$f":"IF($H$1=$J$5,J6,IF($H$1=$K$5,K6,IF($H$1=$L$5,L6,0)))","v":0}]
[0.7,1.3,{"$f":"IF($H$1=$J$5,J7,IF($H$1=$K$5,K7,IF($H$1=$L$5,L7,0)))","v":0}]
[0.7,1.3,{"$f":"IF($H$1=$J$5,J8,IF($H$1=$K$5,K8,IF($H$1=$L$5,L8,0)))","v":0}]
[1000]