{"text_format":"1","workbook":"xlsx","n_sheets":5,"sheets":["Department Assumptions","P&L Statement","Dept P&L","Assumptions","Data Dump"],"not_rendered":{"charts":0,"images":0,"macros":1,"external_links":6,"defined_names":57,"comments":0,"pivot_tables":0},"unopened":[],"bounds":{"document_bytes":16777216,"sheet_cells":100000,"rows_first":2000,"rows_last":500,"rows_between":2000,"halvings":0,"cell_chars":16384,"cell_head_chars":4096},"cells_cut":0,"cells_raw":0,"read":"whole","date_system":"1900"}

{"sheet":"Department Assumptions","index":0,"n_rows":48,"n_cols":31,"rows_kept":48,"cut":false,"hidden":false,"merged":[]}
[]
[null,"Department: ",null,null,null,"R&D"]
[null,"Budget Owner:",null,null,null,"INPUT DEPARTMENT HEAD HERE",null,null,null,null,null,null,null,null,null,null,null,{"$f":"'P&L Statement'!G3","v":"2013-01-01"},{"$f":"'P&L Statement'!H3","v":"2013-02-01"},{"$f":"'P&L Statement'!I3","v":"2013-03-01"},{"$f":"'P&L Statement'!J3","v":"2013-04-01"},{"$f":"'P&L Statement'!K3","v":"2013-05-01"},{"$f":"'P&L Statement'!L3","v":"2013-06-01"},{"$f":"'P&L Statement'!M3","v":"2013-07-01"},{"$f":"'P&L Statement'!N3","v":"2013-08-01"},{"$f":"'P&L Statement'!O3","v":"2013-09-01"},{"$f":"'P&L Statement'!P3","v":"2013-10-01"},{"$f":"'P&L Statement'!Q3","v":"2013-11-01"},{"$f":"'P&L Statement'!R3","v":"2013-12-01"},null,{"$f":"YEAR(AC3)&\" Total\"","v":"2013 Total"}]
[]
[]
[null,{"$f":"\"Current \"&IF($F$2 <>\"INPUT DEPARTMENT HERE\",$F$2&\" \",\"\")&\"Employees\"","v":"Current R&D Employees"},null,null,null,null,null,null,null,null,null,"Outside Vendor Contracts",null,null,null,null,null,null,null,null,null,null,null,null,null,null,null,null,null,null,{"$f":"SUM(R6:AC6)","v":0}]
[null,"Name",null,null,null,null,"Salary","MBO",null,"Start Date",null,null,"Input Vendor and Monthly Expense",null,null,null,null,null,null,null,null,null,null,null,null,null,null,null,null,null,0]
[null,"Tom",null,null,null,null,50000,null,null,"2011-06-01",null,1,"Test",null,null,null,null,11,3000,342,3000,3000,123,3000,1,3000,3000,3000,432,null,{"$f":"SUM(R8:AC8)","v":21909}]
[null,"Tom",null,null,null,null,50000,null,{"$f":"G9/12+H9/12","v":4166.666666666667},"2011-06-01",null,{"$f":"L8+1","v":2},"Test",null,null,null,null,2000,243,2000,123,2000,123,2000,312,41,2000,234,2000,null,{"$f":"SUM(R9:AC9)","v":13076}]
[null,"Tom",null,null,null,null,50000,null,4166.666666666667,"2011-06-01",null,{"$f":"L9+1","v":3},"Test",null,null,null,null,1000,1000,1000,1000,1000,1000,1000,1000,1000,5423,1000,1000,null,16423]
[null,"Tom",null,null,null,null,50000,null,4166.666666666667,"2011-06-01",null,4,null,null,null,null,null,null,null,null,null,null,null,null,null,null,null,null,null,null,0]
[null,"Tom",null,null,null,null,50000,null,4166.666666666667,"2011-06-01",null,5,null,null,null,null,null,null,null,null,null,null,null,null,null,null,null,null,null,null,0]
[null,"Tom",null,null,null,null,50000,null,4166.666666666667,"2011-06-01",null,6,null,null,null,null,null,null,null,null,null,null,null,null,null,null,null,null,null,null,0]
[null,"Tom",null,null,null,null,50000,null,4166.666666666667,"2011-06-01",null,7,null,null,null,null,null,null,null,null,null,null,null,null,null,null,null,null,null,null,0]
[null,"Tom",null,null,null,null,50000,null,4166.666666666667,"2011-06-01",null,8,null,null,null,null,null,null,null,null,null,null,null,null,null,null,null,null,null,null,0]
[null,"Tom",null,null,null,null,50000,null,4166.666666666667,"2011-06-01",null,9,null,null,null,null,null,null,null,null,null,null,null,null,null,null,null,null,null,null,0]
[null,"Tom",null,null,null,null,50000,null,4166.666666666667,"2011-06-01",null,10,null,null,null,null,null,null,null,null,null,null,null,null,null,null,null,null,null,null,0]
[null,"Tom",null,null,null,null,50000,null,4166.666666666667,"2011-06-01",null,11,null,null,null,null,null,null,null,null,null,null,null,null,null,null,null,null,null,null,0]
[null,null,null,null,null,null,null,null,0,null,null,12,null,null,null,null,null,null,null,null,null,null,null,null,null,null,null,null,null,null,0]
[null,null,null,null,null,null,null,null,0]
[null,null,null,null,null,null,null,null,0,null,null,"Software License Purchases",null,null,null,null,null,null,null,null,null,null,null,null,null,null,null,null,null,null,{"$f":"SUM(R21:AC21)","v":0}]
[null,null,null,null,null,null,null,null,0,null,null,null,"Exclude Current Licenses",null,null,null,null,null,null,null,null,null,null,null,null,null,null,null,null,null,0]
[null,null,null,null,null,null,null,null,0,null,null,1,"Test",null,null,null,null,3000,3000,3000,3000,3000,3000,3000,3000,3000,3000,3000,3000,null,36000]
[null,null,null,null,null,null,null,null,0,null,null,{"$f":"L23+1","v":2},null,null,null,null,null,null,null,null,null,null,null,null,null,null,null,null,null,null,0]
[null,null,null,null,null,null,null,null,0,null,null,{"$f":"L24+1","v":3},null,null,null,null,null,null,null,null,null,null,null,null,null,null,null,null,null,null,0]
[null,null,null,null,null,null,null,null,0]
[null,null,null,null,null,null,null,null,null,null,null,"Travel",null,null,null,null,null,null,null,null,null,null,null,null,null,null,null,null,null,null,{"$f":"SUM(R27:AC27)","v":0}]
[null,"New Hires",null,null,null,null,null,null,null,null,null,null,"Airfare",null,null,null,null,1000,1000,1000,1000,1000,1000,1000,1000,1000,1000,1000,1000,null,12000]
[null,"Name",null,null,null,null,"Salary","MBO",null,"Start Date",null,null,"Hotel",null,null,null,null,500,500,500,500,500,500,500,500,500,500,500,500,null,6000]
[null,"Greg",null,null,null,null,32000,null,null,"2013-01-01",null,null,"Transportation",null,null,null,null,200,200,200,200,200,200,200,200,200,200,200,200,null,2400]
[null,"Greg",null,null,null,null,32000,null,{"$f":"G31/12+H31/12","v":2666.6666666666665},{"$f":"EDATE(J30,1)","v":"2013-02-01"},null,null,"Meals and Entertainment",null,null,null,null,100,100,100,100,100,100,100,100,100,100,100,100,null,1200]
[null,"Greg",null,null,null,null,32000,null,2666.6666666666665,{"$f":"EDATE(J31,1)","v":"2013-03-01"}]
[null,"Greg",null,null,null,null,32000,null,2666.6666666666665,"2013-04-01",null,"Marketing Expenditures",null,null,null,null,null,null,null,null,null,null,null,null,null,null,null,null,null,null,{"$f":"SUM(R33:AC33)","v":0}]
[null,"Greg",null,null,null,null,32000,null,2666.6666666666665,"2013-05-01",null,1,"Test",null,null,null,null,1000,1000,1000,1000,1000,1000,1000,1000,1000,1000,1000,1000,null,12000]
[null,"Greg",null,null,null,null,32000,null,2666.6666666666665,"2013-06-01",null,{"$f":"L34+1","v":2},null,null,null,null,null,null,null,null,null,null,null,null,null,null,null,null,null,null,0]
[null,"Greg",null,null,null,null,32000,null,2666.6666666666665,"2013-07-01",null,{"$f":"L35+1","v":3},null,null,null,null,null,null,null,null,null,null,null,null,null,null,null,null,null,null,0]
[null,"Greg",null,null,null,null,32000,null,2666.6666666666665,"2013-08-01",null,4,null,null,null,null,null,null,null,null,null,null,null,null,null,null,null,null,null,null,0]
[null,"Greg",null,null,null,null,32000,null,2666.6666666666665,"2013-09-01",null,5,null,null,null,null,null,null,null,null,null,null,null,null,null,null,null,null,null,null,0]
[null,null,null,null,null,null,null,null,0,null,null,6,null,null,null,null,null,null,null,null,null,null,null,null,null,null,null,null,null,null,0]
[null,null,null,null,null,null,null,null,0,null,null,7,null,null,null,null,null,null,null,null,null,null,null,null,null,null,null,null,null,null,0]
[null,null,null,null,null,null,null,null,0,null,null,8,null,null,null,null,null,null,null,null,null,null,null,null,null,null,null,null,null,null,0]
[null,null,null,null,null,null,null,null,0,null,null,9,null,null,null,null,null,null,null,null,null,null,null,null,null,null,null,null,null,null,0]
[null,null,null,null,null,null,null,null,0,null,null,10,null,null,null,null,null,null,null,null,null,null,null,null,null,null,null,null,null,null,0]
[null,null,null,null,null,null,null,null,0,null,null,11,null,null,null,null,null,null,null,null,null,null,null,null,null,null,null,null,null,null,0]
[null,null,null,null,null,null,null,null,0,null,null,12,null,null,null,null,null,null,null,null,null,null,null,null,null,null,null,null,null,null,0]
[null,null,null,null,null,null,null,null,0,null,null,{"$f":"L45+1","v":13},null,null,null,null,null,null,null,null,null,null,null,null,null,null,null,null,null,null,0]
[]
[null,"Employees w/ Cell Phone Reimbursement ",null,null,null,null,null,null,null,4,null,"Legal Expenses",null,null,null,null,null,100,100,100,100,100,100,100,100,100,100,100,100,null,{"$f":"SUM(R48:AC48)","v":1200}]

{"sheet":"P&L Statement","index":1,"n_rows":16,"n_cols":19,"rows_kept":16,"cut":false,"hidden":false,"merged":[]}
[null,null,null,null,null,null,2013,2013,2013,2013,2013,2013,2013,2013,2013,2013,2013,2013]
[null,{"$f":"IF('Department Assumptions'!$F$2<>\"INPUT DEPARTMENT HERE\",'Department Assumptions'!$F$2,\"Department\")","v":"R&D"}]
[null,"In actual dollars",null,null,null,null,"2013-01-01","2013-02-01","2013-03-01","2013-04-01","2013-05-01","2013-06-01","2013-07-01","2013-08-01","2013-09-01","2013-10-01","2013-11-01","2013-12-01",{"$f":"YEAR(R3)&\" Total\"","v":"2013 Total"}]
[]
[null,"Salaries and Wages",null,null,null,null,null,null,null,null,null,null,null,null,null,null,null,null,{"$f":"SUM(G5:R5)","v":0}]
[null,"Payroll Taxes",null,null,null,null,null,null,null,null,null,null,null,null,null,null,null,null,{"$f":"SUM(G6:R6)","v":0}]
[null,"Benefits",null,null,null,null,null,null,null,null,null,null,null,null,null,null,null,null,0]
[null,"Legal and Accounting Expenses",null,null,null,null,null,null,null,null,null,null,null,null,null,null,null,null,0]
[null,"Marketing and Public Relations",null,null,null,null,null,null,null,null,null,null,null,null,null,null,null,null,0]
[null,"Outside Services",null,null,null,null,null,null,null,null,null,null,null,null,null,null,null,null,0]
[null,"Telecommunications",null,null,null,null,null,null,null,null,null,null,null,null,null,null,null,null,0]
[null,"Travel",null,null,null,null,null,null,null,null,null,null,null,null,null,null,null,null,0]
[]
[null,"Total Operating Expenses ",null,null,null,null,{"$f":"SUM(G5:G12)","v":0},0,0,0,0,0,0,0,0,0,0,{"$f":"SUM(R5:R12)","v":0},{"$f":"SUM(G14:R14)","v":0}]
[]
[null,"Change from 2012",null,null,null,null,{"$f":"G14-'Dept P&L'!O117","v":0},{"$f":"H14-'Dept P&L'!P117","v":0},{"$f":"I14-'Dept P&L'!Q117","v":0},{"$f":"J14-'Dept P&L'!R117","v":0},{"$f":"K14-'Dept P&L'!S117","v":0},{"$f":"L14-'Dept P&L'!T117","v":0},{"$f":"M14-'Dept P&L'!U117","v":0},{"$f":"N14-'Dept P&L'!V117","v":0},{"$f":"O14-'Dept P&L'!W117","v":0},{"$f":"P14-'Dept P&L'!X117","v":0},{"$f":"Q14-'Dept P&L'!Y117","v":0},{"$f":"R14-'Dept P&L'!Z117","v":0},{"$f":"S14-SUM(G16:R16)","v":0}]

{"sheet":"Dept P&L","index":2,"n_rows":118,"n_cols":23,"rows_kept":118,"cut":false,"hidden":false,"merged":[[0,2,0,15],[2,2,2,15],[4,2,4,15]]}
[]
[]
[null,null,"Statement of Income and Expenses"]
[{"$f":"'Department Assumptions'!F2","v":"R&D"}]
[]
[]
[]
[null,null,null,null,null,null,null,null,null,null,null,null,null,null,null," "]
[null,"2009-12-31","2011-01-31",{"$f":"EOMONTH(C9,1)","v":"2011-02-28"},"2011-03-31","2011-04-30","2011-05-31","2011-06-30","2011-07-31","2011-08-31","2011-09-30","2011-10-31","2011-11-30","2011-12-31",{"$f":"EOMONTH(N9,1)","v":"2012-01-31"},"2012-02-29","2012-03-31","2012-04-30","2012-05-31","2012-06-30","2012-07-31","2012-08-31","2012-09-30"]
["COST OF GOODS SOLD"]
[]
["Direct Salary",null,{"$f":"ROUND(SUMIFS('Data Dump'!$I$7:$I$80000,'Data Dump'!$J$7:$J$80000,$A12,'Data Dump'!$C$7:$C$80000,\">\"&B$9,'Data Dump'!$C$7:$C$80000,\"<=\"&C$9,'Data Dump'!$F$7:$F$80000,$A$4),2)","v":0},{"$f":"ROUND(SUMIFS('Data Dump'!$I$7:$I$80000,'Data Dump'!$J$7:$J$80000,$A12,'Data Dump'!$C$7:$C$80000,\">\"&C$9,'Data Dump'!$C$7:$C$80000,\"<=\"&D$9,'Data Dump'!$F$7:$F$80000,$A$4),2)","v":0},{"$f":"ROUND(SUMIFS('Data Dump'!$I$7:$I$80000,'Data Dump'!$J$7:$J$80000,$A12,'Data Dump'!$C$7:$C$80000,\">\"&D$9,'Data Dump'!$C$7:$C$80000,\"<=\"&E$9,'Data Dump'!$F$7:$F$80000,$A$4),2)","v":0},{"$f":"ROUND(SUMIFS('Data Dump'!$I$7:$I$80000,'Data Dump'!$J$7:$J$80000,$A12,'Data Dump'!$C$7:$C$80000,\">\"&E$9,'Data Dump'!$C$7:$C$80000,\"<=\"&F$9,'Data Dump'!$F$7:$F$80000,$A$4),2)","v":0},{"$f":"ROUND(SUMIFS('Data Dump'!$I$7:$I$80000,'Data Dump'!$J$7:$J$80000,$A12,'Data Dump'!$C$7:$C$80000,\">\"&F$9,'Data Dump'!$C$7:$C$80000,\"<=\"&G$9,'Data Dump'!$F$7:$F$80000,$A$4),2)","v":0},{"$f":"ROUND(SUMIFS('Data Dump'!$I$7:$I$80000,'Data Dump'!$J$7:$J$80000,$A12,'Data Dump'!$C$7:$C$80000,\">\"&G$9,'Data Dump'!$C$7:$C$80000,\"<=\"&H$9,'Data Dump'!$F$7:$F$80000,$A$4),2)","v":0},{"$f":"ROUND(SUMIFS('Data Dump'!$I$7:$I$80000,'Data Dump'!$J$7:$J$80000,$A12,'Data Dump'!$C$7:$C$80000,\">\"&H$9,'Data Dump'!$C$7:$C$80000,\"<=\"&I$9,'Data Dump'!$F$7:$F$80000,$A$4),2)","v":0},{"$f":"ROUND(SUMIFS('Data Dump'!$I$7:$I$80000,'Data Dump'!$J$7:$J$80000,$A12,'Data Dump'!$C$7:$C$80000,\">\"&I$9,'Data Dump'!$C$7:$C$80000,\"<=\"&J$9,'Data Dump'!$F$7:$F$80000,$A$4),2)","v":0},{"$f":"ROUND(SUMIFS('Data Dump'!$I$7:$I$80000,'Data Dump'!$J$7:$J$80000,$A12,'Data Dump'!$C$7:$C$80000,\">\"&J$9,'Data Dump'!$C$7:$C$80000,\"<=\"&K$9,'Data Dump'!$F$7:$F$80000,$A$4),2)","v":0},{"$f":"ROUND(SUMIFS('Data Dump'!$I$7:$I$80000,'Data Dump'!$J$7:$J$80000,$A12,'Data Dump'!$C$7:$C$80000,\">\"&K$9,'Data Dump'!$C$7:$C$80000,\"<=\"&L$9,'Data Dump'!$F$7:$F$80000,$A$4),2)","v":0},{"$f":"ROUND(SUMIFS('Data Dump'!$I$7:$I$80000,'Data Dump'!$J$7:$J$80000,$A12,'Data Dump'!$C$7:$C$80000,\">\"&L$9,'Data Dump'!$C$7:$C$80000,\"<=\"&M$9,'Data Dump'!$F$7:$F$80000,$A$4),2)","v":0},{"$f":"ROUND(SUMIFS('Data Dump'!$I$7:$I$80000,'Data Dump'!$J$7:$J$80000,$A12,'Data Dump'!$C$7:$C$80000,\">\"&M$9,'Data Dump'!$C$7:$C$80000,\"<=\"&N$9,'Data Dump'!$F$7:$F$80000,$A$4),2)","v":0},{"$f":"ROUND(SUMIFS('Data Dump'!$I$7:$I$80000,'Data Dump'!$J$7:$J$80000,$A12,'Data Dump'!$C$7:$C$80000,\">\"&N$9,'Data Dump'!$C$7:$C$80000,\"<=\"&O$9,'Data Dump'!$F$7:$F$80000,$A$4),2)","v":0},{"$f":"ROUND(SUMIFS('Data Dump'!$I$7:$I$80000,'Data Dump'!$J$7:$J$80000,$A12,'Data Dump'!$C$7:$C$80000,\">\"&O$9,'Data Dump'!$C$7:$C$80000,\"<=\"&P$9,'Data Dump'!$F$7:$F$80000,$A$4),2)","v":0},{"$f":"ROUND(SUMIFS('Data Dump'!$I$7:$I$80000,'Data Dump'!$J$7:$J$80000,$A12,'Data Dump'!$C$7:$C$80000,\">\"&P$9,'Data Dump'!$C$7:$C$80000,\"<=\"&Q$9,'Data Dump'!$F$7:$F$80000,$A$4),2)","v":0},{"$f":"ROUND(SUMIFS('Data Dump'!$I$7:$I$80000,'Data Dump'!$J$7:$J$80000,$A12,'Data Dump'!$C$7:$C$80000,\">\"&Q$9,'Data Dump'!$C$7:$C$80000,\"<=\"&R$9,'Data Dump'!$F$7:$F$80000,$A$4),2)","v":0},{"$f":"ROUND(SUMIFS('Data Dump'!$I$7:$I$80000,'Data Dump'!$J$7:$J$80000,$A12,'Data Dump'!$C$7:$C$80000,\">\"&R$9,'Data Dump'!$C$7:$C$80000,\"<=\"&S$9,'Data Dump'!$F$7:$F$80000,$A$4),2)","v":0},{"$f":"ROUND(SUMIFS('Data Dump'!$I$7:$I$80000,'Data Dump'!$J$7:$J$80000,$A12,'Data Dump'!$C$7:$C$80000,\">\"&S$9,'Data Dump'!$C$7:$C$80000,\"<=\"&T$9,'Data Dump'!$F$7:$F$80000,$A$4),2)","v":0},{"$f":"ROUND(SUMIFS('Data Dump'!$I$7:$I$80000,'Data Dump'!$J$7:$J$80000,$A12,'Data Dump'!$C$7:$C$80000,\">\"&T$9,'Data Dump'!$C$7:$C$80000,\"<=\"&U$9,'Data Dump'!$F$7:$F$80000,$A$4),2)","v":0},{"$f":"ROUND(SUMIFS('Data Dump'!$I$7:$I$80000,'Data Dump'!$J$7:$J$80000,$A12,'Data Dump'!$C$7:$C$80000,\">\"&U$9,'Data Dump'!$C$7:$C$80000,\"<=\"&V$9,'Data Dump'!$F$7:$F$80000,$A$4),2)","v":0},{"$f":"ROUND(SUMIFS('Data Dump'!$I$7:$I$80000,'Data Dump'!$J$7:$J$80000,$A12,'Data Dump'!$C$7:$C$80000,\">\"&V$9,'Data Dump'!$C$7:$C$80000,\"<=\"&W$9,'Data Dump'!$F$7:$F$80000,$A$4),2)","v":0}]
["Website Expenses",null,{"$f":"ROUND(SUMIFS('Data Dump'!$I$7:$I$80000,'Data Dump'!$J$7:$J$80000,$A13,'Data Dump'!$C$7:$C$80000,\">\"&B$9,'Data Dump'!$C$7:$C$80000,\"<=\"&C$9,'Data Dump'!$F$7:$F$80000,$A$4),2)","v":0},{"$f":"ROUND(SUMIFS('Data Dump'!$I$7:$I$80000,'Data Dump'!$J$7:$J$80000,$A13,'Data Dump'!$C$7:$C$80000,\">\"&C$9,'Data Dump'!$C$7:$C$80000,\"<=\"&D$9,'Data Dump'!$F$7:$F$80000,$A$4),2)","v":0},{"$f":"ROUND(SUMIFS('Data Dump'!$I$7:$I$80000,'Data Dump'!$J$7:$J$80000,$A13,'Data Dump'!$C$7:$C$80000,\">\"&D$9,'Data Dump'!$C$7:$C$80000,\"<=\"&E$9,'Data Dump'!$F$7:$F$80000,$A$4),2)","v":0},{"$f":"ROUND(SUMIFS('Data Dump'!$I$7:$I$80000,'Data Dump'!$J$7:$J$80000,$A13,'Data Dump'!$C$7:$C$80000,\">\"&E$9,'Data Dump'!$C$7:$C$80000,\"<=\"&F$9,'Data Dump'!$F$7:$F$80000,$A$4),2)","v":0},{"$f":"ROUND(SUMIFS('Data Dump'!$I$7:$I$80000,'Data Dump'!$J$7:$J$80000,$A13,'Data Dump'!$C$7:$C$80000,\">\"&F$9,'Data Dump'!$C$7:$C$80000,\"<=\"&G$9,'Data Dump'!$F$7:$F$80000,$A$4),2)","v":0},{"$f":"ROUND(SUMIFS('Data Dump'!$I$7:$I$80000,'Data Dump'!$J$7:$J$80000,$A13,'Data Dump'!$C$7:$C$80000,\">\"&G$9,'Data Dump'!$C$7:$C$80000,\"<=\"&H$9,'Data Dump'!$F$7:$F$80000,$A$4),2)","v":0},{"$f":"ROUND(SUMIFS('Data Dump'!$I$7:$I$80000,'Data Dump'!$J$7:$J$80000,$A13,'Data Dump'!$C$7:$C$80000,\">\"&H$9,'Data Dump'!$C$7:$C$80000,\"<=\"&I$9,'Data Dump'!$F$7:$F$80000,$A$4),2)","v":0},{"$f":"ROUND(SUMIFS('Data Dump'!$I$7:$I$80000,'Data Dump'!$J$7:$J$80000,$A13,'Data Dump'!$C$7:$C$80000,\">\"&I$9,'Data Dump'!$C$7:$C$80000,\"<=\"&J$9,'Data Dump'!$F$7:$F$80000,$A$4),2)","v":0},{"$f":"ROUND(SUMIFS('Data Dump'!$I$7:$I$80000,'Data Dump'!$J$7:$J$80000,$A13,'Data Dump'!$C$7:$C$80000,\">\"&J$9,'Data Dump'!$C$7:$C$80000,\"<=\"&K$9,'Data Dump'!$F$7:$F$80000,$A$4),2)","v":0},{"$f":"ROUND(SUMIFS('Data Dump'!$I$7:$I$80000,'Data Dump'!$J$7:$J$80000,$A13,'Data Dump'!$C$7:$C$80000,\">\"&K$9,'Data Dump'!$C$7:$C$80000,\"<=\"&L$9,'Data Dump'!$F$7:$F$80000,$A$4),2)","v":0},{"$f":"ROUND(SUMIFS('Data Dump'!$I$7:$I$80000,'Data Dump'!$J$7:$J$80000,$A13,'Data Dump'!$C$7:$C$80000,\">\"&L$9,'Data Dump'!$C$7:$C$80000,\"<=\"&M$9,'Data Dump'!$F$7:$F$80000,$A$4),2)","v":0},{"$f":"ROUND(SUMIFS('Data Dump'!$I$7:$I$80000,'Data Dump'!$J$7:$J$80000,$A13,'Data Dump'!$C$7:$C$80000,\">\"&M$9,'Data Dump'!$C$7:$C$80000,\"<=\"&N$9,'Data Dump'!$F$7:$F$80000,$A$4),2)","v":0},{"$f":"ROUND(SUMIFS('Data Dump'!$I$7:$I$80000,'Data Dump'!$J$7:$J$80000,$A13,'Data Dump'!$C$7:$C$80000,\">\"&N$9,'Data Dump'!$C$7:$C$80000,\"<=\"&O$9,'Data Dump'!$F$7:$F$80000,$A$4),2)","v":0},{"$f":"ROUND(SUMIFS('Data Dump'!$I$7:$I$80000,'Data Dump'!$J$7:$J$80000,$A13,'Data Dump'!$C$7:$C$80000,\">\"&O$9,'Data Dump'!$C$7:$C$80000,\"<=\"&P$9,'Data Dump'!$F$7:$F$80000,$A$4),2)","v":0},{"$f":"ROUND(SUMIFS('Data Dump'!$I$7:$I$80000,'Data Dump'!$J$7:$J$80000,$A13,'Data Dump'!$C$7:$C$80000,\">\"&P$9,'Data Dump'!$C$7:$C$80000,\"<=\"&Q$9,'Data Dump'!$F$7:$F$80000,$A$4),2)","v":0},{"$f":"ROUND(SUMIFS('Data Dump'!$I$7:$I$80000,'Data Dump'!$J$7:$J$80000,$A13,'Data Dump'!$C$7:$C$80000,\">\"&Q$9,'Data Dump'!$C$7:$C$80000,\"<=\"&R$9,'Data Dump'!$F$7:$F$80000,$A$4),2)","v":0},{"$f":"ROUND(SUMIFS('Data Dump'!$I$7:$I$80000,'Data Dump'!$J$7:$J$80000,$A13,'Data Dump'!$C$7:$C$80000,\">\"&R$9,'Data Dump'!$C$7:$C$80000,\"<=\"&S$9,'Data Dump'!$F$7:$F$80000,$A$4),2)","v":0},{"$f":"ROUND(SUMIFS('Data Dump'!$I$7:$I$80000,'Data Dump'!$J$7:$J$80000,$A13,'Data Dump'!$C$7:$C$80000,\">\"&S$9,'Data Dump'!$C$7:$C$80000,\"<=\"&T$9,'Data Dump'!$F$7:$F$80000,$A$4),2)","v":0},{"$f":"ROUND(SUMIFS('Data Dump'!$I$7:$I$80000,'Data Dump'!$J$7:$J$80000,$A13,'Data Dump'!$C$7:$C$80000,\">\"&T$9,'Data Dump'!$C$7:$C$80000,\"<=\"&U$9,'Data Dump'!$F$7:$F$80000,$A$4),2)","v":0},{"$f":"ROUND(SUMIFS('Data Dump'!$I$7:$I$80000,'Data Dump'!$J$7:$J$80000,$A13,'Data Dump'!$C$7:$C$80000,\">\"&U$9,'Data Dump'!$C$7:$C$80000,\"<=\"&V$9,'Data Dump'!$F$7:$F$80000,$A$4),2)","v":0},{"$f":"ROUND(SUMIFS('Data Dump'!$I$7:$I$80000,'Data Dump'!$J$7:$J$80000,$A13,'Data Dump'!$C$7:$C$80000,\">\"&V$9,'Data Dump'!$C$7:$C$80000,\"<=\"&W$9,'Data Dump'!$F$7:$F$80000,$A$4),2)","v":0}]
["Printing and Reproduction",null,{"$f":"ROUND(SUMIFS('Data Dump'!$I$7:$I$80000,'Data Dump'!$J$7:$J$80000,$A14,'Data Dump'!$C$7:$C$80000,\">\"&B$9,'Data Dump'!$C$7:$C$80000,\"<=\"&C$9,'Data Dump'!$F$7:$F$80000,$A$4),2)","v":0},{"$f":"ROUND(SUMIFS('Data Dump'!$I$7:$I$80000,'Data Dump'!$J$7:$J$80000,$A14,'Data Dump'!$C$7:$C$80000,\">\"&C$9,'Data Dump'!$C$7:$C$80000,\"<=\"&D$9,'Data Dump'!$F$7:$F$80000,$A$4),2)","v":0},{"$f":"ROUND(SUMIFS('Data Dump'!$I$7:$I$80000,'Data Dump'!$J$7:$J$80000,$A14,'Data Dump'!$C$7:$C$80000,\">\"&D$9,'Data Dump'!$C$7:$C$80000,\"<=\"&E$9,'Data Dump'!$F$7:$F$80000,$A$4),2)","v":0},{"$f":"ROUND(SUMIFS('Data Dump'!$I$7:$I$80000,'Data Dump'!$J$7:$J$80000,$A14,'Data Dump'!$C$7:$C$80000,\">\"&E$9,'Data Dump'!$C$7:$C$80000,\"<=\"&F$9,'Data Dump'!$F$7:$F$80000,$A$4),2)","v":0},{"$f":"ROUND(SUMIFS('Data Dump'!$I$7:$I$80000,'Data Dump'!$J$7:$J$80000,$A14,'Data Dump'!$C$7:$C$80000,\">\"&F$9,'Data Dump'!$C$7:$C$80000,\"<=\"&G$9,'Data Dump'!$F$7:$F$80000,$A$4),2)","v":0},{"$f":"ROUND(SUMIFS('Data Dump'!$I$7:$I$80000,'Data Dump'!$J$7:$J$80000,$A14,'Data Dump'!$C$7:$C$80000,\">\"&G$9,'Data Dump'!$C$7:$C$80000,\"<=\"&H$9,'Data Dump'!$F$7:$F$80000,$A$4),2)","v":0},{"$f":"ROUND(SUMIFS('Data Dump'!$I$7:$I$80000,'Data Dump'!$J$7:$J$80000,$A14,'Data Dump'!$C$7:$C$80000,\">\"&H$9,'Data Dump'!$C$7:$C$80000,\"<=\"&I$9,'Data Dump'!$F$7:$F$80000,$A$4),2)","v":0},{"$f":"ROUND(SUMIFS('Data Dump'!$I$7:$I$80000,'Data Dump'!$J$7:$J$80000,$A14,'Data Dump'!$C$7:$C$80000,\">\"&I$9,'Data Dump'!$C$7:$C$80000,\"<=\"&J$9,'Data Dump'!$F$7:$F$80000,$A$4),2)","v":0},{"$f":"ROUND(SUMIFS('Data Dump'!$I$7:$I$80000,'Data Dump'!$J$7:$J$80000,$A14,'Data Dump'!$C$7:$C$80000,\">\"&J$9,'Data Dump'!$C$7:$C$80000,\"<=\"&K$9,'Data Dump'!$F$7:$F$80000,$A$4),2)","v":0},{"$f":"ROUND(SUMIFS('Data Dump'!$I$7:$I$80000,'Data Dump'!$J$7:$J$80000,$A14,'Data Dump'!$C$7:$C$80000,\">\"&K$9,'Data Dump'!$C$7:$C$80000,\"<=\"&L$9,'Data Dump'!$F$7:$F$80000,$A$4),2)","v":0},{"$f":"ROUND(SUMIFS('Data Dump'!$I$7:$I$80000,'Data Dump'!$J$7:$J$80000,$A14,'Data Dump'!$C$7:$C$80000,\">\"&L$9,'Data Dump'!$C$7:$C$80000,\"<=\"&M$9,'Data Dump'!$F$7:$F$80000,$A$4),2)","v":0},{"$f":"ROUND(SUMIFS('Data Dump'!$I$7:$I$80000,'Data Dump'!$J$7:$J$80000,$A14,'Data Dump'!$C$7:$C$80000,\">\"&M$9,'Data Dump'!$C$7:$C$80000,\"<=\"&N$9,'Data Dump'!$F$7:$F$80000,$A$4),2)","v":0},{"$f":"ROUND(SUMIFS('Data Dump'!$I$7:$I$80000,'Data Dump'!$J$7:$J$80000,$A14,'Data Dump'!$C$7:$C$80000,\">\"&N$9,'Data Dump'!$C$7:$C$80000,\"<=\"&O$9,'Data Dump'!$F$7:$F$80000,$A$4),2)","v":0},{"$f":"ROUND(SUMIFS('Data Dump'!$I$7:$I$80000,'Data Dump'!$J$7:$J$80000,$A14,'Data Dump'!$C$7:$C$80000,\">\"&O$9,'Data Dump'!$C$7:$C$80000,\"<=\"&P$9,'Data Dump'!$F$7:$F$80000,$A$4),2)","v":0},{"$f":"ROUND(SUMIFS('Data Dump'!$I$7:$I$80000,'Data Dump'!$J$7:$J$80000,$A14,'Data Dump'!$C$7:$C$80000,\">\"&P$9,'Data Dump'!$C$7:$C$80000,\"<=\"&Q$9,'Data Dump'!$F$7:$F$80000,$A$4),2)","v":0},{"$f":"ROUND(SUMIFS('Data Dump'!$I$7:$I$80000,'Data Dump'!$J$7:$J$80000,$A14,'Data Dump'!$C$7:$C$80000,\">\"&Q$9,'Data Dump'!$C$7:$C$80000,\"<=\"&R$9,'Data Dump'!$F$7:$F$80000,$A$4),2)","v":0},{"$f":"ROUND(SUMIFS('Data Dump'!$I$7:$I$80000,'Data Dump'!$J$7:$J$80000,$A14,'Data Dump'!$C$7:$C$80000,\">\"&R$9,'Data Dump'!$C$7:$C$80000,\"<=\"&S$9,'Data Dump'!$F$7:$F$80000,$A$4),2)","v":0},{"$f":"ROUND(SUMIFS('Data Dump'!$I$7:$I$80000,'Data Dump'!$J$7:$J$80000,$A14,'Data Dump'!$C$7:$C$80000,\">\"&S$9,'Data Dump'!$C$7:$C$80000,\"<=\"&T$9,'Data Dump'!$F$7:$F$80000,$A$4),2)","v":0},{"$f":"ROUND(SUMIFS('Data Dump'!$I$7:$I$80000,'Data Dump'!$J$7:$J$80000,$A14,'Data Dump'!$C$7:$C$80000,\">\"&T$9,'Data Dump'!$C$7:$C$80000,\"<=\"&U$9,'Data Dump'!$F$7:$F$80000,$A$4),2)","v":0},{"$f":"ROUND(SUMIFS('Data Dump'!$I$7:$I$80000,'Data Dump'!$J$7:$J$80000,$A14,'Data Dump'!$C$7:$C$80000,\">\"&U$9,'Data Dump'!$C$7:$C$80000,\"<=\"&V$9,'Data Dump'!$F$7:$F$80000,$A$4),2)","v":0},{"$f":"ROUND(SUMIFS('Data Dump'!$I$7:$I$80000,'Data Dump'!$J$7:$J$80000,$A14,'Data Dump'!$C$7:$C$80000,\">\"&V$9,'Data Dump'!$C$7:$C$80000,\"<=\"&W$9,'Data Dump'!$F$7:$F$80000,$A$4),2)","v":0}]
["Hosting",null,{"$f":"ROUND(SUMIFS('Data Dump'!$I$7:$I$80000,'Data Dump'!$J$7:$J$80000,$A15,'Data Dump'!$C$7:$C$80000,\">\"&B$9,'Data Dump'!$C$7:$C$80000,\"<=\"&C$9,'Data Dump'!$F$7:$F$80000,$A$4),2)","v":0},{"$f":"ROUND(SUMIFS('Data Dump'!$I$7:$I$80000,'Data Dump'!$J$7:$J$80000,$A15,'Data Dump'!$C$7:$C$80000,\">\"&C$9,'Data Dump'!$C$7:$C$80000,\"<=\"&D$9,'Data Dump'!$F$7:$F$80000,$A$4),2)","v":0},{"$f":"ROUND(SUMIFS('Data Dump'!$I$7:$I$80000,'Data Dump'!$J$7:$J$80000,$A15,'Data Dump'!$C$7:$C$80000,\">\"&D$9,'Data Dump'!$C$7:$C$80000,\"<=\"&E$9,'Data Dump'!$F$7:$F$80000,$A$4),2)","v":0},{"$f":"ROUND(SUMIFS('Data Dump'!$I$7:$I$80000,'Data Dump'!$J$7:$J$80000,$A15,'Data Dump'!$C$7:$C$80000,\">\"&E$9,'Data Dump'!$C$7:$C$80000,\"<=\"&F$9,'Data Dump'!$F$7:$F$80000,$A$4),2)","v":0},{"$f":"ROUND(SUMIFS('Data Dump'!$I$7:$I$80000,'Data Dump'!$J$7:$J$80000,$A15,'Data Dump'!$C$7:$C$80000,\">\"&F$9,'Data Dump'!$C$7:$C$80000,\"<=\"&G$9,'Data Dump'!$F$7:$F$80000,$A$4),2)","v":0},{"$f":"ROUND(SUMIFS('Data Dump'!$I$7:$I$80000,'Data Dump'!$J$7:$J$80000,$A15,'Data Dump'!$C$7:$C$80000,\">\"&G$9,'Data Dump'!$C$7:$C$80000,\"<=\"&H$9,'Data Dump'!$F$7:$F$80000,$A$4),2)","v":0},{"$f":"ROUND(SUMIFS('Data Dump'!$I$7:$I$80000,'Data Dump'!$J$7:$J$80000,$A15,'Data Dump'!$C$7:$C$80000,\">\"&H$9,'Data Dump'!$C$7:$C$80000,\"<=\"&I$9,'Data Dump'!$F$7:$F$80000,$A$4),2)","v":0},{"$f":"ROUND(SUMIFS('Data Dump'!$I$7:$I$80000,'Data Dump'!$J$7:$J$80000,$A15,'Data Dump'!$C$7:$C$80000,\">\"&I$9,'Data Dump'!$C$7:$C$80000,\"<=\"&J$9,'Data Dump'!$F$7:$F$80000,$A$4),2)","v":0},{"$f":"ROUND(SUMIFS('Data Dump'!$I$7:$I$80000,'Data Dump'!$J$7:$J$80000,$A15,'Data Dump'!$C$7:$C$80000,\">\"&J$9,'Data Dump'!$C$7:$C$80000,\"<=\"&K$9,'Data Dump'!$F$7:$F$80000,$A$4),2)","v":0},{"$f":"ROUND(SUMIFS('Data Dump'!$I$7:$I$80000,'Data Dump'!$J$7:$J$80000,$A15,'Data Dump'!$C$7:$C$80000,\">\"&K$9,'Data Dump'!$C$7:$C$80000,\"<=\"&L$9,'Data Dump'!$F$7:$F$80000,$A$4),2)","v":0},{"$f":"ROUND(SUMIFS('Data Dump'!$I$7:$I$80000,'Data Dump'!$J$7:$J$80000,$A15,'Data Dump'!$C$7:$C$80000,\">\"&L$9,'Data Dump'!$C$7:$C$80000,\"<=\"&M$9,'Data Dump'!$F$7:$F$80000,$A$4),2)","v":0},{"$f":"ROUND(SUMIFS('Data Dump'!$I$7:$I$80000,'Data Dump'!$J$7:$J$80000,$A15,'Data Dump'!$C$7:$C$80000,\">\"&M$9,'Data Dump'!$C$7:$C$80000,\"<=\"&N$9,'Data Dump'!$F$7:$F$80000,$A$4),2)","v":0},{"$f":"ROUND(SUMIFS('Data Dump'!$I$7:$I$80000,'Data Dump'!$J$7:$J$80000,$A15,'Data Dump'!$C$7:$C$80000,\">\"&N$9,'Data Dump'!$C$7:$C$80000,\"<=\"&O$9,'Data Dump'!$F$7:$F$80000,$A$4),2)","v":0},{"$f":"ROUND(SUMIFS('Data Dump'!$I$7:$I$80000,'Data Dump'!$J$7:$J$80000,$A15,'Data Dump'!$C$7:$C$80000,\">\"&O$9,'Data Dump'!$C$7:$C$80000,\"<=\"&P$9,'Data Dump'!$F$7:$F$80000,$A$4),2)","v":0},{"$f":"ROUND(SUMIFS('Data Dump'!$I$7:$I$80000,'Data Dump'!$J$7:$J$80000,$A15,'Data Dump'!$C$7:$C$80000,\">\"&P$9,'Data Dump'!$C$7:$C$80000,\"<=\"&Q$9,'Data Dump'!$F$7:$F$80000,$A$4),2)","v":0},{"$f":"ROUND(SUMIFS('Data Dump'!$I$7:$I$80000,'Data Dump'!$J$7:$J$80000,$A15,'Data Dump'!$C$7:$C$80000,\">\"&Q$9,'Data Dump'!$C$7:$C$80000,\"<=\"&R$9,'Data Dump'!$F$7:$F$80000,$A$4),2)","v":0},{"$f":"ROUND(SUMIFS('Data Dump'!$I$7:$I$80000,'Data Dump'!$J$7:$J$80000,$A15,'Data Dump'!$C$7:$C$80000,\">\"&R$9,'Data Dump'!$C$7:$C$80000,\"<=\"&S$9,'Data Dump'!$F$7:$F$80000,$A$4),2)","v":0},{"$f":"ROUND(SUMIFS('Data Dump'!$I$7:$I$80000,'Data Dump'!$J$7:$J$80000,$A15,'Data Dump'!$C$7:$C$80000,\">\"&S$9,'Data Dump'!$C$7:$C$80000,\"<=\"&T$9,'Data Dump'!$F$7:$F$80000,$A$4),2)","v":0},{"$f":"ROUND(SUMIFS('Data Dump'!$I$7:$I$80000,'Data Dump'!$J$7:$J$80000,$A15,'Data Dump'!$C$7:$C$80000,\">\"&T$9,'Data Dump'!$C$7:$C$80000,\"<=\"&U$9,'Data Dump'!$F$7:$F$80000,$A$4),2)","v":0},{"$f":"ROUND(SUMIFS('Data Dump'!$I$7:$I$80000,'Data Dump'!$J$7:$J$80000,$A15,'Data Dump'!$C$7:$C$80000,\">\"&U$9,'Data Dump'!$C$7:$C$80000,\"<=\"&V$9,'Data Dump'!$F$7:$F$80000,$A$4),2)","v":0},{"$f":"ROUND(SUMIFS('Data Dump'!$I$7:$I$80000,'Data Dump'!$J$7:$J$80000,$A15,'Data Dump'!$C$7:$C$80000,\">\"&V$9,'Data Dump'!$C$7:$C$80000,\"<=\"&W$9,'Data Dump'!$F$7:$F$80000,$A$4),2)","v":0}]
["IVR Hosting",null,{"$f":"ROUND(SUMIFS('Data Dump'!$I$7:$I$80000,'Data Dump'!$J$7:$J$80000,$A16,'Data Dump'!$C$7:$C$80000,\">\"&B$9,'Data Dump'!$C$7:$C$80000,\"<=\"&C$9,'Data Dump'!$F$7:$F$80000,$A$4),2)","v":0},{"$f":"ROUND(SUMIFS('Data Dump'!$I$7:$I$80000,'Data Dump'!$J$7:$J$80000,$A16,'Data Dump'!$C$7:$C$80000,\">\"&C$9,'Data Dump'!$C$7:$C$80000,\"<=\"&D$9,'Data Dump'!$F$7:$F$80000,$A$4),2)","v":0},{"$f":"ROUND(SUMIFS('Data Dump'!$I$7:$I$80000,'Data Dump'!$J$7:$J$80000,$A16,'Data Dump'!$C$7:$C$80000,\">\"&D$9,'Data Dump'!$C$7:$C$80000,\"<=\"&E$9,'Data Dump'!$F$7:$F$80000,$A$4),2)","v":0},{"$f":"ROUND(SUMIFS('Data Dump'!$I$7:$I$80000,'Data Dump'!$J$7:$J$80000,$A16,'Data Dump'!$C$7:$C$80000,\">\"&E$9,'Data Dump'!$C$7:$C$80000,\"<=\"&F$9,'Data Dump'!$F$7:$F$80000,$A$4),2)","v":0},{"$f":"ROUND(SUMIFS('Data Dump'!$I$7:$I$80000,'Data Dump'!$J$7:$J$80000,$A16,'Data Dump'!$C$7:$C$80000,\">\"&F$9,'Data Dump'!$C$7:$C$80000,\"<=\"&G$9,'Data Dump'!$F$7:$F$80000,$A$4),2)","v":0},{"$f":"ROUND(SUMIFS('Data Dump'!$I$7:$I$80000,'Data Dump'!$J$7:$J$80000,$A16,'Data Dump'!$C$7:$C$80000,\">\"&G$9,'Data Dump'!$C$7:$C$80000,\"<=\"&H$9,'Data Dump'!$F$7:$F$80000,$A$4),2)","v":0},{"$f":"ROUND(SUMIFS('Data Dump'!$I$7:$I$80000,'Data Dump'!$J$7:$J$80000,$A16,'Data Dump'!$C$7:$C$80000,\">\"&H$9,'Data Dump'!$C$7:$C$80000,\"<=\"&I$9,'Data Dump'!$F$7:$F$80000,$A$4),2)","v":0},{"$f":"ROUND(SUMIFS('Data Dump'!$I$7:$I$80000,'Data Dump'!$J$7:$J$80000,$A16,'Data Dump'!$C$7:$C$80000,\">\"&I$9,'Data Dump'!$C$7:$C$80000,\"<=\"&J$9,'Data Dump'!$F$7:$F$80000,$A$4),2)","v":0},{"$f":"ROUND(SUMIFS('Data Dump'!$I$7:$I$80000,'Data Dump'!$J$7:$J$80000,$A16,'Data Dump'!$C$7:$C$80000,\">\"&J$9,'Data Dump'!$C$7:$C$80000,\"<=\"&K$9,'Data Dump'!$F$7:$F$80000,$A$4),2)","v":0},{"$f":"ROUND(SUMIFS('Data Dump'!$I$7:$I$80000,'Data Dump'!$J$7:$J$80000,$A16,'Data Dump'!$C$7:$C$80000,\">\"&K$9,'Data Dump'!$C$7:$C$80000,\"<=\"&L$9,'Data Dump'!$F$7:$F$80000,$A$4),2)","v":0},{"$f":"ROUND(SUMIFS('Data Dump'!$I$7:$I$80000,'Data Dump'!$J$7:$J$80000,$A16,'Data Dump'!$C$7:$C$80000,\">\"&L$9,'Data Dump'!$C$7:$C$80000,\"<=\"&M$9,'Data Dump'!$F$7:$F$80000,$A$4),2)","v":0},{"$f":"ROUND(SUMIFS('Data Dump'!$I$7:$I$80000,'Data Dump'!$J$7:$J$80000,$A16,'Data Dump'!$C$7:$C$80000,\">\"&M$9,'Data Dump'!$C$7:$C$80000,\"<=\"&N$9,'Data Dump'!$F$7:$F$80000,$A$4),2)","v":0},{"$f":"ROUND(SUMIFS('Data Dump'!$I$7:$I$80000,'Data Dump'!$J$7:$J$80000,$A16,'Data Dump'!$C$7:$C$80000,\">\"&N$9,'Data Dump'!$C$7:$C$80000,\"<=\"&O$9,'Data Dump'!$F$7:$F$80000,$A$4),2)","v":0},{"$f":"ROUND(SUMIFS('Data Dump'!$I$7:$I$80000,'Data Dump'!$J$7:$J$80000,$A16,'Data Dump'!$C$7:$C$80000,\">\"&O$9,'Data Dump'!$C$7:$C$80000,\"<=\"&P$9,'Data Dump'!$F$7:$F$80000,$A$4),2)","v":0},{"$f":"ROUND(SUMIFS('Data Dump'!$I$7:$I$80000,'Data Dump'!$J$7:$J$80000,$A16,'Data Dump'!$C$7:$C$80000,\">\"&P$9,'Data Dump'!$C$7:$C$80000,\"<=\"&Q$9,'Data Dump'!$F$7:$F$80000,$A$4),2)","v":0},{"$f":"ROUND(SUMIFS('Data Dump'!$I$7:$I$80000,'Data Dump'!$J$7:$J$80000,$A16,'Data Dump'!$C$7:$C$80000,\">\"&Q$9,'Data Dump'!$C$7:$C$80000,\"<=\"&R$9,'Data Dump'!$F$7:$F$80000,$A$4),2)","v":0},{"$f":"ROUND(SUMIFS('Data Dump'!$I$7:$I$80000,'Data Dump'!$J$7:$J$80000,$A16,'Data Dump'!$C$7:$C$80000,\">\"&R$9,'Data Dump'!$C$7:$C$80000,\"<=\"&S$9,'Data Dump'!$F$7:$F$80000,$A$4),2)","v":0},{"$f":"ROUND(SUMIFS('Data Dump'!$I$7:$I$80000,'Data Dump'!$J$7:$J$80000,$A16,'Data Dump'!$C$7:$C$80000,\">\"&S$9,'Data Dump'!$C$7:$C$80000,\"<=\"&T$9,'Data Dump'!$F$7:$F$80000,$A$4),2)","v":0},{"$f":"ROUND(SUMIFS('Data Dump'!$I$7:$I$80000,'Data Dump'!$J$7:$J$80000,$A16,'Data Dump'!$C$7:$C$80000,\">\"&T$9,'Data Dump'!$C$7:$C$80000,\"<=\"&U$9,'Data Dump'!$F$7:$F$80000,$A$4),2)","v":0},{"$f":"ROUND(SUMIFS('Data Dump'!$I$7:$I$80000,'Data Dump'!$J$7:$J$80000,$A16,'Data Dump'!$C$7:$C$80000,\">\"&U$9,'Data Dump'!$C$7:$C$80000,\"<=\"&V$9,'Data Dump'!$F$7:$F$80000,$A$4),2)","v":0},{"$f":"ROUND(SUMIFS('Data Dump'!$I$7:$I$80000,'Data Dump'!$J$7:$J$80000,$A16,'Data Dump'!$C$7:$C$80000,\">\"&V$9,'Data Dump'!$C$7:$C$80000,\"<=\"&W$9,'Data Dump'!$F$7:$F$80000,$A$4),2)","v":0}]
["Translation",null,{"$f":"ROUND(SUMIFS('Data Dump'!$I$7:$I$80000,'Data Dump'!$J$7:$J$80000,$A17,'Data Dump'!$C$7:$C$80000,\">\"&B$9,'Data Dump'!$C$7:$C$80000,\"<=\"&C$9,'Data Dump'!$F$7:$F$80000,$A$4),2)","v":0},{"$f":"ROUND(SUMIFS('Data Dump'!$I$7:$I$80000,'Data Dump'!$J$7:$J$80000,$A17,'Data Dump'!$C$7:$C$80000,\">\"&C$9,'Data Dump'!$C$7:$C$80000,\"<=\"&D$9,'Data Dump'!$F$7:$F$80000,$A$4),2)","v":0},{"$f":"ROUND(SUMIFS('Data Dump'!$I$7:$I$80000,'Data Dump'!$J$7:$J$80000,$A17,'Data Dump'!$C$7:$C$80000,\">\"&D$9,'Data Dump'!$C$7:$C$80000,\"<=\"&E$9,'Data Dump'!$F$7:$F$80000,$A$4),2)","v":0},{"$f":"ROUND(SUMIFS('Data Dump'!$I$7:$I$80000,'Data Dump'!$J$7:$J$80000,$A17,'Data Dump'!$C$7:$C$80000,\">\"&E$9,'Data Dump'!$C$7:$C$80000,\"<=\"&F$9,'Data Dump'!$F$7:$F$80000,$A$4),2)","v":0},{"$f":"ROUND(SUMIFS('Data Dump'!$I$7:$I$80000,'Data Dump'!$J$7:$J$80000,$A17,'Data Dump'!$C$7:$C$80000,\">\"&F$9,'Data Dump'!$C$7:$C$80000,\"<=\"&G$9,'Data Dump'!$F$7:$F$80000,$A$4),2)","v":0},{"$f":"ROUND(SUMIFS('Data Dump'!$I$7:$I$80000,'Data Dump'!$J$7:$J$80000,$A17,'Data Dump'!$C$7:$C$80000,\">\"&G$9,'Data Dump'!$C$7:$C$80000,\"<=\"&H$9,'Data Dump'!$F$7:$F$80000,$A$4),2)","v":0},{"$f":"ROUND(SUMIFS('Data Dump'!$I$7:$I$80000,'Data Dump'!$J$7:$J$80000,$A17,'Data Dump'!$C$7:$C$80000,\">\"&H$9,'Data Dump'!$C$7:$C$80000,\"<=\"&I$9,'Data Dump'!$F$7:$F$80000,$A$4),2)","v":0},{"$f":"ROUND(SUMIFS('Data Dump'!$I$7:$I$80000,'Data Dump'!$J$7:$J$80000,$A17,'Data Dump'!$C$7:$C$80000,\">\"&I$9,'Data Dump'!$C$7:$C$80000,\"<=\"&J$9,'Data Dump'!$F$7:$F$80000,$A$4),2)","v":0},{"$f":"ROUND(SUMIFS('Data Dump'!$I$7:$I$80000,'Data Dump'!$J$7:$J$80000,$A17,'Data Dump'!$C$7:$C$80000,\">\"&J$9,'Data Dump'!$C$7:$C$80000,\"<=\"&K$9,'Data Dump'!$F$7:$F$80000,$A$4),2)","v":0},{"$f":"ROUND(SUMIFS('Data Dump'!$I$7:$I$80000,'Data Dump'!$J$7:$J$80000,$A17,'Data Dump'!$C$7:$C$80000,\">\"&K$9,'Data Dump'!$C$7:$C$80000,\"<=\"&L$9,'Data Dump'!$F$7:$F$80000,$A$4),2)","v":0},{"$f":"ROUND(SUMIFS('Data Dump'!$I$7:$I$80000,'Data Dump'!$J$7:$J$80000,$A17,'Data Dump'!$C$7:$C$80000,\">\"&L$9,'Data Dump'!$C$7:$C$80000,\"<=\"&M$9,'Data Dump'!$F$7:$F$80000,$A$4),2)","v":0},{"$f":"ROUND(SUMIFS('Data Dump'!$I$7:$I$80000,'Data Dump'!$J$7:$J$80000,$A17,'Data Dump'!$C$7:$C$80000,\">\"&M$9,'Data Dump'!$C$7:$C$80000,\"<=\"&N$9,'Data Dump'!$F$7:$F$80000,$A$4),2)","v":0},{"$f":"ROUND(SUMIFS('Data Dump'!$I$7:$I$80000,'Data Dump'!$J$7:$J$80000,$A17,'Data Dump'!$C$7:$C$80000,\">\"&N$9,'Data Dump'!$C$7:$C$80000,\"<=\"&O$9,'Data Dump'!$F$7:$F$80000,$A$4),2)","v":0},{"$f":"ROUND(SUMIFS('Data Dump'!$I$7:$I$80000,'Data Dump'!$J$7:$J$80000,$A17,'Data Dump'!$C$7:$C$80000,\">\"&O$9,'Data Dump'!$C$7:$C$80000,\"<=\"&P$9,'Data Dump'!$F$7:$F$80000,$A$4),2)","v":0},{"$f":"ROUND(SUMIFS('Data Dump'!$I$7:$I$80000,'Data Dump'!$J$7:$J$80000,$A17,'Data Dump'!$C$7:$C$80000,\">\"&P$9,'Data Dump'!$C$7:$C$80000,\"<=\"&Q$9,'Data Dump'!$F$7:$F$80000,$A$4),2)","v":0},{"$f":"ROUND(SUMIFS('Data Dump'!$I$7:$I$80000,'Data Dump'!$J$7:$J$80000,$A17,'Data Dump'!$C$7:$C$80000,\">\"&Q$9,'Data Dump'!$C$7:$C$80000,\"<=\"&R$9,'Data Dump'!$F$7:$F$80000,$A$4),2)","v":0},{"$f":"ROUND(SUMIFS('Data Dump'!$I$7:$I$80000,'Data Dump'!$J$7:$J$80000,$A17,'Data Dump'!$C$7:$C$80000,\">\"&R$9,'Data Dump'!$C$7:$C$80000,\"<=\"&S$9,'Data Dump'!$F$7:$F$80000,$A$4),2)","v":0},{"$f":"ROUND(SUMIFS('Data Dump'!$I$7:$I$80000,'Data Dump'!$J$7:$J$80000,$A17,'Data Dump'!$C$7:$C$80000,\">\"&S$9,'Data Dump'!$C$7:$C$80000,\"<=\"&T$9,'Data Dump'!$F$7:$F$80000,$A$4),2)","v":0},{"$f":"ROUND(SUMIFS('Data Dump'!$I$7:$I$80000,'Data Dump'!$J$7:$J$80000,$A17,'Data Dump'!$C$7:$C$80000,\">\"&T$9,'Data Dump'!$C$7:$C$80000,\"<=\"&U$9,'Data Dump'!$F$7:$F$80000,$A$4),2)","v":0},{"$f":"ROUND(SUMIFS('Data Dump'!$I$7:$I$80000,'Data Dump'!$J$7:$J$80000,$A17,'Data Dump'!$C$7:$C$80000,\">\"&U$9,'Data Dump'!$C$7:$C$80000,\"<=\"&V$9,'Data Dump'!$F$7:$F$80000,$A$4),2)","v":0},{"$f":"ROUND(SUMIFS('Data Dump'!$I$7:$I$80000,'Data Dump'!$J$7:$J$80000,$A17,'Data Dump'!$C$7:$C$80000,\">\"&V$9,'Data Dump'!$C$7:$C$80000,\"<=\"&W$9,'Data Dump'!$F$7:$F$80000,$A$4),2)","v":0}]
["Security",null,{"$f":"ROUND(SUMIFS('Data Dump'!$I$7:$I$80000,'Data Dump'!$J$7:$J$80000,$A18,'Data Dump'!$C$7:$C$80000,\">\"&B$9,'Data Dump'!$C$7:$C$80000,\"<=\"&C$9,'Data Dump'!$F$7:$F$80000,$A$4),2)","v":0},{"$f":"ROUND(SUMIFS('Data Dump'!$I$7:$I$80000,'Data Dump'!$J$7:$J$80000,$A18,'Data Dump'!$C$7:$C$80000,\">\"&C$9,'Data Dump'!$C$7:$C$80000,\"<=\"&D$9,'Data Dump'!$F$7:$F$80000,$A$4),2)","v":0},{"$f":"ROUND(SUMIFS('Data Dump'!$I$7:$I$80000,'Data Dump'!$J$7:$J$80000,$A18,'Data Dump'!$C$7:$C$80000,\">\"&D$9,'Data Dump'!$C$7:$C$80000,\"<=\"&E$9,'Data Dump'!$F$7:$F$80000,$A$4),2)","v":0},{"$f":"ROUND(SUMIFS('Data Dump'!$I$7:$I$80000,'Data Dump'!$J$7:$J$80000,$A18,'Data Dump'!$C$7:$C$80000,\">\"&E$9,'Data Dump'!$C$7:$C$80000,\"<=\"&F$9,'Data Dump'!$F$7:$F$80000,$A$4),2)","v":0},{"$f":"ROUND(SUMIFS('Data Dump'!$I$7:$I$80000,'Data Dump'!$J$7:$J$80000,$A18,'Data Dump'!$C$7:$C$80000,\">\"&F$9,'Data Dump'!$C$7:$C$80000,\"<=\"&G$9,'Data Dump'!$F$7:$F$80000,$A$4),2)","v":0},{"$f":"ROUND(SUMIFS('Data Dump'!$I$7:$I$80000,'Data Dump'!$J$7:$J$80000,$A18,'Data Dump'!$C$7:$C$80000,\">\"&G$9,'Data Dump'!$C$7:$C$80000,\"<=\"&H$9,'Data Dump'!$F$7:$F$80000,$A$4),2)","v":0},{"$f":"ROUND(SUMIFS('Data Dump'!$I$7:$I$80000,'Data Dump'!$J$7:$J$80000,$A18,'Data Dump'!$C$7:$C$80000,\">\"&H$9,'Data Dump'!$C$7:$C$80000,\"<=\"&I$9,'Data Dump'!$F$7:$F$80000,$A$4),2)","v":0},{"$f":"ROUND(SUMIFS('Data Dump'!$I$7:$I$80000,'Data Dump'!$J$7:$J$80000,$A18,'Data Dump'!$C$7:$C$80000,\">\"&I$9,'Data Dump'!$C$7:$C$80000,\"<=\"&J$9,'Data Dump'!$F$7:$F$80000,$A$4),2)","v":0},{"$f":"ROUND(SUMIFS('Data Dump'!$I$7:$I$80000,'Data Dump'!$J$7:$J$80000,$A18,'Data Dump'!$C$7:$C$80000,\">\"&J$9,'Data Dump'!$C$7:$C$80000,\"<=\"&K$9,'Data Dump'!$F$7:$F$80000,$A$4),2)","v":0},{"$f":"ROUND(SUMIFS('Data Dump'!$I$7:$I$80000,'Data Dump'!$J$7:$J$80000,$A18,'Data Dump'!$C$7:$C$80000,\">\"&K$9,'Data Dump'!$C$7:$C$80000,\"<=\"&L$9,'Data Dump'!$F$7:$F$80000,$A$4),2)","v":0},{"$f":"ROUND(SUMIFS('Data Dump'!$I$7:$I$80000,'Data Dump'!$J$7:$J$80000,$A18,'Data Dump'!$C$7:$C$80000,\">\"&L$9,'Data Dump'!$C$7:$C$80000,\"<=\"&M$9,'Data Dump'!$F$7:$F$80000,$A$4),2)","v":0},{"$f":"ROUND(SUMIFS('Data Dump'!$I$7:$I$80000,'Data Dump'!$J$7:$J$80000,$A18,'Data Dump'!$C$7:$C$80000,\">\"&M$9,'Data Dump'!$C$7:$C$80000,\"<=\"&N$9,'Data Dump'!$F$7:$F$80000,$A$4),2)","v":0},{"$f":"ROUND(SUMIFS('Data Dump'!$I$7:$I$80000,'Data Dump'!$J$7:$J$80000,$A18,'Data Dump'!$C$7:$C$80000,\">\"&N$9,'Data Dump'!$C$7:$C$80000,\"<=\"&O$9,'Data Dump'!$F$7:$F$80000,$A$4),2)","v":0},{"$f":"ROUND(SUMIFS('Data Dump'!$I$7:$I$80000,'Data Dump'!$J$7:$J$80000,$A18,'Data Dump'!$C$7:$C$80000,\">\"&O$9,'Data Dump'!$C$7:$C$80000,\"<=\"&P$9,'Data Dump'!$F$7:$F$80000,$A$4),2)","v":0},{"$f":"ROUND(SUMIFS('Data Dump'!$I$7:$I$80000,'Data Dump'!$J$7:$J$80000,$A18,'Data Dump'!$C$7:$C$80000,\">\"&P$9,'Data Dump'!$C$7:$C$80000,\"<=\"&Q$9,'Data Dump'!$F$7:$F$80000,$A$4),2)","v":0},{"$f":"ROUND(SUMIFS('Data Dump'!$I$7:$I$80000,'Data Dump'!$J$7:$J$80000,$A18,'Data Dump'!$C$7:$C$80000,\">\"&Q$9,'Data Dump'!$C$7:$C$80000,\"<=\"&R$9,'Data Dump'!$F$7:$F$80000,$A$4),2)","v":0},{"$f":"ROUND(SUMIFS('Data Dump'!$I$7:$I$80000,'Data Dump'!$J$7:$J$80000,$A18,'Data Dump'!$C$7:$C$80000,\">\"&R$9,'Data Dump'!$C$7:$C$80000,\"<=\"&S$9,'Data Dump'!$F$7:$F$80000,$A$4),2)","v":0},{"$f":"ROUND(SUMIFS('Data Dump'!$I$7:$I$80000,'Data Dump'!$J$7:$J$80000,$A18,'Data Dump'!$C$7:$C$80000,\">\"&S$9,'Data Dump'!$C$7:$C$80000,\"<=\"&T$9,'Data Dump'!$F$7:$F$80000,$A$4),2)","v":0},{"$f":"ROUND(SUMIFS('Data Dump'!$I$7:$I$80000,'Data Dump'!$J$7:$J$80000,$A18,'Data Dump'!$C$7:$C$80000,\">\"&T$9,'Data Dump'!$C$7:$C$80000,\"<=\"&U$9,'Data Dump'!$F$7:$F$80000,$A$4),2)","v":0},{"$f":"ROUND(SUMIFS('Data Dump'!$I$7:$I$80000,'Data Dump'!$J$7:$J$80000,$A18,'Data Dump'!$C$7:$C$80000,\">\"&U$9,'Data Dump'!$C$7:$C$80000,\"<=\"&V$9,'Data Dump'!$F$7:$F$80000,$A$4),2)","v":0},{"$f":"ROUND(SUMIFS('Data Dump'!$I$7:$I$80000,'Data Dump'!$J$7:$J$80000,$A18,'Data Dump'!$C$7:$C$80000,\">\"&V$9,'Data Dump'!$C$7:$C$80000,\"<=\"&W$9,'Data Dump'!$F$7:$F$80000,$A$4),2)","v":0}]
["Reseller Fees",null,{"$f":"ROUND(SUMIFS('Data Dump'!$I$7:$I$80000,'Data Dump'!$J$7:$J$80000,$A19,'Data Dump'!$C$7:$C$80000,\">\"&B$9,'Data Dump'!$C$7:$C$80000,\"<=\"&C$9,'Data Dump'!$F$7:$F$80000,$A$4),2)","v":0},{"$f":"ROUND(SUMIFS('Data Dump'!$I$7:$I$80000,'Data Dump'!$J$7:$J$80000,$A19,'Data Dump'!$C$7:$C$80000,\">\"&C$9,'Data Dump'!$C$7:$C$80000,\"<=\"&D$9,'Data Dump'!$F$7:$F$80000,$A$4),2)","v":0},{"$f":"ROUND(SUMIFS('Data Dump'!$I$7:$I$80000,'Data Dump'!$J$7:$J$80000,$A19,'Data Dump'!$C$7:$C$80000,\">\"&D$9,'Data Dump'!$C$7:$C$80000,\"<=\"&E$9,'Data Dump'!$F$7:$F$80000,$A$4),2)","v":0},{"$f":"ROUND(SUMIFS('Data Dump'!$I$7:$I$80000,'Data Dump'!$J$7:$J$80000,$A19,'Data Dump'!$C$7:$C$80000,\">\"&E$9,'Data Dump'!$C$7:$C$80000,\"<=\"&F$9,'Data Dump'!$F$7:$F$80000,$A$4),2)","v":0},{"$f":"ROUND(SUMIFS('Data Dump'!$I$7:$I$80000,'Data Dump'!$J$7:$J$80000,$A19,'Data Dump'!$C$7:$C$80000,\">\"&F$9,'Data Dump'!$C$7:$C$80000,\"<=\"&G$9,'Data Dump'!$F$7:$F$80000,$A$4),2)","v":0},{"$f":"ROUND(SUMIFS('Data Dump'!$I$7:$I$80000,'Data Dump'!$J$7:$J$80000,$A19,'Data Dump'!$C$7:$C$80000,\">\"&G$9,'Data Dump'!$C$7:$C$80000,\"<=\"&H$9,'Data Dump'!$F$7:$F$80000,$A$4),2)","v":0},{"$f":"ROUND(SUMIFS('Data Dump'!$I$7:$I$80000,'Data Dump'!$J$7:$J$80000,$A19,'Data Dump'!$C$7:$C$80000,\">\"&H$9,'Data Dump'!$C$7:$C$80000,\"<=\"&I$9,'Data Dump'!$F$7:$F$80000,$A$4),2)","v":0},{"$f":"ROUND(SUMIFS('Data Dump'!$I$7:$I$80000,'Data Dump'!$J$7:$J$80000,$A19,'Data Dump'!$C$7:$C$80000,\">\"&I$9,'Data Dump'!$C$7:$C$80000,\"<=\"&J$9,'Data Dump'!$F$7:$F$80000,$A$4),2)","v":0},{"$f":"ROUND(SUMIFS('Data Dump'!$I$7:$I$80000,'Data Dump'!$J$7:$J$80000,$A19,'Data Dump'!$C$7:$C$80000,\">\"&J$9,'Data Dump'!$C$7:$C$80000,\"<=\"&K$9,'Data Dump'!$F$7:$F$80000,$A$4),2)","v":0},{"$f":"ROUND(SUMIFS('Data Dump'!$I$7:$I$80000,'Data Dump'!$J$7:$J$80000,$A19,'Data Dump'!$C$7:$C$80000,\">\"&K$9,'Data Dump'!$C$7:$C$80000,\"<=\"&L$9,'Data Dump'!$F$7:$F$80000,$A$4),2)","v":0},{"$f":"ROUND(SUMIFS('Data Dump'!$I$7:$I$80000,'Data Dump'!$J$7:$J$80000,$A19,'Data Dump'!$C$7:$C$80000,\">\"&L$9,'Data Dump'!$C$7:$C$80000,\"<=\"&M$9,'Data Dump'!$F$7:$F$80000,$A$4),2)","v":0},{"$f":"ROUND(SUMIFS('Data Dump'!$I$7:$I$80000,'Data Dump'!$J$7:$J$80000,$A19,'Data Dump'!$C$7:$C$80000,\">\"&M$9,'Data Dump'!$C$7:$C$80000,\"<=\"&N$9,'Data Dump'!$F$7:$F$80000,$A$4),2)","v":0},{"$f":"ROUND(SUMIFS('Data Dump'!$I$7:$I$80000,'Data Dump'!$J$7:$J$80000,$A19,'Data Dump'!$C$7:$C$80000,\">\"&N$9,'Data Dump'!$C$7:$C$80000,\"<=\"&O$9,'Data Dump'!$F$7:$F$80000,$A$4),2)","v":0},{"$f":"ROUND(SUMIFS('Data Dump'!$I$7:$I$80000,'Data Dump'!$J$7:$J$80000,$A19,'Data Dump'!$C$7:$C$80000,\">\"&O$9,'Data Dump'!$C$7:$C$80000,\"<=\"&P$9,'Data Dump'!$F$7:$F$80000,$A$4),2)","v":0},{"$f":"ROUND(SUMIFS('Data Dump'!$I$7:$I$80000,'Data Dump'!$J$7:$J$80000,$A19,'Data Dump'!$C$7:$C$80000,\">\"&P$9,'Data Dump'!$C$7:$C$80000,\"<=\"&Q$9,'Data Dump'!$F$7:$F$80000,$A$4),2)","v":0},{"$f":"ROUND(SUMIFS('Data Dump'!$I$7:$I$80000,'Data Dump'!$J$7:$J$80000,$A19,'Data Dump'!$C$7:$C$80000,\">\"&Q$9,'Data Dump'!$C$7:$C$80000,\"<=\"&R$9,'Data Dump'!$F$7:$F$80000,$A$4),2)","v":0},{"$f":"ROUND(SUMIFS('Data Dump'!$I$7:$I$80000,'Data Dump'!$J$7:$J$80000,$A19,'Data Dump'!$C$7:$C$80000,\">\"&R$9,'Data Dump'!$C$7:$C$80000,\"<=\"&S$9,'Data Dump'!$F$7:$F$80000,$A$4),2)","v":0},{"$f":"ROUND(SUMIFS('Data Dump'!$I$7:$I$80000,'Data Dump'!$J$7:$J$80000,$A19,'Data Dump'!$C$7:$C$80000,\">\"&S$9,'Data Dump'!$C$7:$C$80000,\"<=\"&T$9,'Data Dump'!$F$7:$F$80000,$A$4),2)","v":0},{"$f":"ROUND(SUMIFS('Data Dump'!$I$7:$I$80000,'Data Dump'!$J$7:$J$80000,$A19,'Data Dump'!$C$7:$C$80000,\">\"&T$9,'Data Dump'!$C$7:$C$80000,\"<=\"&U$9,'Data Dump'!$F$7:$F$80000,$A$4),2)","v":0},{"$f":"ROUND(SUMIFS('Data Dump'!$I$7:$I$80000,'Data Dump'!$J$7:$J$80000,$A19,'Data Dump'!$C$7:$C$80000,\">\"&U$9,'Data Dump'!$C$7:$C$80000,\"<=\"&V$9,'Data Dump'!$F$7:$F$80000,$A$4),2)","v":0},{"$f":"ROUND(SUMIFS('Data Dump'!$I$7:$I$80000,'Data Dump'!$J$7:$J$80000,$A19,'Data Dump'!$C$7:$C$80000,\">\"&V$9,'Data Dump'!$C$7:$C$80000,\"<=\"&W$9,'Data Dump'!$F$7:$F$80000,$A$4),2)","v":0}]
["Outside Services",null,{"$f":"ROUND(SUMIFS('Data Dump'!$I$7:$I$80000,'Data Dump'!$J$7:$J$80000,$A20,'Data Dump'!$C$7:$C$80000,\">\"&B$9,'Data Dump'!$C$7:$C$80000,\"<=\"&C$9,'Data Dump'!$F$7:$F$80000,$A$4),2)","v":0},{"$f":"ROUND(SUMIFS('Data Dump'!$I$7:$I$80000,'Data Dump'!$J$7:$J$80000,$A20,'Data Dump'!$C$7:$C$80000,\">\"&C$9,'Data Dump'!$C$7:$C$80000,\"<=\"&D$9,'Data Dump'!$F$7:$F$80000,$A$4),2)","v":0},{"$f":"ROUND(SUMIFS('Data Dump'!$I$7:$I$80000,'Data Dump'!$J$7:$J$80000,$A20,'Data Dump'!$C$7:$C$80000,\">\"&D$9,'Data Dump'!$C$7:$C$80000,\"<=\"&E$9,'Data Dump'!$F$7:$F$80000,$A$4),2)","v":0},{"$f":"ROUND(SUMIFS('Data Dump'!$I$7:$I$80000,'Data Dump'!$J$7:$J$80000,$A20,'Data Dump'!$C$7:$C$80000,\">\"&E$9,'Data Dump'!$C$7:$C$80000,\"<=\"&F$9,'Data Dump'!$F$7:$F$80000,$A$4),2)","v":0},{"$f":"ROUND(SUMIFS('Data Dump'!$I$7:$I$80000,'Data Dump'!$J$7:$J$80000,$A20,'Data Dump'!$C$7:$C$80000,\">\"&F$9,'Data Dump'!$C$7:$C$80000,\"<=\"&G$9,'Data Dump'!$F$7:$F$80000,$A$4),2)","v":0},{"$f":"ROUND(SUMIFS('Data Dump'!$I$7:$I$80000,'Data Dump'!$J$7:$J$80000,$A20,'Data Dump'!$C$7:$C$80000,\">\"&G$9,'Data Dump'!$C$7:$C$80000,\"<=\"&H$9,'Data Dump'!$F$7:$F$80000,$A$4),2)","v":0},{"$f":"ROUND(SUMIFS('Data Dump'!$I$7:$I$80000,'Data Dump'!$J$7:$J$80000,$A20,'Data Dump'!$C$7:$C$80000,\">\"&H$9,'Data Dump'!$C$7:$C$80000,\"<=\"&I$9,'Data Dump'!$F$7:$F$80000,$A$4),2)","v":0},{"$f":"ROUND(SUMIFS('Data Dump'!$I$7:$I$80000,'Data Dump'!$J$7:$J$80000,$A20,'Data Dump'!$C$7:$C$80000,\">\"&I$9,'Data Dump'!$C$7:$C$80000,\"<=\"&J$9,'Data Dump'!$F$7:$F$80000,$A$4),2)","v":0},{"$f":"ROUND(SUMIFS('Data Dump'!$I$7:$I$80000,'Data Dump'!$J$7:$J$80000,$A20,'Data Dump'!$C$7:$C$80000,\">\"&J$9,'Data Dump'!$C$7:$C$80000,\"<=\"&K$9,'Data Dump'!$F$7:$F$80000,$A$4),2)","v":0},{"$f":"ROUND(SUMIFS('Data Dump'!$I$7:$I$80000,'Data Dump'!$J$7:$J$80000,$A20,'Data Dump'!$C$7:$C$80000,\">\"&K$9,'Data Dump'!$C$7:$C$80000,\"<=\"&L$9,'Data Dump'!$F$7:$F$80000,$A$4),2)","v":0},{"$f":"ROUND(SUMIFS('Data Dump'!$I$7:$I$80000,'Data Dump'!$J$7:$J$80000,$A20,'Data Dump'!$C$7:$C$80000,\">\"&L$9,'Data Dump'!$C$7:$C$80000,\"<=\"&M$9,'Data Dump'!$F$7:$F$80000,$A$4),2)","v":0},{"$f":"ROUND(SUMIFS('Data Dump'!$I$7:$I$80000,'Data Dump'!$J$7:$J$80000,$A20,'Data Dump'!$C$7:$C$80000,\">\"&M$9,'Data Dump'!$C$7:$C$80000,\"<=\"&N$9,'Data Dump'!$F$7:$F$80000,$A$4),2)","v":0},{"$f":"ROUND(SUMIFS('Data Dump'!$I$7:$I$80000,'Data Dump'!$J$7:$J$80000,$A20,'Data Dump'!$C$7:$C$80000,\">\"&N$9,'Data Dump'!$C$7:$C$80000,\"<=\"&O$9,'Data Dump'!$F$7:$F$80000,$A$4),2)","v":0},{"$f":"ROUND(SUMIFS('Data Dump'!$I$7:$I$80000,'Data Dump'!$J$7:$J$80000,$A20,'Data Dump'!$C$7:$C$80000,\">\"&O$9,'Data Dump'!$C$7:$C$80000,\"<=\"&P$9,'Data Dump'!$F$7:$F$80000,$A$4),2)","v":0},{"$f":"ROUND(SUMIFS('Data Dump'!$I$7:$I$80000,'Data Dump'!$J$7:$J$80000,$A20,'Data Dump'!$C$7:$C$80000,\">\"&P$9,'Data Dump'!$C$7:$C$80000,\"<=\"&Q$9,'Data Dump'!$F$7:$F$80000,$A$4),2)","v":0},{"$f":"ROUND(SUMIFS('Data Dump'!$I$7:$I$80000,'Data Dump'!$J$7:$J$80000,$A20,'Data Dump'!$C$7:$C$80000,\">\"&Q$9,'Data Dump'!$C$7:$C$80000,\"<=\"&R$9,'Data Dump'!$F$7:$F$80000,$A$4),2)","v":0},{"$f":"ROUND(SUMIFS('Data Dump'!$I$7:$I$80000,'Data Dump'!$J$7:$J$80000,$A20,'Data Dump'!$C$7:$C$80000,\">\"&R$9,'Data Dump'!$C$7:$C$80000,\"<=\"&S$9,'Data Dump'!$F$7:$F$80000,$A$4),2)","v":0},{"$f":"ROUND(SUMIFS('Data Dump'!$I$7:$I$80000,'Data Dump'!$J$7:$J$80000,$A20,'Data Dump'!$C$7:$C$80000,\">\"&S$9,'Data Dump'!$C$7:$C$80000,\"<=\"&T$9,'Data Dump'!$F$7:$F$80000,$A$4),2)","v":0},{"$f":"ROUND(SUMIFS('Data Dump'!$I$7:$I$80000,'Data Dump'!$J$7:$J$80000,$A20,'Data Dump'!$C$7:$C$80000,\">\"&T$9,'Data Dump'!$C$7:$C$80000,\"<=\"&U$9,'Data Dump'!$F$7:$F$80000,$A$4),2)","v":0},{"$f":"ROUND(SUMIFS('Data Dump'!$I$7:$I$80000,'Data Dump'!$J$7:$J$80000,$A20,'Data Dump'!$C$7:$C$80000,\">\"&U$9,'Data Dump'!$C$7:$C$80000,\"<=\"&V$9,'Data Dump'!$F$7:$F$80000,$A$4),2)","v":0},{"$f":"ROUND(SUMIFS('Data Dump'!$I$7:$I$80000,'Data Dump'!$J$7:$J$80000,$A20,'Data Dump'!$C$7:$C$80000,\">\"&V$9,'Data Dump'!$C$7:$C$80000,\"<=\"&W$9,'Data Dump'!$F$7:$F$80000,$A$4),2)","v":0}]
["Direct Software",null,{"$f":"ROUND(SUMIFS('Data Dump'!$I$7:$I$80000,'Data Dump'!$J$7:$J$80000,$A21,'Data Dump'!$C$7:$C$80000,\">\"&B$9,'Data Dump'!$C$7:$C$80000,\"<=\"&C$9,'Data Dump'!$F$7:$F$80000,$A$4),2)","v":0},{"$f":"ROUND(SUMIFS('Data Dump'!$I$7:$I$80000,'Data Dump'!$J$7:$J$80000,$A21,'Data Dump'!$C$7:$C$80000,\">\"&C$9,'Data Dump'!$C$7:$C$80000,\"<=\"&D$9,'Data Dump'!$F$7:$F$80000,$A$4),2)","v":0},{"$f":"ROUND(SUMIFS('Data Dump'!$I$7:$I$80000,'Data Dump'!$J$7:$J$80000,$A21,'Data Dump'!$C$7:$C$80000,\">\"&D$9,'Data Dump'!$C$7:$C$80000,\"<=\"&E$9,'Data Dump'!$F$7:$F$80000,$A$4),2)","v":0},{"$f":"ROUND(SUMIFS('Data Dump'!$I$7:$I$80000,'Data Dump'!$J$7:$J$80000,$A21,'Data Dump'!$C$7:$C$80000,\">\"&E$9,'Data Dump'!$C$7:$C$80000,\"<=\"&F$9,'Data Dump'!$F$7:$F$80000,$A$4),2)","v":0},{"$f":"ROUND(SUMIFS('Data Dump'!$I$7:$I$80000,'Data Dump'!$J$7:$J$80000,$A21,'Data Dump'!$C$7:$C$80000,\">\"&F$9,'Data Dump'!$C$7:$C$80000,\"<=\"&G$9,'Data Dump'!$F$7:$F$80000,$A$4),2)","v":0},{"$f":"ROUND(SUMIFS('Data Dump'!$I$7:$I$80000,'Data Dump'!$J$7:$J$80000,$A21,'Data Dump'!$C$7:$C$80000,\">\"&G$9,'Data Dump'!$C$7:$C$80000,\"<=\"&H$9,'Data Dump'!$F$7:$F$80000,$A$4),2)","v":0},{"$f":"ROUND(SUMIFS('Data Dump'!$I$7:$I$80000,'Data Dump'!$J$7:$J$80000,$A21,'Data Dump'!$C$7:$C$80000,\">\"&H$9,'Data Dump'!$C$7:$C$80000,\"<=\"&I$9,'Data Dump'!$F$7:$F$80000,$A$4),2)","v":0},{"$f":"ROUND(SUMIFS('Data Dump'!$I$7:$I$80000,'Data Dump'!$J$7:$J$80000,$A21,'Data Dump'!$C$7:$C$80000,\">\"&I$9,'Data Dump'!$C$7:$C$80000,\"<=\"&J$9,'Data Dump'!$F$7:$F$80000,$A$4),2)","v":0},{"$f":"ROUND(SUMIFS('Data Dump'!$I$7:$I$80000,'Data Dump'!$J$7:$J$80000,$A21,'Data Dump'!$C$7:$C$80000,\">\"&J$9,'Data Dump'!$C$7:$C$80000,\"<=\"&K$9,'Data Dump'!$F$7:$F$80000,$A$4),2)","v":0},{"$f":"ROUND(SUMIFS('Data Dump'!$I$7:$I$80000,'Data Dump'!$J$7:$J$80000,$A21,'Data Dump'!$C$7:$C$80000,\">\"&K$9,'Data Dump'!$C$7:$C$80000,\"<=\"&L$9,'Data Dump'!$F$7:$F$80000,$A$4),2)","v":0},{"$f":"ROUND(SUMIFS('Data Dump'!$I$7:$I$80000,'Data Dump'!$J$7:$J$80000,$A21,'Data Dump'!$C$7:$C$80000,\">\"&L$9,'Data Dump'!$C$7:$C$80000,\"<=\"&M$9,'Data Dump'!$F$7:$F$80000,$A$4),2)","v":0},{"$f":"ROUND(SUMIFS('Data Dump'!$I$7:$I$80000,'Data Dump'!$J$7:$J$80000,$A21,'Data Dump'!$C$7:$C$80000,\">\"&M$9,'Data Dump'!$C$7:$C$80000,\"<=\"&N$9,'Data Dump'!$F$7:$F$80000,$A$4),2)","v":0},{"$f":"ROUND(SUMIFS('Data Dump'!$I$7:$I$80000,'Data Dump'!$J$7:$J$80000,$A21,'Data Dump'!$C$7:$C$80000,\">\"&N$9,'Data Dump'!$C$7:$C$80000,\"<=\"&O$9,'Data Dump'!$F$7:$F$80000,$A$4),2)","v":0},{"$f":"ROUND(SUMIFS('Data Dump'!$I$7:$I$80000,'Data Dump'!$J$7:$J$80000,$A21,'Data Dump'!$C$7:$C$80000,\">\"&O$9,'Data Dump'!$C$7:$C$80000,\"<=\"&P$9,'Data Dump'!$F$7:$F$80000,$A$4),2)","v":0},{"$f":"ROUND(SUMIFS('Data Dump'!$I$7:$I$80000,'Data Dump'!$J$7:$J$80000,$A21,'Data Dump'!$C$7:$C$80000,\">\"&P$9,'Data Dump'!$C$7:$C$80000,\"<=\"&Q$9,'Data Dump'!$F$7:$F$80000,$A$4),2)","v":0},{"$f":"ROUND(SUMIFS('Data Dump'!$I$7:$I$80000,'Data Dump'!$J$7:$J$80000,$A21,'Data Dump'!$C$7:$C$80000,\">\"&Q$9,'Data Dump'!$C$7:$C$80000,\"<=\"&R$9,'Data Dump'!$F$7:$F$80000,$A$4),2)","v":0},{"$f":"ROUND(SUMIFS('Data Dump'!$I$7:$I$80000,'Data Dump'!$J$7:$J$80000,$A21,'Data Dump'!$C$7:$C$80000,\">\"&R$9,'Data Dump'!$C$7:$C$80000,\"<=\"&S$9,'Data Dump'!$F$7:$F$80000,$A$4),2)","v":0},{"$f":"ROUND(SUMIFS('Data Dump'!$I$7:$I$80000,'Data Dump'!$J$7:$J$80000,$A21,'Data Dump'!$C$7:$C$80000,\">\"&S$9,'Data Dump'!$C$7:$C$80000,\"<=\"&T$9,'Data Dump'!$F$7:$F$80000,$A$4),2)","v":0},{"$f":"ROUND(SUMIFS('Data Dump'!$I$7:$I$80000,'Data Dump'!$J$7:$J$80000,$A21,'Data Dump'!$C$7:$C$80000,\">\"&T$9,'Data Dump'!$C$7:$C$80000,\"<=\"&U$9,'Data Dump'!$F$7:$F$80000,$A$4),2)","v":0},{"$f":"ROUND(SUMIFS('Data Dump'!$I$7:$I$80000,'Data Dump'!$J$7:$J$80000,$A21,'Data Dump'!$C$7:$C$80000,\">\"&U$9,'Data Dump'!$C$7:$C$80000,\"<=\"&V$9,'Data Dump'!$F$7:$F$80000,$A$4),2)","v":0},{"$f":"ROUND(SUMIFS('Data Dump'!$I$7:$I$80000,'Data Dump'!$J$7:$J$80000,$A21,'Data Dump'!$C$7:$C$80000,\">\"&V$9,'Data Dump'!$C$7:$C$80000,\"<=\"&W$9,'Data Dump'!$F$7:$F$80000,$A$4),2)","v":0}]
["Occupancy Expenses",null,{"$f":"ROUND(SUMIFS('Data Dump'!$I$7:$I$80000,'Data Dump'!$J$7:$J$80000,$A22,'Data Dump'!$C$7:$C$80000,\">\"&B$9,'Data Dump'!$C$7:$C$80000,\"<=\"&C$9,'Data Dump'!$F$7:$F$80000,$A$4),2)","v":0},{"$f":"ROUND(SUMIFS('Data Dump'!$I$7:$I$80000,'Data Dump'!$J$7:$J$80000,$A22,'Data Dump'!$C$7:$C$80000,\">\"&C$9,'Data Dump'!$C$7:$C$80000,\"<=\"&D$9,'Data Dump'!$F$7:$F$80000,$A$4),2)","v":0},{"$f":"ROUND(SUMIFS('Data Dump'!$I$7:$I$80000,'Data Dump'!$J$7:$J$80000,$A22,'Data Dump'!$C$7:$C$80000,\">\"&D$9,'Data Dump'!$C$7:$C$80000,\"<=\"&E$9,'Data Dump'!$F$7:$F$80000,$A$4),2)","v":0},{"$f":"ROUND(SUMIFS('Data Dump'!$I$7:$I$80000,'Data Dump'!$J$7:$J$80000,$A22,'Data Dump'!$C$7:$C$80000,\">\"&E$9,'Data Dump'!$C$7:$C$80000,\"<=\"&F$9,'Data Dump'!$F$7:$F$80000,$A$4),2)","v":0},{"$f":"ROUND(SUMIFS('Data Dump'!$I$7:$I$80000,'Data Dump'!$J$7:$J$80000,$A22,'Data Dump'!$C$7:$C$80000,\">\"&F$9,'Data Dump'!$C$7:$C$80000,\"<=\"&G$9,'Data Dump'!$F$7:$F$80000,$A$4),2)","v":0},{"$f":"ROUND(SUMIFS('Data Dump'!$I$7:$I$80000,'Data Dump'!$J$7:$J$80000,$A22,'Data Dump'!$C$7:$C$80000,\">\"&G$9,'Data Dump'!$C$7:$C$80000,\"<=\"&H$9,'Data Dump'!$F$7:$F$80000,$A$4),2)","v":0},{"$f":"ROUND(SUMIFS('Data Dump'!$I$7:$I$80000,'Data Dump'!$J$7:$J$80000,$A22,'Data Dump'!$C$7:$C$80000,\">\"&H$9,'Data Dump'!$C$7:$C$80000,\"<=\"&I$9,'Data Dump'!$F$7:$F$80000,$A$4),2)","v":0},{"$f":"ROUND(SUMIFS('Data Dump'!$I$7:$I$80000,'Data Dump'!$J$7:$J$80000,$A22,'Data Dump'!$C$7:$C$80000,\">\"&I$9,'Data Dump'!$C$7:$C$80000,\"<=\"&J$9,'Data Dump'!$F$7:$F$80000,$A$4),2)","v":0},{"$f":"ROUND(SUMIFS('Data Dump'!$I$7:$I$80000,'Data Dump'!$J$7:$J$80000,$A22,'Data Dump'!$C$7:$C$80000,\">\"&J$9,'Data Dump'!$C$7:$C$80000,\"<=\"&K$9,'Data Dump'!$F$7:$F$80000,$A$4),2)","v":0},{"$f":"ROUND(SUMIFS('Data Dump'!$I$7:$I$80000,'Data Dump'!$J$7:$J$80000,$A22,'Data Dump'!$C$7:$C$80000,\">\"&K$9,'Data Dump'!$C$7:$C$80000,\"<=\"&L$9,'Data Dump'!$F$7:$F$80000,$A$4),2)","v":0},{"$f":"ROUND(SUMIFS('Data Dump'!$I$7:$I$80000,'Data Dump'!$J$7:$J$80000,$A22,'Data Dump'!$C$7:$C$80000,\">\"&L$9,'Data Dump'!$C$7:$C$80000,\"<=\"&M$9,'Data Dump'!$F$7:$F$80000,$A$4),2)","v":0},{"$f":"ROUND(SUMIFS('Data Dump'!$I$7:$I$80000,'Data Dump'!$J$7:$J$80000,$A22,'Data Dump'!$C$7:$C$80000,\">\"&M$9,'Data Dump'!$C$7:$C$80000,\"<=\"&N$9,'Data Dump'!$F$7:$F$80000,$A$4),2)","v":0},{"$f":"ROUND(SUMIFS('Data Dump'!$I$7:$I$80000,'Data Dump'!$J$7:$J$80000,$A22,'Data Dump'!$C$7:$C$80000,\">\"&N$9,'Data Dump'!$C$7:$C$80000,\"<=\"&O$9,'Data Dump'!$F$7:$F$80000,$A$4),2)","v":0},{"$f":"ROUND(SUMIFS('Data Dump'!$I$7:$I$80000,'Data Dump'!$J$7:$J$80000,$A22,'Data Dump'!$C$7:$C$80000,\">\"&O$9,'Data Dump'!$C$7:$C$80000,\"<=\"&P$9,'Data Dump'!$F$7:$F$80000,$A$4),2)","v":0},{"$f":"ROUND(SUMIFS('Data Dump'!$I$7:$I$80000,'Data Dump'!$J$7:$J$80000,$A22,'Data Dump'!$C$7:$C$80000,\">\"&P$9,'Data Dump'!$C$7:$C$80000,\"<=\"&Q$9,'Data Dump'!$F$7:$F$80000,$A$4),2)","v":0},{"$f":"ROUND(SUMIFS('Data Dump'!$I$7:$I$80000,'Data Dump'!$J$7:$J$80000,$A22,'Data Dump'!$C$7:$C$80000,\">\"&Q$9,'Data Dump'!$C$7:$C$80000,\"<=\"&R$9,'Data Dump'!$F$7:$F$80000,$A$4),2)","v":0},{"$f":"ROUND(SUMIFS('Data Dump'!$I$7:$I$80000,'Data Dump'!$J$7:$J$80000,$A22,'Data Dump'!$C$7:$C$80000,\">\"&R$9,'Data Dump'!$C$7:$C$80000,\"<=\"&S$9,'Data Dump'!$F$7:$F$80000,$A$4),2)","v":0},{"$f":"ROUND(SUMIFS('Data Dump'!$I$7:$I$80000,'Data Dump'!$J$7:$J$80000,$A22,'Data Dump'!$C$7:$C$80000,\">\"&S$9,'Data Dump'!$C$7:$C$80000,\"<=\"&T$9,'Data Dump'!$F$7:$F$80000,$A$4),2)","v":0},{"$f":"ROUND(SUMIFS('Data Dump'!$I$7:$I$80000,'Data Dump'!$J$7:$J$80000,$A22,'Data Dump'!$C$7:$C$80000,\">\"&T$9,'Data Dump'!$C$7:$C$80000,\"<=\"&U$9,'Data Dump'!$F$7:$F$80000,$A$4),2)","v":0},{"$f":"ROUND(SUMIFS('Data Dump'!$I$7:$I$80000,'Data Dump'!$J$7:$J$80000,$A22,'Data Dump'!$C$7:$C$80000,\">\"&U$9,'Data Dump'!$C$7:$C$80000,\"<=\"&V$9,'Data Dump'!$F$7:$F$80000,$A$4),2)","v":0},{"$f":"ROUND(SUMIFS('Data Dump'!$I$7:$I$80000,'Data Dump'!$J$7:$J$80000,$A22,'Data Dump'!$C$7:$C$80000,\">\"&V$9,'Data Dump'!$C$7:$C$80000,\"<=\"&W$9,'Data Dump'!$F$7:$F$80000,$A$4),2)","v":0}]
["Travel",null,{"$f":"ROUND(SUMIFS('Data Dump'!$I$7:$I$80000,'Data Dump'!$J$7:$J$80000,$A23,'Data Dump'!$C$7:$C$80000,\">\"&B$9,'Data Dump'!$C$7:$C$80000,\"<=\"&C$9,'Data Dump'!$F$7:$F$80000,$A$4),2)","v":0},{"$f":"ROUND(SUMIFS('Data Dump'!$I$7:$I$80000,'Data Dump'!$J$7:$J$80000,$A23,'Data Dump'!$C$7:$C$80000,\">\"&C$9,'Data Dump'!$C$7:$C$80000,\"<=\"&D$9,'Data Dump'!$F$7:$F$80000,$A$4),2)","v":0},{"$f":"ROUND(SUMIFS('Data Dump'!$I$7:$I$80000,'Data Dump'!$J$7:$J$80000,$A23,'Data Dump'!$C$7:$C$80000,\">\"&D$9,'Data Dump'!$C$7:$C$80000,\"<=\"&E$9,'Data Dump'!$F$7:$F$80000,$A$4),2)","v":0},{"$f":"ROUND(SUMIFS('Data Dump'!$I$7:$I$80000,'Data Dump'!$J$7:$J$80000,$A23,'Data Dump'!$C$7:$C$80000,\">\"&E$9,'Data Dump'!$C$7:$C$80000,\"<=\"&F$9,'Data Dump'!$F$7:$F$80000,$A$4),2)","v":0},{"$f":"ROUND(SUMIFS('Data Dump'!$I$7:$I$80000,'Data Dump'!$J$7:$J$80000,$A23,'Data Dump'!$C$7:$C$80000,\">\"&F$9,'Data Dump'!$C$7:$C$80000,\"<=\"&G$9,'Data Dump'!$F$7:$F$80000,$A$4),2)","v":0},{"$f":"ROUND(SUMIFS('Data Dump'!$I$7:$I$80000,'Data Dump'!$J$7:$J$80000,$A23,'Data Dump'!$C$7:$C$80000,\">\"&G$9,'Data Dump'!$C$7:$C$80000,\"<=\"&H$9,'Data Dump'!$F$7:$F$80000,$A$4),2)","v":0},{"$f":"ROUND(SUMIFS('Data Dump'!$I$7:$I$80000,'Data Dump'!$J$7:$J$80000,$A23,'Data Dump'!$C$7:$C$80000,\">\"&H$9,'Data Dump'!$C$7:$C$80000,\"<=\"&I$9,'Data Dump'!$F$7:$F$80000,$A$4),2)","v":0},{"$f":"ROUND(SUMIFS('Data Dump'!$I$7:$I$80000,'Data Dump'!$J$7:$J$80000,$A23,'Data Dump'!$C$7:$C$80000,\">\"&I$9,'Data Dump'!$C$7:$C$80000,\"<=\"&J$9,'Data Dump'!$F$7:$F$80000,$A$4),2)","v":0},{"$f":"ROUND(SUMIFS('Data Dump'!$I$7:$I$80000,'Data Dump'!$J$7:$J$80000,$A23,'Data Dump'!$C$7:$C$80000,\">\"&J$9,'Data Dump'!$C$7:$C$80000,\"<=\"&K$9,'Data Dump'!$F$7:$F$80000,$A$4),2)","v":0},{"$f":"ROUND(SUMIFS('Data Dump'!$I$7:$I$80000,'Data Dump'!$J$7:$J$80000,$A23,'Data Dump'!$C$7:$C$80000,\">\"&K$9,'Data Dump'!$C$7:$C$80000,\"<=\"&L$9,'Data Dump'!$F$7:$F$80000,$A$4),2)","v":0},{"$f":"ROUND(SUMIFS('Data Dump'!$I$7:$I$80000,'Data Dump'!$J$7:$J$80000,$A23,'Data Dump'!$C$7:$C$80000,\">\"&L$9,'Data Dump'!$C$7:$C$80000,\"<=\"&M$9,'Data Dump'!$F$7:$F$80000,$A$4),2)","v":0},{"$f":"ROUND(SUMIFS('Data Dump'!$I$7:$I$80000,'Data Dump'!$J$7:$J$80000,$A23,'Data Dump'!$C$7:$C$80000,\">\"&M$9,'Data Dump'!$C$7:$C$80000,\"<=\"&N$9,'Data Dump'!$F$7:$F$80000,$A$4),2)","v":0},{"$f":"ROUND(SUMIFS('Data Dump'!$I$7:$I$80000,'Data Dump'!$J$7:$J$80000,$A23,'Data Dump'!$C$7:$C$80000,\">\"&N$9,'Data Dump'!$C$7:$C$80000,\"<=\"&O$9,'Data Dump'!$F$7:$F$80000,$A$4),2)","v":0},{"$f":"ROUND(SUMIFS('Data Dump'!$I$7:$I$80000,'Data Dump'!$J$7:$J$80000,$A23,'Data Dump'!$C$7:$C$80000,\">\"&O$9,'Data Dump'!$C$7:$C$80000,\"<=\"&P$9,'Data Dump'!$F$7:$F$80000,$A$4),2)","v":0},{"$f":"ROUND(SUMIFS('Data Dump'!$I$7:$I$80000,'Data Dump'!$J$7:$J$80000,$A23,'Data Dump'!$C$7:$C$80000,\">\"&P$9,'Data Dump'!$C$7:$C$80000,\"<=\"&Q$9,'Data Dump'!$F$7:$F$80000,$A$4),2)","v":0},{"$f":"ROUND(SUMIFS('Data Dump'!$I$7:$I$80000,'Data Dump'!$J$7:$J$80000,$A23,'Data Dump'!$C$7:$C$80000,\">\"&Q$9,'Data Dump'!$C$7:$C$80000,\"<=\"&R$9,'Data Dump'!$F$7:$F$80000,$A$4),2)","v":0},{"$f":"ROUND(SUMIFS('Data Dump'!$I$7:$I$80000,'Data Dump'!$J$7:$J$80000,$A23,'Data Dump'!$C$7:$C$80000,\">\"&R$9,'Data Dump'!$C$7:$C$80000,\"<=\"&S$9,'Data Dump'!$F$7:$F$80000,$A$4),2)","v":0},{"$f":"ROUND(SUMIFS('Data Dump'!$I$7:$I$80000,'Data Dump'!$J$7:$J$80000,$A23,'Data Dump'!$C$7:$C$80000,\">\"&S$9,'Data Dump'!$C$7:$C$80000,\"<=\"&T$9,'Data Dump'!$F$7:$F$80000,$A$4),2)","v":0},{"$f":"ROUND(SUMIFS('Data Dump'!$I$7:$I$80000,'Data Dump'!$J$7:$J$80000,$A23,'Data Dump'!$C$7:$C$80000,\">\"&T$9,'Data Dump'!$C$7:$C$80000,\"<=\"&U$9,'Data Dump'!$F$7:$F$80000,$A$4),2)","v":0},{"$f":"ROUND(SUMIFS('Data Dump'!$I$7:$I$80000,'Data Dump'!$J$7:$J$80000,$A23,'Data Dump'!$C$7:$C$80000,\">\"&U$9,'Data Dump'!$C$7:$C$80000,\"<=\"&V$9,'Data Dump'!$F$7:$F$80000,$A$4),2)","v":0},{"$f":"ROUND(SUMIFS('Data Dump'!$I$7:$I$80000,'Data Dump'!$J$7:$J$80000,$A23,'Data Dump'!$C$7:$C$80000,\">\"&V$9,'Data Dump'!$C$7:$C$80000,\"<=\"&W$9,'Data Dump'!$F$7:$F$80000,$A$4),2)","v":0}]
["Other",null,{"$f":"ROUND(SUMIFS('Data Dump'!$I$7:$I$80000,'Data Dump'!$J$7:$J$80000,$A24,'Data Dump'!$C$7:$C$80000,\">\"&B$9,'Data Dump'!$C$7:$C$80000,\"<=\"&C$9,'Data Dump'!$F$7:$F$80000,$A$4),2)","v":0},{"$f":"ROUND(SUMIFS('Data Dump'!$I$7:$I$80000,'Data Dump'!$J$7:$J$80000,$A24,'Data Dump'!$C$7:$C$80000,\">\"&C$9,'Data Dump'!$C$7:$C$80000,\"<=\"&D$9,'Data Dump'!$F$7:$F$80000,$A$4),2)","v":0},{"$f":"ROUND(SUMIFS('Data Dump'!$I$7:$I$80000,'Data Dump'!$J$7:$J$80000,$A24,'Data Dump'!$C$7:$C$80000,\">\"&D$9,'Data Dump'!$C$7:$C$80000,\"<=\"&E$9,'Data Dump'!$F$7:$F$80000,$A$4),2)","v":0},{"$f":"ROUND(SUMIFS('Data Dump'!$I$7:$I$80000,'Data Dump'!$J$7:$J$80000,$A24,'Data Dump'!$C$7:$C$80000,\">\"&E$9,'Data Dump'!$C$7:$C$80000,\"<=\"&F$9,'Data Dump'!$F$7:$F$80000,$A$4),2)","v":0},{"$f":"ROUND(SUMIFS('Data Dump'!$I$7:$I$80000,'Data Dump'!$J$7:$J$80000,$A24,'Data Dump'!$C$7:$C$80000,\">\"&F$9,'Data Dump'!$C$7:$C$80000,\"<=\"&G$9,'Data Dump'!$F$7:$F$80000,$A$4),2)","v":0},{"$f":"ROUND(SUMIFS('Data Dump'!$I$7:$I$80000,'Data Dump'!$J$7:$J$80000,$A24,'Data Dump'!$C$7:$C$80000,\">\"&G$9,'Data Dump'!$C$7:$C$80000,\"<=\"&H$9,'Data Dump'!$F$7:$F$80000,$A$4),2)","v":0},{"$f":"ROUND(SUMIFS('Data Dump'!$I$7:$I$80000,'Data Dump'!$J$7:$J$80000,$A24,'Data Dump'!$C$7:$C$80000,\">\"&H$9,'Data Dump'!$C$7:$C$80000,\"<=\"&I$9,'Data Dump'!$F$7:$F$80000,$A$4),2)","v":0},{"$f":"ROUND(SUMIFS('Data Dump'!$I$7:$I$80000,'Data Dump'!$J$7:$J$80000,$A24,'Data Dump'!$C$7:$C$80000,\">\"&I$9,'Data Dump'!$C$7:$C$80000,\"<=\"&J$9,'Data Dump'!$F$7:$F$80000,$A$4),2)","v":0},{"$f":"ROUND(SUMIFS('Data Dump'!$I$7:$I$80000,'Data Dump'!$J$7:$J$80000,$A24,'Data Dump'!$C$7:$C$80000,\">\"&J$9,'Data Dump'!$C$7:$C$80000,\"<=\"&K$9,'Data Dump'!$F$7:$F$80000,$A$4),2)","v":0},{"$f":"ROUND(SUMIFS('Data Dump'!$I$7:$I$80000,'Data Dump'!$J$7:$J$80000,$A24,'Data Dump'!$C$7:$C$80000,\">\"&K$9,'Data Dump'!$C$7:$C$80000,\"<=\"&L$9,'Data Dump'!$F$7:$F$80000,$A$4),2)","v":0},{"$f":"ROUND(SUMIFS('Data Dump'!$I$7:$I$80000,'Data Dump'!$J$7:$J$80000,$A24,'Data Dump'!$C$7:$C$80000,\">\"&L$9,'Data Dump'!$C$7:$C$80000,\"<=\"&M$9,'Data Dump'!$F$7:$F$80000,$A$4),2)","v":0},{"$f":"ROUND(SUMIFS('Data Dump'!$I$7:$I$80000,'Data Dump'!$J$7:$J$80000,$A24,'Data Dump'!$C$7:$C$80000,\">\"&M$9,'Data Dump'!$C$7:$C$80000,\"<=\"&N$9,'Data Dump'!$F$7:$F$80000,$A$4),2)","v":0},{"$f":"ROUND(SUMIFS('Data Dump'!$I$7:$I$80000,'Data Dump'!$J$7:$J$80000,$A24,'Data Dump'!$C$7:$C$80000,\">\"&N$9,'Data Dump'!$C$7:$C$80000,\"<=\"&O$9,'Data Dump'!$F$7:$F$80000,$A$4),2)","v":0},{"$f":"ROUND(SUMIFS('Data Dump'!$I$7:$I$80000,'Data Dump'!$J$7:$J$80000,$A24,'Data Dump'!$C$7:$C$80000,\">\"&O$9,'Data Dump'!$C$7:$C$80000,\"<=\"&P$9,'Data Dump'!$F$7:$F$80000,$A$4),2)","v":0},{"$f":"ROUND(SUMIFS('Data Dump'!$I$7:$I$80000,'Data Dump'!$J$7:$J$80000,$A24,'Data Dump'!$C$7:$C$80000,\">\"&P$9,'Data Dump'!$C$7:$C$80000,\"<=\"&Q$9,'Data Dump'!$F$7:$F$80000,$A$4),2)","v":0},{"$f":"ROUND(SUMIFS('Data Dump'!$I$7:$I$80000,'Data Dump'!$J$7:$J$80000,$A24,'Data Dump'!$C$7:$C$80000,\">\"&Q$9,'Data Dump'!$C$7:$C$80000,\"<=\"&R$9,'Data Dump'!$F$7:$F$80000,$A$4),2)","v":0},{"$f":"ROUND(SUMIFS('Data Dump'!$I$7:$I$80000,'Data Dump'!$J$7:$J$80000,$A24,'Data Dump'!$C$7:$C$80000,\">\"&R$9,'Data Dump'!$C$7:$C$80000,\"<=\"&S$9,'Data Dump'!$F$7:$F$80000,$A$4),2)","v":0},{"$f":"ROUND(SUMIFS('Data Dump'!$I$7:$I$80000,'Data Dump'!$J$7:$J$80000,$A24,'Data Dump'!$C$7:$C$80000,\">\"&S$9,'Data Dump'!$C$7:$C$80000,\"<=\"&T$9,'Data Dump'!$F$7:$F$80000,$A$4),2)","v":0},{"$f":"ROUND(SUMIFS('Data Dump'!$I$7:$I$80000,'Data Dump'!$J$7:$J$80000,$A24,'Data Dump'!$C$7:$C$80000,\">\"&T$9,'Data Dump'!$C$7:$C$80000,\"<=\"&U$9,'Data Dump'!$F$7:$F$80000,$A$4),2)","v":0},{"$f":"ROUND(SUMIFS('Data Dump'!$I$7:$I$80000,'Data Dump'!$J$7:$J$80000,$A24,'Data Dump'!$C$7:$C$80000,\">\"&U$9,'Data Dump'!$C$7:$C$80000,\"<=\"&V$9,'Data Dump'!$F$7:$F$80000,$A$4),2)","v":0},{"$f":"ROUND(SUMIFS('Data Dump'!$I$7:$I$80000,'Data Dump'!$J$7:$J$80000,$A24,'Data Dump'!$C$7:$C$80000,\">\"&V$9,'Data Dump'!$C$7:$C$80000,\"<=\"&W$9,'Data Dump'!$F$7:$F$80000,$A$4),2)","v":0}]
[null,"=","=","=","=","=","=","=","=","=","=","=","=","=","=","=","=","=","=","=","=","=","="]
["TOTAL COST OF GOODS SOLD",null,{"$f":"+SUM(C12:C24)","v":0},{"$f":"+SUM(D12:D24)","v":0},{"$f":"+SUM(E12:E24)","v":0},{"$f":"+SUM(F12:F24)","v":0},0,0,0,0,0,0,0,0,0,0,0,0,0,0,0,0,0]
[null,"=","=","=","=","=","=","=","=","=","=","=","=","=","=","=","=","=","=","=","=","=","="]
["SALARIES, TAXES, & BENEFITS"]
[]
["Salaries",null,{"$f":"ROUND(SUMIFS('Data Dump'!$I$7:$I$80000,'Data Dump'!$J$7:$J$80000,$A30,'Data Dump'!$C$7:$C$80000,\">\"&B$9,'Data Dump'!$C$7:$C$80000,\"<=\"&C$9,'Data Dump'!$F$7:$F$80000,$A$4),2)","v":0},{"$f":"ROUND(SUMIFS('Data Dump'!$I$7:$I$80000,'Data Dump'!$J$7:$J$80000,$A30,'Data Dump'!$C$7:$C$80000,\">\"&C$9,'Data Dump'!$C$7:$C$80000,\"<=\"&D$9,'Data Dump'!$F$7:$F$80000,$A$4),2)","v":0},{"$f":"ROUND(SUMIFS('Data Dump'!$I$7:$I$80000,'Data Dump'!$J$7:$J$80000,$A30,'Data Dump'!$C$7:$C$80000,\">\"&D$9,'Data Dump'!$C$7:$C$80000,\"<=\"&E$9,'Data Dump'!$F$7:$F$80000,$A$4),2)","v":0},{"$f":"ROUND(SUMIFS('Data Dump'!$I$7:$I$80000,'Data Dump'!$J$7:$J$80000,$A30,'Data Dump'!$C$7:$C$80000,\">\"&E$9,'Data Dump'!$C$7:$C$80000,\"<=\"&F$9,'Data Dump'!$F$7:$F$80000,$A$4),2)","v":0},{"$f":"ROUND(SUMIFS('Data Dump'!$I$7:$I$80000,'Data Dump'!$J$7:$J$80000,$A30,'Data Dump'!$C$7:$C$80000,\">\"&F$9,'Data Dump'!$C$7:$C$80000,\"<=\"&G$9,'Data Dump'!$F$7:$F$80000,$A$4),2)","v":0},{"$f":"ROUND(SUMIFS('Data Dump'!$I$7:$I$80000,'Data Dump'!$J$7:$J$80000,$A30,'Data Dump'!$C$7:$C$80000,\">\"&G$9,'Data Dump'!$C$7:$C$80000,\"<=\"&H$9,'Data Dump'!$F$7:$F$80000,$A$4),2)","v":0},{"$f":"ROUND(SUMIFS('Data Dump'!$I$7:$I$80000,'Data Dump'!$J$7:$J$80000,$A30,'Data Dump'!$C$7:$C$80000,\">\"&H$9,'Data Dump'!$C$7:$C$80000,\"<=\"&I$9,'Data Dump'!$F$7:$F$80000,$A$4),2)","v":0},{"$f":"ROUND(SUMIFS('Data Dump'!$I$7:$I$80000,'Data Dump'!$J$7:$J$80000,$A30,'Data Dump'!$C$7:$C$80000,\">\"&I$9,'Data Dump'!$C$7:$C$80000,\"<=\"&J$9,'Data Dump'!$F$7:$F$80000,$A$4),2)","v":0},{"$f":"ROUND(SUMIFS('Data Dump'!$I$7:$I$80000,'Data Dump'!$J$7:$J$80000,$A30,'Data Dump'!$C$7:$C$80000,\">\"&J$9,'Data Dump'!$C$7:$C$80000,\"<=\"&K$9,'Data Dump'!$F$7:$F$80000,$A$4),2)","v":0},{"$f":"ROUND(SUMIFS('Data Dump'!$I$7:$I$80000,'Data Dump'!$J$7:$J$80000,$A30,'Data Dump'!$C$7:$C$80000,\">\"&K$9,'Data Dump'!$C$7:$C$80000,\"<=\"&L$9,'Data Dump'!$F$7:$F$80000,$A$4),2)","v":0},{"$f":"ROUND(SUMIFS('Data Dump'!$I$7:$I$80000,'Data Dump'!$J$7:$J$80000,$A30,'Data Dump'!$C$7:$C$80000,\">\"&L$9,'Data Dump'!$C$7:$C$80000,\"<=\"&M$9,'Data Dump'!$F$7:$F$80000,$A$4),2)","v":0},{"$f":"ROUND(SUMIFS('Data Dump'!$I$7:$I$80000,'Data Dump'!$J$7:$J$80000,$A30,'Data Dump'!$C$7:$C$80000,\">\"&M$9,'Data Dump'!$C$7:$C$80000,\"<=\"&N$9,'Data Dump'!$F$7:$F$80000,$A$4),2)","v":0},{"$f":"ROUND(SUMIFS('Data Dump'!$I$7:$I$80000,'Data Dump'!$J$7:$J$80000,$A30,'Data Dump'!$C$7:$C$80000,\">\"&N$9,'Data Dump'!$C$7:$C$80000,\"<=\"&O$9,'Data Dump'!$F$7:$F$80000,$A$4),2)","v":0},{"$f":"ROUND(SUMIFS('Data Dump'!$I$7:$I$80000,'Data Dump'!$J$7:$J$80000,$A30,'Data Dump'!$C$7:$C$80000,\">\"&O$9,'Data Dump'!$C$7:$C$80000,\"<=\"&P$9,'Data Dump'!$F$7:$F$80000,$A$4),2)","v":0},{"$f":"ROUND(SUMIFS('Data Dump'!$I$7:$I$80000,'Data Dump'!$J$7:$J$80000,$A30,'Data Dump'!$C$7:$C$80000,\">\"&P$9,'Data Dump'!$C$7:$C$80000,\"<=\"&Q$9,'Data Dump'!$F$7:$F$80000,$A$4),2)","v":0},{"$f":"ROUND(SUMIFS('Data Dump'!$I$7:$I$80000,'Data Dump'!$J$7:$J$80000,$A30,'Data Dump'!$C$7:$C$80000,\">\"&Q$9,'Data Dump'!$C$7:$C$80000,\"<=\"&R$9,'Data Dump'!$F$7:$F$80000,$A$4),2)","v":0},{"$f":"ROUND(SUMIFS('Data Dump'!$I$7:$I$80000,'Data Dump'!$J$7:$J$80000,$A30,'Data Dump'!$C$7:$C$80000,\">\"&R$9,'Data Dump'!$C$7:$C$80000,\"<=\"&S$9,'Data Dump'!$F$7:$F$80000,$A$4),2)","v":0},{"$f":"ROUND(SUMIFS('Data Dump'!$I$7:$I$80000,'Data Dump'!$J$7:$J$80000,$A30,'Data Dump'!$C$7:$C$80000,\">\"&S$9,'Data Dump'!$C$7:$C$80000,\"<=\"&T$9,'Data Dump'!$F$7:$F$80000,$A$4),2)","v":0},{"$f":"ROUND(SUMIFS('Data Dump'!$I$7:$I$80000,'Data Dump'!$J$7:$J$80000,$A30,'Data Dump'!$C$7:$C$80000,\">\"&T$9,'Data Dump'!$C$7:$C$80000,\"<=\"&U$9,'Data Dump'!$F$7:$F$80000,$A$4),2)","v":0},{"$f":"ROUND(SUMIFS('Data Dump'!$I$7:$I$80000,'Data Dump'!$J$7:$J$80000,$A30,'Data Dump'!$C$7:$C$80000,\">\"&U$9,'Data Dump'!$C$7:$C$80000,\"<=\"&V$9,'Data Dump'!$F$7:$F$80000,$A$4),2)","v":0},{"$f":"ROUND(SUMIFS('Data Dump'!$I$7:$I$80000,'Data Dump'!$J$7:$J$80000,$A30,'Data Dump'!$C$7:$C$80000,\">\"&V$9,'Data Dump'!$C$7:$C$80000,\"<=\"&W$9,'Data Dump'!$F$7:$F$80000,$A$4),2)","v":0}]
["Commissions",null,{"$f":"ROUND(SUMIFS('Data Dump'!$I$7:$I$80000,'Data Dump'!$J$7:$J$80000,$A31,'Data Dump'!$C$7:$C$80000,\">\"&B$9,'Data Dump'!$C$7:$C$80000,\"<=\"&C$9,'Data Dump'!$F$7:$F$80000,$A$4),2)","v":0},{"$f":"ROUND(SUMIFS('Data Dump'!$I$7:$I$80000,'Data Dump'!$J$7:$J$80000,$A31,'Data Dump'!$C$7:$C$80000,\">\"&C$9,'Data Dump'!$C$7:$C$80000,\"<=\"&D$9,'Data Dump'!$F$7:$F$80000,$A$4),2)","v":0},{"$f":"ROUND(SUMIFS('Data Dump'!$I$7:$I$80000,'Data Dump'!$J$7:$J$80000,$A31,'Data Dump'!$C$7:$C$80000,\">\"&D$9,'Data Dump'!$C$7:$C$80000,\"<=\"&E$9,'Data Dump'!$F$7:$F$80000,$A$4),2)","v":0},{"$f":"ROUND(SUMIFS('Data Dump'!$I$7:$I$80000,'Data Dump'!$J$7:$J$80000,$A31,'Data Dump'!$C$7:$C$80000,\">\"&E$9,'Data Dump'!$C$7:$C$80000,\"<=\"&F$9,'Data Dump'!$F$7:$F$80000,$A$4),2)","v":0},{"$f":"ROUND(SUMIFS('Data Dump'!$I$7:$I$80000,'Data Dump'!$J$7:$J$80000,$A31,'Data Dump'!$C$7:$C$80000,\">\"&F$9,'Data Dump'!$C$7:$C$80000,\"<=\"&G$9,'Data Dump'!$F$7:$F$80000,$A$4),2)","v":0},{"$f":"ROUND(SUMIFS('Data Dump'!$I$7:$I$80000,'Data Dump'!$J$7:$J$80000,$A31,'Data Dump'!$C$7:$C$80000,\">\"&G$9,'Data Dump'!$C$7:$C$80000,\"<=\"&H$9,'Data Dump'!$F$7:$F$80000,$A$4),2)","v":0},{"$f":"ROUND(SUMIFS('Data Dump'!$I$7:$I$80000,'Data Dump'!$J$7:$J$80000,$A31,'Data Dump'!$C$7:$C$80000,\">\"&H$9,'Data Dump'!$C$7:$C$80000,\"<=\"&I$9,'Data Dump'!$F$7:$F$80000,$A$4),2)","v":0},{"$f":"ROUND(SUMIFS('Data Dump'!$I$7:$I$80000,'Data Dump'!$J$7:$J$80000,$A31,'Data Dump'!$C$7:$C$80000,\">\"&I$9,'Data Dump'!$C$7:$C$80000,\"<=\"&J$9,'Data Dump'!$F$7:$F$80000,$A$4),2)","v":0},{"$f":"ROUND(SUMIFS('Data Dump'!$I$7:$I$80000,'Data Dump'!$J$7:$J$80000,$A31,'Data Dump'!$C$7:$C$80000,\">\"&J$9,'Data Dump'!$C$7:$C$80000,\"<=\"&K$9,'Data Dump'!$F$7:$F$80000,$A$4),2)","v":0},{"$f":"ROUND(SUMIFS('Data Dump'!$I$7:$I$80000,'Data Dump'!$J$7:$J$80000,$A31,'Data Dump'!$C$7:$C$80000,\">\"&K$9,'Data Dump'!$C$7:$C$80000,\"<=\"&L$9,'Data Dump'!$F$7:$F$80000,$A$4),2)","v":0},{"$f":"ROUND(SUMIFS('Data Dump'!$I$7:$I$80000,'Data Dump'!$J$7:$J$80000,$A31,'Data Dump'!$C$7:$C$80000,\">\"&L$9,'Data Dump'!$C$7:$C$80000,\"<=\"&M$9,'Data Dump'!$F$7:$F$80000,$A$4),2)","v":0},{"$f":"ROUND(SUMIFS('Data Dump'!$I$7:$I$80000,'Data Dump'!$J$7:$J$80000,$A31,'Data Dump'!$C$7:$C$80000,\">\"&M$9,'Data Dump'!$C$7:$C$80000,\"<=\"&N$9,'Data Dump'!$F$7:$F$80000,$A$4),2)","v":0},{"$f":"ROUND(SUMIFS('Data Dump'!$I$7:$I$80000,'Data Dump'!$J$7:$J$80000,$A31,'Data Dump'!$C$7:$C$80000,\">\"&N$9,'Data Dump'!$C$7:$C$80000,\"<=\"&O$9,'Data Dump'!$F$7:$F$80000,$A$4),2)","v":0},{"$f":"ROUND(SUMIFS('Data Dump'!$I$7:$I$80000,'Data Dump'!$J$7:$J$80000,$A31,'Data Dump'!$C$7:$C$80000,\">\"&O$9,'Data Dump'!$C$7:$C$80000,\"<=\"&P$9,'Data Dump'!$F$7:$F$80000,$A$4),2)","v":0},{"$f":"ROUND(SUMIFS('Data Dump'!$I$7:$I$80000,'Data Dump'!$J$7:$J$80000,$A31,'Data Dump'!$C$7:$C$80000,\">\"&P$9,'Data Dump'!$C$7:$C$80000,\"<=\"&Q$9,'Data Dump'!$F$7:$F$80000,$A$4),2)","v":0},{"$f":"ROUND(SUMIFS('Data Dump'!$I$7:$I$80000,'Data Dump'!$J$7:$J$80000,$A31,'Data Dump'!$C$7:$C$80000,\">\"&Q$9,'Data Dump'!$C$7:$C$80000,\"<=\"&R$9,'Data Dump'!$F$7:$F$80000,$A$4),2)","v":0},{"$f":"ROUND(SUMIFS('Data Dump'!$I$7:$I$80000,'Data Dump'!$J$7:$J$80000,$A31,'Data Dump'!$C$7:$C$80000,\">\"&R$9,'Data Dump'!$C$7:$C$80000,\"<=\"&S$9,'Data Dump'!$F$7:$F$80000,$A$4),2)","v":0},{"$f":"ROUND(SUMIFS('Data Dump'!$I$7:$I$80000,'Data Dump'!$J$7:$J$80000,$A31,'Data Dump'!$C$7:$C$80000,\">\"&S$9,'Data Dump'!$C$7:$C$80000,\"<=\"&T$9,'Data Dump'!$F$7:$F$80000,$A$4),2)","v":0},{"$f":"ROUND(SUMIFS('Data Dump'!$I$7:$I$80000,'Data Dump'!$J$7:$J$80000,$A31,'Data Dump'!$C$7:$C$80000,\">\"&T$9,'Data Dump'!$C$7:$C$80000,\"<=\"&U$9,'Data Dump'!$F$7:$F$80000,$A$4),2)","v":0},{"$f":"ROUND(SUMIFS('Data Dump'!$I$7:$I$80000,'Data Dump'!$J$7:$J$80000,$A31,'Data Dump'!$C$7:$C$80000,\">\"&U$9,'Data Dump'!$C$7:$C$80000,\"<=\"&V$9,'Data Dump'!$F$7:$F$80000,$A$4),2)","v":0},{"$f":"ROUND(SUMIFS('Data Dump'!$I$7:$I$80000,'Data Dump'!$J$7:$J$80000,$A31,'Data Dump'!$C$7:$C$80000,\">\"&V$9,'Data Dump'!$C$7:$C$80000,\"<=\"&W$9,'Data Dump'!$F$7:$F$80000,$A$4),2)","v":0}]
["Bonus",null,{"$f":"ROUND(SUMIFS('Data Dump'!$I$7:$I$80000,'Data Dump'!$J$7:$J$80000,$A32,'Data Dump'!$C$7:$C$80000,\">\"&B$9,'Data Dump'!$C$7:$C$80000,\"<=\"&C$9,'Data Dump'!$F$7:$F$80000,$A$4),2)","v":0},{"$f":"ROUND(SUMIFS('Data Dump'!$I$7:$I$80000,'Data Dump'!$J$7:$J$80000,$A32,'Data Dump'!$C$7:$C$80000,\">\"&C$9,'Data Dump'!$C$7:$C$80000,\"<=\"&D$9,'Data Dump'!$F$7:$F$80000,$A$4),2)","v":0},{"$f":"ROUND(SUMIFS('Data Dump'!$I$7:$I$80000,'Data Dump'!$J$7:$J$80000,$A32,'Data Dump'!$C$7:$C$80000,\">\"&D$9,'Data Dump'!$C$7:$C$80000,\"<=\"&E$9,'Data Dump'!$F$7:$F$80000,$A$4),2)","v":0},{"$f":"ROUND(SUMIFS('Data Dump'!$I$7:$I$80000,'Data Dump'!$J$7:$J$80000,$A32,'Data Dump'!$C$7:$C$80000,\">\"&E$9,'Data Dump'!$C$7:$C$80000,\"<=\"&F$9,'Data Dump'!$F$7:$F$80000,$A$4),2)","v":0},{"$f":"ROUND(SUMIFS('Data Dump'!$I$7:$I$80000,'Data Dump'!$J$7:$J$80000,$A32,'Data Dump'!$C$7:$C$80000,\">\"&F$9,'Data Dump'!$C$7:$C$80000,\"<=\"&G$9,'Data Dump'!$F$7:$F$80000,$A$4),2)","v":0},{"$f":"ROUND(SUMIFS('Data Dump'!$I$7:$I$80000,'Data Dump'!$J$7:$J$80000,$A32,'Data Dump'!$C$7:$C$80000,\">\"&G$9,'Data Dump'!$C$7:$C$80000,\"<=\"&H$9,'Data Dump'!$F$7:$F$80000,$A$4),2)","v":0},{"$f":"ROUND(SUMIFS('Data Dump'!$I$7:$I$80000,'Data Dump'!$J$7:$J$80000,$A32,'Data Dump'!$C$7:$C$80000,\">\"&H$9,'Data Dump'!$C$7:$C$80000,\"<=\"&I$9,'Data Dump'!$F$7:$F$80000,$A$4),2)","v":0},{"$f":"ROUND(SUMIFS('Data Dump'!$I$7:$I$80000,'Data Dump'!$J$7:$J$80000,$A32,'Data Dump'!$C$7:$C$80000,\">\"&I$9,'Data Dump'!$C$7:$C$80000,\"<=\"&J$9,'Data Dump'!$F$7:$F$80000,$A$4),2)","v":0},{"$f":"ROUND(SUMIFS('Data Dump'!$I$7:$I$80000,'Data Dump'!$J$7:$J$80000,$A32,'Data Dump'!$C$7:$C$80000,\">\"&J$9,'Data Dump'!$C$7:$C$80000,\"<=\"&K$9,'Data Dump'!$F$7:$F$80000,$A$4),2)","v":0},{"$f":"ROUND(SUMIFS('Data Dump'!$I$7:$I$80000,'Data Dump'!$J$7:$J$80000,$A32,'Data Dump'!$C$7:$C$80000,\">\"&K$9,'Data Dump'!$C$7:$C$80000,\"<=\"&L$9,'Data Dump'!$F$7:$F$80000,$A$4),2)","v":0},{"$f":"ROUND(SUMIFS('Data Dump'!$I$7:$I$80000,'Data Dump'!$J$7:$J$80000,$A32,'Data Dump'!$C$7:$C$80000,\">\"&L$9,'Data Dump'!$C$7:$C$80000,\"<=\"&M$9,'Data Dump'!$F$7:$F$80000,$A$4),2)","v":0},{"$f":"ROUND(SUMIFS('Data Dump'!$I$7:$I$80000,'Data Dump'!$J$7:$J$80000,$A32,'Data Dump'!$C$7:$C$80000,\">\"&M$9,'Data Dump'!$C$7:$C$80000,\"<=\"&N$9,'Data Dump'!$F$7:$F$80000,$A$4),2)","v":0},{"$f":"ROUND(SUMIFS('Data Dump'!$I$7:$I$80000,'Data Dump'!$J$7:$J$80000,$A32,'Data Dump'!$C$7:$C$80000,\">\"&N$9,'Data Dump'!$C$7:$C$80000,\"<=\"&O$9,'Data Dump'!$F$7:$F$80000,$A$4),2)","v":0},{"$f":"ROUND(SUMIFS('Data Dump'!$I$7:$I$80000,'Data Dump'!$J$7:$J$80000,$A32,'Data Dump'!$C$7:$C$80000,\">\"&O$9,'Data Dump'!$C$7:$C$80000,\"<=\"&P$9,'Data Dump'!$F$7:$F$80000,$A$4),2)","v":0},{"$f":"ROUND(SUMIFS('Data Dump'!$I$7:$I$80000,'Data Dump'!$J$7:$J$80000,$A32,'Data Dump'!$C$7:$C$80000,\">\"&P$9,'Data Dump'!$C$7:$C$80000,\"<=\"&Q$9,'Data Dump'!$F$7:$F$80000,$A$4),2)","v":0},{"$f":"ROUND(SUMIFS('Data Dump'!$I$7:$I$80000,'Data Dump'!$J$7:$J$80000,$A32,'Data Dump'!$C$7:$C$80000,\">\"&Q$9,'Data Dump'!$C$7:$C$80000,\"<=\"&R$9,'Data Dump'!$F$7:$F$80000,$A$4),2)","v":0},{"$f":"ROUND(SUMIFS('Data Dump'!$I$7:$I$80000,'Data Dump'!$J$7:$J$80000,$A32,'Data Dump'!$C$7:$C$80000,\">\"&R$9,'Data Dump'!$C$7:$C$80000,\"<=\"&S$9,'Data Dump'!$F$7:$F$80000,$A$4),2)","v":0},{"$f":"ROUND(SUMIFS('Data Dump'!$I$7:$I$80000,'Data Dump'!$J$7:$J$80000,$A32,'Data Dump'!$C$7:$C$80000,\">\"&S$9,'Data Dump'!$C$7:$C$80000,\"<=\"&T$9,'Data Dump'!$F$7:$F$80000,$A$4),2)","v":0},{"$f":"ROUND(SUMIFS('Data Dump'!$I$7:$I$80000,'Data Dump'!$J$7:$J$80000,$A32,'Data Dump'!$C$7:$C$80000,\">\"&T$9,'Data Dump'!$C$7:$C$80000,\"<=\"&U$9,'Data Dump'!$F$7:$F$80000,$A$4),2)","v":0},{"$f":"ROUND(SUMIFS('Data Dump'!$I$7:$I$80000,'Data Dump'!$J$7:$J$80000,$A32,'Data Dump'!$C$7:$C$80000,\">\"&U$9,'Data Dump'!$C$7:$C$80000,\"<=\"&V$9,'Data Dump'!$F$7:$F$80000,$A$4),2)","v":0},{"$f":"ROUND(SUMIFS('Data Dump'!$I$7:$I$80000,'Data Dump'!$J$7:$J$80000,$A32,'Data Dump'!$C$7:$C$80000,\">\"&V$9,'Data Dump'!$C$7:$C$80000,\"<=\"&W$9,'Data Dump'!$F$7:$F$80000,$A$4),2)","v":0}]
["Payroll Tax",null,{"$f":"ROUND(SUMIFS('Data Dump'!$I$7:$I$80000,'Data Dump'!$J$7:$J$80000,$A33,'Data Dump'!$C$7:$C$80000,\">\"&B$9,'Data Dump'!$C$7:$C$80000,\"<=\"&C$9,'Data Dump'!$F$7:$F$80000,$A$4),2)","v":0},{"$f":"ROUND(SUMIFS('Data Dump'!$I$7:$I$80000,'Data Dump'!$J$7:$J$80000,$A33,'Data Dump'!$C$7:$C$80000,\">\"&C$9,'Data Dump'!$C$7:$C$80000,\"<=\"&D$9,'Data Dump'!$F$7:$F$80000,$A$4),2)","v":0},{"$f":"ROUND(SUMIFS('Data Dump'!$I$7:$I$80000,'Data Dump'!$J$7:$J$80000,$A33,'Data Dump'!$C$7:$C$80000,\">\"&D$9,'Data Dump'!$C$7:$C$80000,\"<=\"&E$9,'Data Dump'!$F$7:$F$80000,$A$4),2)","v":0},{"$f":"ROUND(SUMIFS('Data Dump'!$I$7:$I$80000,'Data Dump'!$J$7:$J$80000,$A33,'Data Dump'!$C$7:$C$80000,\">\"&E$9,'Data Dump'!$C$7:$C$80000,\"<=\"&F$9,'Data Dump'!$F$7:$F$80000,$A$4),2)","v":0},{"$f":"ROUND(SUMIFS('Data Dump'!$I$7:$I$80000,'Data Dump'!$J$7:$J$80000,$A33,'Data Dump'!$C$7:$C$80000,\">\"&F$9,'Data Dump'!$C$7:$C$80000,\"<=\"&G$9,'Data Dump'!$F$7:$F$80000,$A$4),2)","v":0},{"$f":"ROUND(SUMIFS('Data Dump'!$I$7:$I$80000,'Data Dump'!$J$7:$J$80000,$A33,'Data Dump'!$C$7:$C$80000,\">\"&G$9,'Data Dump'!$C$7:$C$80000,\"<=\"&H$9,'Data Dump'!$F$7:$F$80000,$A$4),2)","v":0},{"$f":"ROUND(SUMIFS('Data Dump'!$I$7:$I$80000,'Data Dump'!$J$7:$J$80000,$A33,'Data Dump'!$C$7:$C$80000,\">\"&H$9,'Data Dump'!$C$7:$C$80000,\"<=\"&I$9,'Data Dump'!$F$7:$F$80000,$A$4),2)","v":0},{"$f":"ROUND(SUMIFS('Data Dump'!$I$7:$I$80000,'Data Dump'!$J$7:$J$80000,$A33,'Data Dump'!$C$7:$C$80000,\">\"&I$9,'Data Dump'!$C$7:$C$80000,\"<=\"&J$9,'Data Dump'!$F$7:$F$80000,$A$4),2)","v":0},{"$f":"ROUND(SUMIFS('Data Dump'!$I$7:$I$80000,'Data Dump'!$J$7:$J$80000,$A33,'Data Dump'!$C$7:$C$80000,\">\"&J$9,'Data Dump'!$C$7:$C$80000,\"<=\"&K$9,'Data Dump'!$F$7:$F$80000,$A$4),2)","v":0},{"$f":"ROUND(SUMIFS('Data Dump'!$I$7:$I$80000,'Data Dump'!$J$7:$J$80000,$A33,'Data Dump'!$C$7:$C$80000,\">\"&K$9,'Data Dump'!$C$7:$C$80000,\"<=\"&L$9,'Data Dump'!$F$7:$F$80000,$A$4),2)","v":0},{"$f":"ROUND(SUMIFS('Data Dump'!$I$7:$I$80000,'Data Dump'!$J$7:$J$80000,$A33,'Data Dump'!$C$7:$C$80000,\">\"&L$9,'Data Dump'!$C$7:$C$80000,\"<=\"&M$9,'Data Dump'!$F$7:$F$80000,$A$4),2)","v":0},{"$f":"ROUND(SUMIFS('Data Dump'!$I$7:$I$80000,'Data Dump'!$J$7:$J$80000,$A33,'Data Dump'!$C$7:$C$80000,\">\"&M$9,'Data Dump'!$C$7:$C$80000,\"<=\"&N$9,'Data Dump'!$F$7:$F$80000,$A$4),2)","v":0},{"$f":"ROUND(SUMIFS('Data Dump'!$I$7:$I$80000,'Data Dump'!$J$7:$J$80000,$A33,'Data Dump'!$C$7:$C$80000,\">\"&N$9,'Data Dump'!$C$7:$C$80000,\"<=\"&O$9,'Data Dump'!$F$7:$F$80000,$A$4),2)","v":0},{"$f":"ROUND(SUMIFS('Data Dump'!$I$7:$I$80000,'Data Dump'!$J$7:$J$80000,$A33,'Data Dump'!$C$7:$C$80000,\">\"&O$9,'Data Dump'!$C$7:$C$80000,\"<=\"&P$9,'Data Dump'!$F$7:$F$80000,$A$4),2)","v":0},{"$f":"ROUND(SUMIFS('Data Dump'!$I$7:$I$80000,'Data Dump'!$J$7:$J$80000,$A33,'Data Dump'!$C$7:$C$80000,\">\"&P$9,'Data Dump'!$C$7:$C$80000,\"<=\"&Q$9,'Data Dump'!$F$7:$F$80000,$A$4),2)","v":0},{"$f":"ROUND(SUMIFS('Data Dump'!$I$7:$I$80000,'Data Dump'!$J$7:$J$80000,$A33,'Data Dump'!$C$7:$C$80000,\">\"&Q$9,'Data Dump'!$C$7:$C$80000,\"<=\"&R$9,'Data Dump'!$F$7:$F$80000,$A$4),2)","v":0},{"$f":"ROUND(SUMIFS('Data Dump'!$I$7:$I$80000,'Data Dump'!$J$7:$J$80000,$A33,'Data Dump'!$C$7:$C$80000,\">\"&R$9,'Data Dump'!$C$7:$C$80000,\"<=\"&S$9,'Data Dump'!$F$7:$F$80000,$A$4),2)","v":0},{"$f":"ROUND(SUMIFS('Data Dump'!$I$7:$I$80000,'Data Dump'!$J$7:$J$80000,$A33,'Data Dump'!$C$7:$C$80000,\">\"&S$9,'Data Dump'!$C$7:$C$80000,\"<=\"&T$9,'Data Dump'!$F$7:$F$80000,$A$4),2)","v":0},{"$f":"ROUND(SUMIFS('Data Dump'!$I$7:$I$80000,'Data Dump'!$J$7:$J$80000,$A33,'Data Dump'!$C$7:$C$80000,\">\"&T$9,'Data Dump'!$C$7:$C$80000,\"<=\"&U$9,'Data Dump'!$F$7:$F$80000,$A$4),2)","v":0},{"$f":"ROUND(SUMIFS('Data Dump'!$I$7:$I$80000,'Data Dump'!$J$7:$J$80000,$A33,'Data Dump'!$C$7:$C$80000,\">\"&U$9,'Data Dump'!$C$7:$C$80000,\"<=\"&V$9,'Data Dump'!$F$7:$F$80000,$A$4),2)","v":0},{"$f":"ROUND(SUMIFS('Data Dump'!$I$7:$I$80000,'Data Dump'!$J$7:$J$80000,$A33,'Data Dump'!$C$7:$C$80000,\">\"&V$9,'Data Dump'!$C$7:$C$80000,\"<=\"&W$9,'Data Dump'!$F$7:$F$80000,$A$4),2)","v":0}]
["401k Match",null,{"$f":"ROUND(SUMIFS('Data Dump'!$I$7:$I$80000,'Data Dump'!$J$7:$J$80000,$A34,'Data Dump'!$C$7:$C$80000,\">\"&B$9,'Data Dump'!$C$7:$C$80000,\"<=\"&C$9,'Data Dump'!$F$7:$F$80000,$A$4),2)","v":0},{"$f":"ROUND(SUMIFS('Data Dump'!$I$7:$I$80000,'Data Dump'!$J$7:$J$80000,$A34,'Data Dump'!$C$7:$C$80000,\">\"&C$9,'Data Dump'!$C$7:$C$80000,\"<=\"&D$9,'Data Dump'!$F$7:$F$80000,$A$4),2)","v":0},{"$f":"ROUND(SUMIFS('Data Dump'!$I$7:$I$80000,'Data Dump'!$J$7:$J$80000,$A34,'Data Dump'!$C$7:$C$80000,\">\"&D$9,'Data Dump'!$C$7:$C$80000,\"<=\"&E$9,'Data Dump'!$F$7:$F$80000,$A$4),2)","v":0},{"$f":"ROUND(SUMIFS('Data Dump'!$I$7:$I$80000,'Data Dump'!$J$7:$J$80000,$A34,'Data Dump'!$C$7:$C$80000,\">\"&E$9,'Data Dump'!$C$7:$C$80000,\"<=\"&F$9,'Data Dump'!$F$7:$F$80000,$A$4),2)","v":0},{"$f":"ROUND(SUMIFS('Data Dump'!$I$7:$I$80000,'Data Dump'!$J$7:$J$80000,$A34,'Data Dump'!$C$7:$C$80000,\">\"&F$9,'Data Dump'!$C$7:$C$80000,\"<=\"&G$9,'Data Dump'!$F$7:$F$80000,$A$4),2)","v":0},{"$f":"ROUND(SUMIFS('Data Dump'!$I$7:$I$80000,'Data Dump'!$J$7:$J$80000,$A34,'Data Dump'!$C$7:$C$80000,\">\"&G$9,'Data Dump'!$C$7:$C$80000,\"<=\"&H$9,'Data Dump'!$F$7:$F$80000,$A$4),2)","v":0},{"$f":"ROUND(SUMIFS('Data Dump'!$I$7:$I$80000,'Data Dump'!$J$7:$J$80000,$A34,'Data Dump'!$C$7:$C$80000,\">\"&H$9,'Data Dump'!$C$7:$C$80000,\"<=\"&I$9,'Data Dump'!$F$7:$F$80000,$A$4),2)","v":0},{"$f":"ROUND(SUMIFS('Data Dump'!$I$7:$I$80000,'Data Dump'!$J$7:$J$80000,$A34,'Data Dump'!$C$7:$C$80000,\">\"&I$9,'Data Dump'!$C$7:$C$80000,\"<=\"&J$9,'Data Dump'!$F$7:$F$80000,$A$4),2)","v":0},{"$f":"ROUND(SUMIFS('Data Dump'!$I$7:$I$80000,'Data Dump'!$J$7:$J$80000,$A34,'Data Dump'!$C$7:$C$80000,\">\"&J$9,'Data Dump'!$C$7:$C$80000,\"<=\"&K$9,'Data Dump'!$F$7:$F$80000,$A$4),2)","v":0},{"$f":"ROUND(SUMIFS('Data Dump'!$I$7:$I$80000,'Data Dump'!$J$7:$J$80000,$A34,'Data Dump'!$C$7:$C$80000,\">\"&K$9,'Data Dump'!$C$7:$C$80000,\"<=\"&L$9,'Data Dump'!$F$7:$F$80000,$A$4),2)","v":0},{"$f":"ROUND(SUMIFS('Data Dump'!$I$7:$I$80000,'Data Dump'!$J$7:$J$80000,$A34,'Data Dump'!$C$7:$C$80000,\">\"&L$9,'Data Dump'!$C$7:$C$80000,\"<=\"&M$9,'Data Dump'!$F$7:$F$80000,$A$4),2)","v":0},{"$f":"ROUND(SUMIFS('Data Dump'!$I$7:$I$80000,'Data Dump'!$J$7:$J$80000,$A34,'Data Dump'!$C$7:$C$80000,\">\"&M$9,'Data Dump'!$C$7:$C$80000,\"<=\"&N$9,'Data Dump'!$F$7:$F$80000,$A$4),2)","v":0},{"$f":"ROUND(SUMIFS('Data Dump'!$I$7:$I$80000,'Data Dump'!$J$7:$J$80000,$A34,'Data Dump'!$C$7:$C$80000,\">\"&N$9,'Data Dump'!$C$7:$C$80000,\"<=\"&O$9,'Data Dump'!$F$7:$F$80000,$A$4),2)","v":0},{"$f":"ROUND(SUMIFS('Data Dump'!$I$7:$I$80000,'Data Dump'!$J$7:$J$80000,$A34,'Data Dump'!$C$7:$C$80000,\">\"&O$9,'Data Dump'!$C$7:$C$80000,\"<=\"&P$9,'Data Dump'!$F$7:$F$80000,$A$4),2)","v":0},{"$f":"ROUND(SUMIFS('Data Dump'!$I$7:$I$80000,'Data Dump'!$J$7:$J$80000,$A34,'Data Dump'!$C$7:$C$80000,\">\"&P$9,'Data Dump'!$C$7:$C$80000,\"<=\"&Q$9,'Data Dump'!$F$7:$F$80000,$A$4),2)","v":0},{"$f":"ROUND(SUMIFS('Data Dump'!$I$7:$I$80000,'Data Dump'!$J$7:$J$80000,$A34,'Data Dump'!$C$7:$C$80000,\">\"&Q$9,'Data Dump'!$C$7:$C$80000,\"<=\"&R$9,'Data Dump'!$F$7:$F$80000,$A$4),2)","v":0},{"$f":"ROUND(SUMIFS('Data Dump'!$I$7:$I$80000,'Data Dump'!$J$7:$J$80000,$A34,'Data Dump'!$C$7:$C$80000,\">\"&R$9,'Data Dump'!$C$7:$C$80000,\"<=\"&S$9,'Data Dump'!$F$7:$F$80000,$A$4),2)","v":0},{"$f":"ROUND(SUMIFS('Data Dump'!$I$7:$I$80000,'Data Dump'!$J$7:$J$80000,$A34,'Data Dump'!$C$7:$C$80000,\">\"&S$9,'Data Dump'!$C$7:$C$80000,\"<=\"&T$9,'Data Dump'!$F$7:$F$80000,$A$4),2)","v":0},{"$f":"ROUND(SUMIFS('Data Dump'!$I$7:$I$80000,'Data Dump'!$J$7:$J$80000,$A34,'Data Dump'!$C$7:$C$80000,\">\"&T$9,'Data Dump'!$C$7:$C$80000,\"<=\"&U$9,'Data Dump'!$F$7:$F$80000,$A$4),2)","v":0},{"$f":"ROUND(SUMIFS('Data Dump'!$I$7:$I$80000,'Data Dump'!$J$7:$J$80000,$A34,'Data Dump'!$C$7:$C$80000,\">\"&U$9,'Data Dump'!$C$7:$C$80000,\"<=\"&V$9,'Data Dump'!$F$7:$F$80000,$A$4),2)","v":0},{"$f":"ROUND(SUMIFS('Data Dump'!$I$7:$I$80000,'Data Dump'!$J$7:$J$80000,$A34,'Data Dump'!$C$7:$C$80000,\">\"&V$9,'Data Dump'!$C$7:$C$80000,\"<=\"&W$9,'Data Dump'!$F$7:$F$80000,$A$4),2)","v":0}]
["Dental Insurance",null,{"$f":"ROUND(SUMIFS('Data Dump'!$I$7:$I$80000,'Data Dump'!$J$7:$J$80000,$A35,'Data Dump'!$C$7:$C$80000,\">\"&B$9,'Data Dump'!$C$7:$C$80000,\"<=\"&C$9,'Data Dump'!$F$7:$F$80000,$A$4),2)","v":0},{"$f":"ROUND(SUMIFS('Data Dump'!$I$7:$I$80000,'Data Dump'!$J$7:$J$80000,$A35,'Data Dump'!$C$7:$C$80000,\">\"&C$9,'Data Dump'!$C$7:$C$80000,\"<=\"&D$9,'Data Dump'!$F$7:$F$80000,$A$4),2)","v":0},{"$f":"ROUND(SUMIFS('Data Dump'!$I$7:$I$80000,'Data Dump'!$J$7:$J$80000,$A35,'Data Dump'!$C$7:$C$80000,\">\"&D$9,'Data Dump'!$C$7:$C$80000,\"<=\"&E$9,'Data Dump'!$F$7:$F$80000,$A$4),2)","v":0},{"$f":"ROUND(SUMIFS('Data Dump'!$I$7:$I$80000,'Data Dump'!$J$7:$J$80000,$A35,'Data Dump'!$C$7:$C$80000,\">\"&E$9,'Data Dump'!$C$7:$C$80000,\"<=\"&F$9,'Data Dump'!$F$7:$F$80000,$A$4),2)","v":0},{"$f":"ROUND(SUMIFS('Data Dump'!$I$7:$I$80000,'Data Dump'!$J$7:$J$80000,$A35,'Data Dump'!$C$7:$C$80000,\">\"&F$9,'Data Dump'!$C$7:$C$80000,\"<=\"&G$9,'Data Dump'!$F$7:$F$80000,$A$4),2)","v":0},{"$f":"ROUND(SUMIFS('Data Dump'!$I$7:$I$80000,'Data Dump'!$J$7:$J$80000,$A35,'Data Dump'!$C$7:$C$80000,\">\"&G$9,'Data Dump'!$C$7:$C$80000,\"<=\"&H$9,'Data Dump'!$F$7:$F$80000,$A$4),2)","v":0},{"$f":"ROUND(SUMIFS('Data Dump'!$I$7:$I$80000,'Data Dump'!$J$7:$J$80000,$A35,'Data Dump'!$C$7:$C$80000,\">\"&H$9,'Data Dump'!$C$7:$C$80000,\"<=\"&I$9,'Data Dump'!$F$7:$F$80000,$A$4),2)","v":0},{"$f":"ROUND(SUMIFS('Data Dump'!$I$7:$I$80000,'Data Dump'!$J$7:$J$80000,$A35,'Data Dump'!$C$7:$C$80000,\">\"&I$9,'Data Dump'!$C$7:$C$80000,\"<=\"&J$9,'Data Dump'!$F$7:$F$80000,$A$4),2)","v":0},{"$f":"ROUND(SUMIFS('Data Dump'!$I$7:$I$80000,'Data Dump'!$J$7:$J$80000,$A35,'Data Dump'!$C$7:$C$80000,\">\"&J$9,'Data Dump'!$C$7:$C$80000,\"<=\"&K$9,'Data Dump'!$F$7:$F$80000,$A$4),2)","v":0},{"$f":"ROUND(SUMIFS('Data Dump'!$I$7:$I$80000,'Data Dump'!$J$7:$J$80000,$A35,'Data Dump'!$C$7:$C$80000,\">\"&K$9,'Data Dump'!$C$7:$C$80000,\"<=\"&L$9,'Data Dump'!$F$7:$F$80000,$A$4),2)","v":0},{"$f":"ROUND(SUMIFS('Data Dump'!$I$7:$I$80000,'Data Dump'!$J$7:$J$80000,$A35,'Data Dump'!$C$7:$C$80000,\">\"&L$9,'Data Dump'!$C$7:$C$80000,\"<=\"&M$9,'Data Dump'!$F$7:$F$80000,$A$4),2)","v":0},{"$f":"ROUND(SUMIFS('Data Dump'!$I$7:$I$80000,'Data Dump'!$J$7:$J$80000,$A35,'Data Dump'!$C$7:$C$80000,\">\"&M$9,'Data Dump'!$C$7:$C$80000,\"<=\"&N$9,'Data Dump'!$F$7:$F$80000,$A$4),2)","v":0},{"$f":"ROUND(SUMIFS('Data Dump'!$I$7:$I$80000,'Data Dump'!$J$7:$J$80000,$A35,'Data Dump'!$C$7:$C$80000,\">\"&N$9,'Data Dump'!$C$7:$C$80000,\"<=\"&O$9,'Data Dump'!$F$7:$F$80000,$A$4),2)","v":0},{"$f":"ROUND(SUMIFS('Data Dump'!$I$7:$I$80000,'Data Dump'!$J$7:$J$80000,$A35,'Data Dump'!$C$7:$C$80000,\">\"&O$9,'Data Dump'!$C$7:$C$80000,\"<=\"&P$9,'Data Dump'!$F$7:$F$80000,$A$4),2)","v":0},{"$f":"ROUND(SUMIFS('Data Dump'!$I$7:$I$80000,'Data Dump'!$J$7:$J$80000,$A35,'Data Dump'!$C$7:$C$80000,\">\"&P$9,'Data Dump'!$C$7:$C$80000,\"<=\"&Q$9,'Data Dump'!$F$7:$F$80000,$A$4),2)","v":0},{"$f":"ROUND(SUMIFS('Data Dump'!$I$7:$I$80000,'Data Dump'!$J$7:$J$80000,$A35,'Data Dump'!$C$7:$C$80000,\">\"&Q$9,'Data Dump'!$C$7:$C$80000,\"<=\"&R$9,'Data Dump'!$F$7:$F$80000,$A$4),2)","v":0},{"$f":"ROUND(SUMIFS('Data Dump'!$I$7:$I$80000,'Data Dump'!$J$7:$J$80000,$A35,'Data Dump'!$C$7:$C$80000,\">\"&R$9,'Data Dump'!$C$7:$C$80000,\"<=\"&S$9,'Data Dump'!$F$7:$F$80000,$A$4),2)","v":0},{"$f":"ROUND(SUMIFS('Data Dump'!$I$7:$I$80000,'Data Dump'!$J$7:$J$80000,$A35,'Data Dump'!$C$7:$C$80000,\">\"&S$9,'Data Dump'!$C$7:$C$80000,\"<=\"&T$9,'Data Dump'!$F$7:$F$80000,$A$4),2)","v":0},{"$f":"ROUND(SUMIFS('Data Dump'!$I$7:$I$80000,'Data Dump'!$J$7:$J$80000,$A35,'Data Dump'!$C$7:$C$80000,\">\"&T$9,'Data Dump'!$C$7:$C$80000,\"<=\"&U$9,'Data Dump'!$F$7:$F$80000,$A$4),2)","v":0},{"$f":"ROUND(SUMIFS('Data Dump'!$I$7:$I$80000,'Data Dump'!$J$7:$J$80000,$A35,'Data Dump'!$C$7:$C$80000,\">\"&U$9,'Data Dump'!$C$7:$C$80000,\"<=\"&V$9,'Data Dump'!$F$7:$F$80000,$A$4),2)","v":0},{"$f":"ROUND(SUMIFS('Data Dump'!$I$7:$I$80000,'Data Dump'!$J$7:$J$80000,$A35,'Data Dump'!$C$7:$C$80000,\">\"&V$9,'Data Dump'!$C$7:$C$80000,\"<=\"&W$9,'Data Dump'!$F$7:$F$80000,$A$4),2)","v":0}]
["Employee Recognition",null,{"$f":"ROUND(SUMIFS('Data Dump'!$I$7:$I$80000,'Data Dump'!$J$7:$J$80000,$A36,'Data Dump'!$C$7:$C$80000,\">\"&B$9,'Data Dump'!$C$7:$C$80000,\"<=\"&C$9,'Data Dump'!$F$7:$F$80000,$A$4),2)","v":0},{"$f":"ROUND(SUMIFS('Data Dump'!$I$7:$I$80000,'Data Dump'!$J$7:$J$80000,$A36,'Data Dump'!$C$7:$C$80000,\">\"&C$9,'Data Dump'!$C$7:$C$80000,\"<=\"&D$9,'Data Dump'!$F$7:$F$80000,$A$4),2)","v":0},{"$f":"ROUND(SUMIFS('Data Dump'!$I$7:$I$80000,'Data Dump'!$J$7:$J$80000,$A36,'Data Dump'!$C$7:$C$80000,\">\"&D$9,'Data Dump'!$C$7:$C$80000,\"<=\"&E$9,'Data Dump'!$F$7:$F$80000,$A$4),2)","v":0},{"$f":"ROUND(SUMIFS('Data Dump'!$I$7:$I$80000,'Data Dump'!$J$7:$J$80000,$A36,'Data Dump'!$C$7:$C$80000,\">\"&E$9,'Data Dump'!$C$7:$C$80000,\"<=\"&F$9,'Data Dump'!$F$7:$F$80000,$A$4),2)","v":0},{"$f":"ROUND(SUMIFS('Data Dump'!$I$7:$I$80000,'Data Dump'!$J$7:$J$80000,$A36,'Data Dump'!$C$7:$C$80000,\">\"&F$9,'Data Dump'!$C$7:$C$80000,\"<=\"&G$9,'Data Dump'!$F$7:$F$80000,$A$4),2)","v":0},{"$f":"ROUND(SUMIFS('Data Dump'!$I$7:$I$80000,'Data Dump'!$J$7:$J$80000,$A36,'Data Dump'!$C$7:$C$80000,\">\"&G$9,'Data Dump'!$C$7:$C$80000,\"<=\"&H$9,'Data Dump'!$F$7:$F$80000,$A$4),2)","v":0},{"$f":"ROUND(SUMIFS('Data Dump'!$I$7:$I$80000,'Data Dump'!$J$7:$J$80000,$A36,'Data Dump'!$C$7:$C$80000,\">\"&H$9,'Data Dump'!$C$7:$C$80000,\"<=\"&I$9,'Data Dump'!$F$7:$F$80000,$A$4),2)","v":0},{"$f":"ROUND(SUMIFS('Data Dump'!$I$7:$I$80000,'Data Dump'!$J$7:$J$80000,$A36,'Data Dump'!$C$7:$C$80000,\">\"&I$9,'Data Dump'!$C$7:$C$80000,\"<=\"&J$9,'Data Dump'!$F$7:$F$80000,$A$4),2)","v":0},{"$f":"ROUND(SUMIFS('Data Dump'!$I$7:$I$80000,'Data Dump'!$J$7:$J$80000,$A36,'Data Dump'!$C$7:$C$80000,\">\"&J$9,'Data Dump'!$C$7:$C$80000,\"<=\"&K$9,'Data Dump'!$F$7:$F$80000,$A$4),2)","v":0},{"$f":"ROUND(SUMIFS('Data Dump'!$I$7:$I$80000,'Data Dump'!$J$7:$J$80000,$A36,'Data Dump'!$C$7:$C$80000,\">\"&K$9,'Data Dump'!$C$7:$C$80000,\"<=\"&L$9,'Data Dump'!$F$7:$F$80000,$A$4),2)","v":0},{"$f":"ROUND(SUMIFS('Data Dump'!$I$7:$I$80000,'Data Dump'!$J$7:$J$80000,$A36,'Data Dump'!$C$7:$C$80000,\">\"&L$9,'Data Dump'!$C$7:$C$80000,\"<=\"&M$9,'Data Dump'!$F$7:$F$80000,$A$4),2)","v":0},{"$f":"ROUND(SUMIFS('Data Dump'!$I$7:$I$80000,'Data Dump'!$J$7:$J$80000,$A36,'Data Dump'!$C$7:$C$80000,\">\"&M$9,'Data Dump'!$C$7:$C$80000,\"<=\"&N$9,'Data Dump'!$F$7:$F$80000,$A$4),2)","v":0},{"$f":"ROUND(SUMIFS('Data Dump'!$I$7:$I$80000,'Data Dump'!$J$7:$J$80000,$A36,'Data Dump'!$C$7:$C$80000,\">\"&N$9,'Data Dump'!$C$7:$C$80000,\"<=\"&O$9,'Data Dump'!$F$7:$F$80000,$A$4),2)","v":0},{"$f":"ROUND(SUMIFS('Data Dump'!$I$7:$I$80000,'Data Dump'!$J$7:$J$80000,$A36,'Data Dump'!$C$7:$C$80000,\">\"&O$9,'Data Dump'!$C$7:$C$80000,\"<=\"&P$9,'Data Dump'!$F$7:$F$80000,$A$4),2)","v":0},{"$f":"ROUND(SUMIFS('Data Dump'!$I$7:$I$80000,'Data Dump'!$J$7:$J$80000,$A36,'Data Dump'!$C$7:$C$80000,\">\"&P$9,'Data Dump'!$C$7:$C$80000,\"<=\"&Q$9,'Data Dump'!$F$7:$F$80000,$A$4),2)","v":0},{"$f":"ROUND(SUMIFS('Data Dump'!$I$7:$I$80000,'Data Dump'!$J$7:$J$80000,$A36,'Data Dump'!$C$7:$C$80000,\">\"&Q$9,'Data Dump'!$C$7:$C$80000,\"<=\"&R$9,'Data Dump'!$F$7:$F$80000,$A$4),2)","v":0},{"$f":"ROUND(SUMIFS('Data Dump'!$I$7:$I$80000,'Data Dump'!$J$7:$J$80000,$A36,'Data Dump'!$C$7:$C$80000,\">\"&R$9,'Data Dump'!$C$7:$C$80000,\"<=\"&S$9,'Data Dump'!$F$7:$F$80000,$A$4),2)","v":0},{"$f":"ROUND(SUMIFS('Data Dump'!$I$7:$I$80000,'Data Dump'!$J$7:$J$80000,$A36,'Data Dump'!$C$7:$C$80000,\">\"&S$9,'Data Dump'!$C$7:$C$80000,\"<=\"&T$9,'Data Dump'!$F$7:$F$80000,$A$4),2)","v":0},{"$f":"ROUND(SUMIFS('Data Dump'!$I$7:$I$80000,'Data Dump'!$J$7:$J$80000,$A36,'Data Dump'!$C$7:$C$80000,\">\"&T$9,'Data Dump'!$C$7:$C$80000,\"<=\"&U$9,'Data Dump'!$F$7:$F$80000,$A$4),2)","v":0},{"$f":"ROUND(SUMIFS('Data Dump'!$I$7:$I$80000,'Data Dump'!$J$7:$J$80000,$A36,'Data Dump'!$C$7:$C$80000,\">\"&U$9,'Data Dump'!$C$7:$C$80000,\"<=\"&V$9,'Data Dump'!$F$7:$F$80000,$A$4),2)","v":0},{"$f":"ROUND(SUMIFS('Data Dump'!$I$7:$I$80000,'Data Dump'!$J$7:$J$80000,$A36,'Data Dump'!$C$7:$C$80000,\">\"&V$9,'Data Dump'!$C$7:$C$80000,\"<=\"&W$9,'Data Dump'!$F$7:$F$80000,$A$4),2)","v":0}]
["Health Svgs Account",null,{"$f":"ROUND(SUMIFS('Data Dump'!$I$7:$I$80000,'Data Dump'!$J$7:$J$80000,$A37,'Data Dump'!$C$7:$C$80000,\">\"&B$9,'Data Dump'!$C$7:$C$80000,\"<=\"&C$9,'Data Dump'!$F$7:$F$80000,$A$4),2)","v":0},{"$f":"ROUND(SUMIFS('Data Dump'!$I$7:$I$80000,'Data Dump'!$J$7:$J$80000,$A37,'Data Dump'!$C$7:$C$80000,\">\"&C$9,'Data Dump'!$C$7:$C$80000,\"<=\"&D$9,'Data Dump'!$F$7:$F$80000,$A$4),2)","v":0},{"$f":"ROUND(SUMIFS('Data Dump'!$I$7:$I$80000,'Data Dump'!$J$7:$J$80000,$A37,'Data Dump'!$C$7:$C$80000,\">\"&D$9,'Data Dump'!$C$7:$C$80000,\"<=\"&E$9,'Data Dump'!$F$7:$F$80000,$A$4),2)","v":0},{"$f":"ROUND(SUMIFS('Data Dump'!$I$7:$I$80000,'Data Dump'!$J$7:$J$80000,$A37,'Data Dump'!$C$7:$C$80000,\">\"&E$9,'Data Dump'!$C$7:$C$80000,\"<=\"&F$9,'Data Dump'!$F$7:$F$80000,$A$4),2)","v":0},{"$f":"ROUND(SUMIFS('Data Dump'!$I$7:$I$80000,'Data Dump'!$J$7:$J$80000,$A37,'Data Dump'!$C$7:$C$80000,\">\"&F$9,'Data Dump'!$C$7:$C$80000,\"<=\"&G$9,'Data Dump'!$F$7:$F$80000,$A$4),2)","v":0},{"$f":"ROUND(SUMIFS('Data Dump'!$I$7:$I$80000,'Data Dump'!$J$7:$J$80000,$A37,'Data Dump'!$C$7:$C$80000,\">\"&G$9,'Data Dump'!$C$7:$C$80000,\"<=\"&H$9,'Data Dump'!$F$7:$F$80000,$A$4),2)","v":0},{"$f":"ROUND(SUMIFS('Data Dump'!$I$7:$I$80000,'Data Dump'!$J$7:$J$80000,$A37,'Data Dump'!$C$7:$C$80000,\">\"&H$9,'Data Dump'!$C$7:$C$80000,\"<=\"&I$9,'Data Dump'!$F$7:$F$80000,$A$4),2)","v":0},{"$f":"ROUND(SUMIFS('Data Dump'!$I$7:$I$80000,'Data Dump'!$J$7:$J$80000,$A37,'Data Dump'!$C$7:$C$80000,\">\"&I$9,'Data Dump'!$C$7:$C$80000,\"<=\"&J$9,'Data Dump'!$F$7:$F$80000,$A$4),2)","v":0},{"$f":"ROUND(SUMIFS('Data Dump'!$I$7:$I$80000,'Data Dump'!$J$7:$J$80000,$A37,'Data Dump'!$C$7:$C$80000,\">\"&J$9,'Data Dump'!$C$7:$C$80000,\"<=\"&K$9,'Data Dump'!$F$7:$F$80000,$A$4),2)","v":0},{"$f":"ROUND(SUMIFS('Data Dump'!$I$7:$I$80000,'Data Dump'!$J$7:$J$80000,$A37,'Data Dump'!$C$7:$C$80000,\">\"&K$9,'Data Dump'!$C$7:$C$80000,\"<=\"&L$9,'Data Dump'!$F$7:$F$80000,$A$4),2)","v":0},{"$f":"ROUND(SUMIFS('Data Dump'!$I$7:$I$80000,'Data Dump'!$J$7:$J$80000,$A37,'Data Dump'!$C$7:$C$80000,\">\"&L$9,'Data Dump'!$C$7:$C$80000,\"<=\"&M$9,'Data Dump'!$F$7:$F$80000,$A$4),2)","v":0},{"$f":"ROUND(SUMIFS('Data Dump'!$I$7:$I$80000,'Data Dump'!$J$7:$J$80000,$A37,'Data Dump'!$C$7:$C$80000,\">\"&M$9,'Data Dump'!$C$7:$C$80000,\"<=\"&N$9,'Data Dump'!$F$7:$F$80000,$A$4),2)","v":0},{"$f":"ROUND(SUMIFS('Data Dump'!$I$7:$I$80000,'Data Dump'!$J$7:$J$80000,$A37,'Data Dump'!$C$7:$C$80000,\">\"&N$9,'Data Dump'!$C$7:$C$80000,\"<=\"&O$9,'Data Dump'!$F$7:$F$80000,$A$4),2)","v":0},{"$f":"ROUND(SUMIFS('Data Dump'!$I$7:$I$80000,'Data Dump'!$J$7:$J$80000,$A37,'Data Dump'!$C$7:$C$80000,\">\"&O$9,'Data Dump'!$C$7:$C$80000,\"<=\"&P$9,'Data Dump'!$F$7:$F$80000,$A$4),2)","v":0},{"$f":"ROUND(SUMIFS('Data Dump'!$I$7:$I$80000,'Data Dump'!$J$7:$J$80000,$A37,'Data Dump'!$C$7:$C$80000,\">\"&P$9,'Data Dump'!$C$7:$C$80000,\"<=\"&Q$9,'Data Dump'!$F$7:$F$80000,$A$4),2)","v":0},{"$f":"ROUND(SUMIFS('Data Dump'!$I$7:$I$80000,'Data Dump'!$J$7:$J$80000,$A37,'Data Dump'!$C$7:$C$80000,\">\"&Q$9,'Data Dump'!$C$7:$C$80000,\"<=\"&R$9,'Data Dump'!$F$7:$F$80000,$A$4),2)","v":0},{"$f":"ROUND(SUMIFS('Data Dump'!$I$7:$I$80000,'Data Dump'!$J$7:$J$80000,$A37,'Data Dump'!$C$7:$C$80000,\">\"&R$9,'Data Dump'!$C$7:$C$80000,\"<=\"&S$9,'Data Dump'!$F$7:$F$80000,$A$4),2)","v":0},{"$f":"ROUND(SUMIFS('Data Dump'!$I$7:$I$80000,'Data Dump'!$J$7:$J$80000,$A37,'Data Dump'!$C$7:$C$80000,\">\"&S$9,'Data Dump'!$C$7:$C$80000,\"<=\"&T$9,'Data Dump'!$F$7:$F$80000,$A$4),2)","v":0},{"$f":"ROUND(SUMIFS('Data Dump'!$I$7:$I$80000,'Data Dump'!$J$7:$J$80000,$A37,'Data Dump'!$C$7:$C$80000,\">\"&T$9,'Data Dump'!$C$7:$C$80000,\"<=\"&U$9,'Data Dump'!$F$7:$F$80000,$A$4),2)","v":0},{"$f":"ROUND(SUMIFS('Data Dump'!$I$7:$I$80000,'Data Dump'!$J$7:$J$80000,$A37,'Data Dump'!$C$7:$C$80000,\">\"&U$9,'Data Dump'!$C$7:$C$80000,\"<=\"&V$9,'Data Dump'!$F$7:$F$80000,$A$4),2)","v":0},{"$f":"ROUND(SUMIFS('Data Dump'!$I$7:$I$80000,'Data Dump'!$J$7:$J$80000,$A37,'Data Dump'!$C$7:$C$80000,\">\"&V$9,'Data Dump'!$C$7:$C$80000,\"<=\"&W$9,'Data Dump'!$F$7:$F$80000,$A$4),2)","v":0}]
["Life & ST/LT Disability",null,{"$f":"ROUND(SUMIFS('Data Dump'!$I$7:$I$80000,'Data Dump'!$J$7:$J$80000,$A38,'Data Dump'!$C$7:$C$80000,\">\"&B$9,'Data Dump'!$C$7:$C$80000,\"<=\"&C$9,'Data Dump'!$F$7:$F$80000,$A$4),2)","v":0},{"$f":"ROUND(SUMIFS('Data Dump'!$I$7:$I$80000,'Data Dump'!$J$7:$J$80000,$A38,'Data Dump'!$C$7:$C$80000,\">\"&C$9,'Data Dump'!$C$7:$C$80000,\"<=\"&D$9,'Data Dump'!$F$7:$F$80000,$A$4),2)","v":0},{"$f":"ROUND(SUMIFS('Data Dump'!$I$7:$I$80000,'Data Dump'!$J$7:$J$80000,$A38,'Data Dump'!$C$7:$C$80000,\">\"&D$9,'Data Dump'!$C$7:$C$80000,\"<=\"&E$9,'Data Dump'!$F$7:$F$80000,$A$4),2)","v":0},{"$f":"ROUND(SUMIFS('Data Dump'!$I$7:$I$80000,'Data Dump'!$J$7:$J$80000,$A38,'Data Dump'!$C$7:$C$80000,\">\"&E$9,'Data Dump'!$C$7:$C$80000,\"<=\"&F$9,'Data Dump'!$F$7:$F$80000,$A$4),2)","v":0},{"$f":"ROUND(SUMIFS('Data Dump'!$I$7:$I$80000,'Data Dump'!$J$7:$J$80000,$A38,'Data Dump'!$C$7:$C$80000,\">\"&F$9,'Data Dump'!$C$7:$C$80000,\"<=\"&G$9,'Data Dump'!$F$7:$F$80000,$A$4),2)","v":0},{"$f":"ROUND(SUMIFS('Data Dump'!$I$7:$I$80000,'Data Dump'!$J$7:$J$80000,$A38,'Data Dump'!$C$7:$C$80000,\">\"&G$9,'Data Dump'!$C$7:$C$80000,\"<=\"&H$9,'Data Dump'!$F$7:$F$80000,$A$4),2)","v":0},{"$f":"ROUND(SUMIFS('Data Dump'!$I$7:$I$80000,'Data Dump'!$J$7:$J$80000,$A38,'Data Dump'!$C$7:$C$80000,\">\"&H$9,'Data Dump'!$C$7:$C$80000,\"<=\"&I$9,'Data Dump'!$F$7:$F$80000,$A$4),2)","v":0},{"$f":"ROUND(SUMIFS('Data Dump'!$I$7:$I$80000,'Data Dump'!$J$7:$J$80000,$A38,'Data Dump'!$C$7:$C$80000,\">\"&I$9,'Data Dump'!$C$7:$C$80000,\"<=\"&J$9,'Data Dump'!$F$7:$F$80000,$A$4),2)","v":0},{"$f":"ROUND(SUMIFS('Data Dump'!$I$7:$I$80000,'Data Dump'!$J$7:$J$80000,$A38,'Data Dump'!$C$7:$C$80000,\">\"&J$9,'Data Dump'!$C$7:$C$80000,\"<=\"&K$9,'Data Dump'!$F$7:$F$80000,$A$4),2)","v":0},{"$f":"ROUND(SUMIFS('Data Dump'!$I$7:$I$80000,'Data Dump'!$J$7:$J$80000,$A38,'Data Dump'!$C$7:$C$80000,\">\"&K$9,'Data Dump'!$C$7:$C$80000,\"<=\"&L$9,'Data Dump'!$F$7:$F$80000,$A$4),2)","v":0},{"$f":"ROUND(SUMIFS('Data Dump'!$I$7:$I$80000,'Data Dump'!$J$7:$J$80000,$A38,'Data Dump'!$C$7:$C$80000,\">\"&L$9,'Data Dump'!$C$7:$C$80000,\"<=\"&M$9,'Data Dump'!$F$7:$F$80000,$A$4),2)","v":0},{"$f":"ROUND(SUMIFS('Data Dump'!$I$7:$I$80000,'Data Dump'!$J$7:$J$80000,$A38,'Data Dump'!$C$7:$C$80000,\">\"&M$9,'Data Dump'!$C$7:$C$80000,\"<=\"&N$9,'Data Dump'!$F$7:$F$80000,$A$4),2)","v":0},{"$f":"ROUND(SUMIFS('Data Dump'!$I$7:$I$80000,'Data Dump'!$J$7:$J$80000,$A38,'Data Dump'!$C$7:$C$80000,\">\"&N$9,'Data Dump'!$C$7:$C$80000,\"<=\"&O$9,'Data Dump'!$F$7:$F$80000,$A$4),2)","v":0},{"$f":"ROUND(SUMIFS('Data Dump'!$I$7:$I$80000,'Data Dump'!$J$7:$J$80000,$A38,'Data Dump'!$C$7:$C$80000,\">\"&O$9,'Data Dump'!$C$7:$C$80000,\"<=\"&P$9,'Data Dump'!$F$7:$F$80000,$A$4),2)","v":0},{"$f":"ROUND(SUMIFS('Data Dump'!$I$7:$I$80000,'Data Dump'!$J$7:$J$80000,$A38,'Data Dump'!$C$7:$C$80000,\">\"&P$9,'Data Dump'!$C$7:$C$80000,\"<=\"&Q$9,'Data Dump'!$F$7:$F$80000,$A$4),2)","v":0},{"$f":"ROUND(SUMIFS('Data Dump'!$I$7:$I$80000,'Data Dump'!$J$7:$J$80000,$A38,'Data Dump'!$C$7:$C$80000,\">\"&Q$9,'Data Dump'!$C$7:$C$80000,\"<=\"&R$9,'Data Dump'!$F$7:$F$80000,$A$4),2)","v":0},{"$f":"ROUND(SUMIFS('Data Dump'!$I$7:$I$80000,'Data Dump'!$J$7:$J$80000,$A38,'Data Dump'!$C$7:$C$80000,\">\"&R$9,'Data Dump'!$C$7:$C$80000,\"<=\"&S$9,'Data Dump'!$F$7:$F$80000,$A$4),2)","v":0},{"$f":"ROUND(SUMIFS('Data Dump'!$I$7:$I$80000,'Data Dump'!$J$7:$J$80000,$A38,'Data Dump'!$C$7:$C$80000,\">\"&S$9,'Data Dump'!$C$7:$C$80000,\"<=\"&T$9,'Data Dump'!$F$7:$F$80000,$A$4),2)","v":0},{"$f":"ROUND(SUMIFS('Data Dump'!$I$7:$I$80000,'Data Dump'!$J$7:$J$80000,$A38,'Data Dump'!$C$7:$C$80000,\">\"&T$9,'Data Dump'!$C$7:$C$80000,\"<=\"&U$9,'Data Dump'!$F$7:$F$80000,$A$4),2)","v":0},{"$f":"ROUND(SUMIFS('Data Dump'!$I$7:$I$80000,'Data Dump'!$J$7:$J$80000,$A38,'Data Dump'!$C$7:$C$80000,\">\"&U$9,'Data Dump'!$C$7:$C$80000,\"<=\"&V$9,'Data Dump'!$F$7:$F$80000,$A$4),2)","v":0},{"$f":"ROUND(SUMIFS('Data Dump'!$I$7:$I$80000,'Data Dump'!$J$7:$J$80000,$A38,'Data Dump'!$C$7:$C$80000,\">\"&V$9,'Data Dump'!$C$7:$C$80000,\"<=\"&W$9,'Data Dump'!$F$7:$F$80000,$A$4),2)","v":0}]
["Medical Insurance",null,{"$f":"ROUND(SUMIFS('Data Dump'!$I$7:$I$80000,'Data Dump'!$J$7:$J$80000,$A39,'Data Dump'!$C$7:$C$80000,\">\"&B$9,'Data Dump'!$C$7:$C$80000,\"<=\"&C$9,'Data Dump'!$F$7:$F$80000,$A$4),2)","v":0},{"$f":"ROUND(SUMIFS('Data Dump'!$I$7:$I$80000,'Data Dump'!$J$7:$J$80000,$A39,'Data Dump'!$C$7:$C$80000,\">\"&C$9,'Data Dump'!$C$7:$C$80000,\"<=\"&D$9,'Data Dump'!$F$7:$F$80000,$A$4),2)","v":0},{"$f":"ROUND(SUMIFS('Data Dump'!$I$7:$I$80000,'Data Dump'!$J$7:$J$80000,$A39,'Data Dump'!$C$7:$C$80000,\">\"&D$9,'Data Dump'!$C$7:$C$80000,\"<=\"&E$9,'Data Dump'!$F$7:$F$80000,$A$4),2)","v":0},{"$f":"ROUND(SUMIFS('Data Dump'!$I$7:$I$80000,'Data Dump'!$J$7:$J$80000,$A39,'Data Dump'!$C$7:$C$80000,\">\"&E$9,'Data Dump'!$C$7:$C$80000,\"<=\"&F$9,'Data Dump'!$F$7:$F$80000,$A$4),2)","v":0},{"$f":"ROUND(SUMIFS('Data Dump'!$I$7:$I$80000,'Data Dump'!$J$7:$J$80000,$A39,'Data Dump'!$C$7:$C$80000,\">\"&F$9,'Data Dump'!$C$7:$C$80000,\"<=\"&G$9,'Data Dump'!$F$7:$F$80000,$A$4),2)","v":0},{"$f":"ROUND(SUMIFS('Data Dump'!$I$7:$I$80000,'Data Dump'!$J$7:$J$80000,$A39,'Data Dump'!$C$7:$C$80000,\">\"&G$9,'Data Dump'!$C$7:$C$80000,\"<=\"&H$9,'Data Dump'!$F$7:$F$80000,$A$4),2)","v":0},{"$f":"ROUND(SUMIFS('Data Dump'!$I$7:$I$80000,'Data Dump'!$J$7:$J$80000,$A39,'Data Dump'!$C$7:$C$80000,\">\"&H$9,'Data Dump'!$C$7:$C$80000,\"<=\"&I$9,'Data Dump'!$F$7:$F$80000,$A$4),2)","v":0},{"$f":"ROUND(SUMIFS('Data Dump'!$I$7:$I$80000,'Data Dump'!$J$7:$J$80000,$A39,'Data Dump'!$C$7:$C$80000,\">\"&I$9,'Data Dump'!$C$7:$C$80000,\"<=\"&J$9,'Data Dump'!$F$7:$F$80000,$A$4),2)","v":0},{"$f":"ROUND(SUMIFS('Data Dump'!$I$7:$I$80000,'Data Dump'!$J$7:$J$80000,$A39,'Data Dump'!$C$7:$C$80000,\">\"&J$9,'Data Dump'!$C$7:$C$80000,\"<=\"&K$9,'Data Dump'!$F$7:$F$80000,$A$4),2)","v":0},{"$f":"ROUND(SUMIFS('Data Dump'!$I$7:$I$80000,'Data Dump'!$J$7:$J$80000,$A39,'Data Dump'!$C$7:$C$80000,\">\"&K$9,'Data Dump'!$C$7:$C$80000,\"<=\"&L$9,'Data Dump'!$F$7:$F$80000,$A$4),2)","v":0},{"$f":"ROUND(SUMIFS('Data Dump'!$I$7:$I$80000,'Data Dump'!$J$7:$J$80000,$A39,'Data Dump'!$C$7:$C$80000,\">\"&L$9,'Data Dump'!$C$7:$C$80000,\"<=\"&M$9,'Data Dump'!$F$7:$F$80000,$A$4),2)","v":0},{"$f":"ROUND(SUMIFS('Data Dump'!$I$7:$I$80000,'Data Dump'!$J$7:$J$80000,$A39,'Data Dump'!$C$7:$C$80000,\">\"&M$9,'Data Dump'!$C$7:$C$80000,\"<=\"&N$9,'Data Dump'!$F$7:$F$80000,$A$4),2)","v":0},{"$f":"ROUND(SUMIFS('Data Dump'!$I$7:$I$80000,'Data Dump'!$J$7:$J$80000,$A39,'Data Dump'!$C$7:$C$80000,\">\"&N$9,'Data Dump'!$C$7:$C$80000,\"<=\"&O$9,'Data Dump'!$F$7:$F$80000,$A$4),2)","v":0},{"$f":"ROUND(SUMIFS('Data Dump'!$I$7:$I$80000,'Data Dump'!$J$7:$J$80000,$A39,'Data Dump'!$C$7:$C$80000,\">\"&O$9,'Data Dump'!$C$7:$C$80000,\"<=\"&P$9,'Data Dump'!$F$7:$F$80000,$A$4),2)","v":0},{"$f":"ROUND(SUMIFS('Data Dump'!$I$7:$I$80000,'Data Dump'!$J$7:$J$80000,$A39,'Data Dump'!$C$7:$C$80000,\">\"&P$9,'Data Dump'!$C$7:$C$80000,\"<=\"&Q$9,'Data Dump'!$F$7:$F$80000,$A$4),2)","v":0},{"$f":"ROUND(SUMIFS('Data Dump'!$I$7:$I$80000,'Data Dump'!$J$7:$J$80000,$A39,'Data Dump'!$C$7:$C$80000,\">\"&Q$9,'Data Dump'!$C$7:$C$80000,\"<=\"&R$9,'Data Dump'!$F$7:$F$80000,$A$4),2)","v":0},{"$f":"ROUND(SUMIFS('Data Dump'!$I$7:$I$80000,'Data Dump'!$J$7:$J$80000,$A39,'Data Dump'!$C$7:$C$80000,\">\"&R$9,'Data Dump'!$C$7:$C$80000,\"<=\"&S$9,'Data Dump'!$F$7:$F$80000,$A$4),2)","v":0},{"$f":"ROUND(SUMIFS('Data Dump'!$I$7:$I$80000,'Data Dump'!$J$7:$J$80000,$A39,'Data Dump'!$C$7:$C$80000,\">\"&S$9,'Data Dump'!$C$7:$C$80000,\"<=\"&T$9,'Data Dump'!$F$7:$F$80000,$A$4),2)","v":0},{"$f":"ROUND(SUMIFS('Data Dump'!$I$7:$I$80000,'Data Dump'!$J$7:$J$80000,$A39,'Data Dump'!$C$7:$C$80000,\">\"&T$9,'Data Dump'!$C$7:$C$80000,\"<=\"&U$9,'Data Dump'!$F$7:$F$80000,$A$4),2)","v":0},{"$f":"ROUND(SUMIFS('Data Dump'!$I$7:$I$80000,'Data Dump'!$J$7:$J$80000,$A39,'Data Dump'!$C$7:$C$80000,\">\"&U$9,'Data Dump'!$C$7:$C$80000,\"<=\"&V$9,'Data Dump'!$F$7:$F$80000,$A$4),2)","v":0},{"$f":"ROUND(SUMIFS('Data Dump'!$I$7:$I$80000,'Data Dump'!$J$7:$J$80000,$A39,'Data Dump'!$C$7:$C$80000,\">\"&V$9,'Data Dump'!$C$7:$C$80000,\"<=\"&W$9,'Data Dump'!$F$7:$F$80000,$A$4),2)","v":0}]
["Vision Insurance",null,{"$f":"ROUND(SUMIFS('Data Dump'!$I$7:$I$80000,'Data Dump'!$J$7:$J$80000,$A40,'Data Dump'!$C$7:$C$80000,\">\"&B$9,'Data Dump'!$C$7:$C$80000,\"<=\"&C$9,'Data Dump'!$F$7:$F$80000,$A$4),2)","v":0},{"$f":"ROUND(SUMIFS('Data Dump'!$I$7:$I$80000,'Data Dump'!$J$7:$J$80000,$A40,'Data Dump'!$C$7:$C$80000,\">\"&C$9,'Data Dump'!$C$7:$C$80000,\"<=\"&D$9,'Data Dump'!$F$7:$F$80000,$A$4),2)","v":0},{"$f":"ROUND(SUMIFS('Data Dump'!$I$7:$I$80000,'Data Dump'!$J$7:$J$80000,$A40,'Data Dump'!$C$7:$C$80000,\">\"&D$9,'Data Dump'!$C$7:$C$80000,\"<=\"&E$9,'Data Dump'!$F$7:$F$80000,$A$4),2)","v":0},{"$f":"ROUND(SUMIFS('Data Dump'!$I$7:$I$80000,'Data Dump'!$J$7:$J$80000,$A40,'Data Dump'!$C$7:$C$80000,\">\"&E$9,'Data Dump'!$C$7:$C$80000,\"<=\"&F$9,'Data Dump'!$F$7:$F$80000,$A$4),2)","v":0},{"$f":"ROUND(SUMIFS('Data Dump'!$I$7:$I$80000,'Data Dump'!$J$7:$J$80000,$A40,'Data Dump'!$C$7:$C$80000,\">\"&F$9,'Data Dump'!$C$7:$C$80000,\"<=\"&G$9,'Data Dump'!$F$7:$F$80000,$A$4),2)","v":0},{"$f":"ROUND(SUMIFS('Data Dump'!$I$7:$I$80000,'Data Dump'!$J$7:$J$80000,$A40,'Data Dump'!$C$7:$C$80000,\">\"&G$9,'Data Dump'!$C$7:$C$80000,\"<=\"&H$9,'Data Dump'!$F$7:$F$80000,$A$4),2)","v":0},{"$f":"ROUND(SUMIFS('Data Dump'!$I$7:$I$80000,'Data Dump'!$J$7:$J$80000,$A40,'Data Dump'!$C$7:$C$80000,\">\"&H$9,'Data Dump'!$C$7:$C$80000,\"<=\"&I$9,'Data Dump'!$F$7:$F$80000,$A$4),2)","v":0},{"$f":"ROUND(SUMIFS('Data Dump'!$I$7:$I$80000,'Data Dump'!$J$7:$J$80000,$A40,'Data Dump'!$C$7:$C$80000,\">\"&I$9,'Data Dump'!$C$7:$C$80000,\"<=\"&J$9,'Data Dump'!$F$7:$F$80000,$A$4),2)","v":0},{"$f":"ROUND(SUMIFS('Data Dump'!$I$7:$I$80000,'Data Dump'!$J$7:$J$80000,$A40,'Data Dump'!$C$7:$C$80000,\">\"&J$9,'Data Dump'!$C$7:$C$80000,\"<=\"&K$9,'Data Dump'!$F$7:$F$80000,$A$4),2)","v":0},{"$f":"ROUND(SUMIFS('Data Dump'!$I$7:$I$80000,'Data Dump'!$J$7:$J$80000,$A40,'Data Dump'!$C$7:$C$80000,\">\"&K$9,'Data Dump'!$C$7:$C$80000,\"<=\"&L$9,'Data Dump'!$F$7:$F$80000,$A$4),2)","v":0},{"$f":"ROUND(SUMIFS('Data Dump'!$I$7:$I$80000,'Data Dump'!$J$7:$J$80000,$A40,'Data Dump'!$C$7:$C$80000,\">\"&L$9,'Data Dump'!$C$7:$C$80000,\"<=\"&M$9,'Data Dump'!$F$7:$F$80000,$A$4),2)","v":0},{"$f":"ROUND(SUMIFS('Data Dump'!$I$7:$I$80000,'Data Dump'!$J$7:$J$80000,$A40,'Data Dump'!$C$7:$C$80000,\">\"&M$9,'Data Dump'!$C$7:$C$80000,\"<=\"&N$9,'Data Dump'!$F$7:$F$80000,$A$4),2)","v":0},{"$f":"ROUND(SUMIFS('Data Dump'!$I$7:$I$80000,'Data Dump'!$J$7:$J$80000,$A40,'Data Dump'!$C$7:$C$80000,\">\"&N$9,'Data Dump'!$C$7:$C$80000,\"<=\"&O$9,'Data Dump'!$F$7:$F$80000,$A$4),2)","v":0},{"$f":"ROUND(SUMIFS('Data Dump'!$I$7:$I$80000,'Data Dump'!$J$7:$J$80000,$A40,'Data Dump'!$C$7:$C$80000,\">\"&O$9,'Data Dump'!$C$7:$C$80000,\"<=\"&P$9,'Data Dump'!$F$7:$F$80000,$A$4),2)","v":0},{"$f":"ROUND(SUMIFS('Data Dump'!$I$7:$I$80000,'Data Dump'!$J$7:$J$80000,$A40,'Data Dump'!$C$7:$C$80000,\">\"&P$9,'Data Dump'!$C$7:$C$80000,\"<=\"&Q$9,'Data Dump'!$F$7:$F$80000,$A$4),2)","v":0},{"$f":"ROUND(SUMIFS('Data Dump'!$I$7:$I$80000,'Data Dump'!$J$7:$J$80000,$A40,'Data Dump'!$C$7:$C$80000,\">\"&Q$9,'Data Dump'!$C$7:$C$80000,\"<=\"&R$9,'Data Dump'!$F$7:$F$80000,$A$4),2)","v":0},{"$f":"ROUND(SUMIFS('Data Dump'!$I$7:$I$80000,'Data Dump'!$J$7:$J$80000,$A40,'Data Dump'!$C$7:$C$80000,\">\"&R$9,'Data Dump'!$C$7:$C$80000,\"<=\"&S$9,'Data Dump'!$F$7:$F$80000,$A$4),2)","v":0},{"$f":"ROUND(SUMIFS('Data Dump'!$I$7:$I$80000,'Data Dump'!$J$7:$J$80000,$A40,'Data Dump'!$C$7:$C$80000,\">\"&S$9,'Data Dump'!$C$7:$C$80000,\"<=\"&T$9,'Data Dump'!$F$7:$F$80000,$A$4),2)","v":0},{"$f":"ROUND(SUMIFS('Data Dump'!$I$7:$I$80000,'Data Dump'!$J$7:$J$80000,$A40,'Data Dump'!$C$7:$C$80000,\">\"&T$9,'Data Dump'!$C$7:$C$80000,\"<=\"&U$9,'Data Dump'!$F$7:$F$80000,$A$4),2)","v":0},{"$f":"ROUND(SUMIFS('Data Dump'!$I$7:$I$80000,'Data Dump'!$J$7:$J$80000,$A40,'Data Dump'!$C$7:$C$80000,\">\"&U$9,'Data Dump'!$C$7:$C$80000,\"<=\"&V$9,'Data Dump'!$F$7:$F$80000,$A$4),2)","v":0},{"$f":"ROUND(SUMIFS('Data Dump'!$I$7:$I$80000,'Data Dump'!$J$7:$J$80000,$A40,'Data Dump'!$C$7:$C$80000,\">\"&V$9,'Data Dump'!$C$7:$C$80000,\"<=\"&W$9,'Data Dump'!$F$7:$F$80000,$A$4),2)","v":0}]
["Employee Training",null,{"$f":"ROUND(SUMIFS('Data Dump'!$I$7:$I$80000,'Data Dump'!$J$7:$J$80000,$A41,'Data Dump'!$C$7:$C$80000,\">\"&B$9,'Data Dump'!$C$7:$C$80000,\"<=\"&C$9,'Data Dump'!$F$7:$F$80000,$A$4),2)","v":0},{"$f":"ROUND(SUMIFS('Data Dump'!$I$7:$I$80000,'Data Dump'!$J$7:$J$80000,$A41,'Data Dump'!$C$7:$C$80000,\">\"&C$9,'Data Dump'!$C$7:$C$80000,\"<=\"&D$9,'Data Dump'!$F$7:$F$80000,$A$4),2)","v":0},{"$f":"ROUND(SUMIFS('Data Dump'!$I$7:$I$80000,'Data Dump'!$J$7:$J$80000,$A41,'Data Dump'!$C$7:$C$80000,\">\"&D$9,'Data Dump'!$C$7:$C$80000,\"<=\"&E$9,'Data Dump'!$F$7:$F$80000,$A$4),2)","v":0},{"$f":"ROUND(SUMIFS('Data Dump'!$I$7:$I$80000,'Data Dump'!$J$7:$J$80000,$A41,'Data Dump'!$C$7:$C$80000,\">\"&E$9,'Data Dump'!$C$7:$C$80000,\"<=\"&F$9,'Data Dump'!$F$7:$F$80000,$A$4),2)","v":0},{"$f":"ROUND(SUMIFS('Data Dump'!$I$7:$I$80000,'Data Dump'!$J$7:$J$80000,$A41,'Data Dump'!$C$7:$C$80000,\">\"&F$9,'Data Dump'!$C$7:$C$80000,\"<=\"&G$9,'Data Dump'!$F$7:$F$80000,$A$4),2)","v":0},{"$f":"ROUND(SUMIFS('Data Dump'!$I$7:$I$80000,'Data Dump'!$J$7:$J$80000,$A41,'Data Dump'!$C$7:$C$80000,\">\"&G$9,'Data Dump'!$C$7:$C$80000,\"<=\"&H$9,'Data Dump'!$F$7:$F$80000,$A$4),2)","v":0},{"$f":"ROUND(SUMIFS('Data Dump'!$I$7:$I$80000,'Data Dump'!$J$7:$J$80000,$A41,'Data Dump'!$C$7:$C$80000,\">\"&H$9,'Data Dump'!$C$7:$C$80000,\"<=\"&I$9,'Data Dump'!$F$7:$F$80000,$A$4),2)","v":0},{"$f":"ROUND(SUMIFS('Data Dump'!$I$7:$I$80000,'Data Dump'!$J$7:$J$80000,$A41,'Data Dump'!$C$7:$C$80000,\">\"&I$9,'Data Dump'!$C$7:$C$80000,\"<=\"&J$9,'Data Dump'!$F$7:$F$80000,$A$4),2)","v":0},{"$f":"ROUND(SUMIFS('Data Dump'!$I$7:$I$80000,'Data Dump'!$J$7:$J$80000,$A41,'Data Dump'!$C$7:$C$80000,\">\"&J$9,'Data Dump'!$C$7:$C$80000,\"<=\"&K$9,'Data Dump'!$F$7:$F$80000,$A$4),2)","v":0},{"$f":"ROUND(SUMIFS('Data Dump'!$I$7:$I$80000,'Data Dump'!$J$7:$J$80000,$A41,'Data Dump'!$C$7:$C$80000,\">\"&K$9,'Data Dump'!$C$7:$C$80000,\"<=\"&L$9,'Data Dump'!$F$7:$F$80000,$A$4),2)","v":0},{"$f":"ROUND(SUMIFS('Data Dump'!$I$7:$I$80000,'Data Dump'!$J$7:$J$80000,$A41,'Data Dump'!$C$7:$C$80000,\">\"&L$9,'Data Dump'!$C$7:$C$80000,\"<=\"&M$9,'Data Dump'!$F$7:$F$80000,$A$4),2)","v":0},{"$f":"ROUND(SUMIFS('Data Dump'!$I$7:$I$80000,'Data Dump'!$J$7:$J$80000,$A41,'Data Dump'!$C$7:$C$80000,\">\"&M$9,'Data Dump'!$C$7:$C$80000,\"<=\"&N$9,'Data Dump'!$F$7:$F$80000,$A$4),2)","v":0},{"$f":"ROUND(SUMIFS('Data Dump'!$I$7:$I$80000,'Data Dump'!$J$7:$J$80000,$A41,'Data Dump'!$C$7:$C$80000,\">\"&N$9,'Data Dump'!$C$7:$C$80000,\"<=\"&O$9,'Data Dump'!$F$7:$F$80000,$A$4),2)","v":0},{"$f":"ROUND(SUMIFS('Data Dump'!$I$7:$I$80000,'Data Dump'!$J$7:$J$80000,$A41,'Data Dump'!$C$7:$C$80000,\">\"&O$9,'Data Dump'!$C$7:$C$80000,\"<=\"&P$9,'Data Dump'!$F$7:$F$80000,$A$4),2)","v":0},{"$f":"ROUND(SUMIFS('Data Dump'!$I$7:$I$80000,'Data Dump'!$J$7:$J$80000,$A41,'Data Dump'!$C$7:$C$80000,\">\"&P$9,'Data Dump'!$C$7:$C$80000,\"<=\"&Q$9,'Data Dump'!$F$7:$F$80000,$A$4),2)","v":0},{"$f":"ROUND(SUMIFS('Data Dump'!$I$7:$I$80000,'Data Dump'!$J$7:$J$80000,$A41,'Data Dump'!$C$7:$C$80000,\">\"&Q$9,'Data Dump'!$C$7:$C$80000,\"<=\"&R$9,'Data Dump'!$F$7:$F$80000,$A$4),2)","v":0},{"$f":"ROUND(SUMIFS('Data Dump'!$I$7:$I$80000,'Data Dump'!$J$7:$J$80000,$A41,'Data Dump'!$C$7:$C$80000,\">\"&R$9,'Data Dump'!$C$7:$C$80000,\"<=\"&S$9,'Data Dump'!$F$7:$F$80000,$A$4),2)","v":0},{"$f":"ROUND(SUMIFS('Data Dump'!$I$7:$I$80000,'Data Dump'!$J$7:$J$80000,$A41,'Data Dump'!$C$7:$C$80000,\">\"&S$9,'Data Dump'!$C$7:$C$80000,\"<=\"&T$9,'Data Dump'!$F$7:$F$80000,$A$4),2)","v":0},{"$f":"ROUND(SUMIFS('Data Dump'!$I$7:$I$80000,'Data Dump'!$J$7:$J$80000,$A41,'Data Dump'!$C$7:$C$80000,\">\"&T$9,'Data Dump'!$C$7:$C$80000,\"<=\"&U$9,'Data Dump'!$F$7:$F$80000,$A$4),2)","v":0},{"$f":"ROUND(SUMIFS('Data Dump'!$I$7:$I$80000,'Data Dump'!$J$7:$J$80000,$A41,'Data Dump'!$C$7:$C$80000,\">\"&U$9,'Data Dump'!$C$7:$C$80000,\"<=\"&V$9,'Data Dump'!$F$7:$F$80000,$A$4),2)","v":0},{"$f":"ROUND(SUMIFS('Data Dump'!$I$7:$I$80000,'Data Dump'!$J$7:$J$80000,$A41,'Data Dump'!$C$7:$C$80000,\">\"&V$9,'Data Dump'!$C$7:$C$80000,\"<=\"&W$9,'Data Dump'!$F$7:$F$80000,$A$4),2)","v":0}]
[null,"=","=","=","=","=","=","=","=","=","=","=","=","=","=","=","=","=","=","=","=","=","="]
["TOTAL SALARIES, TAXES, & BENEFITS",null,{"$f":"SUM(C30:C42)","v":0},{"$f":"SUM(D30:D42)","v":0},{"$f":"SUM(E30:E42)","v":0},{"$f":"SUM(F30:F42)","v":0},{"$f":"SUM(G30:G42)","v":0},{"$f":"SUM(H29:H42)","v":0},0,0,0,0,0,0,0,0,0,0,0,0,0,0,0]
[null,"=","=","=","=","=","=","=","=","=","=","=","=","=","=","=","=","=","=","=","=","=","="]
["OCCUPANCY EXPENSES"]
[]
["Rent",null,{"$f":"ROUND(SUMIFS('Data Dump'!$I$7:$I$80000,'Data Dump'!$J$7:$J$80000,$A47,'Data Dump'!$C$7:$C$80000,\">\"&B$9,'Data Dump'!$C$7:$C$80000,\"<=\"&C$9,'Data Dump'!$F$7:$F$80000,$A$4),2)","v":0},{"$f":"ROUND(SUMIFS('Data Dump'!$I$7:$I$80000,'Data Dump'!$J$7:$J$80000,$A47,'Data Dump'!$C$7:$C$80000,\">\"&C$9,'Data Dump'!$C$7:$C$80000,\"<=\"&D$9,'Data Dump'!$F$7:$F$80000,$A$4),2)","v":0},{"$f":"ROUND(SUMIFS('Data Dump'!$I$7:$I$80000,'Data Dump'!$J$7:$J$80000,$A47,'Data Dump'!$C$7:$C$80000,\">\"&D$9,'Data Dump'!$C$7:$C$80000,\"<=\"&E$9,'Data Dump'!$F$7:$F$80000,$A$4),2)","v":0},{"$f":"ROUND(SUMIFS('Data Dump'!$I$7:$I$80000,'Data Dump'!$J$7:$J$80000,$A47,'Data Dump'!$C$7:$C$80000,\">\"&E$9,'Data Dump'!$C$7:$C$80000,\"<=\"&F$9,'Data Dump'!$F$7:$F$80000,$A$4),2)","v":0},{"$f":"ROUND(SUMIFS('Data Dump'!$I$7:$I$80000,'Data Dump'!$J$7:$J$80000,$A47,'Data Dump'!$C$7:$C$80000,\">\"&F$9,'Data Dump'!$C$7:$C$80000,\"<=\"&G$9,'Data Dump'!$F$7:$F$80000,$A$4),2)","v":0},{"$f":"ROUND(SUMIFS('Data Dump'!$I$7:$I$80000,'Data Dump'!$J$7:$J$80000,$A47,'Data Dump'!$C$7:$C$80000,\">\"&G$9,'Data Dump'!$C$7:$C$80000,\"<=\"&H$9,'Data Dump'!$F$7:$F$80000,$A$4),2)","v":0},{"$f":"ROUND(SUMIFS('Data Dump'!$I$7:$I$80000,'Data Dump'!$J$7:$J$80000,$A47,'Data Dump'!$C$7:$C$80000,\">\"&H$9,'Data Dump'!$C$7:$C$80000,\"<=\"&I$9,'Data Dump'!$F$7:$F$80000,$A$4),2)","v":0},{"$f":"ROUND(SUMIFS('Data Dump'!$I$7:$I$80000,'Data Dump'!$J$7:$J$80000,$A47,'Data Dump'!$C$7:$C$80000,\">\"&I$9,'Data Dump'!$C$7:$C$80000,\"<=\"&J$9,'Data Dump'!$F$7:$F$80000,$A$4),2)","v":0},{"$f":"ROUND(SUMIFS('Data Dump'!$I$7:$I$80000,'Data Dump'!$J$7:$J$80000,$A47,'Data Dump'!$C$7:$C$80000,\">\"&J$9,'Data Dump'!$C$7:$C$80000,\"<=\"&K$9,'Data Dump'!$F$7:$F$80000,$A$4),2)","v":0},{"$f":"ROUND(SUMIFS('Data Dump'!$I$7:$I$80000,'Data Dump'!$J$7:$J$80000,$A47,'Data Dump'!$C$7:$C$80000,\">\"&K$9,'Data Dump'!$C$7:$C$80000,\"<=\"&L$9,'Data Dump'!$F$7:$F$80000,$A$4),2)","v":0},{"$f":"ROUND(SUMIFS('Data Dump'!$I$7:$I$80000,'Data Dump'!$J$7:$J$80000,$A47,'Data Dump'!$C$7:$C$80000,\">\"&L$9,'Data Dump'!$C$7:$C$80000,\"<=\"&M$9,'Data Dump'!$F$7:$F$80000,$A$4),2)","v":0},{"$f":"ROUND(SUMIFS('Data Dump'!$I$7:$I$80000,'Data Dump'!$J$7:$J$80000,$A47,'Data Dump'!$C$7:$C$80000,\">\"&M$9,'Data Dump'!$C$7:$C$80000,\"<=\"&N$9,'Data Dump'!$F$7:$F$80000,$A$4),2)","v":0},{"$f":"ROUND(SUMIFS('Data Dump'!$I$7:$I$80000,'Data Dump'!$J$7:$J$80000,$A47,'Data Dump'!$C$7:$C$80000,\">\"&N$9,'Data Dump'!$C$7:$C$80000,\"<=\"&O$9,'Data Dump'!$F$7:$F$80000,$A$4),2)","v":0},{"$f":"ROUND(SUMIFS('Data Dump'!$I$7:$I$80000,'Data Dump'!$J$7:$J$80000,$A47,'Data Dump'!$C$7:$C$80000,\">\"&O$9,'Data Dump'!$C$7:$C$80000,\"<=\"&P$9,'Data Dump'!$F$7:$F$80000,$A$4),2)","v":0},{"$f":"ROUND(SUMIFS('Data Dump'!$I$7:$I$80000,'Data Dump'!$J$7:$J$80000,$A47,'Data Dump'!$C$7:$C$80000,\">\"&P$9,'Data Dump'!$C$7:$C$80000,\"<=\"&Q$9,'Data Dump'!$F$7:$F$80000,$A$4),2)","v":0},{"$f":"ROUND(SUMIFS('Data Dump'!$I$7:$I$80000,'Data Dump'!$J$7:$J$80000,$A47,'Data Dump'!$C$7:$C$80000,\">\"&Q$9,'Data Dump'!$C$7:$C$80000,\"<=\"&R$9,'Data Dump'!$F$7:$F$80000,$A$4),2)","v":0},{"$f":"ROUND(SUMIFS('Data Dump'!$I$7:$I$80000,'Data Dump'!$J$7:$J$80000,$A47,'Data Dump'!$C$7:$C$80000,\">\"&R$9,'Data Dump'!$C$7:$C$80000,\"<=\"&S$9,'Data Dump'!$F$7:$F$80000,$A$4),2)","v":0},{"$f":"ROUND(SUMIFS('Data Dump'!$I$7:$I$80000,'Data Dump'!$J$7:$J$80000,$A47,'Data Dump'!$C$7:$C$80000,\">\"&S$9,'Data Dump'!$C$7:$C$80000,\"<=\"&T$9,'Data Dump'!$F$7:$F$80000,$A$4),2)","v":0},{"$f":"ROUND(SUMIFS('Data Dump'!$I$7:$I$80000,'Data Dump'!$J$7:$J$80000,$A47,'Data Dump'!$C$7:$C$80000,\">\"&T$9,'Data Dump'!$C$7:$C$80000,\"<=\"&U$9,'Data Dump'!$F$7:$F$80000,$A$4),2)","v":0},{"$f":"ROUND(SUMIFS('Data Dump'!$I$7:$I$80000,'Data Dump'!$J$7:$J$80000,$A47,'Data Dump'!$C$7:$C$80000,\">\"&U$9,'Data Dump'!$C$7:$C$80000,\"<=\"&V$9,'Data Dump'!$F$7:$F$80000,$A$4),2)","v":0},{"$f":"ROUND(SUMIFS('Data Dump'!$I$7:$I$80000,'Data Dump'!$J$7:$J$80000,$A47,'Data Dump'!$C$7:$C$80000,\">\"&V$9,'Data Dump'!$C$7:$C$80000,\"<=\"&W$9,'Data Dump'!$F$7:$F$80000,$A$4),2)","v":0}]
["Utilities",null,{"$f":"ROUND(SUMIFS('Data Dump'!$I$7:$I$80000,'Data Dump'!$J$7:$J$80000,$A48,'Data Dump'!$C$7:$C$80000,\">\"&B$9,'Data Dump'!$C$7:$C$80000,\"<=\"&C$9,'Data Dump'!$F$7:$F$80000,$A$4),2)","v":0},{"$f":"ROUND(SUMIFS('Data Dump'!$I$7:$I$80000,'Data Dump'!$J$7:$J$80000,$A48,'Data Dump'!$C$7:$C$80000,\">\"&C$9,'Data Dump'!$C$7:$C$80000,\"<=\"&D$9,'Data Dump'!$F$7:$F$80000,$A$4),2)","v":0},{"$f":"ROUND(SUMIFS('Data Dump'!$I$7:$I$80000,'Data Dump'!$J$7:$J$80000,$A48,'Data Dump'!$C$7:$C$80000,\">\"&D$9,'Data Dump'!$C$7:$C$80000,\"<=\"&E$9,'Data Dump'!$F$7:$F$80000,$A$4),2)","v":0},{"$f":"ROUND(SUMIFS('Data Dump'!$I$7:$I$80000,'Data Dump'!$J$7:$J$80000,$A48,'Data Dump'!$C$7:$C$80000,\">\"&E$9,'Data Dump'!$C$7:$C$80000,\"<=\"&F$9,'Data Dump'!$F$7:$F$80000,$A$4),2)","v":0},{"$f":"ROUND(SUMIFS('Data Dump'!$I$7:$I$80000,'Data Dump'!$J$7:$J$80000,$A48,'Data Dump'!$C$7:$C$80000,\">\"&F$9,'Data Dump'!$C$7:$C$80000,\"<=\"&G$9,'Data Dump'!$F$7:$F$80000,$A$4),2)","v":0},{"$f":"ROUND(SUMIFS('Data Dump'!$I$7:$I$80000,'Data Dump'!$J$7:$J$80000,$A48,'Data Dump'!$C$7:$C$80000,\">\"&G$9,'Data Dump'!$C$7:$C$80000,\"<=\"&H$9,'Data Dump'!$F$7:$F$80000,$A$4),2)","v":0},{"$f":"ROUND(SUMIFS('Data Dump'!$I$7:$I$80000,'Data Dump'!$J$7:$J$80000,$A48,'Data Dump'!$C$7:$C$80000,\">\"&H$9,'Data Dump'!$C$7:$C$80000,\"<=\"&I$9,'Data Dump'!$F$7:$F$80000,$A$4),2)","v":0},{"$f":"ROUND(SUMIFS('Data Dump'!$I$7:$I$80000,'Data Dump'!$J$7:$J$80000,$A48,'Data Dump'!$C$7:$C$80000,\">\"&I$9,'Data Dump'!$C$7:$C$80000,\"<=\"&J$9,'Data Dump'!$F$7:$F$80000,$A$4),2)","v":0},{"$f":"ROUND(SUMIFS('Data Dump'!$I$7:$I$80000,'Data Dump'!$J$7:$J$80000,$A48,'Data Dump'!$C$7:$C$80000,\">\"&J$9,'Data Dump'!$C$7:$C$80000,\"<=\"&K$9,'Data Dump'!$F$7:$F$80000,$A$4),2)","v":0},{"$f":"ROUND(SUMIFS('Data Dump'!$I$7:$I$80000,'Data Dump'!$J$7:$J$80000,$A48,'Data Dump'!$C$7:$C$80000,\">\"&K$9,'Data Dump'!$C$7:$C$80000,\"<=\"&L$9,'Data Dump'!$F$7:$F$80000,$A$4),2)","v":0},{"$f":"ROUND(SUMIFS('Data Dump'!$I$7:$I$80000,'Data Dump'!$J$7:$J$80000,$A48,'Data Dump'!$C$7:$C$80000,\">\"&L$9,'Data Dump'!$C$7:$C$80000,\"<=\"&M$9,'Data Dump'!$F$7:$F$80000,$A$4),2)","v":0},{"$f":"ROUND(SUMIFS('Data Dump'!$I$7:$I$80000,'Data Dump'!$J$7:$J$80000,$A48,'Data Dump'!$C$7:$C$80000,\">\"&M$9,'Data Dump'!$C$7:$C$80000,\"<=\"&N$9,'Data Dump'!$F$7:$F$80000,$A$4),2)","v":0},{"$f":"ROUND(SUMIFS('Data Dump'!$I$7:$I$80000,'Data Dump'!$J$7:$J$80000,$A48,'Data Dump'!$C$7:$C$80000,\">\"&N$9,'Data Dump'!$C$7:$C$80000,\"<=\"&O$9,'Data Dump'!$F$7:$F$80000,$A$4),2)","v":0},{"$f":"ROUND(SUMIFS('Data Dump'!$I$7:$I$80000,'Data Dump'!$J$7:$J$80000,$A48,'Data Dump'!$C$7:$C$80000,\">\"&O$9,'Data Dump'!$C$7:$C$80000,\"<=\"&P$9,'Data Dump'!$F$7:$F$80000,$A$4),2)","v":0},{"$f":"ROUND(SUMIFS('Data Dump'!$I$7:$I$80000,'Data Dump'!$J$7:$J$80000,$A48,'Data Dump'!$C$7:$C$80000,\">\"&P$9,'Data Dump'!$C$7:$C$80000,\"<=\"&Q$9,'Data Dump'!$F$7:$F$80000,$A$4),2)","v":0},{"$f":"ROUND(SUMIFS('Data Dump'!$I$7:$I$80000,'Data Dump'!$J$7:$J$80000,$A48,'Data Dump'!$C$7:$C$80000,\">\"&Q$9,'Data Dump'!$C$7:$C$80000,\"<=\"&R$9,'Data Dump'!$F$7:$F$80000,$A$4),2)","v":0},{"$f":"ROUND(SUMIFS('Data Dump'!$I$7:$I$80000,'Data Dump'!$J$7:$J$80000,$A48,'Data Dump'!$C$7:$C$80000,\">\"&R$9,'Data Dump'!$C$7:$C$80000,\"<=\"&S$9,'Data Dump'!$F$7:$F$80000,$A$4),2)","v":0},{"$f":"ROUND(SUMIFS('Data Dump'!$I$7:$I$80000,'Data Dump'!$J$7:$J$80000,$A48,'Data Dump'!$C$7:$C$80000,\">\"&S$9,'Data Dump'!$C$7:$C$80000,\"<=\"&T$9,'Data Dump'!$F$7:$F$80000,$A$4),2)","v":0},{"$f":"ROUND(SUMIFS('Data Dump'!$I$7:$I$80000,'Data Dump'!$J$7:$J$80000,$A48,'Data Dump'!$C$7:$C$80000,\">\"&T$9,'Data Dump'!$C$7:$C$80000,\"<=\"&U$9,'Data Dump'!$F$7:$F$80000,$A$4),2)","v":0},{"$f":"ROUND(SUMIFS('Data Dump'!$I$7:$I$80000,'Data Dump'!$J$7:$J$80000,$A48,'Data Dump'!$C$7:$C$80000,\">\"&U$9,'Data Dump'!$C$7:$C$80000,\"<=\"&V$9,'Data Dump'!$F$7:$F$80000,$A$4),2)","v":0},{"$f":"ROUND(SUMIFS('Data Dump'!$I$7:$I$80000,'Data Dump'!$J$7:$J$80000,$A48,'Data Dump'!$C$7:$C$80000,\">\"&V$9,'Data Dump'!$C$7:$C$80000,\"<=\"&W$9,'Data Dump'!$F$7:$F$80000,$A$4),2)","v":0}]
["Supplies",null,{"$f":"ROUND(SUMIFS('Data Dump'!$I$7:$I$80000,'Data Dump'!$J$7:$J$80000,$A49,'Data Dump'!$C$7:$C$80000,\">\"&B$9,'Data Dump'!$C$7:$C$80000,\"<=\"&C$9,'Data Dump'!$F$7:$F$80000,$A$4),2)","v":0},{"$f":"ROUND(SUMIFS('Data Dump'!$I$7:$I$80000,'Data Dump'!$J$7:$J$80000,$A49,'Data Dump'!$C$7:$C$80000,\">\"&C$9,'Data Dump'!$C$7:$C$80000,\"<=\"&D$9,'Data Dump'!$F$7:$F$80000,$A$4),2)","v":0},{"$f":"ROUND(SUMIFS('Data Dump'!$I$7:$I$80000,'Data Dump'!$J$7:$J$80000,$A49,'Data Dump'!$C$7:$C$80000,\">\"&D$9,'Data Dump'!$C$7:$C$80000,\"<=\"&E$9,'Data Dump'!$F$7:$F$80000,$A$4),2)","v":0},{"$f":"ROUND(SUMIFS('Data Dump'!$I$7:$I$80000,'Data Dump'!$J$7:$J$80000,$A49,'Data Dump'!$C$7:$C$80000,\">\"&E$9,'Data Dump'!$C$7:$C$80000,\"<=\"&F$9,'Data Dump'!$F$7:$F$80000,$A$4),2)","v":0},{"$f":"ROUND(SUMIFS('Data Dump'!$I$7:$I$80000,'Data Dump'!$J$7:$J$80000,$A49,'Data Dump'!$C$7:$C$80000,\">\"&F$9,'Data Dump'!$C$7:$C$80000,\"<=\"&G$9,'Data Dump'!$F$7:$F$80000,$A$4),2)","v":0},{"$f":"ROUND(SUMIFS('Data Dump'!$I$7:$I$80000,'Data Dump'!$J$7:$J$80000,$A49,'Data Dump'!$C$7:$C$80000,\">\"&G$9,'Data Dump'!$C$7:$C$80000,\"<=\"&H$9,'Data Dump'!$F$7:$F$80000,$A$4),2)","v":0},{"$f":"ROUND(SUMIFS('Data Dump'!$I$7:$I$80000,'Data Dump'!$J$7:$J$80000,$A49,'Data Dump'!$C$7:$C$80000,\">\"&H$9,'Data Dump'!$C$7:$C$80000,\"<=\"&I$9,'Data Dump'!$F$7:$F$80000,$A$4),2)","v":0},{"$f":"ROUND(SUMIFS('Data Dump'!$I$7:$I$80000,'Data Dump'!$J$7:$J$80000,$A49,'Data Dump'!$C$7:$C$80000,\">\"&I$9,'Data Dump'!$C$7:$C$80000,\"<=\"&J$9,'Data Dump'!$F$7:$F$80000,$A$4),2)","v":0},{"$f":"ROUND(SUMIFS('Data Dump'!$I$7:$I$80000,'Data Dump'!$J$7:$J$80000,$A49,'Data Dump'!$C$7:$C$80000,\">\"&J$9,'Data Dump'!$C$7:$C$80000,\"<=\"&K$9,'Data Dump'!$F$7:$F$80000,$A$4),2)","v":0},{"$f":"ROUND(SUMIFS('Data Dump'!$I$7:$I$80000,'Data Dump'!$J$7:$J$80000,$A49,'Data Dump'!$C$7:$C$80000,\">\"&K$9,'Data Dump'!$C$7:$C$80000,\"<=\"&L$9,'Data Dump'!$F$7:$F$80000,$A$4),2)","v":0},{"$f":"ROUND(SUMIFS('Data Dump'!$I$7:$I$80000,'Data Dump'!$J$7:$J$80000,$A49,'Data Dump'!$C$7:$C$80000,\">\"&L$9,'Data Dump'!$C$7:$C$80000,\"<=\"&M$9,'Data Dump'!$F$7:$F$80000,$A$4),2)","v":0},{"$f":"ROUND(SUMIFS('Data Dump'!$I$7:$I$80000,'Data Dump'!$J$7:$J$80000,$A49,'Data Dump'!$C$7:$C$80000,\">\"&M$9,'Data Dump'!$C$7:$C$80000,\"<=\"&N$9,'Data Dump'!$F$7:$F$80000,$A$4),2)","v":0},{"$f":"ROUND(SUMIFS('Data Dump'!$I$7:$I$80000,'Data Dump'!$J$7:$J$80000,$A49,'Data Dump'!$C$7:$C$80000,\">\"&N$9,'Data Dump'!$C$7:$C$80000,\"<=\"&O$9,'Data Dump'!$F$7:$F$80000,$A$4),2)","v":0},{"$f":"ROUND(SUMIFS('Data Dump'!$I$7:$I$80000,'Data Dump'!$J$7:$J$80000,$A49,'Data Dump'!$C$7:$C$80000,\">\"&O$9,'Data Dump'!$C$7:$C$80000,\"<=\"&P$9,'Data Dump'!$F$7:$F$80000,$A$4),2)","v":0},{"$f":"ROUND(SUMIFS('Data Dump'!$I$7:$I$80000,'Data Dump'!$J$7:$J$80000,$A49,'Data Dump'!$C$7:$C$80000,\">\"&P$9,'Data Dump'!$C$7:$C$80000,\"<=\"&Q$9,'Data Dump'!$F$7:$F$80000,$A$4),2)","v":0},{"$f":"ROUND(SUMIFS('Data Dump'!$I$7:$I$80000,'Data Dump'!$J$7:$J$80000,$A49,'Data Dump'!$C$7:$C$80000,\">\"&Q$9,'Data Dump'!$C$7:$C$80000,\"<=\"&R$9,'Data Dump'!$F$7:$F$80000,$A$4),2)","v":0},{"$f":"ROUND(SUMIFS('Data Dump'!$I$7:$I$80000,'Data Dump'!$J$7:$J$80000,$A49,'Data Dump'!$C$7:$C$80000,\">\"&R$9,'Data Dump'!$C$7:$C$80000,\"<=\"&S$9,'Data Dump'!$F$7:$F$80000,$A$4),2)","v":0},{"$f":"ROUND(SUMIFS('Data Dump'!$I$7:$I$80000,'Data Dump'!$J$7:$J$80000,$A49,'Data Dump'!$C$7:$C$80000,\">\"&S$9,'Data Dump'!$C$7:$C$80000,\"<=\"&T$9,'Data Dump'!$F$7:$F$80000,$A$4),2)","v":0},{"$f":"ROUND(SUMIFS('Data Dump'!$I$7:$I$80000,'Data Dump'!$J$7:$J$80000,$A49,'Data Dump'!$C$7:$C$80000,\">\"&T$9,'Data Dump'!$C$7:$C$80000,\"<=\"&U$9,'Data Dump'!$F$7:$F$80000,$A$4),2)","v":0},{"$f":"ROUND(SUMIFS('Data Dump'!$I$7:$I$80000,'Data Dump'!$J$7:$J$80000,$A49,'Data Dump'!$C$7:$C$80000,\">\"&U$9,'Data Dump'!$C$7:$C$80000,\"<=\"&V$9,'Data Dump'!$F$7:$F$80000,$A$4),2)","v":0},{"$f":"ROUND(SUMIFS('Data Dump'!$I$7:$I$80000,'Data Dump'!$J$7:$J$80000,$A49,'Data Dump'!$C$7:$C$80000,\">\"&V$9,'Data Dump'!$C$7:$C$80000,\"<=\"&W$9,'Data Dump'!$F$7:$F$80000,$A$4),2)","v":0}]
["Postage & Delivery",null,{"$f":"ROUND(SUMIFS('Data Dump'!$I$7:$I$80000,'Data Dump'!$J$7:$J$80000,$A50,'Data Dump'!$C$7:$C$80000,\">\"&B$9,'Data Dump'!$C$7:$C$80000,\"<=\"&C$9,'Data Dump'!$F$7:$F$80000,$A$4),2)","v":0},{"$f":"ROUND(SUMIFS('Data Dump'!$I$7:$I$80000,'Data Dump'!$J$7:$J$80000,$A50,'Data Dump'!$C$7:$C$80000,\">\"&C$9,'Data Dump'!$C$7:$C$80000,\"<=\"&D$9,'Data Dump'!$F$7:$F$80000,$A$4),2)","v":0},{"$f":"ROUND(SUMIFS('Data Dump'!$I$7:$I$80000,'Data Dump'!$J$7:$J$80000,$A50,'Data Dump'!$C$7:$C$80000,\">\"&D$9,'Data Dump'!$C$7:$C$80000,\"<=\"&E$9,'Data Dump'!$F$7:$F$80000,$A$4),2)","v":0},{"$f":"ROUND(SUMIFS('Data Dump'!$I$7:$I$80000,'Data Dump'!$J$7:$J$80000,$A50,'Data Dump'!$C$7:$C$80000,\">\"&E$9,'Data Dump'!$C$7:$C$80000,\"<=\"&F$9,'Data Dump'!$F$7:$F$80000,$A$4),2)","v":0},{"$f":"ROUND(SUMIFS('Data Dump'!$I$7:$I$80000,'Data Dump'!$J$7:$J$80000,$A50,'Data Dump'!$C$7:$C$80000,\">\"&F$9,'Data Dump'!$C$7:$C$80000,\"<=\"&G$9,'Data Dump'!$F$7:$F$80000,$A$4),2)","v":0},{"$f":"ROUND(SUMIFS('Data Dump'!$I$7:$I$80000,'Data Dump'!$J$7:$J$80000,$A50,'Data Dump'!$C$7:$C$80000,\">\"&G$9,'Data Dump'!$C$7:$C$80000,\"<=\"&H$9,'Data Dump'!$F$7:$F$80000,$A$4),2)","v":0},{"$f":"ROUND(SUMIFS('Data Dump'!$I$7:$I$80000,'Data Dump'!$J$7:$J$80000,$A50,'Data Dump'!$C$7:$C$80000,\">\"&H$9,'Data Dump'!$C$7:$C$80000,\"<=\"&I$9,'Data Dump'!$F$7:$F$80000,$A$4),2)","v":0},{"$f":"ROUND(SUMIFS('Data Dump'!$I$7:$I$80000,'Data Dump'!$J$7:$J$80000,$A50,'Data Dump'!$C$7:$C$80000,\">\"&I$9,'Data Dump'!$C$7:$C$80000,\"<=\"&J$9,'Data Dump'!$F$7:$F$80000,$A$4),2)","v":0},{"$f":"ROUND(SUMIFS('Data Dump'!$I$7:$I$80000,'Data Dump'!$J$7:$J$80000,$A50,'Data Dump'!$C$7:$C$80000,\">\"&J$9,'Data Dump'!$C$7:$C$80000,\"<=\"&K$9,'Data Dump'!$F$7:$F$80000,$A$4),2)","v":0},{"$f":"ROUND(SUMIFS('Data Dump'!$I$7:$I$80000,'Data Dump'!$J$7:$J$80000,$A50,'Data Dump'!$C$7:$C$80000,\">\"&K$9,'Data Dump'!$C$7:$C$80000,\"<=\"&L$9,'Data Dump'!$F$7:$F$80000,$A$4),2)","v":0},{"$f":"ROUND(SUMIFS('Data Dump'!$I$7:$I$80000,'Data Dump'!$J$7:$J$80000,$A50,'Data Dump'!$C$7:$C$80000,\">\"&L$9,'Data Dump'!$C$7:$C$80000,\"<=\"&M$9,'Data Dump'!$F$7:$F$80000,$A$4),2)","v":0},{"$f":"ROUND(SUMIFS('Data Dump'!$I$7:$I$80000,'Data Dump'!$J$7:$J$80000,$A50,'Data Dump'!$C$7:$C$80000,\">\"&M$9,'Data Dump'!$C$7:$C$80000,\"<=\"&N$9,'Data Dump'!$F$7:$F$80000,$A$4),2)","v":0},{"$f":"ROUND(SUMIFS('Data Dump'!$I$7:$I$80000,'Data Dump'!$J$7:$J$80000,$A50,'Data Dump'!$C$7:$C$80000,\">\"&N$9,'Data Dump'!$C$7:$C$80000,\"<=\"&O$9,'Data Dump'!$F$7:$F$80000,$A$4),2)","v":0},{"$f":"ROUND(SUMIFS('Data Dump'!$I$7:$I$80000,'Data Dump'!$J$7:$J$80000,$A50,'Data Dump'!$C$7:$C$80000,\">\"&O$9,'Data Dump'!$C$7:$C$80000,\"<=\"&P$9,'Data Dump'!$F$7:$F$80000,$A$4),2)","v":0},{"$f":"ROUND(SUMIFS('Data Dump'!$I$7:$I$80000,'Data Dump'!$J$7:$J$80000,$A50,'Data Dump'!$C$7:$C$80000,\">\"&P$9,'Data Dump'!$C$7:$C$80000,\"<=\"&Q$9,'Data Dump'!$F$7:$F$80000,$A$4),2)","v":0},{"$f":"ROUND(SUMIFS('Data Dump'!$I$7:$I$80000,'Data Dump'!$J$7:$J$80000,$A50,'Data Dump'!$C$7:$C$80000,\">\"&Q$9,'Data Dump'!$C$7:$C$80000,\"<=\"&R$9,'Data Dump'!$F$7:$F$80000,$A$4),2)","v":0},{"$f":"ROUND(SUMIFS('Data Dump'!$I$7:$I$80000,'Data Dump'!$J$7:$J$80000,$A50,'Data Dump'!$C$7:$C$80000,\">\"&R$9,'Data Dump'!$C$7:$C$80000,\"<=\"&S$9,'Data Dump'!$F$7:$F$80000,$A$4),2)","v":0},{"$f":"ROUND(SUMIFS('Data Dump'!$I$7:$I$80000,'Data Dump'!$J$7:$J$80000,$A50,'Data Dump'!$C$7:$C$80000,\">\"&S$9,'Data Dump'!$C$7:$C$80000,\"<=\"&T$9,'Data Dump'!$F$7:$F$80000,$A$4),2)","v":0},{"$f":"ROUND(SUMIFS('Data Dump'!$I$7:$I$80000,'Data Dump'!$J$7:$J$80000,$A50,'Data Dump'!$C$7:$C$80000,\">\"&T$9,'Data Dump'!$C$7:$C$80000,\"<=\"&U$9,'Data Dump'!$F$7:$F$80000,$A$4),2)","v":0},{"$f":"ROUND(SUMIFS('Data Dump'!$I$7:$I$80000,'Data Dump'!$J$7:$J$80000,$A50,'Data Dump'!$C$7:$C$80000,\">\"&U$9,'Data Dump'!$C$7:$C$80000,\"<=\"&V$9,'Data Dump'!$F$7:$F$80000,$A$4),2)","v":0},{"$f":"ROUND(SUMIFS('Data Dump'!$I$7:$I$80000,'Data Dump'!$J$7:$J$80000,$A50,'Data Dump'!$C$7:$C$80000,\">\"&V$9,'Data Dump'!$C$7:$C$80000,\"<=\"&W$9,'Data Dump'!$F$7:$F$80000,$A$4),2)","v":0}]
["Worker's Comp Insurance",null,{"$f":"ROUND(SUMIFS('Data Dump'!$I$7:$I$80000,'Data Dump'!$J$7:$J$80000,$A51,'Data Dump'!$C$7:$C$80000,\">\"&B$9,'Data Dump'!$C$7:$C$80000,\"<=\"&C$9,'Data Dump'!$F$7:$F$80000,$A$4),2)","v":0},{"$f":"ROUND(SUMIFS('Data Dump'!$I$7:$I$80000,'Data Dump'!$J$7:$J$80000,$A51,'Data Dump'!$C$7:$C$80000,\">\"&C$9,'Data Dump'!$C$7:$C$80000,\"<=\"&D$9,'Data Dump'!$F$7:$F$80000,$A$4),2)","v":0},{"$f":"ROUND(SUMIFS('Data Dump'!$I$7:$I$80000,'Data Dump'!$J$7:$J$80000,$A51,'Data Dump'!$C$7:$C$80000,\">\"&D$9,'Data Dump'!$C$7:$C$80000,\"<=\"&E$9,'Data Dump'!$F$7:$F$80000,$A$4),2)","v":0},{"$f":"ROUND(SUMIFS('Data Dump'!$I$7:$I$80000,'Data Dump'!$J$7:$J$80000,$A51,'Data Dump'!$C$7:$C$80000,\">\"&E$9,'Data Dump'!$C$7:$C$80000,\"<=\"&F$9,'Data Dump'!$F$7:$F$80000,$A$4),2)","v":0},{"$f":"ROUND(SUMIFS('Data Dump'!$I$7:$I$80000,'Data Dump'!$J$7:$J$80000,$A51,'Data Dump'!$C$7:$C$80000,\">\"&F$9,'Data Dump'!$C$7:$C$80000,\"<=\"&G$9,'Data Dump'!$F$7:$F$80000,$A$4),2)","v":0},{"$f":"ROUND(SUMIFS('Data Dump'!$I$7:$I$80000,'Data Dump'!$J$7:$J$80000,$A51,'Data Dump'!$C$7:$C$80000,\">\"&G$9,'Data Dump'!$C$7:$C$80000,\"<=\"&H$9,'Data Dump'!$F$7:$F$80000,$A$4),2)","v":0},{"$f":"ROUND(SUMIFS('Data Dump'!$I$7:$I$80000,'Data Dump'!$J$7:$J$80000,$A51,'Data Dump'!$C$7:$C$80000,\">\"&H$9,'Data Dump'!$C$7:$C$80000,\"<=\"&I$9,'Data Dump'!$F$7:$F$80000,$A$4),2)","v":0},{"$f":"ROUND(SUMIFS('Data Dump'!$I$7:$I$80000,'Data Dump'!$J$7:$J$80000,$A51,'Data Dump'!$C$7:$C$80000,\">\"&I$9,'Data Dump'!$C$7:$C$80000,\"<=\"&J$9,'Data Dump'!$F$7:$F$80000,$A$4),2)","v":0},{"$f":"ROUND(SUMIFS('Data Dump'!$I$7:$I$80000,'Data Dump'!$J$7:$J$80000,$A51,'Data Dump'!$C$7:$C$80000,\">\"&J$9,'Data Dump'!$C$7:$C$80000,\"<=\"&K$9,'Data Dump'!$F$7:$F$80000,$A$4),2)","v":0},{"$f":"ROUND(SUMIFS('Data Dump'!$I$7:$I$80000,'Data Dump'!$J$7:$J$80000,$A51,'Data Dump'!$C$7:$C$80000,\">\"&K$9,'Data Dump'!$C$7:$C$80000,\"<=\"&L$9,'Data Dump'!$F$7:$F$80000,$A$4),2)","v":0},{"$f":"ROUND(SUMIFS('Data Dump'!$I$7:$I$80000,'Data Dump'!$J$7:$J$80000,$A51,'Data Dump'!$C$7:$C$80000,\">\"&L$9,'Data Dump'!$C$7:$C$80000,\"<=\"&M$9,'Data Dump'!$F$7:$F$80000,$A$4),2)","v":0},{"$f":"ROUND(SUMIFS('Data Dump'!$I$7:$I$80000,'Data Dump'!$J$7:$J$80000,$A51,'Data Dump'!$C$7:$C$80000,\">\"&M$9,'Data Dump'!$C$7:$C$80000,\"<=\"&N$9,'Data Dump'!$F$7:$F$80000,$A$4),2)","v":0},{"$f":"ROUND(SUMIFS('Data Dump'!$I$7:$I$80000,'Data Dump'!$J$7:$J$80000,$A51,'Data Dump'!$C$7:$C$80000,\">\"&N$9,'Data Dump'!$C$7:$C$80000,\"<=\"&O$9,'Data Dump'!$F$7:$F$80000,$A$4),2)","v":0},{"$f":"ROUND(SUMIFS('Data Dump'!$I$7:$I$80000,'Data Dump'!$J$7:$J$80000,$A51,'Data Dump'!$C$7:$C$80000,\">\"&O$9,'Data Dump'!$C$7:$C$80000,\"<=\"&P$9,'Data Dump'!$F$7:$F$80000,$A$4),2)","v":0},{"$f":"ROUND(SUMIFS('Data Dump'!$I$7:$I$80000,'Data Dump'!$J$7:$J$80000,$A51,'Data Dump'!$C$7:$C$80000,\">\"&P$9,'Data Dump'!$C$7:$C$80000,\"<=\"&Q$9,'Data Dump'!$F$7:$F$80000,$A$4),2)","v":0},{"$f":"ROUND(SUMIFS('Data Dump'!$I$7:$I$80000,'Data Dump'!$J$7:$J$80000,$A51,'Data Dump'!$C$7:$C$80000,\">\"&Q$9,'Data Dump'!$C$7:$C$80000,\"<=\"&R$9,'Data Dump'!$F$7:$F$80000,$A$4),2)","v":0},{"$f":"ROUND(SUMIFS('Data Dump'!$I$7:$I$80000,'Data Dump'!$J$7:$J$80000,$A51,'Data Dump'!$C$7:$C$80000,\">\"&R$9,'Data Dump'!$C$7:$C$80000,\"<=\"&S$9,'Data Dump'!$F$7:$F$80000,$A$4),2)","v":0},{"$f":"ROUND(SUMIFS('Data Dump'!$I$7:$I$80000,'Data Dump'!$J$7:$J$80000,$A51,'Data Dump'!$C$7:$C$80000,\">\"&S$9,'Data Dump'!$C$7:$C$80000,\"<=\"&T$9,'Data Dump'!$F$7:$F$80000,$A$4),2)","v":0},{"$f":"ROUND(SUMIFS('Data Dump'!$I$7:$I$80000,'Data Dump'!$J$7:$J$80000,$A51,'Data Dump'!$C$7:$C$80000,\">\"&T$9,'Data Dump'!$C$7:$C$80000,\"<=\"&U$9,'Data Dump'!$F$7:$F$80000,$A$4),2)","v":0},{"$f":"ROUND(SUMIFS('Data Dump'!$I$7:$I$80000,'Data Dump'!$J$7:$J$80000,$A51,'Data Dump'!$C$7:$C$80000,\">\"&U$9,'Data Dump'!$C$7:$C$80000,\"<=\"&V$9,'Data Dump'!$F$7:$F$80000,$A$4),2)","v":0},{"$f":"ROUND(SUMIFS('Data Dump'!$I$7:$I$80000,'Data Dump'!$J$7:$J$80000,$A51,'Data Dump'!$C$7:$C$80000,\">\"&V$9,'Data Dump'!$C$7:$C$80000,\"<=\"&W$9,'Data Dump'!$F$7:$F$80000,$A$4),2)","v":0}]
["Corporate Insurance",null,{"$f":"ROUND(SUMIFS('Data Dump'!$I$7:$I$80000,'Data Dump'!$J$7:$J$80000,$A52,'Data Dump'!$C$7:$C$80000,\">\"&B$9,'Data Dump'!$C$7:$C$80000,\"<=\"&C$9,'Data Dump'!$F$7:$F$80000,$A$4),2)","v":0},{"$f":"ROUND(SUMIFS('Data Dump'!$I$7:$I$80000,'Data Dump'!$J$7:$J$80000,$A52,'Data Dump'!$C$7:$C$80000,\">\"&C$9,'Data Dump'!$C$7:$C$80000,\"<=\"&D$9,'Data Dump'!$F$7:$F$80000,$A$4),2)","v":0},{"$f":"ROUND(SUMIFS('Data Dump'!$I$7:$I$80000,'Data Dump'!$J$7:$J$80000,$A52,'Data Dump'!$C$7:$C$80000,\">\"&D$9,'Data Dump'!$C$7:$C$80000,\"<=\"&E$9,'Data Dump'!$F$7:$F$80000,$A$4),2)","v":0},{"$f":"ROUND(SUMIFS('Data Dump'!$I$7:$I$80000,'Data Dump'!$J$7:$J$80000,$A52,'Data Dump'!$C$7:$C$80000,\">\"&E$9,'Data Dump'!$C$7:$C$80000,\"<=\"&F$9,'Data Dump'!$F$7:$F$80000,$A$4),2)","v":0},{"$f":"ROUND(SUMIFS('Data Dump'!$I$7:$I$80000,'Data Dump'!$J$7:$J$80000,$A52,'Data Dump'!$C$7:$C$80000,\">\"&F$9,'Data Dump'!$C$7:$C$80000,\"<=\"&G$9,'Data Dump'!$F$7:$F$80000,$A$4),2)","v":0},{"$f":"ROUND(SUMIFS('Data Dump'!$I$7:$I$80000,'Data Dump'!$J$7:$J$80000,$A52,'Data Dump'!$C$7:$C$80000,\">\"&G$9,'Data Dump'!$C$7:$C$80000,\"<=\"&H$9,'Data Dump'!$F$7:$F$80000,$A$4),2)","v":0},{"$f":"ROUND(SUMIFS('Data Dump'!$I$7:$I$80000,'Data Dump'!$J$7:$J$80000,$A52,'Data Dump'!$C$7:$C$80000,\">\"&H$9,'Data Dump'!$C$7:$C$80000,\"<=\"&I$9,'Data Dump'!$F$7:$F$80000,$A$4),2)","v":0},{"$f":"ROUND(SUMIFS('Data Dump'!$I$7:$I$80000,'Data Dump'!$J$7:$J$80000,$A52,'Data Dump'!$C$7:$C$80000,\">\"&I$9,'Data Dump'!$C$7:$C$80000,\"<=\"&J$9,'Data Dump'!$F$7:$F$80000,$A$4),2)","v":0},{"$f":"ROUND(SUMIFS('Data Dump'!$I$7:$I$80000,'Data Dump'!$J$7:$J$80000,$A52,'Data Dump'!$C$7:$C$80000,\">\"&J$9,'Data Dump'!$C$7:$C$80000,\"<=\"&K$9,'Data Dump'!$F$7:$F$80000,$A$4),2)","v":0},{"$f":"ROUND(SUMIFS('Data Dump'!$I$7:$I$80000,'Data Dump'!$J$7:$J$80000,$A52,'Data Dump'!$C$7:$C$80000,\">\"&K$9,'Data Dump'!$C$7:$C$80000,\"<=\"&L$9,'Data Dump'!$F$7:$F$80000,$A$4),2)","v":0},{"$f":"ROUND(SUMIFS('Data Dump'!$I$7:$I$80000,'Data Dump'!$J$7:$J$80000,$A52,'Data Dump'!$C$7:$C$80000,\">\"&L$9,'Data Dump'!$C$7:$C$80000,\"<=\"&M$9,'Data Dump'!$F$7:$F$80000,$A$4),2)","v":0},{"$f":"ROUND(SUMIFS('Data Dump'!$I$7:$I$80000,'Data Dump'!$J$7:$J$80000,$A52,'Data Dump'!$C$7:$C$80000,\">\"&M$9,'Data Dump'!$C$7:$C$80000,\"<=\"&N$9,'Data Dump'!$F$7:$F$80000,$A$4),2)","v":0},{"$f":"ROUND(SUMIFS('Data Dump'!$I$7:$I$80000,'Data Dump'!$J$7:$J$80000,$A52,'Data Dump'!$C$7:$C$80000,\">\"&N$9,'Data Dump'!$C$7:$C$80000,\"<=\"&O$9,'Data Dump'!$F$7:$F$80000,$A$4),2)","v":0},{"$f":"ROUND(SUMIFS('Data Dump'!$I$7:$I$80000,'Data Dump'!$J$7:$J$80000,$A52,'Data Dump'!$C$7:$C$80000,\">\"&O$9,'Data Dump'!$C$7:$C$80000,\"<=\"&P$9,'Data Dump'!$F$7:$F$80000,$A$4),2)","v":0},{"$f":"ROUND(SUMIFS('Data Dump'!$I$7:$I$80000,'Data Dump'!$J$7:$J$80000,$A52,'Data Dump'!$C$7:$C$80000,\">\"&P$9,'Data Dump'!$C$7:$C$80000,\"<=\"&Q$9,'Data Dump'!$F$7:$F$80000,$A$4),2)","v":0},{"$f":"ROUND(SUMIFS('Data Dump'!$I$7:$I$80000,'Data Dump'!$J$7:$J$80000,$A52,'Data Dump'!$C$7:$C$80000,\">\"&Q$9,'Data Dump'!$C$7:$C$80000,\"<=\"&R$9,'Data Dump'!$F$7:$F$80000,$A$4),2)","v":0},{"$f":"ROUND(SUMIFS('Data Dump'!$I$7:$I$80000,'Data Dump'!$J$7:$J$80000,$A52,'Data Dump'!$C$7:$C$80000,\">\"&R$9,'Data Dump'!$C$7:$C$80000,\"<=\"&S$9,'Data Dump'!$F$7:$F$80000,$A$4),2)","v":0},{"$f":"ROUND(SUMIFS('Data Dump'!$I$7:$I$80000,'Data Dump'!$J$7:$J$80000,$A52,'Data Dump'!$C$7:$C$80000,\">\"&S$9,'Data Dump'!$C$7:$C$80000,\"<=\"&T$9,'Data Dump'!$F$7:$F$80000,$A$4),2)","v":0},{"$f":"ROUND(SUMIFS('Data Dump'!$I$7:$I$80000,'Data Dump'!$J$7:$J$80000,$A52,'Data Dump'!$C$7:$C$80000,\">\"&T$9,'Data Dump'!$C$7:$C$80000,\"<=\"&U$9,'Data Dump'!$F$7:$F$80000,$A$4),2)","v":0},{"$f":"ROUND(SUMIFS('Data Dump'!$I$7:$I$80000,'Data Dump'!$J$7:$J$80000,$A52,'Data Dump'!$C$7:$C$80000,\">\"&U$9,'Data Dump'!$C$7:$C$80000,\"<=\"&V$9,'Data Dump'!$F$7:$F$80000,$A$4),2)","v":0},{"$f":"ROUND(SUMIFS('Data Dump'!$I$7:$I$80000,'Data Dump'!$J$7:$J$80000,$A52,'Data Dump'!$C$7:$C$80000,\">\"&V$9,'Data Dump'!$C$7:$C$80000,\"<=\"&W$9,'Data Dump'!$F$7:$F$80000,$A$4),2)","v":0}]
["Software Expense",null,{"$f":"ROUND(SUMIFS('Data Dump'!$I$7:$I$80000,'Data Dump'!$J$7:$J$80000,$A53,'Data Dump'!$C$7:$C$80000,\">\"&B$9,'Data Dump'!$C$7:$C$80000,\"<=\"&C$9,'Data Dump'!$F$7:$F$80000,$A$4),2)","v":0},{"$f":"ROUND(SUMIFS('Data Dump'!$I$7:$I$80000,'Data Dump'!$J$7:$J$80000,$A53,'Data Dump'!$C$7:$C$80000,\">\"&C$9,'Data Dump'!$C$7:$C$80000,\"<=\"&D$9,'Data Dump'!$F$7:$F$80000,$A$4),2)","v":0},{"$f":"ROUND(SUMIFS('Data Dump'!$I$7:$I$80000,'Data Dump'!$J$7:$J$80000,$A53,'Data Dump'!$C$7:$C$80000,\">\"&D$9,'Data Dump'!$C$7:$C$80000,\"<=\"&E$9,'Data Dump'!$F$7:$F$80000,$A$4),2)","v":0},{"$f":"ROUND(SUMIFS('Data Dump'!$I$7:$I$80000,'Data Dump'!$J$7:$J$80000,$A53,'Data Dump'!$C$7:$C$80000,\">\"&E$9,'Data Dump'!$C$7:$C$80000,\"<=\"&F$9,'Data Dump'!$F$7:$F$80000,$A$4),2)","v":0},{"$f":"ROUND(SUMIFS('Data Dump'!$I$7:$I$80000,'Data Dump'!$J$7:$J$80000,$A53,'Data Dump'!$C$7:$C$80000,\">\"&F$9,'Data Dump'!$C$7:$C$80000,\"<=\"&G$9,'Data Dump'!$F$7:$F$80000,$A$4),2)","v":0},{"$f":"ROUND(SUMIFS('Data Dump'!$I$7:$I$80000,'Data Dump'!$J$7:$J$80000,$A53,'Data Dump'!$C$7:$C$80000,\">\"&G$9,'Data Dump'!$C$7:$C$80000,\"<=\"&H$9,'Data Dump'!$F$7:$F$80000,$A$4),2)","v":0},{"$f":"ROUND(SUMIFS('Data Dump'!$I$7:$I$80000,'Data Dump'!$J$7:$J$80000,$A53,'Data Dump'!$C$7:$C$80000,\">\"&H$9,'Data Dump'!$C$7:$C$80000,\"<=\"&I$9,'Data Dump'!$F$7:$F$80000,$A$4),2)","v":0},{"$f":"ROUND(SUMIFS('Data Dump'!$I$7:$I$80000,'Data Dump'!$J$7:$J$80000,$A53,'Data Dump'!$C$7:$C$80000,\">\"&I$9,'Data Dump'!$C$7:$C$80000,\"<=\"&J$9,'Data Dump'!$F$7:$F$80000,$A$4),2)","v":0},{"$f":"ROUND(SUMIFS('Data Dump'!$I$7:$I$80000,'Data Dump'!$J$7:$J$80000,$A53,'Data Dump'!$C$7:$C$80000,\">\"&J$9,'Data Dump'!$C$7:$C$80000,\"<=\"&K$9,'Data Dump'!$F$7:$F$80000,$A$4),2)","v":0},{"$f":"ROUND(SUMIFS('Data Dump'!$I$7:$I$80000,'Data Dump'!$J$7:$J$80000,$A53,'Data Dump'!$C$7:$C$80000,\">\"&K$9,'Data Dump'!$C$7:$C$80000,\"<=\"&L$9,'Data Dump'!$F$7:$F$80000,$A$4),2)","v":0},{"$f":"ROUND(SUMIFS('Data Dump'!$I$7:$I$80000,'Data Dump'!$J$7:$J$80000,$A53,'Data Dump'!$C$7:$C$80000,\">\"&L$9,'Data Dump'!$C$7:$C$80000,\"<=\"&M$9,'Data Dump'!$F$7:$F$80000,$A$4),2)","v":0},{"$f":"ROUND(SUMIFS('Data Dump'!$I$7:$I$80000,'Data Dump'!$J$7:$J$80000,$A53,'Data Dump'!$C$7:$C$80000,\">\"&M$9,'Data Dump'!$C$7:$C$80000,\"<=\"&N$9,'Data Dump'!$F$7:$F$80000,$A$4),2)","v":0},{"$f":"ROUND(SUMIFS('Data Dump'!$I$7:$I$80000,'Data Dump'!$J$7:$J$80000,$A53,'Data Dump'!$C$7:$C$80000,\">\"&N$9,'Data Dump'!$C$7:$C$80000,\"<=\"&O$9,'Data Dump'!$F$7:$F$80000,$A$4),2)","v":0},{"$f":"ROUND(SUMIFS('Data Dump'!$I$7:$I$80000,'Data Dump'!$J$7:$J$80000,$A53,'Data Dump'!$C$7:$C$80000,\">\"&O$9,'Data Dump'!$C$7:$C$80000,\"<=\"&P$9,'Data Dump'!$F$7:$F$80000,$A$4),2)","v":0},{"$f":"ROUND(SUMIFS('Data Dump'!$I$7:$I$80000,'Data Dump'!$J$7:$J$80000,$A53,'Data Dump'!$C$7:$C$80000,\">\"&P$9,'Data Dump'!$C$7:$C$80000,\"<=\"&Q$9,'Data Dump'!$F$7:$F$80000,$A$4),2)","v":0},{"$f":"ROUND(SUMIFS('Data Dump'!$I$7:$I$80000,'Data Dump'!$J$7:$J$80000,$A53,'Data Dump'!$C$7:$C$80000,\">\"&Q$9,'Data Dump'!$C$7:$C$80000,\"<=\"&R$9,'Data Dump'!$F$7:$F$80000,$A$4),2)","v":0},{"$f":"ROUND(SUMIFS('Data Dump'!$I$7:$I$80000,'Data Dump'!$J$7:$J$80000,$A53,'Data Dump'!$C$7:$C$80000,\">\"&R$9,'Data Dump'!$C$7:$C$80000,\"<=\"&S$9,'Data Dump'!$F$7:$F$80000,$A$4),2)","v":0},{"$f":"ROUND(SUMIFS('Data Dump'!$I$7:$I$80000,'Data Dump'!$J$7:$J$80000,$A53,'Data Dump'!$C$7:$C$80000,\">\"&S$9,'Data Dump'!$C$7:$C$80000,\"<=\"&T$9,'Data Dump'!$F$7:$F$80000,$A$4),2)","v":0},{"$f":"ROUND(SUMIFS('Data Dump'!$I$7:$I$80000,'Data Dump'!$J$7:$J$80000,$A53,'Data Dump'!$C$7:$C$80000,\">\"&T$9,'Data Dump'!$C$7:$C$80000,\"<=\"&U$9,'Data Dump'!$F$7:$F$80000,$A$4),2)","v":0},{"$f":"ROUND(SUMIFS('Data Dump'!$I$7:$I$80000,'Data Dump'!$J$7:$J$80000,$A53,'Data Dump'!$C$7:$C$80000,\">\"&U$9,'Data Dump'!$C$7:$C$80000,\"<=\"&V$9,'Data Dump'!$F$7:$F$80000,$A$4),2)","v":0},{"$f":"ROUND(SUMIFS('Data Dump'!$I$7:$I$80000,'Data Dump'!$J$7:$J$80000,$A53,'Data Dump'!$C$7:$C$80000,\">\"&V$9,'Data Dump'!$C$7:$C$80000,\"<=\"&W$9,'Data Dump'!$F$7:$F$80000,$A$4),2)","v":0}]
["Office Telephone",null,{"$f":"ROUND(SUMIFS('Data Dump'!$I$7:$I$80000,'Data Dump'!$J$7:$J$80000,$A54,'Data Dump'!$C$7:$C$80000,\">\"&B$9,'Data Dump'!$C$7:$C$80000,\"<=\"&C$9,'Data Dump'!$F$7:$F$80000,$A$4),2)","v":0},{"$f":"ROUND(SUMIFS('Data Dump'!$I$7:$I$80000,'Data Dump'!$J$7:$J$80000,$A54,'Data Dump'!$C$7:$C$80000,\">\"&C$9,'Data Dump'!$C$7:$C$80000,\"<=\"&D$9,'Data Dump'!$F$7:$F$80000,$A$4),2)","v":0},{"$f":"ROUND(SUMIFS('Data Dump'!$I$7:$I$80000,'Data Dump'!$J$7:$J$80000,$A54,'Data Dump'!$C$7:$C$80000,\">\"&D$9,'Data Dump'!$C$7:$C$80000,\"<=\"&E$9,'Data Dump'!$F$7:$F$80000,$A$4),2)","v":0},{"$f":"ROUND(SUMIFS('Data Dump'!$I$7:$I$80000,'Data Dump'!$J$7:$J$80000,$A54,'Data Dump'!$C$7:$C$80000,\">\"&E$9,'Data Dump'!$C$7:$C$80000,\"<=\"&F$9,'Data Dump'!$F$7:$F$80000,$A$4),2)","v":0},{"$f":"ROUND(SUMIFS('Data Dump'!$I$7:$I$80000,'Data Dump'!$J$7:$J$80000,$A54,'Data Dump'!$C$7:$C$80000,\">\"&F$9,'Data Dump'!$C$7:$C$80000,\"<=\"&G$9,'Data Dump'!$F$7:$F$80000,$A$4),2)","v":0},{"$f":"ROUND(SUMIFS('Data Dump'!$I$7:$I$80000,'Data Dump'!$J$7:$J$80000,$A54,'Data Dump'!$C$7:$C$80000,\">\"&G$9,'Data Dump'!$C$7:$C$80000,\"<=\"&H$9,'Data Dump'!$F$7:$F$80000,$A$4),2)","v":0},{"$f":"ROUND(SUMIFS('Data Dump'!$I$7:$I$80000,'Data Dump'!$J$7:$J$80000,$A54,'Data Dump'!$C$7:$C$80000,\">\"&H$9,'Data Dump'!$C$7:$C$80000,\"<=\"&I$9,'Data Dump'!$F$7:$F$80000,$A$4),2)","v":0},{"$f":"ROUND(SUMIFS('Data Dump'!$I$7:$I$80000,'Data Dump'!$J$7:$J$80000,$A54,'Data Dump'!$C$7:$C$80000,\">\"&I$9,'Data Dump'!$C$7:$C$80000,\"<=\"&J$9,'Data Dump'!$F$7:$F$80000,$A$4),2)","v":0},{"$f":"ROUND(SUMIFS('Data Dump'!$I$7:$I$80000,'Data Dump'!$J$7:$J$80000,$A54,'Data Dump'!$C$7:$C$80000,\">\"&J$9,'Data Dump'!$C$7:$C$80000,\"<=\"&K$9,'Data Dump'!$F$7:$F$80000,$A$4),2)","v":0},{"$f":"ROUND(SUMIFS('Data Dump'!$I$7:$I$80000,'Data Dump'!$J$7:$J$80000,$A54,'Data Dump'!$C$7:$C$80000,\">\"&K$9,'Data Dump'!$C$7:$C$80000,\"<=\"&L$9,'Data Dump'!$F$7:$F$80000,$A$4),2)","v":0},{"$f":"ROUND(SUMIFS('Data Dump'!$I$7:$I$80000,'Data Dump'!$J$7:$J$80000,$A54,'Data Dump'!$C$7:$C$80000,\">\"&L$9,'Data Dump'!$C$7:$C$80000,\"<=\"&M$9,'Data Dump'!$F$7:$F$80000,$A$4),2)","v":0},{"$f":"ROUND(SUMIFS('Data Dump'!$I$7:$I$80000,'Data Dump'!$J$7:$J$80000,$A54,'Data Dump'!$C$7:$C$80000,\">\"&M$9,'Data Dump'!$C$7:$C$80000,\"<=\"&N$9,'Data Dump'!$F$7:$F$80000,$A$4),2)","v":0},{"$f":"ROUND(SUMIFS('Data Dump'!$I$7:$I$80000,'Data Dump'!$J$7:$J$80000,$A54,'Data Dump'!$C$7:$C$80000,\">\"&N$9,'Data Dump'!$C$7:$C$80000,\"<=\"&O$9,'Data Dump'!$F$7:$F$80000,$A$4),2)","v":0},{"$f":"ROUND(SUMIFS('Data Dump'!$I$7:$I$80000,'Data Dump'!$J$7:$J$80000,$A54,'Data Dump'!$C$7:$C$80000,\">\"&O$9,'Data Dump'!$C$7:$C$80000,\"<=\"&P$9,'Data Dump'!$F$7:$F$80000,$A$4),2)","v":0},{"$f":"ROUND(SUMIFS('Data Dump'!$I$7:$I$80000,'Data Dump'!$J$7:$J$80000,$A54,'Data Dump'!$C$7:$C$80000,\">\"&P$9,'Data Dump'!$C$7:$C$80000,\"<=\"&Q$9,'Data Dump'!$F$7:$F$80000,$A$4),2)","v":0},{"$f":"ROUND(SUMIFS('Data Dump'!$I$7:$I$80000,'Data Dump'!$J$7:$J$80000,$A54,'Data Dump'!$C$7:$C$80000,\">\"&Q$9,'Data Dump'!$C$7:$C$80000,\"<=\"&R$9,'Data Dump'!$F$7:$F$80000,$A$4),2)","v":0},{"$f":"ROUND(SUMIFS('Data Dump'!$I$7:$I$80000,'Data Dump'!$J$7:$J$80000,$A54,'Data Dump'!$C$7:$C$80000,\">\"&R$9,'Data Dump'!$C$7:$C$80000,\"<=\"&S$9,'Data Dump'!$F$7:$F$80000,$A$4),2)","v":0},{"$f":"ROUND(SUMIFS('Data Dump'!$I$7:$I$80000,'Data Dump'!$J$7:$J$80000,$A54,'Data Dump'!$C$7:$C$80000,\">\"&S$9,'Data Dump'!$C$7:$C$80000,\"<=\"&T$9,'Data Dump'!$F$7:$F$80000,$A$4),2)","v":0},{"$f":"ROUND(SUMIFS('Data Dump'!$I$7:$I$80000,'Data Dump'!$J$7:$J$80000,$A54,'Data Dump'!$C$7:$C$80000,\">\"&T$9,'Data Dump'!$C$7:$C$80000,\"<=\"&U$9,'Data Dump'!$F$7:$F$80000,$A$4),2)","v":0},{"$f":"ROUND(SUMIFS('Data Dump'!$I$7:$I$80000,'Data Dump'!$J$7:$J$80000,$A54,'Data Dump'!$C$7:$C$80000,\">\"&U$9,'Data Dump'!$C$7:$C$80000,\"<=\"&V$9,'Data Dump'!$F$7:$F$80000,$A$4),2)","v":0},{"$f":"ROUND(SUMIFS('Data Dump'!$I$7:$I$80000,'Data Dump'!$J$7:$J$80000,$A54,'Data Dump'!$C$7:$C$80000,\">\"&V$9,'Data Dump'!$C$7:$C$80000,\"<=\"&W$9,'Data Dump'!$F$7:$F$80000,$A$4),2)","v":0}]
["Cell Phone",null,{"$f":"ROUND(SUMIFS('Data Dump'!$I$7:$I$80000,'Data Dump'!$J$7:$J$80000,$A55,'Data Dump'!$C$7:$C$80000,\">\"&B$9,'Data Dump'!$C$7:$C$80000,\"<=\"&C$9,'Data Dump'!$F$7:$F$80000,$A$4),2)","v":0},{"$f":"ROUND(SUMIFS('Data Dump'!$I$7:$I$80000,'Data Dump'!$J$7:$J$80000,$A55,'Data Dump'!$C$7:$C$80000,\">\"&C$9,'Data Dump'!$C$7:$C$80000,\"<=\"&D$9,'Data Dump'!$F$7:$F$80000,$A$4),2)","v":0},{"$f":"ROUND(SUMIFS('Data Dump'!$I$7:$I$80000,'Data Dump'!$J$7:$J$80000,$A55,'Data Dump'!$C$7:$C$80000,\">\"&D$9,'Data Dump'!$C$7:$C$80000,\"<=\"&E$9,'Data Dump'!$F$7:$F$80000,$A$4),2)","v":0},{"$f":"ROUND(SUMIFS('Data Dump'!$I$7:$I$80000,'Data Dump'!$J$7:$J$80000,$A55,'Data Dump'!$C$7:$C$80000,\">\"&E$9,'Data Dump'!$C$7:$C$80000,\"<=\"&F$9,'Data Dump'!$F$7:$F$80000,$A$4),2)","v":0},{"$f":"ROUND(SUMIFS('Data Dump'!$I$7:$I$80000,'Data Dump'!$J$7:$J$80000,$A55,'Data Dump'!$C$7:$C$80000,\">\"&F$9,'Data Dump'!$C$7:$C$80000,\"<=\"&G$9,'Data Dump'!$F$7:$F$80000,$A$4),2)","v":0},{"$f":"ROUND(SUMIFS('Data Dump'!$I$7:$I$80000,'Data Dump'!$J$7:$J$80000,$A55,'Data Dump'!$C$7:$C$80000,\">\"&G$9,'Data Dump'!$C$7:$C$80000,\"<=\"&H$9,'Data Dump'!$F$7:$F$80000,$A$4),2)","v":0},{"$f":"ROUND(SUMIFS('Data Dump'!$I$7:$I$80000,'Data Dump'!$J$7:$J$80000,$A55,'Data Dump'!$C$7:$C$80000,\">\"&H$9,'Data Dump'!$C$7:$C$80000,\"<=\"&I$9,'Data Dump'!$F$7:$F$80000,$A$4),2)","v":0},{"$f":"ROUND(SUMIFS('Data Dump'!$I$7:$I$80000,'Data Dump'!$J$7:$J$80000,$A55,'Data Dump'!$C$7:$C$80000,\">\"&I$9,'Data Dump'!$C$7:$C$80000,\"<=\"&J$9,'Data Dump'!$F$7:$F$80000,$A$4),2)","v":0},{"$f":"ROUND(SUMIFS('Data Dump'!$I$7:$I$80000,'Data Dump'!$J$7:$J$80000,$A55,'Data Dump'!$C$7:$C$80000,\">\"&J$9,'Data Dump'!$C$7:$C$80000,\"<=\"&K$9,'Data Dump'!$F$7:$F$80000,$A$4),2)","v":0},{"$f":"ROUND(SUMIFS('Data Dump'!$I$7:$I$80000,'Data Dump'!$J$7:$J$80000,$A55,'Data Dump'!$C$7:$C$80000,\">\"&K$9,'Data Dump'!$C$7:$C$80000,\"<=\"&L$9,'Data Dump'!$F$7:$F$80000,$A$4),2)","v":0},{"$f":"ROUND(SUMIFS('Data Dump'!$I$7:$I$80000,'Data Dump'!$J$7:$J$80000,$A55,'Data Dump'!$C$7:$C$80000,\">\"&L$9,'Data Dump'!$C$7:$C$80000,\"<=\"&M$9,'Data Dump'!$F$7:$F$80000,$A$4),2)","v":0},{"$f":"ROUND(SUMIFS('Data Dump'!$I$7:$I$80000,'Data Dump'!$J$7:$J$80000,$A55,'Data Dump'!$C$7:$C$80000,\">\"&M$9,'Data Dump'!$C$7:$C$80000,\"<=\"&N$9,'Data Dump'!$F$7:$F$80000,$A$4),2)","v":0},{"$f":"ROUND(SUMIFS('Data Dump'!$I$7:$I$80000,'Data Dump'!$J$7:$J$80000,$A55,'Data Dump'!$C$7:$C$80000,\">\"&N$9,'Data Dump'!$C$7:$C$80000,\"<=\"&O$9,'Data Dump'!$F$7:$F$80000,$A$4),2)","v":0},{"$f":"ROUND(SUMIFS('Data Dump'!$I$7:$I$80000,'Data Dump'!$J$7:$J$80000,$A55,'Data Dump'!$C$7:$C$80000,\">\"&O$9,'Data Dump'!$C$7:$C$80000,\"<=\"&P$9,'Data Dump'!$F$7:$F$80000,$A$4),2)","v":0},{"$f":"ROUND(SUMIFS('Data Dump'!$I$7:$I$80000,'Data Dump'!$J$7:$J$80000,$A55,'Data Dump'!$C$7:$C$80000,\">\"&P$9,'Data Dump'!$C$7:$C$80000,\"<=\"&Q$9,'Data Dump'!$F$7:$F$80000,$A$4),2)","v":0},{"$f":"ROUND(SUMIFS('Data Dump'!$I$7:$I$80000,'Data Dump'!$J$7:$J$80000,$A55,'Data Dump'!$C$7:$C$80000,\">\"&Q$9,'Data Dump'!$C$7:$C$80000,\"<=\"&R$9,'Data Dump'!$F$7:$F$80000,$A$4),2)","v":0},{"$f":"ROUND(SUMIFS('Data Dump'!$I$7:$I$80000,'Data Dump'!$J$7:$J$80000,$A55,'Data Dump'!$C$7:$C$80000,\">\"&R$9,'Data Dump'!$C$7:$C$80000,\"<=\"&S$9,'Data Dump'!$F$7:$F$80000,$A$4),2)","v":0},{"$f":"ROUND(SUMIFS('Data Dump'!$I$7:$I$80000,'Data Dump'!$J$7:$J$80000,$A55,'Data Dump'!$C$7:$C$80000,\">\"&S$9,'Data Dump'!$C$7:$C$80000,\"<=\"&T$9,'Data Dump'!$F$7:$F$80000,$A$4),2)","v":0},{"$f":"ROUND(SUMIFS('Data Dump'!$I$7:$I$80000,'Data Dump'!$J$7:$J$80000,$A55,'Data Dump'!$C$7:$C$80000,\">\"&T$9,'Data Dump'!$C$7:$C$80000,\"<=\"&U$9,'Data Dump'!$F$7:$F$80000,$A$4),2)","v":0},{"$f":"ROUND(SUMIFS('Data Dump'!$I$7:$I$80000,'Data Dump'!$J$7:$J$80000,$A55,'Data Dump'!$C$7:$C$80000,\">\"&U$9,'Data Dump'!$C$7:$C$80000,\"<=\"&V$9,'Data Dump'!$F$7:$F$80000,$A$4),2)","v":0},{"$f":"ROUND(SUMIFS('Data Dump'!$I$7:$I$80000,'Data Dump'!$J$7:$J$80000,$A55,'Data Dump'!$C$7:$C$80000,\">\"&V$9,'Data Dump'!$C$7:$C$80000,\"<=\"&W$9,'Data Dump'!$F$7:$F$80000,$A$4),2)","v":0}]
[null,"=","=","=","=","=","=","=","=","=","=","=","=","=","=","=","=","=","=","=","=","=","="]
["TOTAL OCCUPANCY EXPENSES",null,{"$f":"SUM(C47:C56)","v":0},0,0,0,0,0,0,0,0,0,0,0,{"$f":"SUM(O47:O56)","v":0},0,0,0,0,0,0,0,0]
[null,"=","=","=","=","=","=","=","=","=","=","=","=","=","=","=","=","=","=","=","=","=","="]
["PROFESSIONAL FEES"]
[]
["Accounting",null,{"$f":"ROUND(SUMIFS('Data Dump'!$I$7:$I$80000,'Data Dump'!$J$7:$J$80000,$A61,'Data Dump'!$C$7:$C$80000,\">\"&B$9,'Data Dump'!$C$7:$C$80000,\"<=\"&C$9,'Data Dump'!$F$7:$F$80000,$A$4),2)","v":0},{"$f":"ROUND(SUMIFS('Data Dump'!$I$7:$I$80000,'Data Dump'!$J$7:$J$80000,$A61,'Data Dump'!$C$7:$C$80000,\">\"&C$9,'Data Dump'!$C$7:$C$80000,\"<=\"&D$9,'Data Dump'!$F$7:$F$80000,$A$4),2)","v":0},{"$f":"ROUND(SUMIFS('Data Dump'!$I$7:$I$80000,'Data Dump'!$J$7:$J$80000,$A61,'Data Dump'!$C$7:$C$80000,\">\"&D$9,'Data Dump'!$C$7:$C$80000,\"<=\"&E$9,'Data Dump'!$F$7:$F$80000,$A$4),2)","v":0},{"$f":"ROUND(SUMIFS('Data Dump'!$I$7:$I$80000,'Data Dump'!$J$7:$J$80000,$A61,'Data Dump'!$C$7:$C$80000,\">\"&E$9,'Data Dump'!$C$7:$C$80000,\"<=\"&F$9,'Data Dump'!$F$7:$F$80000,$A$4),2)","v":0},{"$f":"ROUND(SUMIFS('Data Dump'!$I$7:$I$80000,'Data Dump'!$J$7:$J$80000,$A61,'Data Dump'!$C$7:$C$80000,\">\"&F$9,'Data Dump'!$C$7:$C$80000,\"<=\"&G$9,'Data Dump'!$F$7:$F$80000,$A$4),2)","v":0},{"$f":"ROUND(SUMIFS('Data Dump'!$I$7:$I$80000,'Data Dump'!$J$7:$J$80000,$A61,'Data Dump'!$C$7:$C$80000,\">\"&G$9,'Data Dump'!$C$7:$C$80000,\"<=\"&H$9,'Data Dump'!$F$7:$F$80000,$A$4),2)","v":0},{"$f":"ROUND(SUMIFS('Data Dump'!$I$7:$I$80000,'Data Dump'!$J$7:$J$80000,$A61,'Data Dump'!$C$7:$C$80000,\">\"&H$9,'Data Dump'!$C$7:$C$80000,\"<=\"&I$9,'Data Dump'!$F$7:$F$80000,$A$4),2)","v":0},{"$f":"ROUND(SUMIFS('Data Dump'!$I$7:$I$80000,'Data Dump'!$J$7:$J$80000,$A61,'Data Dump'!$C$7:$C$80000,\">\"&I$9,'Data Dump'!$C$7:$C$80000,\"<=\"&J$9,'Data Dump'!$F$7:$F$80000,$A$4),2)","v":0},{"$f":"ROUND(SUMIFS('Data Dump'!$I$7:$I$80000,'Data Dump'!$J$7:$J$80000,$A61,'Data Dump'!$C$7:$C$80000,\">\"&J$9,'Data Dump'!$C$7:$C$80000,\"<=\"&K$9,'Data Dump'!$F$7:$F$80000,$A$4),2)","v":0},{"$f":"ROUND(SUMIFS('Data Dump'!$I$7:$I$80000,'Data Dump'!$J$7:$J$80000,$A61,'Data Dump'!$C$7:$C$80000,\">\"&K$9,'Data Dump'!$C$7:$C$80000,\"<=\"&L$9,'Data Dump'!$F$7:$F$80000,$A$4),2)","v":0},{"$f":"ROUND(SUMIFS('Data Dump'!$I$7:$I$80000,'Data Dump'!$J$7:$J$80000,$A61,'Data Dump'!$C$7:$C$80000,\">\"&L$9,'Data Dump'!$C$7:$C$80000,\"<=\"&M$9,'Data Dump'!$F$7:$F$80000,$A$4),2)","v":0},{"$f":"ROUND(SUMIFS('Data Dump'!$I$7:$I$80000,'Data Dump'!$J$7:$J$80000,$A61,'Data Dump'!$C$7:$C$80000,\">\"&M$9,'Data Dump'!$C$7:$C$80000,\"<=\"&N$9,'Data Dump'!$F$7:$F$80000,$A$4),2)","v":0},{"$f":"ROUND(SUMIFS('Data Dump'!$I$7:$I$80000,'Data Dump'!$J$7:$J$80000,$A61,'Data Dump'!$C$7:$C$80000,\">\"&N$9,'Data Dump'!$C$7:$C$80000,\"<=\"&O$9,'Data Dump'!$F$7:$F$80000,$A$4),2)","v":0},{"$f":"ROUND(SUMIFS('Data Dump'!$I$7:$I$80000,'Data Dump'!$J$7:$J$80000,$A61,'Data Dump'!$C$7:$C$80000,\">\"&O$9,'Data Dump'!$C$7:$C$80000,\"<=\"&P$9,'Data Dump'!$F$7:$F$80000,$A$4),2)","v":0},{"$f":"ROUND(SUMIFS('Data Dump'!$I$7:$I$80000,'Data Dump'!$J$7:$J$80000,$A61,'Data Dump'!$C$7:$C$80000,\">\"&P$9,'Data Dump'!$C$7:$C$80000,\"<=\"&Q$9,'Data Dump'!$F$7:$F$80000,$A$4),2)","v":0},{"$f":"ROUND(SUMIFS('Data Dump'!$I$7:$I$80000,'Data Dump'!$J$7:$J$80000,$A61,'Data Dump'!$C$7:$C$80000,\">\"&Q$9,'Data Dump'!$C$7:$C$80000,\"<=\"&R$9,'Data Dump'!$F$7:$F$80000,$A$4),2)","v":0},{"$f":"ROUND(SUMIFS('Data Dump'!$I$7:$I$80000,'Data Dump'!$J$7:$J$80000,$A61,'Data Dump'!$C$7:$C$80000,\">\"&R$9,'Data Dump'!$C$7:$C$80000,\"<=\"&S$9,'Data Dump'!$F$7:$F$80000,$A$4),2)","v":0},{"$f":"ROUND(SUMIFS('Data Dump'!$I$7:$I$80000,'Data Dump'!$J$7:$J$80000,$A61,'Data Dump'!$C$7:$C$80000,\">\"&S$9,'Data Dump'!$C$7:$C$80000,\"<=\"&T$9,'Data Dump'!$F$7:$F$80000,$A$4),2)","v":0},{"$f":"ROUND(SUMIFS('Data Dump'!$I$7:$I$80000,'Data Dump'!$J$7:$J$80000,$A61,'Data Dump'!$C$7:$C$80000,\">\"&T$9,'Data Dump'!$C$7:$C$80000,\"<=\"&U$9,'Data Dump'!$F$7:$F$80000,$A$4),2)","v":0},{"$f":"ROUND(SUMIFS('Data Dump'!$I$7:$I$80000,'Data Dump'!$J$7:$J$80000,$A61,'Data Dump'!$C$7:$C$80000,\">\"&U$9,'Data Dump'!$C$7:$C$80000,\"<=\"&V$9,'Data Dump'!$F$7:$F$80000,$A$4),2)","v":0},{"$f":"ROUND(SUMIFS('Data Dump'!$I$7:$I$80000,'Data Dump'!$J$7:$J$80000,$A61,'Data Dump'!$C$7:$C$80000,\">\"&V$9,'Data Dump'!$C$7:$C$80000,\"<=\"&W$9,'Data Dump'!$F$7:$F$80000,$A$4),2)","v":0}]
["Legal",null,{"$f":"ROUND(SUMIFS('Data Dump'!$I$7:$I$80000,'Data Dump'!$J$7:$J$80000,$A62,'Data Dump'!$C$7:$C$80000,\">\"&B$9,'Data Dump'!$C$7:$C$80000,\"<=\"&C$9,'Data Dump'!$F$7:$F$80000,$A$4),2)","v":0},{"$f":"ROUND(SUMIFS('Data Dump'!$I$7:$I$80000,'Data Dump'!$J$7:$J$80000,$A62,'Data Dump'!$C$7:$C$80000,\">\"&C$9,'Data Dump'!$C$7:$C$80000,\"<=\"&D$9,'Data Dump'!$F$7:$F$80000,$A$4),2)","v":0},{"$f":"ROUND(SUMIFS('Data Dump'!$I$7:$I$80000,'Data Dump'!$J$7:$J$80000,$A62,'Data Dump'!$C$7:$C$80000,\">\"&D$9,'Data Dump'!$C$7:$C$80000,\"<=\"&E$9,'Data Dump'!$F$7:$F$80000,$A$4),2)","v":0},{"$f":"ROUND(SUMIFS('Data Dump'!$I$7:$I$80000,'Data Dump'!$J$7:$J$80000,$A62,'Data Dump'!$C$7:$C$80000,\">\"&E$9,'Data Dump'!$C$7:$C$80000,\"<=\"&F$9,'Data Dump'!$F$7:$F$80000,$A$4),2)","v":0},{"$f":"ROUND(SUMIFS('Data Dump'!$I$7:$I$80000,'Data Dump'!$J$7:$J$80000,$A62,'Data Dump'!$C$7:$C$80000,\">\"&F$9,'Data Dump'!$C$7:$C$80000,\"<=\"&G$9,'Data Dump'!$F$7:$F$80000,$A$4),2)","v":0},{"$f":"ROUND(SUMIFS('Data Dump'!$I$7:$I$80000,'Data Dump'!$J$7:$J$80000,$A62,'Data Dump'!$C$7:$C$80000,\">\"&G$9,'Data Dump'!$C$7:$C$80000,\"<=\"&H$9,'Data Dump'!$F$7:$F$80000,$A$4),2)","v":0},{"$f":"ROUND(SUMIFS('Data Dump'!$I$7:$I$80000,'Data Dump'!$J$7:$J$80000,$A62,'Data Dump'!$C$7:$C$80000,\">\"&H$9,'Data Dump'!$C$7:$C$80000,\"<=\"&I$9,'Data Dump'!$F$7:$F$80000,$A$4),2)","v":0},{"$f":"ROUND(SUMIFS('Data Dump'!$I$7:$I$80000,'Data Dump'!$J$7:$J$80000,$A62,'Data Dump'!$C$7:$C$80000,\">\"&I$9,'Data Dump'!$C$7:$C$80000,\"<=\"&J$9,'Data Dump'!$F$7:$F$80000,$A$4),2)","v":0},{"$f":"ROUND(SUMIFS('Data Dump'!$I$7:$I$80000,'Data Dump'!$J$7:$J$80000,$A62,'Data Dump'!$C$7:$C$80000,\">\"&J$9,'Data Dump'!$C$7:$C$80000,\"<=\"&K$9,'Data Dump'!$F$7:$F$80000,$A$4),2)","v":0},{"$f":"ROUND(SUMIFS('Data Dump'!$I$7:$I$80000,'Data Dump'!$J$7:$J$80000,$A62,'Data Dump'!$C$7:$C$80000,\">\"&K$9,'Data Dump'!$C$7:$C$80000,\"<=\"&L$9,'Data Dump'!$F$7:$F$80000,$A$4),2)","v":0},{"$f":"ROUND(SUMIFS('Data Dump'!$I$7:$I$80000,'Data Dump'!$J$7:$J$80000,$A62,'Data Dump'!$C$7:$C$80000,\">\"&L$9,'Data Dump'!$C$7:$C$80000,\"<=\"&M$9,'Data Dump'!$F$7:$F$80000,$A$4),2)","v":0},{"$f":"ROUND(SUMIFS('Data Dump'!$I$7:$I$80000,'Data Dump'!$J$7:$J$80000,$A62,'Data Dump'!$C$7:$C$80000,\">\"&M$9,'Data Dump'!$C$7:$C$80000,\"<=\"&N$9,'Data Dump'!$F$7:$F$80000,$A$4),2)","v":0},{"$f":"ROUND(SUMIFS('Data Dump'!$I$7:$I$80000,'Data Dump'!$J$7:$J$80000,$A62,'Data Dump'!$C$7:$C$80000,\">\"&N$9,'Data Dump'!$C$7:$C$80000,\"<=\"&O$9,'Data Dump'!$F$7:$F$80000,$A$4),2)","v":0},{"$f":"ROUND(SUMIFS('Data Dump'!$I$7:$I$80000,'Data Dump'!$J$7:$J$80000,$A62,'Data Dump'!$C$7:$C$80000,\">\"&O$9,'Data Dump'!$C$7:$C$80000,\"<=\"&P$9,'Data Dump'!$F$7:$F$80000,$A$4),2)","v":0},{"$f":"ROUND(SUMIFS('Data Dump'!$I$7:$I$80000,'Data Dump'!$J$7:$J$80000,$A62,'Data Dump'!$C$7:$C$80000,\">\"&P$9,'Data Dump'!$C$7:$C$80000,\"<=\"&Q$9,'Data Dump'!$F$7:$F$80000,$A$4),2)","v":0},{"$f":"ROUND(SUMIFS('Data Dump'!$I$7:$I$80000,'Data Dump'!$J$7:$J$80000,$A62,'Data Dump'!$C$7:$C$80000,\">\"&Q$9,'Data Dump'!$C$7:$C$80000,\"<=\"&R$9,'Data Dump'!$F$7:$F$80000,$A$4),2)","v":0},{"$f":"ROUND(SUMIFS('Data Dump'!$I$7:$I$80000,'Data Dump'!$J$7:$J$80000,$A62,'Data Dump'!$C$7:$C$80000,\">\"&R$9,'Data Dump'!$C$7:$C$80000,\"<=\"&S$9,'Data Dump'!$F$7:$F$80000,$A$4),2)","v":0},{"$f":"ROUND(SUMIFS('Data Dump'!$I$7:$I$80000,'Data Dump'!$J$7:$J$80000,$A62,'Data Dump'!$C$7:$C$80000,\">\"&S$9,'Data Dump'!$C$7:$C$80000,\"<=\"&T$9,'Data Dump'!$F$7:$F$80000,$A$4),2)","v":0},{"$f":"ROUND(SUMIFS('Data Dump'!$I$7:$I$80000,'Data Dump'!$J$7:$J$80000,$A62,'Data Dump'!$C$7:$C$80000,\">\"&T$9,'Data Dump'!$C$7:$C$80000,\"<=\"&U$9,'Data Dump'!$F$7:$F$80000,$A$4),2)","v":0},{"$f":"ROUND(SUMIFS('Data Dump'!$I$7:$I$80000,'Data Dump'!$J$7:$J$80000,$A62,'Data Dump'!$C$7:$C$80000,\">\"&U$9,'Data Dump'!$C$7:$C$80000,\"<=\"&V$9,'Data Dump'!$F$7:$F$80000,$A$4),2)","v":0},{"$f":"ROUND(SUMIFS('Data Dump'!$I$7:$I$80000,'Data Dump'!$J$7:$J$80000,$A62,'Data Dump'!$C$7:$C$80000,\">\"&V$9,'Data Dump'!$C$7:$C$80000,\"<=\"&W$9,'Data Dump'!$F$7:$F$80000,$A$4),2)","v":0}]
["Consulting",null,{"$f":"ROUND(SUMIFS('Data Dump'!$I$7:$I$80000,'Data Dump'!$J$7:$J$80000,$A63,'Data Dump'!$C$7:$C$80000,\">\"&B$9,'Data Dump'!$C$7:$C$80000,\"<=\"&C$9,'Data Dump'!$F$7:$F$80000,$A$4),2)","v":0},{"$f":"ROUND(SUMIFS('Data Dump'!$I$7:$I$80000,'Data Dump'!$J$7:$J$80000,$A63,'Data Dump'!$C$7:$C$80000,\">\"&C$9,'Data Dump'!$C$7:$C$80000,\"<=\"&D$9,'Data Dump'!$F$7:$F$80000,$A$4),2)","v":0},{"$f":"ROUND(SUMIFS('Data Dump'!$I$7:$I$80000,'Data Dump'!$J$7:$J$80000,$A63,'Data Dump'!$C$7:$C$80000,\">\"&D$9,'Data Dump'!$C$7:$C$80000,\"<=\"&E$9,'Data Dump'!$F$7:$F$80000,$A$4),2)","v":0},{"$f":"ROUND(SUMIFS('Data Dump'!$I$7:$I$80000,'Data Dump'!$J$7:$J$80000,$A63,'Data Dump'!$C$7:$C$80000,\">\"&E$9,'Data Dump'!$C$7:$C$80000,\"<=\"&F$9,'Data Dump'!$F$7:$F$80000,$A$4),2)","v":0},{"$f":"ROUND(SUMIFS('Data Dump'!$I$7:$I$80000,'Data Dump'!$J$7:$J$80000,$A63,'Data Dump'!$C$7:$C$80000,\">\"&F$9,'Data Dump'!$C$7:$C$80000,\"<=\"&G$9,'Data Dump'!$F$7:$F$80000,$A$4),2)","v":0},{"$f":"ROUND(SUMIFS('Data Dump'!$I$7:$I$80000,'Data Dump'!$J$7:$J$80000,$A63,'Data Dump'!$C$7:$C$80000,\">\"&G$9,'Data Dump'!$C$7:$C$80000,\"<=\"&H$9,'Data Dump'!$F$7:$F$80000,$A$4),2)","v":0},{"$f":"ROUND(SUMIFS('Data Dump'!$I$7:$I$80000,'Data Dump'!$J$7:$J$80000,$A63,'Data Dump'!$C$7:$C$80000,\">\"&H$9,'Data Dump'!$C$7:$C$80000,\"<=\"&I$9,'Data Dump'!$F$7:$F$80000,$A$4),2)","v":0},{"$f":"ROUND(SUMIFS('Data Dump'!$I$7:$I$80000,'Data Dump'!$J$7:$J$80000,$A63,'Data Dump'!$C$7:$C$80000,\">\"&I$9,'Data Dump'!$C$7:$C$80000,\"<=\"&J$9,'Data Dump'!$F$7:$F$80000,$A$4),2)","v":0},{"$f":"ROUND(SUMIFS('Data Dump'!$I$7:$I$80000,'Data Dump'!$J$7:$J$80000,$A63,'Data Dump'!$C$7:$C$80000,\">\"&J$9,'Data Dump'!$C$7:$C$80000,\"<=\"&K$9,'Data Dump'!$F$7:$F$80000,$A$4),2)","v":0},{"$f":"ROUND(SUMIFS('Data Dump'!$I$7:$I$80000,'Data Dump'!$J$7:$J$80000,$A63,'Data Dump'!$C$7:$C$80000,\">\"&K$9,'Data Dump'!$C$7:$C$80000,\"<=\"&L$9,'Data Dump'!$F$7:$F$80000,$A$4),2)","v":0},{"$f":"ROUND(SUMIFS('Data Dump'!$I$7:$I$80000,'Data Dump'!$J$7:$J$80000,$A63,'Data Dump'!$C$7:$C$80000,\">\"&L$9,'Data Dump'!$C$7:$C$80000,\"<=\"&M$9,'Data Dump'!$F$7:$F$80000,$A$4),2)","v":0},{"$f":"ROUND(SUMIFS('Data Dump'!$I$7:$I$80000,'Data Dump'!$J$7:$J$80000,$A63,'Data Dump'!$C$7:$C$80000,\">\"&M$9,'Data Dump'!$C$7:$C$80000,\"<=\"&N$9,'Data Dump'!$F$7:$F$80000,$A$4),2)","v":0},{"$f":"ROUND(SUMIFS('Data Dump'!$I$7:$I$80000,'Data Dump'!$J$7:$J$80000,$A63,'Data Dump'!$C$7:$C$80000,\">\"&N$9,'Data Dump'!$C$7:$C$80000,\"<=\"&O$9,'Data Dump'!$F$7:$F$80000,$A$4),2)","v":0},{"$f":"ROUND(SUMIFS('Data Dump'!$I$7:$I$80000,'Data Dump'!$J$7:$J$80000,$A63,'Data Dump'!$C$7:$C$80000,\">\"&O$9,'Data Dump'!$C$7:$C$80000,\"<=\"&P$9,'Data Dump'!$F$7:$F$80000,$A$4),2)","v":0},{"$f":"ROUND(SUMIFS('Data Dump'!$I$7:$I$80000,'Data Dump'!$J$7:$J$80000,$A63,'Data Dump'!$C$7:$C$80000,\">\"&P$9,'Data Dump'!$C$7:$C$80000,\"<=\"&Q$9,'Data Dump'!$F$7:$F$80000,$A$4),2)","v":0},{"$f":"ROUND(SUMIFS('Data Dump'!$I$7:$I$80000,'Data Dump'!$J$7:$J$80000,$A63,'Data Dump'!$C$7:$C$80000,\">\"&Q$9,'Data Dump'!$C$7:$C$80000,\"<=\"&R$9,'Data Dump'!$F$7:$F$80000,$A$4),2)","v":0},{"$f":"ROUND(SUMIFS('Data Dump'!$I$7:$I$80000,'Data Dump'!$J$7:$J$80000,$A63,'Data Dump'!$C$7:$C$80000,\">\"&R$9,'Data Dump'!$C$7:$C$80000,\"<=\"&S$9,'Data Dump'!$F$7:$F$80000,$A$4),2)","v":0},{"$f":"ROUND(SUMIFS('Data Dump'!$I$7:$I$80000,'Data Dump'!$J$7:$J$80000,$A63,'Data Dump'!$C$7:$C$80000,\">\"&S$9,'Data Dump'!$C$7:$C$80000,\"<=\"&T$9,'Data Dump'!$F$7:$F$80000,$A$4),2)","v":0},{"$f":"ROUND(SUMIFS('Data Dump'!$I$7:$I$80000,'Data Dump'!$J$7:$J$80000,$A63,'Data Dump'!$C$7:$C$80000,\">\"&T$9,'Data Dump'!$C$7:$C$80000,\"<=\"&U$9,'Data Dump'!$F$7:$F$80000,$A$4),2)","v":0},{"$f":"ROUND(SUMIFS('Data Dump'!$I$7:$I$80000,'Data Dump'!$J$7:$J$80000,$A63,'Data Dump'!$C$7:$C$80000,\">\"&U$9,'Data Dump'!$C$7:$C$80000,\"<=\"&V$9,'Data Dump'!$F$7:$F$80000,$A$4),2)","v":0},{"$f":"ROUND(SUMIFS('Data Dump'!$I$7:$I$80000,'Data Dump'!$J$7:$J$80000,$A63,'Data Dump'!$C$7:$C$80000,\">\"&V$9,'Data Dump'!$C$7:$C$80000,\"<=\"&W$9,'Data Dump'!$F$7:$F$80000,$A$4),2)","v":0}]
["IT Development",null,{"$f":"ROUND(SUMIFS('Data Dump'!$I$7:$I$80000,'Data Dump'!$J$7:$J$80000,$A64,'Data Dump'!$C$7:$C$80000,\">\"&B$9,'Data Dump'!$C$7:$C$80000,\"<=\"&C$9,'Data Dump'!$F$7:$F$80000,$A$4),2)","v":0},{"$f":"ROUND(SUMIFS('Data Dump'!$I$7:$I$80000,'Data Dump'!$J$7:$J$80000,$A64,'Data Dump'!$C$7:$C$80000,\">\"&C$9,'Data Dump'!$C$7:$C$80000,\"<=\"&D$9,'Data Dump'!$F$7:$F$80000,$A$4),2)","v":0},{"$f":"ROUND(SUMIFS('Data Dump'!$I$7:$I$80000,'Data Dump'!$J$7:$J$80000,$A64,'Data Dump'!$C$7:$C$80000,\">\"&D$9,'Data Dump'!$C$7:$C$80000,\"<=\"&E$9,'Data Dump'!$F$7:$F$80000,$A$4),2)","v":0},{"$f":"ROUND(SUMIFS('Data Dump'!$I$7:$I$80000,'Data Dump'!$J$7:$J$80000,$A64,'Data Dump'!$C$7:$C$80000,\">\"&E$9,'Data Dump'!$C$7:$C$80000,\"<=\"&F$9,'Data Dump'!$F$7:$F$80000,$A$4),2)","v":0},{"$f":"ROUND(SUMIFS('Data Dump'!$I$7:$I$80000,'Data Dump'!$J$7:$J$80000,$A64,'Data Dump'!$C$7:$C$80000,\">\"&F$9,'Data Dump'!$C$7:$C$80000,\"<=\"&G$9,'Data Dump'!$F$7:$F$80000,$A$4),2)","v":0},{"$f":"ROUND(SUMIFS('Data Dump'!$I$7:$I$80000,'Data Dump'!$J$7:$J$80000,$A64,'Data Dump'!$C$7:$C$80000,\">\"&G$9,'Data Dump'!$C$7:$C$80000,\"<=\"&H$9,'Data Dump'!$F$7:$F$80000,$A$4),2)","v":0},{"$f":"ROUND(SUMIFS('Data Dump'!$I$7:$I$80000,'Data Dump'!$J$7:$J$80000,$A64,'Data Dump'!$C$7:$C$80000,\">\"&H$9,'Data Dump'!$C$7:$C$80000,\"<=\"&I$9,'Data Dump'!$F$7:$F$80000,$A$4),2)","v":0},{"$f":"ROUND(SUMIFS('Data Dump'!$I$7:$I$80000,'Data Dump'!$J$7:$J$80000,$A64,'Data Dump'!$C$7:$C$80000,\">\"&I$9,'Data Dump'!$C$7:$C$80000,\"<=\"&J$9,'Data Dump'!$F$7:$F$80000,$A$4),2)","v":0},{"$f":"ROUND(SUMIFS('Data Dump'!$I$7:$I$80000,'Data Dump'!$J$7:$J$80000,$A64,'Data Dump'!$C$7:$C$80000,\">\"&J$9,'Data Dump'!$C$7:$C$80000,\"<=\"&K$9,'Data Dump'!$F$7:$F$80000,$A$4),2)","v":0},{"$f":"ROUND(SUMIFS('Data Dump'!$I$7:$I$80000,'Data Dump'!$J$7:$J$80000,$A64,'Data Dump'!$C$7:$C$80000,\">\"&K$9,'Data Dump'!$C$7:$C$80000,\"<=\"&L$9,'Data Dump'!$F$7:$F$80000,$A$4),2)","v":0},{"$f":"ROUND(SUMIFS('Data Dump'!$I$7:$I$80000,'Data Dump'!$J$7:$J$80000,$A64,'Data Dump'!$C$7:$C$80000,\">\"&L$9,'Data Dump'!$C$7:$C$80000,\"<=\"&M$9,'Data Dump'!$F$7:$F$80000,$A$4),2)","v":0},{"$f":"ROUND(SUMIFS('Data Dump'!$I$7:$I$80000,'Data Dump'!$J$7:$J$80000,$A64,'Data Dump'!$C$7:$C$80000,\">\"&M$9,'Data Dump'!$C$7:$C$80000,\"<=\"&N$9,'Data Dump'!$F$7:$F$80000,$A$4),2)","v":0},{"$f":"ROUND(SUMIFS('Data Dump'!$I$7:$I$80000,'Data Dump'!$J$7:$J$80000,$A64,'Data Dump'!$C$7:$C$80000,\">\"&N$9,'Data Dump'!$C$7:$C$80000,\"<=\"&O$9,'Data Dump'!$F$7:$F$80000,$A$4),2)","v":0},{"$f":"ROUND(SUMIFS('Data Dump'!$I$7:$I$80000,'Data Dump'!$J$7:$J$80000,$A64,'Data Dump'!$C$7:$C$80000,\">\"&O$9,'Data Dump'!$C$7:$C$80000,\"<=\"&P$9,'Data Dump'!$F$7:$F$80000,$A$4),2)","v":0},{"$f":"ROUND(SUMIFS('Data Dump'!$I$7:$I$80000,'Data Dump'!$J$7:$J$80000,$A64,'Data Dump'!$C$7:$C$80000,\">\"&P$9,'Data Dump'!$C$7:$C$80000,\"<=\"&Q$9,'Data Dump'!$F$7:$F$80000,$A$4),2)","v":0},{"$f":"ROUND(SUMIFS('Data Dump'!$I$7:$I$80000,'Data Dump'!$J$7:$J$80000,$A64,'Data Dump'!$C$7:$C$80000,\">\"&Q$9,'Data Dump'!$C$7:$C$80000,\"<=\"&R$9,'Data Dump'!$F$7:$F$80000,$A$4),2)","v":0},{"$f":"ROUND(SUMIFS('Data Dump'!$I$7:$I$80000,'Data Dump'!$J$7:$J$80000,$A64,'Data Dump'!$C$7:$C$80000,\">\"&R$9,'Data Dump'!$C$7:$C$80000,\"<=\"&S$9,'Data Dump'!$F$7:$F$80000,$A$4),2)","v":0},{"$f":"ROUND(SUMIFS('Data Dump'!$I$7:$I$80000,'Data Dump'!$J$7:$J$80000,$A64,'Data Dump'!$C$7:$C$80000,\">\"&S$9,'Data Dump'!$C$7:$C$80000,\"<=\"&T$9,'Data Dump'!$F$7:$F$80000,$A$4),2)","v":0},{"$f":"ROUND(SUMIFS('Data Dump'!$I$7:$I$80000,'Data Dump'!$J$7:$J$80000,$A64,'Data Dump'!$C$7:$C$80000,\">\"&T$9,'Data Dump'!$C$7:$C$80000,\"<=\"&U$9,'Data Dump'!$F$7:$F$80000,$A$4),2)","v":0},{"$f":"ROUND(SUMIFS('Data Dump'!$I$7:$I$80000,'Data Dump'!$J$7:$J$80000,$A64,'Data Dump'!$C$7:$C$80000,\">\"&U$9,'Data Dump'!$C$7:$C$80000,\"<=\"&V$9,'Data Dump'!$F$7:$F$80000,$A$4),2)","v":0},{"$f":"ROUND(SUMIFS('Data Dump'!$I$7:$I$80000,'Data Dump'!$J$7:$J$80000,$A64,'Data Dump'!$C$7:$C$80000,\">\"&V$9,'Data Dump'!$C$7:$C$80000,\"<=\"&W$9,'Data Dump'!$F$7:$F$80000,$A$4),2)","v":0}]
["Outside IT Support",null,{"$f":"ROUND(SUMIFS('Data Dump'!$I$7:$I$80000,'Data Dump'!$J$7:$J$80000,$A65,'Data Dump'!$C$7:$C$80000,\">\"&B$9,'Data Dump'!$C$7:$C$80000,\"<=\"&C$9,'Data Dump'!$F$7:$F$80000,$A$4),2)","v":0},{"$f":"ROUND(SUMIFS('Data Dump'!$I$7:$I$80000,'Data Dump'!$J$7:$J$80000,$A65,'Data Dump'!$C$7:$C$80000,\">\"&C$9,'Data Dump'!$C$7:$C$80000,\"<=\"&D$9,'Data Dump'!$F$7:$F$80000,$A$4),2)","v":0},{"$f":"ROUND(SUMIFS('Data Dump'!$I$7:$I$80000,'Data Dump'!$J$7:$J$80000,$A65,'Data Dump'!$C$7:$C$80000,\">\"&D$9,'Data Dump'!$C$7:$C$80000,\"<=\"&E$9,'Data Dump'!$F$7:$F$80000,$A$4),2)","v":0},{"$f":"ROUND(SUMIFS('Data Dump'!$I$7:$I$80000,'Data Dump'!$J$7:$J$80000,$A65,'Data Dump'!$C$7:$C$80000,\">\"&E$9,'Data Dump'!$C$7:$C$80000,\"<=\"&F$9,'Data Dump'!$F$7:$F$80000,$A$4),2)","v":0},{"$f":"ROUND(SUMIFS('Data Dump'!$I$7:$I$80000,'Data Dump'!$J$7:$J$80000,$A65,'Data Dump'!$C$7:$C$80000,\">\"&F$9,'Data Dump'!$C$7:$C$80000,\"<=\"&G$9,'Data Dump'!$F$7:$F$80000,$A$4),2)","v":0},{"$f":"ROUND(SUMIFS('Data Dump'!$I$7:$I$80000,'Data Dump'!$J$7:$J$80000,$A65,'Data Dump'!$C$7:$C$80000,\">\"&G$9,'Data Dump'!$C$7:$C$80000,\"<=\"&H$9,'Data Dump'!$F$7:$F$80000,$A$4),2)","v":0},{"$f":"ROUND(SUMIFS('Data Dump'!$I$7:$I$80000,'Data Dump'!$J$7:$J$80000,$A65,'Data Dump'!$C$7:$C$80000,\">\"&H$9,'Data Dump'!$C$7:$C$80000,\"<=\"&I$9,'Data Dump'!$F$7:$F$80000,$A$4),2)","v":0},{"$f":"ROUND(SUMIFS('Data Dump'!$I$7:$I$80000,'Data Dump'!$J$7:$J$80000,$A65,'Data Dump'!$C$7:$C$80000,\">\"&I$9,'Data Dump'!$C$7:$C$80000,\"<=\"&J$9,'Data Dump'!$F$7:$F$80000,$A$4),2)","v":0},{"$f":"ROUND(SUMIFS('Data Dump'!$I$7:$I$80000,'Data Dump'!$J$7:$J$80000,$A65,'Data Dump'!$C$7:$C$80000,\">\"&J$9,'Data Dump'!$C$7:$C$80000,\"<=\"&K$9,'Data Dump'!$F$7:$F$80000,$A$4),2)","v":0},{"$f":"ROUND(SUMIFS('Data Dump'!$I$7:$I$80000,'Data Dump'!$J$7:$J$80000,$A65,'Data Dump'!$C$7:$C$80000,\">\"&K$9,'Data Dump'!$C$7:$C$80000,\"<=\"&L$9,'Data Dump'!$F$7:$F$80000,$A$4),2)","v":0},{"$f":"ROUND(SUMIFS('Data Dump'!$I$7:$I$80000,'Data Dump'!$J$7:$J$80000,$A65,'Data Dump'!$C$7:$C$80000,\">\"&L$9,'Data Dump'!$C$7:$C$80000,\"<=\"&M$9,'Data Dump'!$F$7:$F$80000,$A$4),2)","v":0},{"$f":"ROUND(SUMIFS('Data Dump'!$I$7:$I$80000,'Data Dump'!$J$7:$J$80000,$A65,'Data Dump'!$C$7:$C$80000,\">\"&M$9,'Data Dump'!$C$7:$C$80000,\"<=\"&N$9,'Data Dump'!$F$7:$F$80000,$A$4),2)","v":0},{"$f":"ROUND(SUMIFS('Data Dump'!$I$7:$I$80000,'Data Dump'!$J$7:$J$80000,$A65,'Data Dump'!$C$7:$C$80000,\">\"&N$9,'Data Dump'!$C$7:$C$80000,\"<=\"&O$9,'Data Dump'!$F$7:$F$80000,$A$4),2)","v":0},{"$f":"ROUND(SUMIFS('Data Dump'!$I$7:$I$80000,'Data Dump'!$J$7:$J$80000,$A65,'Data Dump'!$C$7:$C$80000,\">\"&O$9,'Data Dump'!$C$7:$C$80000,\"<=\"&P$9,'Data Dump'!$F$7:$F$80000,$A$4),2)","v":0},{"$f":"ROUND(SUMIFS('Data Dump'!$I$7:$I$80000,'Data Dump'!$J$7:$J$80000,$A65,'Data Dump'!$C$7:$C$80000,\">\"&P$9,'Data Dump'!$C$7:$C$80000,\"<=\"&Q$9,'Data Dump'!$F$7:$F$80000,$A$4),2)","v":0},{"$f":"ROUND(SUMIFS('Data Dump'!$I$7:$I$80000,'Data Dump'!$J$7:$J$80000,$A65,'Data Dump'!$C$7:$C$80000,\">\"&Q$9,'Data Dump'!$C$7:$C$80000,\"<=\"&R$9,'Data Dump'!$F$7:$F$80000,$A$4),2)","v":0},{"$f":"ROUND(SUMIFS('Data Dump'!$I$7:$I$80000,'Data Dump'!$J$7:$J$80000,$A65,'Data Dump'!$C$7:$C$80000,\">\"&R$9,'Data Dump'!$C$7:$C$80000,\"<=\"&S$9,'Data Dump'!$F$7:$F$80000,$A$4),2)","v":0},{"$f":"ROUND(SUMIFS('Data Dump'!$I$7:$I$80000,'Data Dump'!$J$7:$J$80000,$A65,'Data Dump'!$C$7:$C$80000,\">\"&S$9,'Data Dump'!$C$7:$C$80000,\"<=\"&T$9,'Data Dump'!$F$7:$F$80000,$A$4),2)","v":0},{"$f":"ROUND(SUMIFS('Data Dump'!$I$7:$I$80000,'Data Dump'!$J$7:$J$80000,$A65,'Data Dump'!$C$7:$C$80000,\">\"&T$9,'Data Dump'!$C$7:$C$80000,\"<=\"&U$9,'Data Dump'!$F$7:$F$80000,$A$4),2)","v":0},{"$f":"ROUND(SUMIFS('Data Dump'!$I$7:$I$80000,'Data Dump'!$J$7:$J$80000,$A65,'Data Dump'!$C$7:$C$80000,\">\"&U$9,'Data Dump'!$C$7:$C$80000,\"<=\"&V$9,'Data Dump'!$F$7:$F$80000,$A$4),2)","v":0},{"$f":"ROUND(SUMIFS('Data Dump'!$I$7:$I$80000,'Data Dump'!$J$7:$J$80000,$A65,'Data Dump'!$C$7:$C$80000,\">\"&V$9,'Data Dump'!$C$7:$C$80000,\"<=\"&W$9,'Data Dump'!$F$7:$F$80000,$A$4),2)","v":0}]
["Payroll Fees",null,{"$f":"ROUND(SUMIFS('Data Dump'!$I$7:$I$80000,'Data Dump'!$J$7:$J$80000,$A66,'Data Dump'!$C$7:$C$80000,\">\"&B$9,'Data Dump'!$C$7:$C$80000,\"<=\"&C$9,'Data Dump'!$F$7:$F$80000,$A$4),2)","v":0},{"$f":"ROUND(SUMIFS('Data Dump'!$I$7:$I$80000,'Data Dump'!$J$7:$J$80000,$A66,'Data Dump'!$C$7:$C$80000,\">\"&C$9,'Data Dump'!$C$7:$C$80000,\"<=\"&D$9,'Data Dump'!$F$7:$F$80000,$A$4),2)","v":0},{"$f":"ROUND(SUMIFS('Data Dump'!$I$7:$I$80000,'Data Dump'!$J$7:$J$80000,$A66,'Data Dump'!$C$7:$C$80000,\">\"&D$9,'Data Dump'!$C$7:$C$80000,\"<=\"&E$9,'Data Dump'!$F$7:$F$80000,$A$4),2)","v":0},{"$f":"ROUND(SUMIFS('Data Dump'!$I$7:$I$80000,'Data Dump'!$J$7:$J$80000,$A66,'Data Dump'!$C$7:$C$80000,\">\"&E$9,'Data Dump'!$C$7:$C$80000,\"<=\"&F$9,'Data Dump'!$F$7:$F$80000,$A$4),2)","v":0},{"$f":"ROUND(SUMIFS('Data Dump'!$I$7:$I$80000,'Data Dump'!$J$7:$J$80000,$A66,'Data Dump'!$C$7:$C$80000,\">\"&F$9,'Data Dump'!$C$7:$C$80000,\"<=\"&G$9,'Data Dump'!$F$7:$F$80000,$A$4),2)","v":0},{"$f":"ROUND(SUMIFS('Data Dump'!$I$7:$I$80000,'Data Dump'!$J$7:$J$80000,$A66,'Data Dump'!$C$7:$C$80000,\">\"&G$9,'Data Dump'!$C$7:$C$80000,\"<=\"&H$9,'Data Dump'!$F$7:$F$80000,$A$4),2)","v":0},{"$f":"ROUND(SUMIFS('Data Dump'!$I$7:$I$80000,'Data Dump'!$J$7:$J$80000,$A66,'Data Dump'!$C$7:$C$80000,\">\"&H$9,'Data Dump'!$C$7:$C$80000,\"<=\"&I$9,'Data Dump'!$F$7:$F$80000,$A$4),2)","v":0},{"$f":"ROUND(SUMIFS('Data Dump'!$I$7:$I$80000,'Data Dump'!$J$7:$J$80000,$A66,'Data Dump'!$C$7:$C$80000,\">\"&I$9,'Data Dump'!$C$7:$C$80000,\"<=\"&J$9,'Data Dump'!$F$7:$F$80000,$A$4),2)","v":0},{"$f":"ROUND(SUMIFS('Data Dump'!$I$7:$I$80000,'Data Dump'!$J$7:$J$80000,$A66,'Data Dump'!$C$7:$C$80000,\">\"&J$9,'Data Dump'!$C$7:$C$80000,\"<=\"&K$9,'Data Dump'!$F$7:$F$80000,$A$4),2)","v":0},{"$f":"ROUND(SUMIFS('Data Dump'!$I$7:$I$80000,'Data Dump'!$J$7:$J$80000,$A66,'Data Dump'!$C$7:$C$80000,\">\"&K$9,'Data Dump'!$C$7:$C$80000,\"<=\"&L$9,'Data Dump'!$F$7:$F$80000,$A$4),2)","v":0},{"$f":"ROUND(SUMIFS('Data Dump'!$I$7:$I$80000,'Data Dump'!$J$7:$J$80000,$A66,'Data Dump'!$C$7:$C$80000,\">\"&L$9,'Data Dump'!$C$7:$C$80000,\"<=\"&M$9,'Data Dump'!$F$7:$F$80000,$A$4),2)","v":0},{"$f":"ROUND(SUMIFS('Data Dump'!$I$7:$I$80000,'Data Dump'!$J$7:$J$80000,$A66,'Data Dump'!$C$7:$C$80000,\">\"&M$9,'Data Dump'!$C$7:$C$80000,\"<=\"&N$9,'Data Dump'!$F$7:$F$80000,$A$4),2)","v":0},{"$f":"ROUND(SUMIFS('Data Dump'!$I$7:$I$80000,'Data Dump'!$J$7:$J$80000,$A66,'Data Dump'!$C$7:$C$80000,\">\"&N$9,'Data Dump'!$C$7:$C$80000,\"<=\"&O$9,'Data Dump'!$F$7:$F$80000,$A$4),2)","v":0},{"$f":"ROUND(SUMIFS('Data Dump'!$I$7:$I$80000,'Data Dump'!$J$7:$J$80000,$A66,'Data Dump'!$C$7:$C$80000,\">\"&O$9,'Data Dump'!$C$7:$C$80000,\"<=\"&P$9,'Data Dump'!$F$7:$F$80000,$A$4),2)","v":0},{"$f":"ROUND(SUMIFS('Data Dump'!$I$7:$I$80000,'Data Dump'!$J$7:$J$80000,$A66,'Data Dump'!$C$7:$C$80000,\">\"&P$9,'Data Dump'!$C$7:$C$80000,\"<=\"&Q$9,'Data Dump'!$F$7:$F$80000,$A$4),2)","v":0},{"$f":"ROUND(SUMIFS('Data Dump'!$I$7:$I$80000,'Data Dump'!$J$7:$J$80000,$A66,'Data Dump'!$C$7:$C$80000,\">\"&Q$9,'Data Dump'!$C$7:$C$80000,\"<=\"&R$9,'Data Dump'!$F$7:$F$80000,$A$4),2)","v":0},{"$f":"ROUND(SUMIFS('Data Dump'!$I$7:$I$80000,'Data Dump'!$J$7:$J$80000,$A66,'Data Dump'!$C$7:$C$80000,\">\"&R$9,'Data Dump'!$C$7:$C$80000,\"<=\"&S$9,'Data Dump'!$F$7:$F$80000,$A$4),2)","v":0},{"$f":"ROUND(SUMIFS('Data Dump'!$I$7:$I$80000,'Data Dump'!$J$7:$J$80000,$A66,'Data Dump'!$C$7:$C$80000,\">\"&S$9,'Data Dump'!$C$7:$C$80000,\"<=\"&T$9,'Data Dump'!$F$7:$F$80000,$A$4),2)","v":0},{"$f":"ROUND(SUMIFS('Data Dump'!$I$7:$I$80000,'Data Dump'!$J$7:$J$80000,$A66,'Data Dump'!$C$7:$C$80000,\">\"&T$9,'Data Dump'!$C$7:$C$80000,\"<=\"&U$9,'Data Dump'!$F$7:$F$80000,$A$4),2)","v":0},{"$f":"ROUND(SUMIFS('Data Dump'!$I$7:$I$80000,'Data Dump'!$J$7:$J$80000,$A66,'Data Dump'!$C$7:$C$80000,\">\"&U$9,'Data Dump'!$C$7:$C$80000,\"<=\"&V$9,'Data Dump'!$F$7:$F$80000,$A$4),2)","v":0},{"$f":"ROUND(SUMIFS('Data Dump'!$I$7:$I$80000,'Data Dump'!$J$7:$J$80000,$A66,'Data Dump'!$C$7:$C$80000,\">\"&V$9,'Data Dump'!$C$7:$C$80000,\"<=\"&W$9,'Data Dump'!$F$7:$F$80000,$A$4),2)","v":0}]
[null,"=","=","=","=","=","=","=","=","=","=","=","=","=","=","=","=","=","=","=","=","=","="]
["TOTAL PROFESSIONAL FEES",null,{"$f":"SUM(C61:C66)","v":0},0,0,0,0,0,0,0,0,0,0,0,{"$f":"SUM(O61:O66)","v":0},0,0,0,0,0,0,0,0]
[null,"=","=","=","=","=","=","=","=","=","=","=","=","=","=","=","=","=","=","=","=","=","="]
["SALES & MARKETING"]
[]
["Inside Sales",null,{"$f":"ROUND(SUMIFS('Data Dump'!$I$7:$I$80000,'Data Dump'!$J$7:$J$80000,$A72,'Data Dump'!$C$7:$C$80000,\">\"&B$9,'Data Dump'!$C$7:$C$80000,\"<=\"&C$9,'Data Dump'!$F$7:$F$80000,$A$4),2)","v":0},{"$f":"ROUND(SUMIFS('Data Dump'!$I$7:$I$80000,'Data Dump'!$J$7:$J$80000,$A72,'Data Dump'!$C$7:$C$80000,\">\"&C$9,'Data Dump'!$C$7:$C$80000,\"<=\"&D$9,'Data Dump'!$F$7:$F$80000,$A$4),2)","v":0},{"$f":"ROUND(SUMIFS('Data Dump'!$I$7:$I$80000,'Data Dump'!$J$7:$J$80000,$A72,'Data Dump'!$C$7:$C$80000,\">\"&D$9,'Data Dump'!$C$7:$C$80000,\"<=\"&E$9,'Data Dump'!$F$7:$F$80000,$A$4),2)","v":0},{"$f":"ROUND(SUMIFS('Data Dump'!$I$7:$I$80000,'Data Dump'!$J$7:$J$80000,$A72,'Data Dump'!$C$7:$C$80000,\">\"&E$9,'Data Dump'!$C$7:$C$80000,\"<=\"&F$9,'Data Dump'!$F$7:$F$80000,$A$4),2)","v":0},{"$f":"ROUND(SUMIFS('Data Dump'!$I$7:$I$80000,'Data Dump'!$J$7:$J$80000,$A72,'Data Dump'!$C$7:$C$80000,\">\"&F$9,'Data Dump'!$C$7:$C$80000,\"<=\"&G$9,'Data Dump'!$F$7:$F$80000,$A$4),2)","v":0},{"$f":"ROUND(SUMIFS('Data Dump'!$I$7:$I$80000,'Data Dump'!$J$7:$J$80000,$A72,'Data Dump'!$C$7:$C$80000,\">\"&G$9,'Data Dump'!$C$7:$C$80000,\"<=\"&H$9,'Data Dump'!$F$7:$F$80000,$A$4),2)","v":0},{"$f":"ROUND(SUMIFS('Data Dump'!$I$7:$I$80000,'Data Dump'!$J$7:$J$80000,$A72,'Data Dump'!$C$7:$C$80000,\">\"&H$9,'Data Dump'!$C$7:$C$80000,\"<=\"&I$9,'Data Dump'!$F$7:$F$80000,$A$4),2)","v":0},{"$f":"ROUND(SUMIFS('Data Dump'!$I$7:$I$80000,'Data Dump'!$J$7:$J$80000,$A72,'Data Dump'!$C$7:$C$80000,\">\"&I$9,'Data Dump'!$C$7:$C$80000,\"<=\"&J$9,'Data Dump'!$F$7:$F$80000,$A$4),2)","v":0},{"$f":"ROUND(SUMIFS('Data Dump'!$I$7:$I$80000,'Data Dump'!$J$7:$J$80000,$A72,'Data Dump'!$C$7:$C$80000,\">\"&J$9,'Data Dump'!$C$7:$C$80000,\"<=\"&K$9,'Data Dump'!$F$7:$F$80000,$A$4),2)","v":0},{"$f":"ROUND(SUMIFS('Data Dump'!$I$7:$I$80000,'Data Dump'!$J$7:$J$80000,$A72,'Data Dump'!$C$7:$C$80000,\">\"&K$9,'Data Dump'!$C$7:$C$80000,\"<=\"&L$9,'Data Dump'!$F$7:$F$80000,$A$4),2)","v":0},{"$f":"ROUND(SUMIFS('Data Dump'!$I$7:$I$80000,'Data Dump'!$J$7:$J$80000,$A72,'Data Dump'!$C$7:$C$80000,\">\"&L$9,'Data Dump'!$C$7:$C$80000,\"<=\"&M$9,'Data Dump'!$F$7:$F$80000,$A$4),2)","v":0},{"$f":"ROUND(SUMIFS('Data Dump'!$I$7:$I$80000,'Data Dump'!$J$7:$J$80000,$A72,'Data Dump'!$C$7:$C$80000,\">\"&M$9,'Data Dump'!$C$7:$C$80000,\"<=\"&N$9,'Data Dump'!$F$7:$F$80000,$A$4),2)","v":0},{"$f":"ROUND(SUMIFS('Data Dump'!$I$7:$I$80000,'Data Dump'!$J$7:$J$80000,$A72,'Data Dump'!$C$7:$C$80000,\">\"&N$9,'Data Dump'!$C$7:$C$80000,\"<=\"&O$9,'Data Dump'!$F$7:$F$80000,$A$4),2)","v":0},{"$f":"ROUND(SUMIFS('Data Dump'!$I$7:$I$80000,'Data Dump'!$J$7:$J$80000,$A72,'Data Dump'!$C$7:$C$80000,\">\"&O$9,'Data Dump'!$C$7:$C$80000,\"<=\"&P$9,'Data Dump'!$F$7:$F$80000,$A$4),2)","v":0},{"$f":"ROUND(SUMIFS('Data Dump'!$I$7:$I$80000,'Data Dump'!$J$7:$J$80000,$A72,'Data Dump'!$C$7:$C$80000,\">\"&P$9,'Data Dump'!$C$7:$C$80000,\"<=\"&Q$9,'Data Dump'!$F$7:$F$80000,$A$4),2)","v":0},{"$f":"ROUND(SUMIFS('Data Dump'!$I$7:$I$80000,'Data Dump'!$J$7:$J$80000,$A72,'Data Dump'!$C$7:$C$80000,\">\"&Q$9,'Data Dump'!$C$7:$C$80000,\"<=\"&R$9,'Data Dump'!$F$7:$F$80000,$A$4),2)","v":0},{"$f":"ROUND(SUMIFS('Data Dump'!$I$7:$I$80000,'Data Dump'!$J$7:$J$80000,$A72,'Data Dump'!$C$7:$C$80000,\">\"&R$9,'Data Dump'!$C$7:$C$80000,\"<=\"&S$9,'Data Dump'!$F$7:$F$80000,$A$4),2)","v":0},{"$f":"ROUND(SUMIFS('Data Dump'!$I$7:$I$80000,'Data Dump'!$J$7:$J$80000,$A72,'Data Dump'!$C$7:$C$80000,\">\"&S$9,'Data Dump'!$C$7:$C$80000,\"<=\"&T$9,'Data Dump'!$F$7:$F$80000,$A$4),2)","v":0},{"$f":"ROUND(SUMIFS('Data Dump'!$I$7:$I$80000,'Data Dump'!$J$7:$J$80000,$A72,'Data Dump'!$C$7:$C$80000,\">\"&T$9,'Data Dump'!$C$7:$C$80000,\"<=\"&U$9,'Data Dump'!$F$7:$F$80000,$A$4),2)","v":0},{"$f":"ROUND(SUMIFS('Data Dump'!$I$7:$I$80000,'Data Dump'!$J$7:$J$80000,$A72,'Data Dump'!$C$7:$C$80000,\">\"&U$9,'Data Dump'!$C$7:$C$80000,\"<=\"&V$9,'Data Dump'!$F$7:$F$80000,$A$4),2)","v":0},{"$f":"ROUND(SUMIFS('Data Dump'!$I$7:$I$80000,'Data Dump'!$J$7:$J$80000,$A72,'Data Dump'!$C$7:$C$80000,\">\"&V$9,'Data Dump'!$C$7:$C$80000,\"<=\"&W$9,'Data Dump'!$F$7:$F$80000,$A$4),2)","v":0}]
["Corporate Marketing",null,{"$f":"ROUND(SUMIFS('Data Dump'!$I$7:$I$80000,'Data Dump'!$J$7:$J$80000,$A73,'Data Dump'!$C$7:$C$80000,\">\"&B$9,'Data Dump'!$C$7:$C$80000,\"<=\"&C$9,'Data Dump'!$F$7:$F$80000,$A$4),2)","v":0},{"$f":"ROUND(SUMIFS('Data Dump'!$I$7:$I$80000,'Data Dump'!$J$7:$J$80000,$A73,'Data Dump'!$C$7:$C$80000,\">\"&C$9,'Data Dump'!$C$7:$C$80000,\"<=\"&D$9,'Data Dump'!$F$7:$F$80000,$A$4),2)","v":0},{"$f":"ROUND(SUMIFS('Data Dump'!$I$7:$I$80000,'Data Dump'!$J$7:$J$80000,$A73,'Data Dump'!$C$7:$C$80000,\">\"&D$9,'Data Dump'!$C$7:$C$80000,\"<=\"&E$9,'Data Dump'!$F$7:$F$80000,$A$4),2)","v":0},{"$f":"ROUND(SUMIFS('Data Dump'!$I$7:$I$80000,'Data Dump'!$J$7:$J$80000,$A73,'Data Dump'!$C$7:$C$80000,\">\"&E$9,'Data Dump'!$C$7:$C$80000,\"<=\"&F$9,'Data Dump'!$F$7:$F$80000,$A$4),2)","v":0},{"$f":"ROUND(SUMIFS('Data Dump'!$I$7:$I$80000,'Data Dump'!$J$7:$J$80000,$A73,'Data Dump'!$C$7:$C$80000,\">\"&F$9,'Data Dump'!$C$7:$C$80000,\"<=\"&G$9,'Data Dump'!$F$7:$F$80000,$A$4),2)","v":0},{"$f":"ROUND(SUMIFS('Data Dump'!$I$7:$I$80000,'Data Dump'!$J$7:$J$80000,$A73,'Data Dump'!$C$7:$C$80000,\">\"&G$9,'Data Dump'!$C$7:$C$80000,\"<=\"&H$9,'Data Dump'!$F$7:$F$80000,$A$4),2)","v":0},{"$f":"ROUND(SUMIFS('Data Dump'!$I$7:$I$80000,'Data Dump'!$J$7:$J$80000,$A73,'Data Dump'!$C$7:$C$80000,\">\"&H$9,'Data Dump'!$C$7:$C$80000,\"<=\"&I$9,'Data Dump'!$F$7:$F$80000,$A$4),2)","v":0},{"$f":"ROUND(SUMIFS('Data Dump'!$I$7:$I$80000,'Data Dump'!$J$7:$J$80000,$A73,'Data Dump'!$C$7:$C$80000,\">\"&I$9,'Data Dump'!$C$7:$C$80000,\"<=\"&J$9,'Data Dump'!$F$7:$F$80000,$A$4),2)","v":0},{"$f":"ROUND(SUMIFS('Data Dump'!$I$7:$I$80000,'Data Dump'!$J$7:$J$80000,$A73,'Data Dump'!$C$7:$C$80000,\">\"&J$9,'Data Dump'!$C$7:$C$80000,\"<=\"&K$9,'Data Dump'!$F$7:$F$80000,$A$4),2)","v":0},{"$f":"ROUND(SUMIFS('Data Dump'!$I$7:$I$80000,'Data Dump'!$J$7:$J$80000,$A73,'Data Dump'!$C$7:$C$80000,\">\"&K$9,'Data Dump'!$C$7:$C$80000,\"<=\"&L$9,'Data Dump'!$F$7:$F$80000,$A$4),2)","v":0},{"$f":"ROUND(SUMIFS('Data Dump'!$I$7:$I$80000,'Data Dump'!$J$7:$J$80000,$A73,'Data Dump'!$C$7:$C$80000,\">\"&L$9,'Data Dump'!$C$7:$C$80000,\"<=\"&M$9,'Data Dump'!$F$7:$F$80000,$A$4),2)","v":0},{"$f":"ROUND(SUMIFS('Data Dump'!$I$7:$I$80000,'Data Dump'!$J$7:$J$80000,$A73,'Data Dump'!$C$7:$C$80000,\">\"&M$9,'Data Dump'!$C$7:$C$80000,\"<=\"&N$9,'Data Dump'!$F$7:$F$80000,$A$4),2)","v":0},{"$f":"ROUND(SUMIFS('Data Dump'!$I$7:$I$80000,'Data Dump'!$J$7:$J$80000,$A73,'Data Dump'!$C$7:$C$80000,\">\"&N$9,'Data Dump'!$C$7:$C$80000,\"<=\"&O$9,'Data Dump'!$F$7:$F$80000,$A$4),2)","v":0},{"$f":"ROUND(SUMIFS('Data Dump'!$I$7:$I$80000,'Data Dump'!$J$7:$J$80000,$A73,'Data Dump'!$C$7:$C$80000,\">\"&O$9,'Data Dump'!$C$7:$C$80000,\"<=\"&P$9,'Data Dump'!$F$7:$F$80000,$A$4),2)","v":0},{"$f":"ROUND(SUMIFS('Data Dump'!$I$7:$I$80000,'Data Dump'!$J$7:$J$80000,$A73,'Data Dump'!$C$7:$C$80000,\">\"&P$9,'Data Dump'!$C$7:$C$80000,\"<=\"&Q$9,'Data Dump'!$F$7:$F$80000,$A$4),2)","v":0},{"$f":"ROUND(SUMIFS('Data Dump'!$I$7:$I$80000,'Data Dump'!$J$7:$J$80000,$A73,'Data Dump'!$C$7:$C$80000,\">\"&Q$9,'Data Dump'!$C$7:$C$80000,\"<=\"&R$9,'Data Dump'!$F$7:$F$80000,$A$4),2)","v":0},{"$f":"ROUND(SUMIFS('Data Dump'!$I$7:$I$80000,'Data Dump'!$J$7:$J$80000,$A73,'Data Dump'!$C$7:$C$80000,\">\"&R$9,'Data Dump'!$C$7:$C$80000,\"<=\"&S$9,'Data Dump'!$F$7:$F$80000,$A$4),2)","v":0},{"$f":"ROUND(SUMIFS('Data Dump'!$I$7:$I$80000,'Data Dump'!$J$7:$J$80000,$A73,'Data Dump'!$C$7:$C$80000,\">\"&S$9,'Data Dump'!$C$7:$C$80000,\"<=\"&T$9,'Data Dump'!$F$7:$F$80000,$A$4),2)","v":0},{"$f":"ROUND(SUMIFS('Data Dump'!$I$7:$I$80000,'Data Dump'!$J$7:$J$80000,$A73,'Data Dump'!$C$7:$C$80000,\">\"&T$9,'Data Dump'!$C$7:$C$80000,\"<=\"&U$9,'Data Dump'!$F$7:$F$80000,$A$4),2)","v":0},{"$f":"ROUND(SUMIFS('Data Dump'!$I$7:$I$80000,'Data Dump'!$J$7:$J$80000,$A73,'Data Dump'!$C$7:$C$80000,\">\"&U$9,'Data Dump'!$C$7:$C$80000,\"<=\"&V$9,'Data Dump'!$F$7:$F$80000,$A$4),2)","v":0},{"$f":"ROUND(SUMIFS('Data Dump'!$I$7:$I$80000,'Data Dump'!$J$7:$J$80000,$A73,'Data Dump'!$C$7:$C$80000,\">\"&V$9,'Data Dump'!$C$7:$C$80000,\"<=\"&W$9,'Data Dump'!$F$7:$F$80000,$A$4),2)","v":0}]
["PR/AR",null,{"$f":"ROUND(SUMIFS('Data Dump'!$I$7:$I$80000,'Data Dump'!$J$7:$J$80000,$A74,'Data Dump'!$C$7:$C$80000,\">\"&B$9,'Data Dump'!$C$7:$C$80000,\"<=\"&C$9,'Data Dump'!$F$7:$F$80000,$A$4),2)","v":0},{"$f":"ROUND(SUMIFS('Data Dump'!$I$7:$I$80000,'Data Dump'!$J$7:$J$80000,$A74,'Data Dump'!$C$7:$C$80000,\">\"&C$9,'Data Dump'!$C$7:$C$80000,\"<=\"&D$9,'Data Dump'!$F$7:$F$80000,$A$4),2)","v":0},{"$f":"ROUND(SUMIFS('Data Dump'!$I$7:$I$80000,'Data Dump'!$J$7:$J$80000,$A74,'Data Dump'!$C$7:$C$80000,\">\"&D$9,'Data Dump'!$C$7:$C$80000,\"<=\"&E$9,'Data Dump'!$F$7:$F$80000,$A$4),2)","v":0},{"$f":"ROUND(SUMIFS('Data Dump'!$I$7:$I$80000,'Data Dump'!$J$7:$J$80000,$A74,'Data Dump'!$C$7:$C$80000,\">\"&E$9,'Data Dump'!$C$7:$C$80000,\"<=\"&F$9,'Data Dump'!$F$7:$F$80000,$A$4),2)","v":0},{"$f":"ROUND(SUMIFS('Data Dump'!$I$7:$I$80000,'Data Dump'!$J$7:$J$80000,$A74,'Data Dump'!$C$7:$C$80000,\">\"&F$9,'Data Dump'!$C$7:$C$80000,\"<=\"&G$9,'Data Dump'!$F$7:$F$80000,$A$4),2)","v":0},{"$f":"ROUND(SUMIFS('Data Dump'!$I$7:$I$80000,'Data Dump'!$J$7:$J$80000,$A74,'Data Dump'!$C$7:$C$80000,\">\"&G$9,'Data Dump'!$C$7:$C$80000,\"<=\"&H$9,'Data Dump'!$F$7:$F$80000,$A$4),2)","v":0},{"$f":"ROUND(SUMIFS('Data Dump'!$I$7:$I$80000,'Data Dump'!$J$7:$J$80000,$A74,'Data Dump'!$C$7:$C$80000,\">\"&H$9,'Data Dump'!$C$7:$C$80000,\"<=\"&I$9,'Data Dump'!$F$7:$F$80000,$A$4),2)","v":0},{"$f":"ROUND(SUMIFS('Data Dump'!$I$7:$I$80000,'Data Dump'!$J$7:$J$80000,$A74,'Data Dump'!$C$7:$C$80000,\">\"&I$9,'Data Dump'!$C$7:$C$80000,\"<=\"&J$9,'Data Dump'!$F$7:$F$80000,$A$4),2)","v":0},{"$f":"ROUND(SUMIFS('Data Dump'!$I$7:$I$80000,'Data Dump'!$J$7:$J$80000,$A74,'Data Dump'!$C$7:$C$80000,\">\"&J$9,'Data Dump'!$C$7:$C$80000,\"<=\"&K$9,'Data Dump'!$F$7:$F$80000,$A$4),2)","v":0},{"$f":"ROUND(SUMIFS('Data Dump'!$I$7:$I$80000,'Data Dump'!$J$7:$J$80000,$A74,'Data Dump'!$C$7:$C$80000,\">\"&K$9,'Data Dump'!$C$7:$C$80000,\"<=\"&L$9,'Data Dump'!$F$7:$F$80000,$A$4),2)","v":0},{"$f":"ROUND(SUMIFS('Data Dump'!$I$7:$I$80000,'Data Dump'!$J$7:$J$80000,$A74,'Data Dump'!$C$7:$C$80000,\">\"&L$9,'Data Dump'!$C$7:$C$80000,\"<=\"&M$9,'Data Dump'!$F$7:$F$80000,$A$4),2)","v":0},{"$f":"ROUND(SUMIFS('Data Dump'!$I$7:$I$80000,'Data Dump'!$J$7:$J$80000,$A74,'Data Dump'!$C$7:$C$80000,\">\"&M$9,'Data Dump'!$C$7:$C$80000,\"<=\"&N$9,'Data Dump'!$F$7:$F$80000,$A$4),2)","v":0},{"$f":"ROUND(SUMIFS('Data Dump'!$I$7:$I$80000,'Data Dump'!$J$7:$J$80000,$A74,'Data Dump'!$C$7:$C$80000,\">\"&N$9,'Data Dump'!$C$7:$C$80000,\"<=\"&O$9,'Data Dump'!$F$7:$F$80000,$A$4),2)","v":0},{"$f":"ROUND(SUMIFS('Data Dump'!$I$7:$I$80000,'Data Dump'!$J$7:$J$80000,$A74,'Data Dump'!$C$7:$C$80000,\">\"&O$9,'Data Dump'!$C$7:$C$80000,\"<=\"&P$9,'Data Dump'!$F$7:$F$80000,$A$4),2)","v":0},{"$f":"ROUND(SUMIFS('Data Dump'!$I$7:$I$80000,'Data Dump'!$J$7:$J$80000,$A74,'Data Dump'!$C$7:$C$80000,\">\"&P$9,'Data Dump'!$C$7:$C$80000,\"<=\"&Q$9,'Data Dump'!$F$7:$F$80000,$A$4),2)","v":0},{"$f":"ROUND(SUMIFS('Data Dump'!$I$7:$I$80000,'Data Dump'!$J$7:$J$80000,$A74,'Data Dump'!$C$7:$C$80000,\">\"&Q$9,'Data Dump'!$C$7:$C$80000,\"<=\"&R$9,'Data Dump'!$F$7:$F$80000,$A$4),2)","v":0},{"$f":"ROUND(SUMIFS('Data Dump'!$I$7:$I$80000,'Data Dump'!$J$7:$J$80000,$A74,'Data Dump'!$C$7:$C$80000,\">\"&R$9,'Data Dump'!$C$7:$C$80000,\"<=\"&S$9,'Data Dump'!$F$7:$F$80000,$A$4),2)","v":0},{"$f":"ROUND(SUMIFS('Data Dump'!$I$7:$I$80000,'Data Dump'!$J$7:$J$80000,$A74,'Data Dump'!$C$7:$C$80000,\">\"&S$9,'Data Dump'!$C$7:$C$80000,\"<=\"&T$9,'Data Dump'!$F$7:$F$80000,$A$4),2)","v":0},{"$f":"ROUND(SUMIFS('Data Dump'!$I$7:$I$80000,'Data Dump'!$J$7:$J$80000,$A74,'Data Dump'!$C$7:$C$80000,\">\"&T$9,'Data Dump'!$C$7:$C$80000,\"<=\"&U$9,'Data Dump'!$F$7:$F$80000,$A$4),2)","v":0},{"$f":"ROUND(SUMIFS('Data Dump'!$I$7:$I$80000,'Data Dump'!$J$7:$J$80000,$A74,'Data Dump'!$C$7:$C$80000,\">\"&U$9,'Data Dump'!$C$7:$C$80000,\"<=\"&V$9,'Data Dump'!$F$7:$F$80000,$A$4),2)","v":0},{"$f":"ROUND(SUMIFS('Data Dump'!$I$7:$I$80000,'Data Dump'!$J$7:$J$80000,$A74,'Data Dump'!$C$7:$C$80000,\">\"&V$9,'Data Dump'!$C$7:$C$80000,\"<=\"&W$9,'Data Dump'!$F$7:$F$80000,$A$4),2)","v":0}]
["Web Marketing",null,{"$f":"ROUND(SUMIFS('Data Dump'!$I$7:$I$80000,'Data Dump'!$J$7:$J$80000,$A75,'Data Dump'!$C$7:$C$80000,\">\"&B$9,'Data Dump'!$C$7:$C$80000,\"<=\"&C$9,'Data Dump'!$F$7:$F$80000,$A$4),2)","v":0},{"$f":"ROUND(SUMIFS('Data Dump'!$I$7:$I$80000,'Data Dump'!$J$7:$J$80000,$A75,'Data Dump'!$C$7:$C$80000,\">\"&C$9,'Data Dump'!$C$7:$C$80000,\"<=\"&D$9,'Data Dump'!$F$7:$F$80000,$A$4),2)","v":0},{"$f":"ROUND(SUMIFS('Data Dump'!$I$7:$I$80000,'Data Dump'!$J$7:$J$80000,$A75,'Data Dump'!$C$7:$C$80000,\">\"&D$9,'Data Dump'!$C$7:$C$80000,\"<=\"&E$9,'Data Dump'!$F$7:$F$80000,$A$4),2)","v":0},{"$f":"ROUND(SUMIFS('Data Dump'!$I$7:$I$80000,'Data Dump'!$J$7:$J$80000,$A75,'Data Dump'!$C$7:$C$80000,\">\"&E$9,'Data Dump'!$C$7:$C$80000,\"<=\"&F$9,'Data Dump'!$F$7:$F$80000,$A$4),2)","v":0},{"$f":"ROUND(SUMIFS('Data Dump'!$I$7:$I$80000,'Data Dump'!$J$7:$J$80000,$A75,'Data Dump'!$C$7:$C$80000,\">\"&F$9,'Data Dump'!$C$7:$C$80000,\"<=\"&G$9,'Data Dump'!$F$7:$F$80000,$A$4),2)","v":0},{"$f":"ROUND(SUMIFS('Data Dump'!$I$7:$I$80000,'Data Dump'!$J$7:$J$80000,$A75,'Data Dump'!$C$7:$C$80000,\">\"&G$9,'Data Dump'!$C$7:$C$80000,\"<=\"&H$9,'Data Dump'!$F$7:$F$80000,$A$4),2)","v":0},{"$f":"ROUND(SUMIFS('Data Dump'!$I$7:$I$80000,'Data Dump'!$J$7:$J$80000,$A75,'Data Dump'!$C$7:$C$80000,\">\"&H$9,'Data Dump'!$C$7:$C$80000,\"<=\"&I$9,'Data Dump'!$F$7:$F$80000,$A$4),2)","v":0},{"$f":"ROUND(SUMIFS('Data Dump'!$I$7:$I$80000,'Data Dump'!$J$7:$J$80000,$A75,'Data Dump'!$C$7:$C$80000,\">\"&I$9,'Data Dump'!$C$7:$C$80000,\"<=\"&J$9,'Data Dump'!$F$7:$F$80000,$A$4),2)","v":0},{"$f":"ROUND(SUMIFS('Data Dump'!$I$7:$I$80000,'Data Dump'!$J$7:$J$80000,$A75,'Data Dump'!$C$7:$C$80000,\">\"&J$9,'Data Dump'!$C$7:$C$80000,\"<=\"&K$9,'Data Dump'!$F$7:$F$80000,$A$4),2)","v":0},{"$f":"ROUND(SUMIFS('Data Dump'!$I$7:$I$80000,'Data Dump'!$J$7:$J$80000,$A75,'Data Dump'!$C$7:$C$80000,\">\"&K$9,'Data Dump'!$C$7:$C$80000,\"<=\"&L$9,'Data Dump'!$F$7:$F$80000,$A$4),2)","v":0},{"$f":"ROUND(SUMIFS('Data Dump'!$I$7:$I$80000,'Data Dump'!$J$7:$J$80000,$A75,'Data Dump'!$C$7:$C$80000,\">\"&L$9,'Data Dump'!$C$7:$C$80000,\"<=\"&M$9,'Data Dump'!$F$7:$F$80000,$A$4),2)","v":0},{"$f":"ROUND(SUMIFS('Data Dump'!$I$7:$I$80000,'Data Dump'!$J$7:$J$80000,$A75,'Data Dump'!$C$7:$C$80000,\">\"&M$9,'Data Dump'!$C$7:$C$80000,\"<=\"&N$9,'Data Dump'!$F$7:$F$80000,$A$4),2)","v":0},{"$f":"ROUND(SUMIFS('Data Dump'!$I$7:$I$80000,'Data Dump'!$J$7:$J$80000,$A75,'Data Dump'!$C$7:$C$80000,\">\"&N$9,'Data Dump'!$C$7:$C$80000,\"<=\"&O$9,'Data Dump'!$F$7:$F$80000,$A$4),2)","v":0},{"$f":"ROUND(SUMIFS('Data Dump'!$I$7:$I$80000,'Data Dump'!$J$7:$J$80000,$A75,'Data Dump'!$C$7:$C$80000,\">\"&O$9,'Data Dump'!$C$7:$C$80000,\"<=\"&P$9,'Data Dump'!$F$7:$F$80000,$A$4),2)","v":0},{"$f":"ROUND(SUMIFS('Data Dump'!$I$7:$I$80000,'Data Dump'!$J$7:$J$80000,$A75,'Data Dump'!$C$7:$C$80000,\">\"&P$9,'Data Dump'!$C$7:$C$80000,\"<=\"&Q$9,'Data Dump'!$F$7:$F$80000,$A$4),2)","v":0},{"$f":"ROUND(SUMIFS('Data Dump'!$I$7:$I$80000,'Data Dump'!$J$7:$J$80000,$A75,'Data Dump'!$C$7:$C$80000,\">\"&Q$9,'Data Dump'!$C$7:$C$80000,\"<=\"&R$9,'Data Dump'!$F$7:$F$80000,$A$4),2)","v":0},{"$f":"ROUND(SUMIFS('Data Dump'!$I$7:$I$80000,'Data Dump'!$J$7:$J$80000,$A75,'Data Dump'!$C$7:$C$80000,\">\"&R$9,'Data Dump'!$C$7:$C$80000,\"<=\"&S$9,'Data Dump'!$F$7:$F$80000,$A$4),2)","v":0},{"$f":"ROUND(SUMIFS('Data Dump'!$I$7:$I$80000,'Data Dump'!$J$7:$J$80000,$A75,'Data Dump'!$C$7:$C$80000,\">\"&S$9,'Data Dump'!$C$7:$C$80000,\"<=\"&T$9,'Data Dump'!$F$7:$F$80000,$A$4),2)","v":0},{"$f":"ROUND(SUMIFS('Data Dump'!$I$7:$I$80000,'Data Dump'!$J$7:$J$80000,$A75,'Data Dump'!$C$7:$C$80000,\">\"&T$9,'Data Dump'!$C$7:$C$80000,\"<=\"&U$9,'Data Dump'!$F$7:$F$80000,$A$4),2)","v":0},{"$f":"ROUND(SUMIFS('Data Dump'!$I$7:$I$80000,'Data Dump'!$J$7:$J$80000,$A75,'Data Dump'!$C$7:$C$80000,\">\"&U$9,'Data Dump'!$C$7:$C$80000,\"<=\"&V$9,'Data Dump'!$F$7:$F$80000,$A$4),2)","v":0},{"$f":"ROUND(SUMIFS('Data Dump'!$I$7:$I$80000,'Data Dump'!$J$7:$J$80000,$A75,'Data Dump'!$C$7:$C$80000,\">\"&V$9,'Data Dump'!$C$7:$C$80000,\"<=\"&W$9,'Data Dump'!$F$7:$F$80000,$A$4),2)","v":0}]
["Collateral",null,{"$f":"ROUND(SUMIFS('Data Dump'!$I$7:$I$80000,'Data Dump'!$J$7:$J$80000,$A76,'Data Dump'!$C$7:$C$80000,\">\"&B$9,'Data Dump'!$C$7:$C$80000,\"<=\"&C$9,'Data Dump'!$F$7:$F$80000,$A$4),2)","v":0},{"$f":"ROUND(SUMIFS('Data Dump'!$I$7:$I$80000,'Data Dump'!$J$7:$J$80000,$A76,'Data Dump'!$C$7:$C$80000,\">\"&C$9,'Data Dump'!$C$7:$C$80000,\"<=\"&D$9,'Data Dump'!$F$7:$F$80000,$A$4),2)","v":0},{"$f":"ROUND(SUMIFS('Data Dump'!$I$7:$I$80000,'Data Dump'!$J$7:$J$80000,$A76,'Data Dump'!$C$7:$C$80000,\">\"&D$9,'Data Dump'!$C$7:$C$80000,\"<=\"&E$9,'Data Dump'!$F$7:$F$80000,$A$4),2)","v":0},{"$f":"ROUND(SUMIFS('Data Dump'!$I$7:$I$80000,'Data Dump'!$J$7:$J$80000,$A76,'Data Dump'!$C$7:$C$80000,\">\"&E$9,'Data Dump'!$C$7:$C$80000,\"<=\"&F$9,'Data Dump'!$F$7:$F$80000,$A$4),2)","v":0},{"$f":"ROUND(SUMIFS('Data Dump'!$I$7:$I$80000,'Data Dump'!$J$7:$J$80000,$A76,'Data Dump'!$C$7:$C$80000,\">\"&F$9,'Data Dump'!$C$7:$C$80000,\"<=\"&G$9,'Data Dump'!$F$7:$F$80000,$A$4),2)","v":0},{"$f":"ROUND(SUMIFS('Data Dump'!$I$7:$I$80000,'Data Dump'!$J$7:$J$80000,$A76,'Data Dump'!$C$7:$C$80000,\">\"&G$9,'Data Dump'!$C$7:$C$80000,\"<=\"&H$9,'Data Dump'!$F$7:$F$80000,$A$4),2)","v":0},{"$f":"ROUND(SUMIFS('Data Dump'!$I$7:$I$80000,'Data Dump'!$J$7:$J$80000,$A76,'Data Dump'!$C$7:$C$80000,\">\"&H$9,'Data Dump'!$C$7:$C$80000,\"<=\"&I$9,'Data Dump'!$F$7:$F$80000,$A$4),2)","v":0},{"$f":"ROUND(SUMIFS('Data Dump'!$I$7:$I$80000,'Data Dump'!$J$7:$J$80000,$A76,'Data Dump'!$C$7:$C$80000,\">\"&I$9,'Data Dump'!$C$7:$C$80000,\"<=\"&J$9,'Data Dump'!$F$7:$F$80000,$A$4),2)","v":0},{"$f":"ROUND(SUMIFS('Data Dump'!$I$7:$I$80000,'Data Dump'!$J$7:$J$80000,$A76,'Data Dump'!$C$7:$C$80000,\">\"&J$9,'Data Dump'!$C$7:$C$80000,\"<=\"&K$9,'Data Dump'!$F$7:$F$80000,$A$4),2)","v":0},{"$f":"ROUND(SUMIFS('Data Dump'!$I$7:$I$80000,'Data Dump'!$J$7:$J$80000,$A76,'Data Dump'!$C$7:$C$80000,\">\"&K$9,'Data Dump'!$C$7:$C$80000,\"<=\"&L$9,'Data Dump'!$F$7:$F$80000,$A$4),2)","v":0},{"$f":"ROUND(SUMIFS('Data Dump'!$I$7:$I$80000,'Data Dump'!$J$7:$J$80000,$A76,'Data Dump'!$C$7:$C$80000,\">\"&L$9,'Data Dump'!$C$7:$C$80000,\"<=\"&M$9,'Data Dump'!$F$7:$F$80000,$A$4),2)","v":0},{"$f":"ROUND(SUMIFS('Data Dump'!$I$7:$I$80000,'Data Dump'!$J$7:$J$80000,$A76,'Data Dump'!$C$7:$C$80000,\">\"&M$9,'Data Dump'!$C$7:$C$80000,\"<=\"&N$9,'Data Dump'!$F$7:$F$80000,$A$4),2)","v":0},{"$f":"ROUND(SUMIFS('Data Dump'!$I$7:$I$80000,'Data Dump'!$J$7:$J$80000,$A76,'Data Dump'!$C$7:$C$80000,\">\"&N$9,'Data Dump'!$C$7:$C$80000,\"<=\"&O$9,'Data Dump'!$F$7:$F$80000,$A$4),2)","v":0},{"$f":"ROUND(SUMIFS('Data Dump'!$I$7:$I$80000,'Data Dump'!$J$7:$J$80000,$A76,'Data Dump'!$C$7:$C$80000,\">\"&O$9,'Data Dump'!$C$7:$C$80000,\"<=\"&P$9,'Data Dump'!$F$7:$F$80000,$A$4),2)","v":0},{"$f":"ROUND(SUMIFS('Data Dump'!$I$7:$I$80000,'Data Dump'!$J$7:$J$80000,$A76,'Data Dump'!$C$7:$C$80000,\">\"&P$9,'Data Dump'!$C$7:$C$80000,\"<=\"&Q$9,'Data Dump'!$F$7:$F$80000,$A$4),2)","v":0},{"$f":"ROUND(SUMIFS('Data Dump'!$I$7:$I$80000,'Data Dump'!$J$7:$J$80000,$A76,'Data Dump'!$C$7:$C$80000,\">\"&Q$9,'Data Dump'!$C$7:$C$80000,\"<=\"&R$9,'Data Dump'!$F$7:$F$80000,$A$4),2)","v":0},{"$f":"ROUND(SUMIFS('Data Dump'!$I$7:$I$80000,'Data Dump'!$J$7:$J$80000,$A76,'Data Dump'!$C$7:$C$80000,\">\"&R$9,'Data Dump'!$C$7:$C$80000,\"<=\"&S$9,'Data Dump'!$F$7:$F$80000,$A$4),2)","v":0},{"$f":"ROUND(SUMIFS('Data Dump'!$I$7:$I$80000,'Data Dump'!$J$7:$J$80000,$A76,'Data Dump'!$C$7:$C$80000,\">\"&S$9,'Data Dump'!$C$7:$C$80000,\"<=\"&T$9,'Data Dump'!$F$7:$F$80000,$A$4),2)","v":0},{"$f":"ROUND(SUMIFS('Data Dump'!$I$7:$I$80000,'Data Dump'!$J$7:$J$80000,$A76,'Data Dump'!$C$7:$C$80000,\">\"&T$9,'Data Dump'!$C$7:$C$80000,\"<=\"&U$9,'Data Dump'!$F$7:$F$80000,$A$4),2)","v":0},{"$f":"ROUND(SUMIFS('Data Dump'!$I$7:$I$80000,'Data Dump'!$J$7:$J$80000,$A76,'Data Dump'!$C$7:$C$80000,\">\"&U$9,'Data Dump'!$C$7:$C$80000,\"<=\"&V$9,'Data Dump'!$F$7:$F$80000,$A$4),2)","v":0},{"$f":"ROUND(SUMIFS('Data Dump'!$I$7:$I$80000,'Data Dump'!$J$7:$J$80000,$A76,'Data Dump'!$C$7:$C$80000,\">\"&V$9,'Data Dump'!$C$7:$C$80000,\"<=\"&W$9,'Data Dump'!$F$7:$F$80000,$A$4),2)","v":0}]
["Conferences",null,{"$f":"ROUND(SUMIFS('Data Dump'!$I$7:$I$80000,'Data Dump'!$J$7:$J$80000,$A77,'Data Dump'!$C$7:$C$80000,\">\"&B$9,'Data Dump'!$C$7:$C$80000,\"<=\"&C$9,'Data Dump'!$F$7:$F$80000,$A$4),2)","v":0},{"$f":"ROUND(SUMIFS('Data Dump'!$I$7:$I$80000,'Data Dump'!$J$7:$J$80000,$A77,'Data Dump'!$C$7:$C$80000,\">\"&C$9,'Data Dump'!$C$7:$C$80000,\"<=\"&D$9,'Data Dump'!$F$7:$F$80000,$A$4),2)","v":0},{"$f":"ROUND(SUMIFS('Data Dump'!$I$7:$I$80000,'Data Dump'!$J$7:$J$80000,$A77,'Data Dump'!$C$7:$C$80000,\">\"&D$9,'Data Dump'!$C$7:$C$80000,\"<=\"&E$9,'Data Dump'!$F$7:$F$80000,$A$4),2)","v":0},{"$f":"ROUND(SUMIFS('Data Dump'!$I$7:$I$80000,'Data Dump'!$J$7:$J$80000,$A77,'Data Dump'!$C$7:$C$80000,\">\"&E$9,'Data Dump'!$C$7:$C$80000,\"<=\"&F$9,'Data Dump'!$F$7:$F$80000,$A$4),2)","v":0},{"$f":"ROUND(SUMIFS('Data Dump'!$I$7:$I$80000,'Data Dump'!$J$7:$J$80000,$A77,'Data Dump'!$C$7:$C$80000,\">\"&F$9,'Data Dump'!$C$7:$C$80000,\"<=\"&G$9,'Data Dump'!$F$7:$F$80000,$A$4),2)","v":0},{"$f":"ROUND(SUMIFS('Data Dump'!$I$7:$I$80000,'Data Dump'!$J$7:$J$80000,$A77,'Data Dump'!$C$7:$C$80000,\">\"&G$9,'Data Dump'!$C$7:$C$80000,\"<=\"&H$9,'Data Dump'!$F$7:$F$80000,$A$4),2)","v":0},{"$f":"ROUND(SUMIFS('Data Dump'!$I$7:$I$80000,'Data Dump'!$J$7:$J$80000,$A77,'Data Dump'!$C$7:$C$80000,\">\"&H$9,'Data Dump'!$C$7:$C$80000,\"<=\"&I$9,'Data Dump'!$F$7:$F$80000,$A$4),2)","v":0},{"$f":"ROUND(SUMIFS('Data Dump'!$I$7:$I$80000,'Data Dump'!$J$7:$J$80000,$A77,'Data Dump'!$C$7:$C$80000,\">\"&I$9,'Data Dump'!$C$7:$C$80000,\"<=\"&J$9,'Data Dump'!$F$7:$F$80000,$A$4),2)","v":0},{"$f":"ROUND(SUMIFS('Data Dump'!$I$7:$I$80000,'Data Dump'!$J$7:$J$80000,$A77,'Data Dump'!$C$7:$C$80000,\">\"&J$9,'Data Dump'!$C$7:$C$80000,\"<=\"&K$9,'Data Dump'!$F$7:$F$80000,$A$4),2)","v":0},{"$f":"ROUND(SUMIFS('Data Dump'!$I$7:$I$80000,'Data Dump'!$J$7:$J$80000,$A77,'Data Dump'!$C$7:$C$80000,\">\"&K$9,'Data Dump'!$C$7:$C$80000,\"<=\"&L$9,'Data Dump'!$F$7:$F$80000,$A$4),2)","v":0},{"$f":"ROUND(SUMIFS('Data Dump'!$I$7:$I$80000,'Data Dump'!$J$7:$J$80000,$A77,'Data Dump'!$C$7:$C$80000,\">\"&L$9,'Data Dump'!$C$7:$C$80000,\"<=\"&M$9,'Data Dump'!$F$7:$F$80000,$A$4),2)","v":0},{"$f":"ROUND(SUMIFS('Data Dump'!$I$7:$I$80000,'Data Dump'!$J$7:$J$80000,$A77,'Data Dump'!$C$7:$C$80000,\">\"&M$9,'Data Dump'!$C$7:$C$80000,\"<=\"&N$9,'Data Dump'!$F$7:$F$80000,$A$4),2)","v":0},{"$f":"ROUND(SUMIFS('Data Dump'!$I$7:$I$80000,'Data Dump'!$J$7:$J$80000,$A77,'Data Dump'!$C$7:$C$80000,\">\"&N$9,'Data Dump'!$C$7:$C$80000,\"<=\"&O$9,'Data Dump'!$F$7:$F$80000,$A$4),2)","v":0},{"$f":"ROUND(SUMIFS('Data Dump'!$I$7:$I$80000,'Data Dump'!$J$7:$J$80000,$A77,'Data Dump'!$C$7:$C$80000,\">\"&O$9,'Data Dump'!$C$7:$C$80000,\"<=\"&P$9,'Data Dump'!$F$7:$F$80000,$A$4),2)","v":0},{"$f":"ROUND(SUMIFS('Data Dump'!$I$7:$I$80000,'Data Dump'!$J$7:$J$80000,$A77,'Data Dump'!$C$7:$C$80000,\">\"&P$9,'Data Dump'!$C$7:$C$80000,\"<=\"&Q$9,'Data Dump'!$F$7:$F$80000,$A$4),2)","v":0},{"$f":"ROUND(SUMIFS('Data Dump'!$I$7:$I$80000,'Data Dump'!$J$7:$J$80000,$A77,'Data Dump'!$C$7:$C$80000,\">\"&Q$9,'Data Dump'!$C$7:$C$80000,\"<=\"&R$9,'Data Dump'!$F$7:$F$80000,$A$4),2)","v":0},{"$f":"ROUND(SUMIFS('Data Dump'!$I$7:$I$80000,'Data Dump'!$J$7:$J$80000,$A77,'Data Dump'!$C$7:$C$80000,\">\"&R$9,'Data Dump'!$C$7:$C$80000,\"<=\"&S$9,'Data Dump'!$F$7:$F$80000,$A$4),2)","v":0},{"$f":"ROUND(SUMIFS('Data Dump'!$I$7:$I$80000,'Data Dump'!$J$7:$J$80000,$A77,'Data Dump'!$C$7:$C$80000,\">\"&S$9,'Data Dump'!$C$7:$C$80000,\"<=\"&T$9,'Data Dump'!$F$7:$F$80000,$A$4),2)","v":0},{"$f":"ROUND(SUMIFS('Data Dump'!$I$7:$I$80000,'Data Dump'!$J$7:$J$80000,$A77,'Data Dump'!$C$7:$C$80000,\">\"&T$9,'Data Dump'!$C$7:$C$80000,\"<=\"&U$9,'Data Dump'!$F$7:$F$80000,$A$4),2)","v":0},{"$f":"ROUND(SUMIFS('Data Dump'!$I$7:$I$80000,'Data Dump'!$J$7:$J$80000,$A77,'Data Dump'!$C$7:$C$80000,\">\"&U$9,'Data Dump'!$C$7:$C$80000,\"<=\"&V$9,'Data Dump'!$F$7:$F$80000,$A$4),2)","v":0},{"$f":"ROUND(SUMIFS('Data Dump'!$I$7:$I$80000,'Data Dump'!$J$7:$J$80000,$A77,'Data Dump'!$C$7:$C$80000,\">\"&V$9,'Data Dump'!$C$7:$C$80000,\"<=\"&W$9,'Data Dump'!$F$7:$F$80000,$A$4),2)","v":0}]
["Misc Marketing",null,{"$f":"ROUND(SUMIFS('Data Dump'!$I$7:$I$80000,'Data Dump'!$J$7:$J$80000,$A78,'Data Dump'!$C$7:$C$80000,\">\"&B$9,'Data Dump'!$C$7:$C$80000,\"<=\"&C$9,'Data Dump'!$F$7:$F$80000,$A$4),2)","v":0},{"$f":"ROUND(SUMIFS('Data Dump'!$I$7:$I$80000,'Data Dump'!$J$7:$J$80000,$A78,'Data Dump'!$C$7:$C$80000,\">\"&C$9,'Data Dump'!$C$7:$C$80000,\"<=\"&D$9,'Data Dump'!$F$7:$F$80000,$A$4),2)","v":0},{"$f":"ROUND(SUMIFS('Data Dump'!$I$7:$I$80000,'Data Dump'!$J$7:$J$80000,$A78,'Data Dump'!$C$7:$C$80000,\">\"&D$9,'Data Dump'!$C$7:$C$80000,\"<=\"&E$9,'Data Dump'!$F$7:$F$80000,$A$4),2)","v":0},{"$f":"ROUND(SUMIFS('Data Dump'!$I$7:$I$80000,'Data Dump'!$J$7:$J$80000,$A78,'Data Dump'!$C$7:$C$80000,\">\"&E$9,'Data Dump'!$C$7:$C$80000,\"<=\"&F$9,'Data Dump'!$F$7:$F$80000,$A$4),2)","v":0},{"$f":"ROUND(SUMIFS('Data Dump'!$I$7:$I$80000,'Data Dump'!$J$7:$J$80000,$A78,'Data Dump'!$C$7:$C$80000,\">\"&F$9,'Data Dump'!$C$7:$C$80000,\"<=\"&G$9,'Data Dump'!$F$7:$F$80000,$A$4),2)","v":0},{"$f":"ROUND(SUMIFS('Data Dump'!$I$7:$I$80000,'Data Dump'!$J$7:$J$80000,$A78,'Data Dump'!$C$7:$C$80000,\">\"&G$9,'Data Dump'!$C$7:$C$80000,\"<=\"&H$9,'Data Dump'!$F$7:$F$80000,$A$4),2)","v":0},{"$f":"ROUND(SUMIFS('Data Dump'!$I$7:$I$80000,'Data Dump'!$J$7:$J$80000,$A78,'Data Dump'!$C$7:$C$80000,\">\"&H$9,'Data Dump'!$C$7:$C$80000,\"<=\"&I$9,'Data Dump'!$F$7:$F$80000,$A$4),2)","v":0},{"$f":"ROUND(SUMIFS('Data Dump'!$I$7:$I$80000,'Data Dump'!$J$7:$J$80000,$A78,'Data Dump'!$C$7:$C$80000,\">\"&I$9,'Data Dump'!$C$7:$C$80000,\"<=\"&J$9,'Data Dump'!$F$7:$F$80000,$A$4),2)","v":0},{"$f":"ROUND(SUMIFS('Data Dump'!$I$7:$I$80000,'Data Dump'!$J$7:$J$80000,$A78,'Data Dump'!$C$7:$C$80000,\">\"&J$9,'Data Dump'!$C$7:$C$80000,\"<=\"&K$9,'Data Dump'!$F$7:$F$80000,$A$4),2)","v":0},{"$f":"ROUND(SUMIFS('Data Dump'!$I$7:$I$80000,'Data Dump'!$J$7:$J$80000,$A78,'Data Dump'!$C$7:$C$80000,\">\"&K$9,'Data Dump'!$C$7:$C$80000,\"<=\"&L$9,'Data Dump'!$F$7:$F$80000,$A$4),2)","v":0},{"$f":"ROUND(SUMIFS('Data Dump'!$I$7:$I$80000,'Data Dump'!$J$7:$J$80000,$A78,'Data Dump'!$C$7:$C$80000,\">\"&L$9,'Data Dump'!$C$7:$C$80000,\"<=\"&M$9,'Data Dump'!$F$7:$F$80000,$A$4),2)","v":0},{"$f":"ROUND(SUMIFS('Data Dump'!$I$7:$I$80000,'Data Dump'!$J$7:$J$80000,$A78,'Data Dump'!$C$7:$C$80000,\">\"&M$9,'Data Dump'!$C$7:$C$80000,\"<=\"&N$9,'Data Dump'!$F$7:$F$80000,$A$4),2)","v":0},{"$f":"ROUND(SUMIFS('Data Dump'!$I$7:$I$80000,'Data Dump'!$J$7:$J$80000,$A78,'Data Dump'!$C$7:$C$80000,\">\"&N$9,'Data Dump'!$C$7:$C$80000,\"<=\"&O$9,'Data Dump'!$F$7:$F$80000,$A$4),2)","v":0},{"$f":"ROUND(SUMIFS('Data Dump'!$I$7:$I$80000,'Data Dump'!$J$7:$J$80000,$A78,'Data Dump'!$C$7:$C$80000,\">\"&O$9,'Data Dump'!$C$7:$C$80000,\"<=\"&P$9,'Data Dump'!$F$7:$F$80000,$A$4),2)","v":0},{"$f":"ROUND(SUMIFS('Data Dump'!$I$7:$I$80000,'Data Dump'!$J$7:$J$80000,$A78,'Data Dump'!$C$7:$C$80000,\">\"&P$9,'Data Dump'!$C$7:$C$80000,\"<=\"&Q$9,'Data Dump'!$F$7:$F$80000,$A$4),2)","v":0},{"$f":"ROUND(SUMIFS('Data Dump'!$I$7:$I$80000,'Data Dump'!$J$7:$J$80000,$A78,'Data Dump'!$C$7:$C$80000,\">\"&Q$9,'Data Dump'!$C$7:$C$80000,\"<=\"&R$9,'Data Dump'!$F$7:$F$80000,$A$4),2)","v":0},{"$f":"ROUND(SUMIFS('Data Dump'!$I$7:$I$80000,'Data Dump'!$J$7:$J$80000,$A78,'Data Dump'!$C$7:$C$80000,\">\"&R$9,'Data Dump'!$C$7:$C$80000,\"<=\"&S$9,'Data Dump'!$F$7:$F$80000,$A$4),2)","v":0},{"$f":"ROUND(SUMIFS('Data Dump'!$I$7:$I$80000,'Data Dump'!$J$7:$J$80000,$A78,'Data Dump'!$C$7:$C$80000,\">\"&S$9,'Data Dump'!$C$7:$C$80000,\"<=\"&T$9,'Data Dump'!$F$7:$F$80000,$A$4),2)","v":0},{"$f":"ROUND(SUMIFS('Data Dump'!$I$7:$I$80000,'Data Dump'!$J$7:$J$80000,$A78,'Data Dump'!$C$7:$C$80000,\">\"&T$9,'Data Dump'!$C$7:$C$80000,\"<=\"&U$9,'Data Dump'!$F$7:$F$80000,$A$4),2)","v":0},{"$f":"ROUND(SUMIFS('Data Dump'!$I$7:$I$80000,'Data Dump'!$J$7:$J$80000,$A78,'Data Dump'!$C$7:$C$80000,\">\"&U$9,'Data Dump'!$C$7:$C$80000,\"<=\"&V$9,'Data Dump'!$F$7:$F$80000,$A$4),2)","v":0},{"$f":"ROUND(SUMIFS('Data Dump'!$I$7:$I$80000,'Data Dump'!$J$7:$J$80000,$A78,'Data Dump'!$C$7:$C$80000,\">\"&V$9,'Data Dump'!$C$7:$C$80000,\"<=\"&W$9,'Data Dump'!$F$7:$F$80000,$A$4),2)","v":0}]
[null,"=","=","=","=","=","=","=","=","=","=","=","=","=","=","=","=","=","=","=","=","=","="]
["TOTAL SALES & MARKETING",null,{"$f":"SUM(C72:C78)","v":0},0,0,0,0,0,0,0,0,0,0,0,{"$f":"SUM(O72:O78)","v":0},0,0,0,0,0,0,0,0]
[null,"=","=","=","=","=","=","=","=","=","=","=","=","=","=","=","=","=","=","=","=","=","="]
["DEMAND GENERATION"]
[]
["Tradeshows and Events",null,{"$f":"ROUND(SUMIFS('Data Dump'!$I$7:$I$80000,'Data Dump'!$J$7:$J$80000,$A84,'Data Dump'!$C$7:$C$80000,\">\"&B$9,'Data Dump'!$C$7:$C$80000,\"<=\"&C$9,'Data Dump'!$F$7:$F$80000,$A$4),2)","v":0},{"$f":"ROUND(SUMIFS('Data Dump'!$I$7:$I$80000,'Data Dump'!$J$7:$J$80000,$A84,'Data Dump'!$C$7:$C$80000,\">\"&C$9,'Data Dump'!$C$7:$C$80000,\"<=\"&D$9,'Data Dump'!$F$7:$F$80000,$A$4),2)","v":0},{"$f":"ROUND(SUMIFS('Data Dump'!$I$7:$I$80000,'Data Dump'!$J$7:$J$80000,$A84,'Data Dump'!$C$7:$C$80000,\">\"&D$9,'Data Dump'!$C$7:$C$80000,\"<=\"&E$9,'Data Dump'!$F$7:$F$80000,$A$4),2)","v":0},{"$f":"ROUND(SUMIFS('Data Dump'!$I$7:$I$80000,'Data Dump'!$J$7:$J$80000,$A84,'Data Dump'!$C$7:$C$80000,\">\"&E$9,'Data Dump'!$C$7:$C$80000,\"<=\"&F$9,'Data Dump'!$F$7:$F$80000,$A$4),2)","v":0},{"$f":"ROUND(SUMIFS('Data Dump'!$I$7:$I$80000,'Data Dump'!$J$7:$J$80000,$A84,'Data Dump'!$C$7:$C$80000,\">\"&F$9,'Data Dump'!$C$7:$C$80000,\"<=\"&G$9,'Data Dump'!$F$7:$F$80000,$A$4),2)","v":0},{"$f":"ROUND(SUMIFS('Data Dump'!$I$7:$I$80000,'Data Dump'!$J$7:$J$80000,$A84,'Data Dump'!$C$7:$C$80000,\">\"&G$9,'Data Dump'!$C$7:$C$80000,\"<=\"&H$9,'Data Dump'!$F$7:$F$80000,$A$4),2)","v":0},{"$f":"ROUND(SUMIFS('Data Dump'!$I$7:$I$80000,'Data Dump'!$J$7:$J$80000,$A84,'Data Dump'!$C$7:$C$80000,\">\"&H$9,'Data Dump'!$C$7:$C$80000,\"<=\"&I$9,'Data Dump'!$F$7:$F$80000,$A$4),2)","v":0},{"$f":"ROUND(SUMIFS('Data Dump'!$I$7:$I$80000,'Data Dump'!$J$7:$J$80000,$A84,'Data Dump'!$C$7:$C$80000,\">\"&I$9,'Data Dump'!$C$7:$C$80000,\"<=\"&J$9,'Data Dump'!$F$7:$F$80000,$A$4),2)","v":0},{"$f":"ROUND(SUMIFS('Data Dump'!$I$7:$I$80000,'Data Dump'!$J$7:$J$80000,$A84,'Data Dump'!$C$7:$C$80000,\">\"&J$9,'Data Dump'!$C$7:$C$80000,\"<=\"&K$9,'Data Dump'!$F$7:$F$80000,$A$4),2)","v":0},{"$f":"ROUND(SUMIFS('Data Dump'!$I$7:$I$80000,'Data Dump'!$J$7:$J$80000,$A84,'Data Dump'!$C$7:$C$80000,\">\"&K$9,'Data Dump'!$C$7:$C$80000,\"<=\"&L$9,'Data Dump'!$F$7:$F$80000,$A$4),2)","v":0},{"$f":"ROUND(SUMIFS('Data Dump'!$I$7:$I$80000,'Data Dump'!$J$7:$J$80000,$A84,'Data Dump'!$C$7:$C$80000,\">\"&L$9,'Data Dump'!$C$7:$C$80000,\"<=\"&M$9,'Data Dump'!$F$7:$F$80000,$A$4),2)","v":0},{"$f":"ROUND(SUMIFS('Data Dump'!$I$7:$I$80000,'Data Dump'!$J$7:$J$80000,$A84,'Data Dump'!$C$7:$C$80000,\">\"&M$9,'Data Dump'!$C$7:$C$80000,\"<=\"&N$9,'Data Dump'!$F$7:$F$80000,$A$4),2)","v":0},{"$f":"ROUND(SUMIFS('Data Dump'!$I$7:$I$80000,'Data Dump'!$J$7:$J$80000,$A84,'Data Dump'!$C$7:$C$80000,\">\"&N$9,'Data Dump'!$C$7:$C$80000,\"<=\"&O$9,'Data Dump'!$F$7:$F$80000,$A$4),2)","v":0},{"$f":"ROUND(SUMIFS('Data Dump'!$I$7:$I$80000,'Data Dump'!$J$7:$J$80000,$A84,'Data Dump'!$C$7:$C$80000,\">\"&O$9,'Data Dump'!$C$7:$C$80000,\"<=\"&P$9,'Data Dump'!$F$7:$F$80000,$A$4),2)","v":0},{"$f":"ROUND(SUMIFS('Data Dump'!$I$7:$I$80000,'Data Dump'!$J$7:$J$80000,$A84,'Data Dump'!$C$7:$C$80000,\">\"&P$9,'Data Dump'!$C$7:$C$80000,\"<=\"&Q$9,'Data Dump'!$F$7:$F$80000,$A$4),2)","v":0},{"$f":"ROUND(SUMIFS('Data Dump'!$I$7:$I$80000,'Data Dump'!$J$7:$J$80000,$A84,'Data Dump'!$C$7:$C$80000,\">\"&Q$9,'Data Dump'!$C$7:$C$80000,\"<=\"&R$9,'Data Dump'!$F$7:$F$80000,$A$4),2)","v":0},{"$f":"ROUND(SUMIFS('Data Dump'!$I$7:$I$80000,'Data Dump'!$J$7:$J$80000,$A84,'Data Dump'!$C$7:$C$80000,\">\"&R$9,'Data Dump'!$C$7:$C$80000,\"<=\"&S$9,'Data Dump'!$F$7:$F$80000,$A$4),2)","v":0},{"$f":"ROUND(SUMIFS('Data Dump'!$I$7:$I$80000,'Data Dump'!$J$7:$J$80000,$A84,'Data Dump'!$C$7:$C$80000,\">\"&S$9,'Data Dump'!$C$7:$C$80000,\"<=\"&T$9,'Data Dump'!$F$7:$F$80000,$A$4),2)","v":0},{"$f":"ROUND(SUMIFS('Data Dump'!$I$7:$I$80000,'Data Dump'!$J$7:$J$80000,$A84,'Data Dump'!$C$7:$C$80000,\">\"&T$9,'Data Dump'!$C$7:$C$80000,\"<=\"&U$9,'Data Dump'!$F$7:$F$80000,$A$4),2)","v":0},{"$f":"ROUND(SUMIFS('Data Dump'!$I$7:$I$80000,'Data Dump'!$J$7:$J$80000,$A84,'Data Dump'!$C$7:$C$80000,\">\"&U$9,'Data Dump'!$C$7:$C$80000,\"<=\"&V$9,'Data Dump'!$F$7:$F$80000,$A$4),2)","v":0},{"$f":"ROUND(SUMIFS('Data Dump'!$I$7:$I$80000,'Data Dump'!$J$7:$J$80000,$A84,'Data Dump'!$C$7:$C$80000,\">\"&V$9,'Data Dump'!$C$7:$C$80000,\"<=\"&W$9,'Data Dump'!$F$7:$F$80000,$A$4),2)","v":0}]
["User Conference",null,{"$f":"ROUND(SUMIFS('Data Dump'!$I$7:$I$80000,'Data Dump'!$J$7:$J$80000,$A85,'Data Dump'!$C$7:$C$80000,\">\"&B$9,'Data Dump'!$C$7:$C$80000,\"<=\"&C$9,'Data Dump'!$F$7:$F$80000,$A$4),2)","v":0},{"$f":"ROUND(SUMIFS('Data Dump'!$I$7:$I$80000,'Data Dump'!$J$7:$J$80000,$A85,'Data Dump'!$C$7:$C$80000,\">\"&C$9,'Data Dump'!$C$7:$C$80000,\"<=\"&D$9,'Data Dump'!$F$7:$F$80000,$A$4),2)","v":0},{"$f":"ROUND(SUMIFS('Data Dump'!$I$7:$I$80000,'Data Dump'!$J$7:$J$80000,$A85,'Data Dump'!$C$7:$C$80000,\">\"&D$9,'Data Dump'!$C$7:$C$80000,\"<=\"&E$9,'Data Dump'!$F$7:$F$80000,$A$4),2)","v":0},{"$f":"ROUND(SUMIFS('Data Dump'!$I$7:$I$80000,'Data Dump'!$J$7:$J$80000,$A85,'Data Dump'!$C$7:$C$80000,\">\"&E$9,'Data Dump'!$C$7:$C$80000,\"<=\"&F$9,'Data Dump'!$F$7:$F$80000,$A$4),2)","v":0},{"$f":"ROUND(SUMIFS('Data Dump'!$I$7:$I$80000,'Data Dump'!$J$7:$J$80000,$A85,'Data Dump'!$C$7:$C$80000,\">\"&F$9,'Data Dump'!$C$7:$C$80000,\"<=\"&G$9,'Data Dump'!$F$7:$F$80000,$A$4),2)","v":0},{"$f":"ROUND(SUMIFS('Data Dump'!$I$7:$I$80000,'Data Dump'!$J$7:$J$80000,$A85,'Data Dump'!$C$7:$C$80000,\">\"&G$9,'Data Dump'!$C$7:$C$80000,\"<=\"&H$9,'Data Dump'!$F$7:$F$80000,$A$4),2)","v":0},{"$f":"ROUND(SUMIFS('Data Dump'!$I$7:$I$80000,'Data Dump'!$J$7:$J$80000,$A85,'Data Dump'!$C$7:$C$80000,\">\"&H$9,'Data Dump'!$C$7:$C$80000,\"<=\"&I$9,'Data Dump'!$F$7:$F$80000,$A$4),2)","v":0},{"$f":"ROUND(SUMIFS('Data Dump'!$I$7:$I$80000,'Data Dump'!$J$7:$J$80000,$A85,'Data Dump'!$C$7:$C$80000,\">\"&I$9,'Data Dump'!$C$7:$C$80000,\"<=\"&J$9,'Data Dump'!$F$7:$F$80000,$A$4),2)","v":0},{"$f":"ROUND(SUMIFS('Data Dump'!$I$7:$I$80000,'Data Dump'!$J$7:$J$80000,$A85,'Data Dump'!$C$7:$C$80000,\">\"&J$9,'Data Dump'!$C$7:$C$80000,\"<=\"&K$9,'Data Dump'!$F$7:$F$80000,$A$4),2)","v":0},{"$f":"ROUND(SUMIFS('Data Dump'!$I$7:$I$80000,'Data Dump'!$J$7:$J$80000,$A85,'Data Dump'!$C$7:$C$80000,\">\"&K$9,'Data Dump'!$C$7:$C$80000,\"<=\"&L$9,'Data Dump'!$F$7:$F$80000,$A$4),2)","v":0},{"$f":"ROUND(SUMIFS('Data Dump'!$I$7:$I$80000,'Data Dump'!$J$7:$J$80000,$A85,'Data Dump'!$C$7:$C$80000,\">\"&L$9,'Data Dump'!$C$7:$C$80000,\"<=\"&M$9,'Data Dump'!$F$7:$F$80000,$A$4),2)","v":0},{"$f":"ROUND(SUMIFS('Data Dump'!$I$7:$I$80000,'Data Dump'!$J$7:$J$80000,$A85,'Data Dump'!$C$7:$C$80000,\">\"&M$9,'Data Dump'!$C$7:$C$80000,\"<=\"&N$9,'Data Dump'!$F$7:$F$80000,$A$4),2)","v":0},{"$f":"ROUND(SUMIFS('Data Dump'!$I$7:$I$80000,'Data Dump'!$J$7:$J$80000,$A85,'Data Dump'!$C$7:$C$80000,\">\"&N$9,'Data Dump'!$C$7:$C$80000,\"<=\"&O$9,'Data Dump'!$F$7:$F$80000,$A$4),2)","v":0},{"$f":"ROUND(SUMIFS('Data Dump'!$I$7:$I$80000,'Data Dump'!$J$7:$J$80000,$A85,'Data Dump'!$C$7:$C$80000,\">\"&O$9,'Data Dump'!$C$7:$C$80000,\"<=\"&P$9,'Data Dump'!$F$7:$F$80000,$A$4),2)","v":0},{"$f":"ROUND(SUMIFS('Data Dump'!$I$7:$I$80000,'Data Dump'!$J$7:$J$80000,$A85,'Data Dump'!$C$7:$C$80000,\">\"&P$9,'Data Dump'!$C$7:$C$80000,\"<=\"&Q$9,'Data Dump'!$F$7:$F$80000,$A$4),2)","v":0},{"$f":"ROUND(SUMIFS('Data Dump'!$I$7:$I$80000,'Data Dump'!$J$7:$J$80000,$A85,'Data Dump'!$C$7:$C$80000,\">\"&Q$9,'Data Dump'!$C$7:$C$80000,\"<=\"&R$9,'Data Dump'!$F$7:$F$80000,$A$4),2)","v":0},{"$f":"ROUND(SUMIFS('Data Dump'!$I$7:$I$80000,'Data Dump'!$J$7:$J$80000,$A85,'Data Dump'!$C$7:$C$80000,\">\"&R$9,'Data Dump'!$C$7:$C$80000,\"<=\"&S$9,'Data Dump'!$F$7:$F$80000,$A$4),2)","v":0},{"$f":"ROUND(SUMIFS('Data Dump'!$I$7:$I$80000,'Data Dump'!$J$7:$J$80000,$A85,'Data Dump'!$C$7:$C$80000,\">\"&S$9,'Data Dump'!$C$7:$C$80000,\"<=\"&T$9,'Data Dump'!$F$7:$F$80000,$A$4),2)","v":0},{"$f":"ROUND(SUMIFS('Data Dump'!$I$7:$I$80000,'Data Dump'!$J$7:$J$80000,$A85,'Data Dump'!$C$7:$C$80000,\">\"&T$9,'Data Dump'!$C$7:$C$80000,\"<=\"&U$9,'Data Dump'!$F$7:$F$80000,$A$4),2)","v":0},{"$f":"ROUND(SUMIFS('Data Dump'!$I$7:$I$80000,'Data Dump'!$J$7:$J$80000,$A85,'Data Dump'!$C$7:$C$80000,\">\"&U$9,'Data Dump'!$C$7:$C$80000,\"<=\"&V$9,'Data Dump'!$F$7:$F$80000,$A$4),2)","v":0},{"$f":"ROUND(SUMIFS('Data Dump'!$I$7:$I$80000,'Data Dump'!$J$7:$J$80000,$A85,'Data Dump'!$C$7:$C$80000,\">\"&V$9,'Data Dump'!$C$7:$C$80000,\"<=\"&W$9,'Data Dump'!$F$7:$F$80000,$A$4),2)","v":0}]
["Marketing Tools",null,{"$f":"ROUND(SUMIFS('Data Dump'!$I$7:$I$80000,'Data Dump'!$J$7:$J$80000,$A86,'Data Dump'!$C$7:$C$80000,\">\"&B$9,'Data Dump'!$C$7:$C$80000,\"<=\"&C$9,'Data Dump'!$F$7:$F$80000,$A$4),2)","v":0},{"$f":"ROUND(SUMIFS('Data Dump'!$I$7:$I$80000,'Data Dump'!$J$7:$J$80000,$A86,'Data Dump'!$C$7:$C$80000,\">\"&C$9,'Data Dump'!$C$7:$C$80000,\"<=\"&D$9,'Data Dump'!$F$7:$F$80000,$A$4),2)","v":0},{"$f":"ROUND(SUMIFS('Data Dump'!$I$7:$I$80000,'Data Dump'!$J$7:$J$80000,$A86,'Data Dump'!$C$7:$C$80000,\">\"&D$9,'Data Dump'!$C$7:$C$80000,\"<=\"&E$9,'Data Dump'!$F$7:$F$80000,$A$4),2)","v":0},{"$f":"ROUND(SUMIFS('Data Dump'!$I$7:$I$80000,'Data Dump'!$J$7:$J$80000,$A86,'Data Dump'!$C$7:$C$80000,\">\"&E$9,'Data Dump'!$C$7:$C$80000,\"<=\"&F$9,'Data Dump'!$F$7:$F$80000,$A$4),2)","v":0},{"$f":"ROUND(SUMIFS('Data Dump'!$I$7:$I$80000,'Data Dump'!$J$7:$J$80000,$A86,'Data Dump'!$C$7:$C$80000,\">\"&F$9,'Data Dump'!$C$7:$C$80000,\"<=\"&G$9,'Data Dump'!$F$7:$F$80000,$A$4),2)","v":0},{"$f":"ROUND(SUMIFS('Data Dump'!$I$7:$I$80000,'Data Dump'!$J$7:$J$80000,$A86,'Data Dump'!$C$7:$C$80000,\">\"&G$9,'Data Dump'!$C$7:$C$80000,\"<=\"&H$9,'Data Dump'!$F$7:$F$80000,$A$4),2)","v":0},{"$f":"ROUND(SUMIFS('Data Dump'!$I$7:$I$80000,'Data Dump'!$J$7:$J$80000,$A86,'Data Dump'!$C$7:$C$80000,\">\"&H$9,'Data Dump'!$C$7:$C$80000,\"<=\"&I$9,'Data Dump'!$F$7:$F$80000,$A$4),2)","v":0},{"$f":"ROUND(SUMIFS('Data Dump'!$I$7:$I$80000,'Data Dump'!$J$7:$J$80000,$A86,'Data Dump'!$C$7:$C$80000,\">\"&I$9,'Data Dump'!$C$7:$C$80000,\"<=\"&J$9,'Data Dump'!$F$7:$F$80000,$A$4),2)","v":0},{"$f":"ROUND(SUMIFS('Data Dump'!$I$7:$I$80000,'Data Dump'!$J$7:$J$80000,$A86,'Data Dump'!$C$7:$C$80000,\">\"&J$9,'Data Dump'!$C$7:$C$80000,\"<=\"&K$9,'Data Dump'!$F$7:$F$80000,$A$4),2)","v":0},{"$f":"ROUND(SUMIFS('Data Dump'!$I$7:$I$80000,'Data Dump'!$J$7:$J$80000,$A86,'Data Dump'!$C$7:$C$80000,\">\"&K$9,'Data Dump'!$C$7:$C$80000,\"<=\"&L$9,'Data Dump'!$F$7:$F$80000,$A$4),2)","v":0},{"$f":"ROUND(SUMIFS('Data Dump'!$I$7:$I$80000,'Data Dump'!$J$7:$J$80000,$A86,'Data Dump'!$C$7:$C$80000,\">\"&L$9,'Data Dump'!$C$7:$C$80000,\"<=\"&M$9,'Data Dump'!$F$7:$F$80000,$A$4),2)","v":0},{"$f":"ROUND(SUMIFS('Data Dump'!$I$7:$I$80000,'Data Dump'!$J$7:$J$80000,$A86,'Data Dump'!$C$7:$C$80000,\">\"&M$9,'Data Dump'!$C$7:$C$80000,\"<=\"&N$9,'Data Dump'!$F$7:$F$80000,$A$4),2)","v":0},{"$f":"ROUND(SUMIFS('Data Dump'!$I$7:$I$80000,'Data Dump'!$J$7:$J$80000,$A86,'Data Dump'!$C$7:$C$80000,\">\"&N$9,'Data Dump'!$C$7:$C$80000,\"<=\"&O$9,'Data Dump'!$F$7:$F$80000,$A$4),2)","v":0},{"$f":"ROUND(SUMIFS('Data Dump'!$I$7:$I$80000,'Data Dump'!$J$7:$J$80000,$A86,'Data Dump'!$C$7:$C$80000,\">\"&O$9,'Data Dump'!$C$7:$C$80000,\"<=\"&P$9,'Data Dump'!$F$7:$F$80000,$A$4),2)","v":0},{"$f":"ROUND(SUMIFS('Data Dump'!$I$7:$I$80000,'Data Dump'!$J$7:$J$80000,$A86,'Data Dump'!$C$7:$C$80000,\">\"&P$9,'Data Dump'!$C$7:$C$80000,\"<=\"&Q$9,'Data Dump'!$F$7:$F$80000,$A$4),2)","v":0},{"$f":"ROUND(SUMIFS('Data Dump'!$I$7:$I$80000,'Data Dump'!$J$7:$J$80000,$A86,'Data Dump'!$C$7:$C$80000,\">\"&Q$9,'Data Dump'!$C$7:$C$80000,\"<=\"&R$9,'Data Dump'!$F$7:$F$80000,$A$4),2)","v":0},{"$f":"ROUND(SUMIFS('Data Dump'!$I$7:$I$80000,'Data Dump'!$J$7:$J$80000,$A86,'Data Dump'!$C$7:$C$80000,\">\"&R$9,'Data Dump'!$C$7:$C$80000,\"<=\"&S$9,'Data Dump'!$F$7:$F$80000,$A$4),2)","v":0},{"$f":"ROUND(SUMIFS('Data Dump'!$I$7:$I$80000,'Data Dump'!$J$7:$J$80000,$A86,'Data Dump'!$C$7:$C$80000,\">\"&S$9,'Data Dump'!$C$7:$C$80000,\"<=\"&T$9,'Data Dump'!$F$7:$F$80000,$A$4),2)","v":0},{"$f":"ROUND(SUMIFS('Data Dump'!$I$7:$I$80000,'Data Dump'!$J$7:$J$80000,$A86,'Data Dump'!$C$7:$C$80000,\">\"&T$9,'Data Dump'!$C$7:$C$80000,\"<=\"&U$9,'Data Dump'!$F$7:$F$80000,$A$4),2)","v":0},{"$f":"ROUND(SUMIFS('Data Dump'!$I$7:$I$80000,'Data Dump'!$J$7:$J$80000,$A86,'Data Dump'!$C$7:$C$80000,\">\"&U$9,'Data Dump'!$C$7:$C$80000,\"<=\"&V$9,'Data Dump'!$F$7:$F$80000,$A$4),2)","v":0},{"$f":"ROUND(SUMIFS('Data Dump'!$I$7:$I$80000,'Data Dump'!$J$7:$J$80000,$A86,'Data Dump'!$C$7:$C$80000,\">\"&V$9,'Data Dump'!$C$7:$C$80000,\"<=\"&W$9,'Data Dump'!$F$7:$F$80000,$A$4),2)","v":0}]
["PPC",null,{"$f":"ROUND(SUMIFS('Data Dump'!$I$7:$I$80000,'Data Dump'!$J$7:$J$80000,$A87,'Data Dump'!$C$7:$C$80000,\">\"&B$9,'Data Dump'!$C$7:$C$80000,\"<=\"&C$9,'Data Dump'!$F$7:$F$80000,$A$4),2)","v":0},{"$f":"ROUND(SUMIFS('Data Dump'!$I$7:$I$80000,'Data Dump'!$J$7:$J$80000,$A87,'Data Dump'!$C$7:$C$80000,\">\"&C$9,'Data Dump'!$C$7:$C$80000,\"<=\"&D$9,'Data Dump'!$F$7:$F$80000,$A$4),2)","v":0},{"$f":"ROUND(SUMIFS('Data Dump'!$I$7:$I$80000,'Data Dump'!$J$7:$J$80000,$A87,'Data Dump'!$C$7:$C$80000,\">\"&D$9,'Data Dump'!$C$7:$C$80000,\"<=\"&E$9,'Data Dump'!$F$7:$F$80000,$A$4),2)","v":0},{"$f":"ROUND(SUMIFS('Data Dump'!$I$7:$I$80000,'Data Dump'!$J$7:$J$80000,$A87,'Data Dump'!$C$7:$C$80000,\">\"&E$9,'Data Dump'!$C$7:$C$80000,\"<=\"&F$9,'Data Dump'!$F$7:$F$80000,$A$4),2)","v":0},{"$f":"ROUND(SUMIFS('Data Dump'!$I$7:$I$80000,'Data Dump'!$J$7:$J$80000,$A87,'Data Dump'!$C$7:$C$80000,\">\"&F$9,'Data Dump'!$C$7:$C$80000,\"<=\"&G$9,'Data Dump'!$F$7:$F$80000,$A$4),2)","v":0},{"$f":"ROUND(SUMIFS('Data Dump'!$I$7:$I$80000,'Data Dump'!$J$7:$J$80000,$A87,'Data Dump'!$C$7:$C$80000,\">\"&G$9,'Data Dump'!$C$7:$C$80000,\"<=\"&H$9,'Data Dump'!$F$7:$F$80000,$A$4),2)","v":0},{"$f":"ROUND(SUMIFS('Data Dump'!$I$7:$I$80000,'Data Dump'!$J$7:$J$80000,$A87,'Data Dump'!$C$7:$C$80000,\">\"&H$9,'Data Dump'!$C$7:$C$80000,\"<=\"&I$9,'Data Dump'!$F$7:$F$80000,$A$4),2)","v":0},{"$f":"ROUND(SUMIFS('Data Dump'!$I$7:$I$80000,'Data Dump'!$J$7:$J$80000,$A87,'Data Dump'!$C$7:$C$80000,\">\"&I$9,'Data Dump'!$C$7:$C$80000,\"<=\"&J$9,'Data Dump'!$F$7:$F$80000,$A$4),2)","v":0},{"$f":"ROUND(SUMIFS('Data Dump'!$I$7:$I$80000,'Data Dump'!$J$7:$J$80000,$A87,'Data Dump'!$C$7:$C$80000,\">\"&J$9,'Data Dump'!$C$7:$C$80000,\"<=\"&K$9,'Data Dump'!$F$7:$F$80000,$A$4),2)","v":0},{"$f":"ROUND(SUMIFS('Data Dump'!$I$7:$I$80000,'Data Dump'!$J$7:$J$80000,$A87,'Data Dump'!$C$7:$C$80000,\">\"&K$9,'Data Dump'!$C$7:$C$80000,\"<=\"&L$9,'Data Dump'!$F$7:$F$80000,$A$4),2)","v":0},{"$f":"ROUND(SUMIFS('Data Dump'!$I$7:$I$80000,'Data Dump'!$J$7:$J$80000,$A87,'Data Dump'!$C$7:$C$80000,\">\"&L$9,'Data Dump'!$C$7:$C$80000,\"<=\"&M$9,'Data Dump'!$F$7:$F$80000,$A$4),2)","v":0},{"$f":"ROUND(SUMIFS('Data Dump'!$I$7:$I$80000,'Data Dump'!$J$7:$J$80000,$A87,'Data Dump'!$C$7:$C$80000,\">\"&M$9,'Data Dump'!$C$7:$C$80000,\"<=\"&N$9,'Data Dump'!$F$7:$F$80000,$A$4),2)","v":0},{"$f":"ROUND(SUMIFS('Data Dump'!$I$7:$I$80000,'Data Dump'!$J$7:$J$80000,$A87,'Data Dump'!$C$7:$C$80000,\">\"&N$9,'Data Dump'!$C$7:$C$80000,\"<=\"&O$9,'Data Dump'!$F$7:$F$80000,$A$4),2)","v":0},{"$f":"ROUND(SUMIFS('Data Dump'!$I$7:$I$80000,'Data Dump'!$J$7:$J$80000,$A87,'Data Dump'!$C$7:$C$80000,\">\"&O$9,'Data Dump'!$C$7:$C$80000,\"<=\"&P$9,'Data Dump'!$F$7:$F$80000,$A$4),2)","v":0},{"$f":"ROUND(SUMIFS('Data Dump'!$I$7:$I$80000,'Data Dump'!$J$7:$J$80000,$A87,'Data Dump'!$C$7:$C$80000,\">\"&P$9,'Data Dump'!$C$7:$C$80000,\"<=\"&Q$9,'Data Dump'!$F$7:$F$80000,$A$4),2)","v":0},{"$f":"ROUND(SUMIFS('Data Dump'!$I$7:$I$80000,'Data Dump'!$J$7:$J$80000,$A87,'Data Dump'!$C$7:$C$80000,\">\"&Q$9,'Data Dump'!$C$7:$C$80000,\"<=\"&R$9,'Data Dump'!$F$7:$F$80000,$A$4),2)","v":0},{"$f":"ROUND(SUMIFS('Data Dump'!$I$7:$I$80000,'Data Dump'!$J$7:$J$80000,$A87,'Data Dump'!$C$7:$C$80000,\">\"&R$9,'Data Dump'!$C$7:$C$80000,\"<=\"&S$9,'Data Dump'!$F$7:$F$80000,$A$4),2)","v":0},{"$f":"ROUND(SUMIFS('Data Dump'!$I$7:$I$80000,'Data Dump'!$J$7:$J$80000,$A87,'Data Dump'!$C$7:$C$80000,\">\"&S$9,'Data Dump'!$C$7:$C$80000,\"<=\"&T$9,'Data Dump'!$F$7:$F$80000,$A$4),2)","v":0},{"$f":"ROUND(SUMIFS('Data Dump'!$I$7:$I$80000,'Data Dump'!$J$7:$J$80000,$A87,'Data Dump'!$C$7:$C$80000,\">\"&T$9,'Data Dump'!$C$7:$C$80000,\"<=\"&U$9,'Data Dump'!$F$7:$F$80000,$A$4),2)","v":0},{"$f":"ROUND(SUMIFS('Data Dump'!$I$7:$I$80000,'Data Dump'!$J$7:$J$80000,$A87,'Data Dump'!$C$7:$C$80000,\">\"&U$9,'Data Dump'!$C$7:$C$80000,\"<=\"&V$9,'Data Dump'!$F$7:$F$80000,$A$4),2)","v":0},{"$f":"ROUND(SUMIFS('Data Dump'!$I$7:$I$80000,'Data Dump'!$J$7:$J$80000,$A87,'Data Dump'!$C$7:$C$80000,\">\"&V$9,'Data Dump'!$C$7:$C$80000,\"<=\"&W$9,'Data Dump'!$F$7:$F$80000,$A$4),2)","v":0}]
["Misc Online Marketing",null,{"$f":"ROUND(SUMIFS('Data Dump'!$I$7:$I$80000,'Data Dump'!$J$7:$J$80000,$A88,'Data Dump'!$C$7:$C$80000,\">\"&B$9,'Data Dump'!$C$7:$C$80000,\"<=\"&C$9,'Data Dump'!$F$7:$F$80000,$A$4),2)","v":0},{"$f":"ROUND(SUMIFS('Data Dump'!$I$7:$I$80000,'Data Dump'!$J$7:$J$80000,$A88,'Data Dump'!$C$7:$C$80000,\">\"&C$9,'Data Dump'!$C$7:$C$80000,\"<=\"&D$9,'Data Dump'!$F$7:$F$80000,$A$4),2)","v":0},{"$f":"ROUND(SUMIFS('Data Dump'!$I$7:$I$80000,'Data Dump'!$J$7:$J$80000,$A88,'Data Dump'!$C$7:$C$80000,\">\"&D$9,'Data Dump'!$C$7:$C$80000,\"<=\"&E$9,'Data Dump'!$F$7:$F$80000,$A$4),2)","v":0},{"$f":"ROUND(SUMIFS('Data Dump'!$I$7:$I$80000,'Data Dump'!$J$7:$J$80000,$A88,'Data Dump'!$C$7:$C$80000,\">\"&E$9,'Data Dump'!$C$7:$C$80000,\"<=\"&F$9,'Data Dump'!$F$7:$F$80000,$A$4),2)","v":0},{"$f":"ROUND(SUMIFS('Data Dump'!$I$7:$I$80000,'Data Dump'!$J$7:$J$80000,$A88,'Data Dump'!$C$7:$C$80000,\">\"&F$9,'Data Dump'!$C$7:$C$80000,\"<=\"&G$9,'Data Dump'!$F$7:$F$80000,$A$4),2)","v":0},{"$f":"ROUND(SUMIFS('Data Dump'!$I$7:$I$80000,'Data Dump'!$J$7:$J$80000,$A88,'Data Dump'!$C$7:$C$80000,\">\"&G$9,'Data Dump'!$C$7:$C$80000,\"<=\"&H$9,'Data Dump'!$F$7:$F$80000,$A$4),2)","v":0},{"$f":"ROUND(SUMIFS('Data Dump'!$I$7:$I$80000,'Data Dump'!$J$7:$J$80000,$A88,'Data Dump'!$C$7:$C$80000,\">\"&H$9,'Data Dump'!$C$7:$C$80000,\"<=\"&I$9,'Data Dump'!$F$7:$F$80000,$A$4),2)","v":0},{"$f":"ROUND(SUMIFS('Data Dump'!$I$7:$I$80000,'Data Dump'!$J$7:$J$80000,$A88,'Data Dump'!$C$7:$C$80000,\">\"&I$9,'Data Dump'!$C$7:$C$80000,\"<=\"&J$9,'Data Dump'!$F$7:$F$80000,$A$4),2)","v":0},{"$f":"ROUND(SUMIFS('Data Dump'!$I$7:$I$80000,'Data Dump'!$J$7:$J$80000,$A88,'Data Dump'!$C$7:$C$80000,\">\"&J$9,'Data Dump'!$C$7:$C$80000,\"<=\"&K$9,'Data Dump'!$F$7:$F$80000,$A$4),2)","v":0},{"$f":"ROUND(SUMIFS('Data Dump'!$I$7:$I$80000,'Data Dump'!$J$7:$J$80000,$A88,'Data Dump'!$C$7:$C$80000,\">\"&K$9,'Data Dump'!$C$7:$C$80000,\"<=\"&L$9,'Data Dump'!$F$7:$F$80000,$A$4),2)","v":0},{"$f":"ROUND(SUMIFS('Data Dump'!$I$7:$I$80000,'Data Dump'!$J$7:$J$80000,$A88,'Data Dump'!$C$7:$C$80000,\">\"&L$9,'Data Dump'!$C$7:$C$80000,\"<=\"&M$9,'Data Dump'!$F$7:$F$80000,$A$4),2)","v":0},{"$f":"ROUND(SUMIFS('Data Dump'!$I$7:$I$80000,'Data Dump'!$J$7:$J$80000,$A88,'Data Dump'!$C$7:$C$80000,\">\"&M$9,'Data Dump'!$C$7:$C$80000,\"<=\"&N$9,'Data Dump'!$F$7:$F$80000,$A$4),2)","v":0},{"$f":"ROUND(SUMIFS('Data Dump'!$I$7:$I$80000,'Data Dump'!$J$7:$J$80000,$A88,'Data Dump'!$C$7:$C$80000,\">\"&N$9,'Data Dump'!$C$7:$C$80000,\"<=\"&O$9,'Data Dump'!$F$7:$F$80000,$A$4),2)","v":0},{"$f":"ROUND(SUMIFS('Data Dump'!$I$7:$I$80000,'Data Dump'!$J$7:$J$80000,$A88,'Data Dump'!$C$7:$C$80000,\">\"&O$9,'Data Dump'!$C$7:$C$80000,\"<=\"&P$9,'Data Dump'!$F$7:$F$80000,$A$4),2)","v":0},{"$f":"ROUND(SUMIFS('Data Dump'!$I$7:$I$80000,'Data Dump'!$J$7:$J$80000,$A88,'Data Dump'!$C$7:$C$80000,\">\"&P$9,'Data Dump'!$C$7:$C$80000,\"<=\"&Q$9,'Data Dump'!$F$7:$F$80000,$A$4),2)","v":0},{"$f":"ROUND(SUMIFS('Data Dump'!$I$7:$I$80000,'Data Dump'!$J$7:$J$80000,$A88,'Data Dump'!$C$7:$C$80000,\">\"&Q$9,'Data Dump'!$C$7:$C$80000,\"<=\"&R$9,'Data Dump'!$F$7:$F$80000,$A$4),2)","v":0},{"$f":"ROUND(SUMIFS('Data Dump'!$I$7:$I$80000,'Data Dump'!$J$7:$J$80000,$A88,'Data Dump'!$C$7:$C$80000,\">\"&R$9,'Data Dump'!$C$7:$C$80000,\"<=\"&S$9,'Data Dump'!$F$7:$F$80000,$A$4),2)","v":0},{"$f":"ROUND(SUMIFS('Data Dump'!$I$7:$I$80000,'Data Dump'!$J$7:$J$80000,$A88,'Data Dump'!$C$7:$C$80000,\">\"&S$9,'Data Dump'!$C$7:$C$80000,\"<=\"&T$9,'Data Dump'!$F$7:$F$80000,$A$4),2)","v":0},{"$f":"ROUND(SUMIFS('Data Dump'!$I$7:$I$80000,'Data Dump'!$J$7:$J$80000,$A88,'Data Dump'!$C$7:$C$80000,\">\"&T$9,'Data Dump'!$C$7:$C$80000,\"<=\"&U$9,'Data Dump'!$F$7:$F$80000,$A$4),2)","v":0},{"$f":"ROUND(SUMIFS('Data Dump'!$I$7:$I$80000,'Data Dump'!$J$7:$J$80000,$A88,'Data Dump'!$C$7:$C$80000,\">\"&U$9,'Data Dump'!$C$7:$C$80000,\"<=\"&V$9,'Data Dump'!$F$7:$F$80000,$A$4),2)","v":0},{"$f":"ROUND(SUMIFS('Data Dump'!$I$7:$I$80000,'Data Dump'!$J$7:$J$80000,$A88,'Data Dump'!$C$7:$C$80000,\">\"&V$9,'Data Dump'!$C$7:$C$80000,\"<=\"&W$9,'Data Dump'!$F$7:$F$80000,$A$4),2)","v":0}]
[null,"=","=","=","=","=","=","=","=","=","=","=","=","=","=","=","=","=","=","=","=","=","="]
["TOTAL DEMAND GENERATION",null,{"$f":"+SUM(C84:C88)","v":0},0,0,0,0,0,0,0,0,0,0,0,{"$f":"+SUM(O84:O88)","v":0},0,0,0,0,0,{"$f":"+SUM(U84:U88)","v":0},{"$f":"+SUM(V84:V88)","v":0},{"$f":"+SUM(W84:W88)","v":0}]
[null,"=","=","=","=","=","=","=","=","=","=","=","=","=","=","=","=","=","=","=","=","=","="]
["TRAVEL & ENTERTAINMENT"]
[]
["Airfare",null,{"$f":"ROUND(SUMIFS('Data Dump'!$I$7:$I$80000,'Data Dump'!$J$7:$J$80000,$A94,'Data Dump'!$C$7:$C$80000,\">\"&B$9,'Data Dump'!$C$7:$C$80000,\"<=\"&C$9,'Data Dump'!$F$7:$F$80000,$A$4),2)","v":0},{"$f":"ROUND(SUMIFS('Data Dump'!$I$7:$I$80000,'Data Dump'!$J$7:$J$80000,$A94,'Data Dump'!$C$7:$C$80000,\">\"&C$9,'Data Dump'!$C$7:$C$80000,\"<=\"&D$9,'Data Dump'!$F$7:$F$80000,$A$4),2)","v":0},{"$f":"ROUND(SUMIFS('Data Dump'!$I$7:$I$80000,'Data Dump'!$J$7:$J$80000,$A94,'Data Dump'!$C$7:$C$80000,\">\"&D$9,'Data Dump'!$C$7:$C$80000,\"<=\"&E$9,'Data Dump'!$F$7:$F$80000,$A$4),2)","v":0},{"$f":"ROUND(SUMIFS('Data Dump'!$I$7:$I$80000,'Data Dump'!$J$7:$J$80000,$A94,'Data Dump'!$C$7:$C$80000,\">\"&E$9,'Data Dump'!$C$7:$C$80000,\"<=\"&F$9,'Data Dump'!$F$7:$F$80000,$A$4),2)","v":0},{"$f":"ROUND(SUMIFS('Data Dump'!$I$7:$I$80000,'Data Dump'!$J$7:$J$80000,$A94,'Data Dump'!$C$7:$C$80000,\">\"&F$9,'Data Dump'!$C$7:$C$80000,\"<=\"&G$9,'Data Dump'!$F$7:$F$80000,$A$4),2)","v":0},{"$f":"ROUND(SUMIFS('Data Dump'!$I$7:$I$80000,'Data Dump'!$J$7:$J$80000,$A94,'Data Dump'!$C$7:$C$80000,\">\"&G$9,'Data Dump'!$C$7:$C$80000,\"<=\"&H$9,'Data Dump'!$F$7:$F$80000,$A$4),2)","v":0},{"$f":"ROUND(SUMIFS('Data Dump'!$I$7:$I$80000,'Data Dump'!$J$7:$J$80000,$A94,'Data Dump'!$C$7:$C$80000,\">\"&H$9,'Data Dump'!$C$7:$C$80000,\"<=\"&I$9,'Data Dump'!$F$7:$F$80000,$A$4),2)","v":0},{"$f":"ROUND(SUMIFS('Data Dump'!$I$7:$I$80000,'Data Dump'!$J$7:$J$80000,$A94,'Data Dump'!$C$7:$C$80000,\">\"&I$9,'Data Dump'!$C$7:$C$80000,\"<=\"&J$9,'Data Dump'!$F$7:$F$80000,$A$4),2)","v":0},{"$f":"ROUND(SUMIFS('Data Dump'!$I$7:$I$80000,'Data Dump'!$J$7:$J$80000,$A94,'Data Dump'!$C$7:$C$80000,\">\"&J$9,'Data Dump'!$C$7:$C$80000,\"<=\"&K$9,'Data Dump'!$F$7:$F$80000,$A$4),2)","v":0},{"$f":"ROUND(SUMIFS('Data Dump'!$I$7:$I$80000,'Data Dump'!$J$7:$J$80000,$A94,'Data Dump'!$C$7:$C$80000,\">\"&K$9,'Data Dump'!$C$7:$C$80000,\"<=\"&L$9,'Data Dump'!$F$7:$F$80000,$A$4),2)","v":0},{"$f":"ROUND(SUMIFS('Data Dump'!$I$7:$I$80000,'Data Dump'!$J$7:$J$80000,$A94,'Data Dump'!$C$7:$C$80000,\">\"&L$9,'Data Dump'!$C$7:$C$80000,\"<=\"&M$9,'Data Dump'!$F$7:$F$80000,$A$4),2)","v":0},{"$f":"ROUND(SUMIFS('Data Dump'!$I$7:$I$80000,'Data Dump'!$J$7:$J$80000,$A94,'Data Dump'!$C$7:$C$80000,\">\"&M$9,'Data Dump'!$C$7:$C$80000,\"<=\"&N$9,'Data Dump'!$F$7:$F$80000,$A$4),2)","v":0},{"$f":"ROUND(SUMIFS('Data Dump'!$I$7:$I$80000,'Data Dump'!$J$7:$J$80000,$A94,'Data Dump'!$C$7:$C$80000,\">\"&N$9,'Data Dump'!$C$7:$C$80000,\"<=\"&O$9,'Data Dump'!$F$7:$F$80000,$A$4),2)","v":0},{"$f":"ROUND(SUMIFS('Data Dump'!$I$7:$I$80000,'Data Dump'!$J$7:$J$80000,$A94,'Data Dump'!$C$7:$C$80000,\">\"&O$9,'Data Dump'!$C$7:$C$80000,\"<=\"&P$9,'Data Dump'!$F$7:$F$80000,$A$4),2)","v":0},{"$f":"ROUND(SUMIFS('Data Dump'!$I$7:$I$80000,'Data Dump'!$J$7:$J$80000,$A94,'Data Dump'!$C$7:$C$80000,\">\"&P$9,'Data Dump'!$C$7:$C$80000,\"<=\"&Q$9,'Data Dump'!$F$7:$F$80000,$A$4),2)","v":0},{"$f":"ROUND(SUMIFS('Data Dump'!$I$7:$I$80000,'Data Dump'!$J$7:$J$80000,$A94,'Data Dump'!$C$7:$C$80000,\">\"&Q$9,'Data Dump'!$C$7:$C$80000,\"<=\"&R$9,'Data Dump'!$F$7:$F$80000,$A$4),2)","v":0},{"$f":"ROUND(SUMIFS('Data Dump'!$I$7:$I$80000,'Data Dump'!$J$7:$J$80000,$A94,'Data Dump'!$C$7:$C$80000,\">\"&R$9,'Data Dump'!$C$7:$C$80000,\"<=\"&S$9,'Data Dump'!$F$7:$F$80000,$A$4),2)","v":0},{"$f":"ROUND(SUMIFS('Data Dump'!$I$7:$I$80000,'Data Dump'!$J$7:$J$80000,$A94,'Data Dump'!$C$7:$C$80000,\">\"&S$9,'Data Dump'!$C$7:$C$80000,\"<=\"&T$9,'Data Dump'!$F$7:$F$80000,$A$4),2)","v":0},{"$f":"ROUND(SUMIFS('Data Dump'!$I$7:$I$80000,'Data Dump'!$J$7:$J$80000,$A94,'Data Dump'!$C$7:$C$80000,\">\"&T$9,'Data Dump'!$C$7:$C$80000,\"<=\"&U$9,'Data Dump'!$F$7:$F$80000,$A$4),2)","v":0},{"$f":"ROUND(SUMIFS('Data Dump'!$I$7:$I$80000,'Data Dump'!$J$7:$J$80000,$A94,'Data Dump'!$C$7:$C$80000,\">\"&U$9,'Data Dump'!$C$7:$C$80000,\"<=\"&V$9,'Data Dump'!$F$7:$F$80000,$A$4),2)","v":0},{"$f":"ROUND(SUMIFS('Data Dump'!$I$7:$I$80000,'Data Dump'!$J$7:$J$80000,$A94,'Data Dump'!$C$7:$C$80000,\">\"&V$9,'Data Dump'!$C$7:$C$80000,\"<=\"&W$9,'Data Dump'!$F$7:$F$80000,$A$4),2)","v":0}]
["Lodging",null,{"$f":"ROUND(SUMIFS('Data Dump'!$I$7:$I$80000,'Data Dump'!$J$7:$J$80000,$A95,'Data Dump'!$C$7:$C$80000,\">\"&B$9,'Data Dump'!$C$7:$C$80000,\"<=\"&C$9,'Data Dump'!$F$7:$F$80000,$A$4),2)","v":0},{"$f":"ROUND(SUMIFS('Data Dump'!$I$7:$I$80000,'Data Dump'!$J$7:$J$80000,$A95,'Data Dump'!$C$7:$C$80000,\">\"&C$9,'Data Dump'!$C$7:$C$80000,\"<=\"&D$9,'Data Dump'!$F$7:$F$80000,$A$4),2)","v":0},{"$f":"ROUND(SUMIFS('Data Dump'!$I$7:$I$80000,'Data Dump'!$J$7:$J$80000,$A95,'Data Dump'!$C$7:$C$80000,\">\"&D$9,'Data Dump'!$C$7:$C$80000,\"<=\"&E$9,'Data Dump'!$F$7:$F$80000,$A$4),2)","v":0},{"$f":"ROUND(SUMIFS('Data Dump'!$I$7:$I$80000,'Data Dump'!$J$7:$J$80000,$A95,'Data Dump'!$C$7:$C$80000,\">\"&E$9,'Data Dump'!$C$7:$C$80000,\"<=\"&F$9,'Data Dump'!$F$7:$F$80000,$A$4),2)","v":0},{"$f":"ROUND(SUMIFS('Data Dump'!$I$7:$I$80000,'Data Dump'!$J$7:$J$80000,$A95,'Data Dump'!$C$7:$C$80000,\">\"&F$9,'Data Dump'!$C$7:$C$80000,\"<=\"&G$9,'Data Dump'!$F$7:$F$80000,$A$4),2)","v":0},{"$f":"ROUND(SUMIFS('Data Dump'!$I$7:$I$80000,'Data Dump'!$J$7:$J$80000,$A95,'Data Dump'!$C$7:$C$80000,\">\"&G$9,'Data Dump'!$C$7:$C$80000,\"<=\"&H$9,'Data Dump'!$F$7:$F$80000,$A$4),2)","v":0},{"$f":"ROUND(SUMIFS('Data Dump'!$I$7:$I$80000,'Data Dump'!$J$7:$J$80000,$A95,'Data Dump'!$C$7:$C$80000,\">\"&H$9,'Data Dump'!$C$7:$C$80000,\"<=\"&I$9,'Data Dump'!$F$7:$F$80000,$A$4),2)","v":0},{"$f":"ROUND(SUMIFS('Data Dump'!$I$7:$I$80000,'Data Dump'!$J$7:$J$80000,$A95,'Data Dump'!$C$7:$C$80000,\">\"&I$9,'Data Dump'!$C$7:$C$80000,\"<=\"&J$9,'Data Dump'!$F$7:$F$80000,$A$4),2)","v":0},{"$f":"ROUND(SUMIFS('Data Dump'!$I$7:$I$80000,'Data Dump'!$J$7:$J$80000,$A95,'Data Dump'!$C$7:$C$80000,\">\"&J$9,'Data Dump'!$C$7:$C$80000,\"<=\"&K$9,'Data Dump'!$F$7:$F$80000,$A$4),2)","v":0},{"$f":"ROUND(SUMIFS('Data Dump'!$I$7:$I$80000,'Data Dump'!$J$7:$J$80000,$A95,'Data Dump'!$C$7:$C$80000,\">\"&K$9,'Data Dump'!$C$7:$C$80000,\"<=\"&L$9,'Data Dump'!$F$7:$F$80000,$A$4),2)","v":0},{"$f":"ROUND(SUMIFS('Data Dump'!$I$7:$I$80000,'Data Dump'!$J$7:$J$80000,$A95,'Data Dump'!$C$7:$C$80000,\">\"&L$9,'Data Dump'!$C$7:$C$80000,\"<=\"&M$9,'Data Dump'!$F$7:$F$80000,$A$4),2)","v":0},{"$f":"ROUND(SUMIFS('Data Dump'!$I$7:$I$80000,'Data Dump'!$J$7:$J$80000,$A95,'Data Dump'!$C$7:$C$80000,\">\"&M$9,'Data Dump'!$C$7:$C$80000,\"<=\"&N$9,'Data Dump'!$F$7:$F$80000,$A$4),2)","v":0},{"$f":"ROUND(SUMIFS('Data Dump'!$I$7:$I$80000,'Data Dump'!$J$7:$J$80000,$A95,'Data Dump'!$C$7:$C$80000,\">\"&N$9,'Data Dump'!$C$7:$C$80000,\"<=\"&O$9,'Data Dump'!$F$7:$F$80000,$A$4),2)","v":0},{"$f":"ROUND(SUMIFS('Data Dump'!$I$7:$I$80000,'Data Dump'!$J$7:$J$80000,$A95,'Data Dump'!$C$7:$C$80000,\">\"&O$9,'Data Dump'!$C$7:$C$80000,\"<=\"&P$9,'Data Dump'!$F$7:$F$80000,$A$4),2)","v":0},{"$f":"ROUND(SUMIFS('Data Dump'!$I$7:$I$80000,'Data Dump'!$J$7:$J$80000,$A95,'Data Dump'!$C$7:$C$80000,\">\"&P$9,'Data Dump'!$C$7:$C$80000,\"<=\"&Q$9,'Data Dump'!$F$7:$F$80000,$A$4),2)","v":0},{"$f":"ROUND(SUMIFS('Data Dump'!$I$7:$I$80000,'Data Dump'!$J$7:$J$80000,$A95,'Data Dump'!$C$7:$C$80000,\">\"&Q$9,'Data Dump'!$C$7:$C$80000,\"<=\"&R$9,'Data Dump'!$F$7:$F$80000,$A$4),2)","v":0},{"$f":"ROUND(SUMIFS('Data Dump'!$I$7:$I$80000,'Data Dump'!$J$7:$J$80000,$A95,'Data Dump'!$C$7:$C$80000,\">\"&R$9,'Data Dump'!$C$7:$C$80000,\"<=\"&S$9,'Data Dump'!$F$7:$F$80000,$A$4),2)","v":0},{"$f":"ROUND(SUMIFS('Data Dump'!$I$7:$I$80000,'Data Dump'!$J$7:$J$80000,$A95,'Data Dump'!$C$7:$C$80000,\">\"&S$9,'Data Dump'!$C$7:$C$80000,\"<=\"&T$9,'Data Dump'!$F$7:$F$80000,$A$4),2)","v":0},{"$f":"ROUND(SUMIFS('Data Dump'!$I$7:$I$80000,'Data Dump'!$J$7:$J$80000,$A95,'Data Dump'!$C$7:$C$80000,\">\"&T$9,'Data Dump'!$C$7:$C$80000,\"<=\"&U$9,'Data Dump'!$F$7:$F$80000,$A$4),2)","v":0},{"$f":"ROUND(SUMIFS('Data Dump'!$I$7:$I$80000,'Data Dump'!$J$7:$J$80000,$A95,'Data Dump'!$C$7:$C$80000,\">\"&U$9,'Data Dump'!$C$7:$C$80000,\"<=\"&V$9,'Data Dump'!$F$7:$F$80000,$A$4),2)","v":0},{"$f":"ROUND(SUMIFS('Data Dump'!$I$7:$I$80000,'Data Dump'!$J$7:$J$80000,$A95,'Data Dump'!$C$7:$C$80000,\">\"&V$9,'Data Dump'!$C$7:$C$80000,\"<=\"&W$9,'Data Dump'!$F$7:$F$80000,$A$4),2)","v":0}]
["Meals",null,{"$f":"ROUND(SUMIFS('Data Dump'!$I$7:$I$80000,'Data Dump'!$J$7:$J$80000,$A96,'Data Dump'!$C$7:$C$80000,\">\"&B$9,'Data Dump'!$C$7:$C$80000,\"<=\"&C$9,'Data Dump'!$F$7:$F$80000,$A$4),2)","v":0},{"$f":"ROUND(SUMIFS('Data Dump'!$I$7:$I$80000,'Data Dump'!$J$7:$J$80000,$A96,'Data Dump'!$C$7:$C$80000,\">\"&C$9,'Data Dump'!$C$7:$C$80000,\"<=\"&D$9,'Data Dump'!$F$7:$F$80000,$A$4),2)","v":0},{"$f":"ROUND(SUMIFS('Data Dump'!$I$7:$I$80000,'Data Dump'!$J$7:$J$80000,$A96,'Data Dump'!$C$7:$C$80000,\">\"&D$9,'Data Dump'!$C$7:$C$80000,\"<=\"&E$9,'Data Dump'!$F$7:$F$80000,$A$4),2)","v":0},{"$f":"ROUND(SUMIFS('Data Dump'!$I$7:$I$80000,'Data Dump'!$J$7:$J$80000,$A96,'Data Dump'!$C$7:$C$80000,\">\"&E$9,'Data Dump'!$C$7:$C$80000,\"<=\"&F$9,'Data Dump'!$F$7:$F$80000,$A$4),2)","v":0},{"$f":"ROUND(SUMIFS('Data Dump'!$I$7:$I$80000,'Data Dump'!$J$7:$J$80000,$A96,'Data Dump'!$C$7:$C$80000,\">\"&F$9,'Data Dump'!$C$7:$C$80000,\"<=\"&G$9,'Data Dump'!$F$7:$F$80000,$A$4),2)","v":0},{"$f":"ROUND(SUMIFS('Data Dump'!$I$7:$I$80000,'Data Dump'!$J$7:$J$80000,$A96,'Data Dump'!$C$7:$C$80000,\">\"&G$9,'Data Dump'!$C$7:$C$80000,\"<=\"&H$9,'Data Dump'!$F$7:$F$80000,$A$4),2)","v":0},{"$f":"ROUND(SUMIFS('Data Dump'!$I$7:$I$80000,'Data Dump'!$J$7:$J$80000,$A96,'Data Dump'!$C$7:$C$80000,\">\"&H$9,'Data Dump'!$C$7:$C$80000,\"<=\"&I$9,'Data Dump'!$F$7:$F$80000,$A$4),2)","v":0},{"$f":"ROUND(SUMIFS('Data Dump'!$I$7:$I$80000,'Data Dump'!$J$7:$J$80000,$A96,'Data Dump'!$C$7:$C$80000,\">\"&I$9,'Data Dump'!$C$7:$C$80000,\"<=\"&J$9,'Data Dump'!$F$7:$F$80000,$A$4),2)","v":0},{"$f":"ROUND(SUMIFS('Data Dump'!$I$7:$I$80000,'Data Dump'!$J$7:$J$80000,$A96,'Data Dump'!$C$7:$C$80000,\">\"&J$9,'Data Dump'!$C$7:$C$80000,\"<=\"&K$9,'Data Dump'!$F$7:$F$80000,$A$4),2)","v":0},{"$f":"ROUND(SUMIFS('Data Dump'!$I$7:$I$80000,'Data Dump'!$J$7:$J$80000,$A96,'Data Dump'!$C$7:$C$80000,\">\"&K$9,'Data Dump'!$C$7:$C$80000,\"<=\"&L$9,'Data Dump'!$F$7:$F$80000,$A$4),2)","v":0},{"$f":"ROUND(SUMIFS('Data Dump'!$I$7:$I$80000,'Data Dump'!$J$7:$J$80000,$A96,'Data Dump'!$C$7:$C$80000,\">\"&L$9,'Data Dump'!$C$7:$C$80000,\"<=\"&M$9,'Data Dump'!$F$7:$F$80000,$A$4),2)","v":0},{"$f":"ROUND(SUMIFS('Data Dump'!$I$7:$I$80000,'Data Dump'!$J$7:$J$80000,$A96,'Data Dump'!$C$7:$C$80000,\">\"&M$9,'Data Dump'!$C$7:$C$80000,\"<=\"&N$9,'Data Dump'!$F$7:$F$80000,$A$4),2)","v":0},{"$f":"ROUND(SUMIFS('Data Dump'!$I$7:$I$80000,'Data Dump'!$J$7:$J$80000,$A96,'Data Dump'!$C$7:$C$80000,\">\"&N$9,'Data Dump'!$C$7:$C$80000,\"<=\"&O$9,'Data Dump'!$F$7:$F$80000,$A$4),2)","v":0},{"$f":"ROUND(SUMIFS('Data Dump'!$I$7:$I$80000,'Data Dump'!$J$7:$J$80000,$A96,'Data Dump'!$C$7:$C$80000,\">\"&O$9,'Data Dump'!$C$7:$C$80000,\"<=\"&P$9,'Data Dump'!$F$7:$F$80000,$A$4),2)","v":0},{"$f":"ROUND(SUMIFS('Data Dump'!$I$7:$I$80000,'Data Dump'!$J$7:$J$80000,$A96,'Data Dump'!$C$7:$C$80000,\">\"&P$9,'Data Dump'!$C$7:$C$80000,\"<=\"&Q$9,'Data Dump'!$F$7:$F$80000,$A$4),2)","v":0},{"$f":"ROUND(SUMIFS('Data Dump'!$I$7:$I$80000,'Data Dump'!$J$7:$J$80000,$A96,'Data Dump'!$C$7:$C$80000,\">\"&Q$9,'Data Dump'!$C$7:$C$80000,\"<=\"&R$9,'Data Dump'!$F$7:$F$80000,$A$4),2)","v":0},{"$f":"ROUND(SUMIFS('Data Dump'!$I$7:$I$80000,'Data Dump'!$J$7:$J$80000,$A96,'Data Dump'!$C$7:$C$80000,\">\"&R$9,'Data Dump'!$C$7:$C$80000,\"<=\"&S$9,'Data Dump'!$F$7:$F$80000,$A$4),2)","v":0},{"$f":"ROUND(SUMIFS('Data Dump'!$I$7:$I$80000,'Data Dump'!$J$7:$J$80000,$A96,'Data Dump'!$C$7:$C$80000,\">\"&S$9,'Data Dump'!$C$7:$C$80000,\"<=\"&T$9,'Data Dump'!$F$7:$F$80000,$A$4),2)","v":0},{"$f":"ROUND(SUMIFS('Data Dump'!$I$7:$I$80000,'Data Dump'!$J$7:$J$80000,$A96,'Data Dump'!$C$7:$C$80000,\">\"&T$9,'Data Dump'!$C$7:$C$80000,\"<=\"&U$9,'Data Dump'!$F$7:$F$80000,$A$4),2)","v":0},{"$f":"ROUND(SUMIFS('Data Dump'!$I$7:$I$80000,'Data Dump'!$J$7:$J$80000,$A96,'Data Dump'!$C$7:$C$80000,\">\"&U$9,'Data Dump'!$C$7:$C$80000,\"<=\"&V$9,'Data Dump'!$F$7:$F$80000,$A$4),2)","v":0},{"$f":"ROUND(SUMIFS('Data Dump'!$I$7:$I$80000,'Data Dump'!$J$7:$J$80000,$A96,'Data Dump'!$C$7:$C$80000,\">\"&V$9,'Data Dump'!$C$7:$C$80000,\"<=\"&W$9,'Data Dump'!$F$7:$F$80000,$A$4),2)","v":0}]
["Entertainment",null,{"$f":"ROUND(SUMIFS('Data Dump'!$I$7:$I$80000,'Data Dump'!$J$7:$J$80000,$A97,'Data Dump'!$C$7:$C$80000,\">\"&B$9,'Data Dump'!$C$7:$C$80000,\"<=\"&C$9,'Data Dump'!$F$7:$F$80000,$A$4),2)","v":0},{"$f":"ROUND(SUMIFS('Data Dump'!$I$7:$I$80000,'Data Dump'!$J$7:$J$80000,$A97,'Data Dump'!$C$7:$C$80000,\">\"&C$9,'Data Dump'!$C$7:$C$80000,\"<=\"&D$9,'Data Dump'!$F$7:$F$80000,$A$4),2)","v":0},{"$f":"ROUND(SUMIFS('Data Dump'!$I$7:$I$80000,'Data Dump'!$J$7:$J$80000,$A97,'Data Dump'!$C$7:$C$80000,\">\"&D$9,'Data Dump'!$C$7:$C$80000,\"<=\"&E$9,'Data Dump'!$F$7:$F$80000,$A$4),2)","v":0},{"$f":"ROUND(SUMIFS('Data Dump'!$I$7:$I$80000,'Data Dump'!$J$7:$J$80000,$A97,'Data Dump'!$C$7:$C$80000,\">\"&E$9,'Data Dump'!$C$7:$C$80000,\"<=\"&F$9,'Data Dump'!$F$7:$F$80000,$A$4),2)","v":0},{"$f":"ROUND(SUMIFS('Data Dump'!$I$7:$I$80000,'Data Dump'!$J$7:$J$80000,$A97,'Data Dump'!$C$7:$C$80000,\">\"&F$9,'Data Dump'!$C$7:$C$80000,\"<=\"&G$9,'Data Dump'!$F$7:$F$80000,$A$4),2)","v":0},{"$f":"ROUND(SUMIFS('Data Dump'!$I$7:$I$80000,'Data Dump'!$J$7:$J$80000,$A97,'Data Dump'!$C$7:$C$80000,\">\"&G$9,'Data Dump'!$C$7:$C$80000,\"<=\"&H$9,'Data Dump'!$F$7:$F$80000,$A$4),2)","v":0},{"$f":"ROUND(SUMIFS('Data Dump'!$I$7:$I$80000,'Data Dump'!$J$7:$J$80000,$A97,'Data Dump'!$C$7:$C$80000,\">\"&H$9,'Data Dump'!$C$7:$C$80000,\"<=\"&I$9,'Data Dump'!$F$7:$F$80000,$A$4),2)","v":0},{"$f":"ROUND(SUMIFS('Data Dump'!$I$7:$I$80000,'Data Dump'!$J$7:$J$80000,$A97,'Data Dump'!$C$7:$C$80000,\">\"&I$9,'Data Dump'!$C$7:$C$80000,\"<=\"&J$9,'Data Dump'!$F$7:$F$80000,$A$4),2)","v":0},{"$f":"ROUND(SUMIFS('Data Dump'!$I$7:$I$80000,'Data Dump'!$J$7:$J$80000,$A97,'Data Dump'!$C$7:$C$80000,\">\"&J$9,'Data Dump'!$C$7:$C$80000,\"<=\"&K$9,'Data Dump'!$F$7:$F$80000,$A$4),2)","v":0},{"$f":"ROUND(SUMIFS('Data Dump'!$I$7:$I$80000,'Data Dump'!$J$7:$J$80000,$A97,'Data Dump'!$C$7:$C$80000,\">\"&K$9,'Data Dump'!$C$7:$C$80000,\"<=\"&L$9,'Data Dump'!$F$7:$F$80000,$A$4),2)","v":0},{"$f":"ROUND(SUMIFS('Data Dump'!$I$7:$I$80000,'Data Dump'!$J$7:$J$80000,$A97,'Data Dump'!$C$7:$C$80000,\">\"&L$9,'Data Dump'!$C$7:$C$80000,\"<=\"&M$9,'Data Dump'!$F$7:$F$80000,$A$4),2)","v":0},{"$f":"ROUND(SUMIFS('Data Dump'!$I$7:$I$80000,'Data Dump'!$J$7:$J$80000,$A97,'Data Dump'!$C$7:$C$80000,\">\"&M$9,'Data Dump'!$C$7:$C$80000,\"<=\"&N$9,'Data Dump'!$F$7:$F$80000,$A$4),2)","v":0},{"$f":"ROUND(SUMIFS('Data Dump'!$I$7:$I$80000,'Data Dump'!$J$7:$J$80000,$A97,'Data Dump'!$C$7:$C$80000,\">\"&N$9,'Data Dump'!$C$7:$C$80000,\"<=\"&O$9,'Data Dump'!$F$7:$F$80000,$A$4),2)","v":0},{"$f":"ROUND(SUMIFS('Data Dump'!$I$7:$I$80000,'Data Dump'!$J$7:$J$80000,$A97,'Data Dump'!$C$7:$C$80000,\">\"&O$9,'Data Dump'!$C$7:$C$80000,\"<=\"&P$9,'Data Dump'!$F$7:$F$80000,$A$4),2)","v":0},{"$f":"ROUND(SUMIFS('Data Dump'!$I$7:$I$80000,'Data Dump'!$J$7:$J$80000,$A97,'Data Dump'!$C$7:$C$80000,\">\"&P$9,'Data Dump'!$C$7:$C$80000,\"<=\"&Q$9,'Data Dump'!$F$7:$F$80000,$A$4),2)","v":0},{"$f":"ROUND(SUMIFS('Data Dump'!$I$7:$I$80000,'Data Dump'!$J$7:$J$80000,$A97,'Data Dump'!$C$7:$C$80000,\">\"&Q$9,'Data Dump'!$C$7:$C$80000,\"<=\"&R$9,'Data Dump'!$F$7:$F$80000,$A$4),2)","v":0},{"$f":"ROUND(SUMIFS('Data Dump'!$I$7:$I$80000,'Data Dump'!$J$7:$J$80000,$A97,'Data Dump'!$C$7:$C$80000,\">\"&R$9,'Data Dump'!$C$7:$C$80000,\"<=\"&S$9,'Data Dump'!$F$7:$F$80000,$A$4),2)","v":0},{"$f":"ROUND(SUMIFS('Data Dump'!$I$7:$I$80000,'Data Dump'!$J$7:$J$80000,$A97,'Data Dump'!$C$7:$C$80000,\">\"&S$9,'Data Dump'!$C$7:$C$80000,\"<=\"&T$9,'Data Dump'!$F$7:$F$80000,$A$4),2)","v":0},{"$f":"ROUND(SUMIFS('Data Dump'!$I$7:$I$80000,'Data Dump'!$J$7:$J$80000,$A97,'Data Dump'!$C$7:$C$80000,\">\"&T$9,'Data Dump'!$C$7:$C$80000,\"<=\"&U$9,'Data Dump'!$F$7:$F$80000,$A$4),2)","v":0},{"$f":"ROUND(SUMIFS('Data Dump'!$I$7:$I$80000,'Data Dump'!$J$7:$J$80000,$A97,'Data Dump'!$C$7:$C$80000,\">\"&U$9,'Data Dump'!$C$7:$C$80000,\"<=\"&V$9,'Data Dump'!$F$7:$F$80000,$A$4),2)","v":0},{"$f":"ROUND(SUMIFS('Data Dump'!$I$7:$I$80000,'Data Dump'!$J$7:$J$80000,$A97,'Data Dump'!$C$7:$C$80000,\">\"&V$9,'Data Dump'!$C$7:$C$80000,\"<=\"&W$9,'Data Dump'!$F$7:$F$80000,$A$4),2)","v":0}]
["Transportation",null,{"$f":"ROUND(SUMIFS('Data Dump'!$I$7:$I$80000,'Data Dump'!$J$7:$J$80000,$A98,'Data Dump'!$C$7:$C$80000,\">\"&B$9,'Data Dump'!$C$7:$C$80000,\"<=\"&C$9,'Data Dump'!$F$7:$F$80000,$A$4),2)","v":0},{"$f":"ROUND(SUMIFS('Data Dump'!$I$7:$I$80000,'Data Dump'!$J$7:$J$80000,$A98,'Data Dump'!$C$7:$C$80000,\">\"&C$9,'Data Dump'!$C$7:$C$80000,\"<=\"&D$9,'Data Dump'!$F$7:$F$80000,$A$4),2)","v":0},{"$f":"ROUND(SUMIFS('Data Dump'!$I$7:$I$80000,'Data Dump'!$J$7:$J$80000,$A98,'Data Dump'!$C$7:$C$80000,\">\"&D$9,'Data Dump'!$C$7:$C$80000,\"<=\"&E$9,'Data Dump'!$F$7:$F$80000,$A$4),2)","v":0},{"$f":"ROUND(SUMIFS('Data Dump'!$I$7:$I$80000,'Data Dump'!$J$7:$J$80000,$A98,'Data Dump'!$C$7:$C$80000,\">\"&E$9,'Data Dump'!$C$7:$C$80000,\"<=\"&F$9,'Data Dump'!$F$7:$F$80000,$A$4),2)","v":0},{"$f":"ROUND(SUMIFS('Data Dump'!$I$7:$I$80000,'Data Dump'!$J$7:$J$80000,$A98,'Data Dump'!$C$7:$C$80000,\">\"&F$9,'Data Dump'!$C$7:$C$80000,\"<=\"&G$9,'Data Dump'!$F$7:$F$80000,$A$4),2)","v":0},{"$f":"ROUND(SUMIFS('Data Dump'!$I$7:$I$80000,'Data Dump'!$J$7:$J$80000,$A98,'Data Dump'!$C$7:$C$80000,\">\"&G$9,'Data Dump'!$C$7:$C$80000,\"<=\"&H$9,'Data Dump'!$F$7:$F$80000,$A$4),2)","v":0},{"$f":"ROUND(SUMIFS('Data Dump'!$I$7:$I$80000,'Data Dump'!$J$7:$J$80000,$A98,'Data Dump'!$C$7:$C$80000,\">\"&H$9,'Data Dump'!$C$7:$C$80000,\"<=\"&I$9,'Data Dump'!$F$7:$F$80000,$A$4),2)","v":0},{"$f":"ROUND(SUMIFS('Data Dump'!$I$7:$I$80000,'Data Dump'!$J$7:$J$80000,$A98,'Data Dump'!$C$7:$C$80000,\">\"&I$9,'Data Dump'!$C$7:$C$80000,\"<=\"&J$9,'Data Dump'!$F$7:$F$80000,$A$4),2)","v":0},{"$f":"ROUND(SUMIFS('Data Dump'!$I$7:$I$80000,'Data Dump'!$J$7:$J$80000,$A98,'Data Dump'!$C$7:$C$80000,\">\"&J$9,'Data Dump'!$C$7:$C$80000,\"<=\"&K$9,'Data Dump'!$F$7:$F$80000,$A$4),2)","v":0},{"$f":"ROUND(SUMIFS('Data Dump'!$I$7:$I$80000,'Data Dump'!$J$7:$J$80000,$A98,'Data Dump'!$C$7:$C$80000,\">\"&K$9,'Data Dump'!$C$7:$C$80000,\"<=\"&L$9,'Data Dump'!$F$7:$F$80000,$A$4),2)","v":0},{"$f":"ROUND(SUMIFS('Data Dump'!$I$7:$I$80000,'Data Dump'!$J$7:$J$80000,$A98,'Data Dump'!$C$7:$C$80000,\">\"&L$9,'Data Dump'!$C$7:$C$80000,\"<=\"&M$9,'Data Dump'!$F$7:$F$80000,$A$4),2)","v":0},{"$f":"ROUND(SUMIFS('Data Dump'!$I$7:$I$80000,'Data Dump'!$J$7:$J$80000,$A98,'Data Dump'!$C$7:$C$80000,\">\"&M$9,'Data Dump'!$C$7:$C$80000,\"<=\"&N$9,'Data Dump'!$F$7:$F$80000,$A$4),2)","v":0},{"$f":"ROUND(SUMIFS('Data Dump'!$I$7:$I$80000,'Data Dump'!$J$7:$J$80000,$A98,'Data Dump'!$C$7:$C$80000,\">\"&N$9,'Data Dump'!$C$7:$C$80000,\"<=\"&O$9,'Data Dump'!$F$7:$F$80000,$A$4),2)","v":0},{"$f":"ROUND(SUMIFS('Data Dump'!$I$7:$I$80000,'Data Dump'!$J$7:$J$80000,$A98,'Data Dump'!$C$7:$C$80000,\">\"&O$9,'Data Dump'!$C$7:$C$80000,\"<=\"&P$9,'Data Dump'!$F$7:$F$80000,$A$4),2)","v":0},{"$f":"ROUND(SUMIFS('Data Dump'!$I$7:$I$80000,'Data Dump'!$J$7:$J$80000,$A98,'Data Dump'!$C$7:$C$80000,\">\"&P$9,'Data Dump'!$C$7:$C$80000,\"<=\"&Q$9,'Data Dump'!$F$7:$F$80000,$A$4),2)","v":0},{"$f":"ROUND(SUMIFS('Data Dump'!$I$7:$I$80000,'Data Dump'!$J$7:$J$80000,$A98,'Data Dump'!$C$7:$C$80000,\">\"&Q$9,'Data Dump'!$C$7:$C$80000,\"<=\"&R$9,'Data Dump'!$F$7:$F$80000,$A$4),2)","v":0},{"$f":"ROUND(SUMIFS('Data Dump'!$I$7:$I$80000,'Data Dump'!$J$7:$J$80000,$A98,'Data Dump'!$C$7:$C$80000,\">\"&R$9,'Data Dump'!$C$7:$C$80000,\"<=\"&S$9,'Data Dump'!$F$7:$F$80000,$A$4),2)","v":0},{"$f":"ROUND(SUMIFS('Data Dump'!$I$7:$I$80000,'Data Dump'!$J$7:$J$80000,$A98,'Data Dump'!$C$7:$C$80000,\">\"&S$9,'Data Dump'!$C$7:$C$80000,\"<=\"&T$9,'Data Dump'!$F$7:$F$80000,$A$4),2)","v":0},{"$f":"ROUND(SUMIFS('Data Dump'!$I$7:$I$80000,'Data Dump'!$J$7:$J$80000,$A98,'Data Dump'!$C$7:$C$80000,\">\"&T$9,'Data Dump'!$C$7:$C$80000,\"<=\"&U$9,'Data Dump'!$F$7:$F$80000,$A$4),2)","v":0},{"$f":"ROUND(SUMIFS('Data Dump'!$I$7:$I$80000,'Data Dump'!$J$7:$J$80000,$A98,'Data Dump'!$C$7:$C$80000,\">\"&U$9,'Data Dump'!$C$7:$C$80000,\"<=\"&V$9,'Data Dump'!$F$7:$F$80000,$A$4),2)","v":0},{"$f":"ROUND(SUMIFS('Data Dump'!$I$7:$I$80000,'Data Dump'!$J$7:$J$80000,$A98,'Data Dump'!$C$7:$C$80000,\">\"&V$9,'Data Dump'!$C$7:$C$80000,\"<=\"&W$9,'Data Dump'!$F$7:$F$80000,$A$4),2)","v":0}]
["Other Travel",null,{"$f":"ROUND(SUMIFS('Data Dump'!$I$7:$I$80000,'Data Dump'!$J$7:$J$80000,$A99,'Data Dump'!$C$7:$C$80000,\">\"&B$9,'Data Dump'!$C$7:$C$80000,\"<=\"&C$9,'Data Dump'!$F$7:$F$80000,$A$4),2)","v":0},{"$f":"ROUND(SUMIFS('Data Dump'!$I$7:$I$80000,'Data Dump'!$J$7:$J$80000,$A99,'Data Dump'!$C$7:$C$80000,\">\"&C$9,'Data Dump'!$C$7:$C$80000,\"<=\"&D$9,'Data Dump'!$F$7:$F$80000,$A$4),2)","v":0},{"$f":"ROUND(SUMIFS('Data Dump'!$I$7:$I$80000,'Data Dump'!$J$7:$J$80000,$A99,'Data Dump'!$C$7:$C$80000,\">\"&D$9,'Data Dump'!$C$7:$C$80000,\"<=\"&E$9,'Data Dump'!$F$7:$F$80000,$A$4),2)","v":0},{"$f":"ROUND(SUMIFS('Data Dump'!$I$7:$I$80000,'Data Dump'!$J$7:$J$80000,$A99,'Data Dump'!$C$7:$C$80000,\">\"&E$9,'Data Dump'!$C$7:$C$80000,\"<=\"&F$9,'Data Dump'!$F$7:$F$80000,$A$4),2)","v":0},{"$f":"ROUND(SUMIFS('Data Dump'!$I$7:$I$80000,'Data Dump'!$J$7:$J$80000,$A99,'Data Dump'!$C$7:$C$80000,\">\"&F$9,'Data Dump'!$C$7:$C$80000,\"<=\"&G$9,'Data Dump'!$F$7:$F$80000,$A$4),2)","v":0},{"$f":"ROUND(SUMIFS('Data Dump'!$I$7:$I$80000,'Data Dump'!$J$7:$J$80000,$A99,'Data Dump'!$C$7:$C$80000,\">\"&G$9,'Data Dump'!$C$7:$C$80000,\"<=\"&H$9,'Data Dump'!$F$7:$F$80000,$A$4),2)","v":0},{"$f":"ROUND(SUMIFS('Data Dump'!$I$7:$I$80000,'Data Dump'!$J$7:$J$80000,$A99,'Data Dump'!$C$7:$C$80000,\">\"&H$9,'Data Dump'!$C$7:$C$80000,\"<=\"&I$9,'Data Dump'!$F$7:$F$80000,$A$4),2)","v":0},{"$f":"ROUND(SUMIFS('Data Dump'!$I$7:$I$80000,'Data Dump'!$J$7:$J$80000,$A99,'Data Dump'!$C$7:$C$80000,\">\"&I$9,'Data Dump'!$C$7:$C$80000,\"<=\"&J$9,'Data Dump'!$F$7:$F$80000,$A$4),2)","v":0},{"$f":"ROUND(SUMIFS('Data Dump'!$I$7:$I$80000,'Data Dump'!$J$7:$J$80000,$A99,'Data Dump'!$C$7:$C$80000,\">\"&J$9,'Data Dump'!$C$7:$C$80000,\"<=\"&K$9,'Data Dump'!$F$7:$F$80000,$A$4),2)","v":0},{"$f":"ROUND(SUMIFS('Data Dump'!$I$7:$I$80000,'Data Dump'!$J$7:$J$80000,$A99,'Data Dump'!$C$7:$C$80000,\">\"&K$9,'Data Dump'!$C$7:$C$80000,\"<=\"&L$9,'Data Dump'!$F$7:$F$80000,$A$4),2)","v":0},{"$f":"ROUND(SUMIFS('Data Dump'!$I$7:$I$80000,'Data Dump'!$J$7:$J$80000,$A99,'Data Dump'!$C$7:$C$80000,\">\"&L$9,'Data Dump'!$C$7:$C$80000,\"<=\"&M$9,'Data Dump'!$F$7:$F$80000,$A$4),2)","v":0},{"$f":"ROUND(SUMIFS('Data Dump'!$I$7:$I$80000,'Data Dump'!$J$7:$J$80000,$A99,'Data Dump'!$C$7:$C$80000,\">\"&M$9,'Data Dump'!$C$7:$C$80000,\"<=\"&N$9,'Data Dump'!$F$7:$F$80000,$A$4),2)","v":0},{"$f":"ROUND(SUMIFS('Data Dump'!$I$7:$I$80000,'Data Dump'!$J$7:$J$80000,$A99,'Data Dump'!$C$7:$C$80000,\">\"&N$9,'Data Dump'!$C$7:$C$80000,\"<=\"&O$9,'Data Dump'!$F$7:$F$80000,$A$4),2)","v":0},{"$f":"ROUND(SUMIFS('Data Dump'!$I$7:$I$80000,'Data Dump'!$J$7:$J$80000,$A99,'Data Dump'!$C$7:$C$80000,\">\"&O$9,'Data Dump'!$C$7:$C$80000,\"<=\"&P$9,'Data Dump'!$F$7:$F$80000,$A$4),2)","v":0},{"$f":"ROUND(SUMIFS('Data Dump'!$I$7:$I$80000,'Data Dump'!$J$7:$J$80000,$A99,'Data Dump'!$C$7:$C$80000,\">\"&P$9,'Data Dump'!$C$7:$C$80000,\"<=\"&Q$9,'Data Dump'!$F$7:$F$80000,$A$4),2)","v":0},{"$f":"ROUND(SUMIFS('Data Dump'!$I$7:$I$80000,'Data Dump'!$J$7:$J$80000,$A99,'Data Dump'!$C$7:$C$80000,\">\"&Q$9,'Data Dump'!$C$7:$C$80000,\"<=\"&R$9,'Data Dump'!$F$7:$F$80000,$A$4),2)","v":0},{"$f":"ROUND(SUMIFS('Data Dump'!$I$7:$I$80000,'Data Dump'!$J$7:$J$80000,$A99,'Data Dump'!$C$7:$C$80000,\">\"&R$9,'Data Dump'!$C$7:$C$80000,\"<=\"&S$9,'Data Dump'!$F$7:$F$80000,$A$4),2)","v":0},{"$f":"ROUND(SUMIFS('Data Dump'!$I$7:$I$80000,'Data Dump'!$J$7:$J$80000,$A99,'Data Dump'!$C$7:$C$80000,\">\"&S$9,'Data Dump'!$C$7:$C$80000,\"<=\"&T$9,'Data Dump'!$F$7:$F$80000,$A$4),2)","v":0},{"$f":"ROUND(SUMIFS('Data Dump'!$I$7:$I$80000,'Data Dump'!$J$7:$J$80000,$A99,'Data Dump'!$C$7:$C$80000,\">\"&T$9,'Data Dump'!$C$7:$C$80000,\"<=\"&U$9,'Data Dump'!$F$7:$F$80000,$A$4),2)","v":0},{"$f":"ROUND(SUMIFS('Data Dump'!$I$7:$I$80000,'Data Dump'!$J$7:$J$80000,$A99,'Data Dump'!$C$7:$C$80000,\">\"&U$9,'Data Dump'!$C$7:$C$80000,\"<=\"&V$9,'Data Dump'!$F$7:$F$80000,$A$4),2)","v":0},{"$f":"ROUND(SUMIFS('Data Dump'!$I$7:$I$80000,'Data Dump'!$J$7:$J$80000,$A99,'Data Dump'!$C$7:$C$80000,\">\"&V$9,'Data Dump'!$C$7:$C$80000,\"<=\"&W$9,'Data Dump'!$F$7:$F$80000,$A$4),2)","v":0}]
[null,"=","=","=","=","=","=","=","=","=","=","=","=","=","=","=","=","=","=","=","=","=","="]
["TOTAL TRAVEL & ENT EXPENSE",null,{"$f":"SUM(C94:C99)","v":0},0,0,0,0,0,0,0,0,0,0,0,{"$f":"SUM(O94:O99)","v":0},0,0,0,0,0,0,0,0]
[null,"=","=","=","=","=","=","=","=","=","=","=","=","=","=","=","=","=","=","=","=","=","="]
["MISC EXPENSES"]
[]
["Taxes & Licenses",null,{"$f":"ROUND(SUMIFS('Data Dump'!$I$7:$I$80000,'Data Dump'!$J$7:$J$80000,$A105,'Data Dump'!$C$7:$C$80000,\">\"&B$9,'Data Dump'!$C$7:$C$80000,\"<=\"&C$9,'Data Dump'!$F$7:$F$80000,$A$4),2)","v":0},{"$f":"ROUND(SUMIFS('Data Dump'!$I$7:$I$80000,'Data Dump'!$J$7:$J$80000,$A105,'Data Dump'!$C$7:$C$80000,\">\"&C$9,'Data Dump'!$C$7:$C$80000,\"<=\"&D$9,'Data Dump'!$F$7:$F$80000,$A$4),2)","v":0},{"$f":"ROUND(SUMIFS('Data Dump'!$I$7:$I$80000,'Data Dump'!$J$7:$J$80000,$A105,'Data Dump'!$C$7:$C$80000,\">\"&D$9,'Data Dump'!$C$7:$C$80000,\"<=\"&E$9,'Data Dump'!$F$7:$F$80000,$A$4),2)","v":0},{"$f":"ROUND(SUMIFS('Data Dump'!$I$7:$I$80000,'Data Dump'!$J$7:$J$80000,$A105,'Data Dump'!$C$7:$C$80000,\">\"&E$9,'Data Dump'!$C$7:$C$80000,\"<=\"&F$9,'Data Dump'!$F$7:$F$80000,$A$4),2)","v":0},{"$f":"ROUND(SUMIFS('Data Dump'!$I$7:$I$80000,'Data Dump'!$J$7:$J$80000,$A105,'Data Dump'!$C$7:$C$80000,\">\"&F$9,'Data Dump'!$C$7:$C$80000,\"<=\"&G$9,'Data Dump'!$F$7:$F$80000,$A$4),2)","v":0},{"$f":"ROUND(SUMIFS('Data Dump'!$I$7:$I$80000,'Data Dump'!$J$7:$J$80000,$A105,'Data Dump'!$C$7:$C$80000,\">\"&G$9,'Data Dump'!$C$7:$C$80000,\"<=\"&H$9,'Data Dump'!$F$7:$F$80000,$A$4),2)","v":0},{"$f":"ROUND(SUMIFS('Data Dump'!$I$7:$I$80000,'Data Dump'!$J$7:$J$80000,$A105,'Data Dump'!$C$7:$C$80000,\">\"&H$9,'Data Dump'!$C$7:$C$80000,\"<=\"&I$9,'Data Dump'!$F$7:$F$80000,$A$4),2)","v":0},{"$f":"ROUND(SUMIFS('Data Dump'!$I$7:$I$80000,'Data Dump'!$J$7:$J$80000,$A105,'Data Dump'!$C$7:$C$80000,\">\"&I$9,'Data Dump'!$C$7:$C$80000,\"<=\"&J$9,'Data Dump'!$F$7:$F$80000,$A$4),2)","v":0},{"$f":"ROUND(SUMIFS('Data Dump'!$I$7:$I$80000,'Data Dump'!$J$7:$J$80000,$A105,'Data Dump'!$C$7:$C$80000,\">\"&J$9,'Data Dump'!$C$7:$C$80000,\"<=\"&K$9,'Data Dump'!$F$7:$F$80000,$A$4),2)","v":0},{"$f":"ROUND(SUMIFS('Data Dump'!$I$7:$I$80000,'Data Dump'!$J$7:$J$80000,$A105,'Data Dump'!$C$7:$C$80000,\">\"&K$9,'Data Dump'!$C$7:$C$80000,\"<=\"&L$9,'Data Dump'!$F$7:$F$80000,$A$4),2)","v":0},{"$f":"ROUND(SUMIFS('Data Dump'!$I$7:$I$80000,'Data Dump'!$J$7:$J$80000,$A105,'Data Dump'!$C$7:$C$80000,\">\"&L$9,'Data Dump'!$C$7:$C$80000,\"<=\"&M$9,'Data Dump'!$F$7:$F$80000,$A$4),2)","v":0},{"$f":"ROUND(SUMIFS('Data Dump'!$I$7:$I$80000,'Data Dump'!$J$7:$J$80000,$A105,'Data Dump'!$C$7:$C$80000,\">\"&M$9,'Data Dump'!$C$7:$C$80000,\"<=\"&N$9,'Data Dump'!$F$7:$F$80000,$A$4),2)","v":0},{"$f":"ROUND(SUMIFS('Data Dump'!$I$7:$I$80000,'Data Dump'!$J$7:$J$80000,$A105,'Data Dump'!$C$7:$C$80000,\">\"&N$9,'Data Dump'!$C$7:$C$80000,\"<=\"&O$9,'Data Dump'!$F$7:$F$80000,$A$4),2)","v":0},{"$f":"ROUND(SUMIFS('Data Dump'!$I$7:$I$80000,'Data Dump'!$J$7:$J$80000,$A105,'Data Dump'!$C$7:$C$80000,\">\"&O$9,'Data Dump'!$C$7:$C$80000,\"<=\"&P$9,'Data Dump'!$F$7:$F$80000,$A$4),2)","v":0},{"$f":"ROUND(SUMIFS('Data Dump'!$I$7:$I$80000,'Data Dump'!$J$7:$J$80000,$A105,'Data Dump'!$C$7:$C$80000,\">\"&P$9,'Data Dump'!$C$7:$C$80000,\"<=\"&Q$9,'Data Dump'!$F$7:$F$80000,$A$4),2)","v":0},{"$f":"ROUND(SUMIFS('Data Dump'!$I$7:$I$80000,'Data Dump'!$J$7:$J$80000,$A105,'Data Dump'!$C$7:$C$80000,\">\"&Q$9,'Data Dump'!$C$7:$C$80000,\"<=\"&R$9,'Data Dump'!$F$7:$F$80000,$A$4),2)","v":0},{"$f":"ROUND(SUMIFS('Data Dump'!$I$7:$I$80000,'Data Dump'!$J$7:$J$80000,$A105,'Data Dump'!$C$7:$C$80000,\">\"&R$9,'Data Dump'!$C$7:$C$80000,\"<=\"&S$9,'Data Dump'!$F$7:$F$80000,$A$4),2)","v":0},{"$f":"ROUND(SUMIFS('Data Dump'!$I$7:$I$80000,'Data Dump'!$J$7:$J$80000,$A105,'Data Dump'!$C$7:$C$80000,\">\"&S$9,'Data Dump'!$C$7:$C$80000,\"<=\"&T$9,'Data Dump'!$F$7:$F$80000,$A$4),2)","v":0},{"$f":"ROUND(SUMIFS('Data Dump'!$I$7:$I$80000,'Data Dump'!$J$7:$J$80000,$A105,'Data Dump'!$C$7:$C$80000,\">\"&T$9,'Data Dump'!$C$7:$C$80000,\"<=\"&U$9,'Data Dump'!$F$7:$F$80000,$A$4),2)","v":0},{"$f":"ROUND(SUMIFS('Data Dump'!$I$7:$I$80000,'Data Dump'!$J$7:$J$80000,$A105,'Data Dump'!$C$7:$C$80000,\">\"&U$9,'Data Dump'!$C$7:$C$80000,\"<=\"&V$9,'Data Dump'!$F$7:$F$80000,$A$4),2)","v":0},{"$f":"ROUND(SUMIFS('Data Dump'!$I$7:$I$80000,'Data Dump'!$J$7:$J$80000,$A105,'Data Dump'!$C$7:$C$80000,\">\"&V$9,'Data Dump'!$C$7:$C$80000,\"<=\"&W$9,'Data Dump'!$F$7:$F$80000,$A$4),2)","v":0}]
["Bad Debt Expense",null,{"$f":"ROUND(SUMIFS('Data Dump'!$I$7:$I$80000,'Data Dump'!$J$7:$J$80000,$A106,'Data Dump'!$C$7:$C$80000,\">\"&B$9,'Data Dump'!$C$7:$C$80000,\"<=\"&C$9,'Data Dump'!$F$7:$F$80000,$A$4),2)","v":0},{"$f":"ROUND(SUMIFS('Data Dump'!$I$7:$I$80000,'Data Dump'!$J$7:$J$80000,$A106,'Data Dump'!$C$7:$C$80000,\">\"&C$9,'Data Dump'!$C$7:$C$80000,\"<=\"&D$9,'Data Dump'!$F$7:$F$80000,$A$4),2)","v":0},{"$f":"ROUND(SUMIFS('Data Dump'!$I$7:$I$80000,'Data Dump'!$J$7:$J$80000,$A106,'Data Dump'!$C$7:$C$80000,\">\"&D$9,'Data Dump'!$C$7:$C$80000,\"<=\"&E$9,'Data Dump'!$F$7:$F$80000,$A$4),2)","v":0},{"$f":"ROUND(SUMIFS('Data Dump'!$I$7:$I$80000,'Data Dump'!$J$7:$J$80000,$A106,'Data Dump'!$C$7:$C$80000,\">\"&E$9,'Data Dump'!$C$7:$C$80000,\"<=\"&F$9,'Data Dump'!$F$7:$F$80000,$A$4),2)","v":0},{"$f":"ROUND(SUMIFS('Data Dump'!$I$7:$I$80000,'Data Dump'!$J$7:$J$80000,$A106,'Data Dump'!$C$7:$C$80000,\">\"&F$9,'Data Dump'!$C$7:$C$80000,\"<=\"&G$9,'Data Dump'!$F$7:$F$80000,$A$4),2)","v":0},{"$f":"ROUND(SUMIFS('Data Dump'!$I$7:$I$80000,'Data Dump'!$J$7:$J$80000,$A106,'Data Dump'!$C$7:$C$80000,\">\"&G$9,'Data Dump'!$C$7:$C$80000,\"<=\"&H$9,'Data Dump'!$F$7:$F$80000,$A$4),2)","v":0},{"$f":"ROUND(SUMIFS('Data Dump'!$I$7:$I$80000,'Data Dump'!$J$7:$J$80000,$A106,'Data Dump'!$C$7:$C$80000,\">\"&H$9,'Data Dump'!$C$7:$C$80000,\"<=\"&I$9,'Data Dump'!$F$7:$F$80000,$A$4),2)","v":0},{"$f":"ROUND(SUMIFS('Data Dump'!$I$7:$I$80000,'Data Dump'!$J$7:$J$80000,$A106,'Data Dump'!$C$7:$C$80000,\">\"&I$9,'Data Dump'!$C$7:$C$80000,\"<=\"&J$9,'Data Dump'!$F$7:$F$80000,$A$4),2)","v":0},{"$f":"ROUND(SUMIFS('Data Dump'!$I$7:$I$80000,'Data Dump'!$J$7:$J$80000,$A106,'Data Dump'!$C$7:$C$80000,\">\"&J$9,'Data Dump'!$C$7:$C$80000,\"<=\"&K$9,'Data Dump'!$F$7:$F$80000,$A$4),2)","v":0},{"$f":"ROUND(SUMIFS('Data Dump'!$I$7:$I$80000,'Data Dump'!$J$7:$J$80000,$A106,'Data Dump'!$C$7:$C$80000,\">\"&K$9,'Data Dump'!$C$7:$C$80000,\"<=\"&L$9,'Data Dump'!$F$7:$F$80000,$A$4),2)","v":0},{"$f":"ROUND(SUMIFS('Data Dump'!$I$7:$I$80000,'Data Dump'!$J$7:$J$80000,$A106,'Data Dump'!$C$7:$C$80000,\">\"&L$9,'Data Dump'!$C$7:$C$80000,\"<=\"&M$9,'Data Dump'!$F$7:$F$80000,$A$4),2)","v":0},{"$f":"ROUND(SUMIFS('Data Dump'!$I$7:$I$80000,'Data Dump'!$J$7:$J$80000,$A106,'Data Dump'!$C$7:$C$80000,\">\"&M$9,'Data Dump'!$C$7:$C$80000,\"<=\"&N$9,'Data Dump'!$F$7:$F$80000,$A$4),2)","v":0},{"$f":"ROUND(SUMIFS('Data Dump'!$I$7:$I$80000,'Data Dump'!$J$7:$J$80000,$A106,'Data Dump'!$C$7:$C$80000,\">\"&N$9,'Data Dump'!$C$7:$C$80000,\"<=\"&O$9,'Data Dump'!$F$7:$F$80000,$A$4),2)","v":0},{"$f":"ROUND(SUMIFS('Data Dump'!$I$7:$I$80000,'Data Dump'!$J$7:$J$80000,$A106,'Data Dump'!$C$7:$C$80000,\">\"&O$9,'Data Dump'!$C$7:$C$80000,\"<=\"&P$9,'Data Dump'!$F$7:$F$80000,$A$4),2)","v":0},{"$f":"ROUND(SUMIFS('Data Dump'!$I$7:$I$80000,'Data Dump'!$J$7:$J$80000,$A106,'Data Dump'!$C$7:$C$80000,\">\"&P$9,'Data Dump'!$C$7:$C$80000,\"<=\"&Q$9,'Data Dump'!$F$7:$F$80000,$A$4),2)","v":0},{"$f":"ROUND(SUMIFS('Data Dump'!$I$7:$I$80000,'Data Dump'!$J$7:$J$80000,$A106,'Data Dump'!$C$7:$C$80000,\">\"&Q$9,'Data Dump'!$C$7:$C$80000,\"<=\"&R$9,'Data Dump'!$F$7:$F$80000,$A$4),2)","v":0},{"$f":"ROUND(SUMIFS('Data Dump'!$I$7:$I$80000,'Data Dump'!$J$7:$J$80000,$A106,'Data Dump'!$C$7:$C$80000,\">\"&R$9,'Data Dump'!$C$7:$C$80000,\"<=\"&S$9,'Data Dump'!$F$7:$F$80000,$A$4),2)","v":0},{"$f":"ROUND(SUMIFS('Data Dump'!$I$7:$I$80000,'Data Dump'!$J$7:$J$80000,$A106,'Data Dump'!$C$7:$C$80000,\">\"&S$9,'Data Dump'!$C$7:$C$80000,\"<=\"&T$9,'Data Dump'!$F$7:$F$80000,$A$4),2)","v":0},{"$f":"ROUND(SUMIFS('Data Dump'!$I$7:$I$80000,'Data Dump'!$J$7:$J$80000,$A106,'Data Dump'!$C$7:$C$80000,\">\"&T$9,'Data Dump'!$C$7:$C$80000,\"<=\"&U$9,'Data Dump'!$F$7:$F$80000,$A$4),2)","v":0},{"$f":"ROUND(SUMIFS('Data Dump'!$I$7:$I$80000,'Data Dump'!$J$7:$J$80000,$A106,'Data Dump'!$C$7:$C$80000,\">\"&U$9,'Data Dump'!$C$7:$C$80000,\"<=\"&V$9,'Data Dump'!$F$7:$F$80000,$A$4),2)","v":0},{"$f":"ROUND(SUMIFS('Data Dump'!$I$7:$I$80000,'Data Dump'!$J$7:$J$80000,$A106,'Data Dump'!$C$7:$C$80000,\">\"&V$9,'Data Dump'!$C$7:$C$80000,\"<=\"&W$9,'Data Dump'!$F$7:$F$80000,$A$4),2)","v":0}]
["Bank Service Charges",null,{"$f":"ROUND(SUMIFS('Data Dump'!$I$7:$I$80000,'Data Dump'!$J$7:$J$80000,$A107,'Data Dump'!$C$7:$C$80000,\">\"&B$9,'Data Dump'!$C$7:$C$80000,\"<=\"&C$9,'Data Dump'!$F$7:$F$80000,$A$4),2)","v":0},{"$f":"ROUND(SUMIFS('Data Dump'!$I$7:$I$80000,'Data Dump'!$J$7:$J$80000,$A107,'Data Dump'!$C$7:$C$80000,\">\"&C$9,'Data Dump'!$C$7:$C$80000,\"<=\"&D$9,'Data Dump'!$F$7:$F$80000,$A$4),2)","v":0},{"$f":"ROUND(SUMIFS('Data Dump'!$I$7:$I$80000,'Data Dump'!$J$7:$J$80000,$A107,'Data Dump'!$C$7:$C$80000,\">\"&D$9,'Data Dump'!$C$7:$C$80000,\"<=\"&E$9,'Data Dump'!$F$7:$F$80000,$A$4),2)","v":0},{"$f":"ROUND(SUMIFS('Data Dump'!$I$7:$I$80000,'Data Dump'!$J$7:$J$80000,$A107,'Data Dump'!$C$7:$C$80000,\">\"&E$9,'Data Dump'!$C$7:$C$80000,\"<=\"&F$9,'Data Dump'!$F$7:$F$80000,$A$4),2)","v":0},{"$f":"ROUND(SUMIFS('Data Dump'!$I$7:$I$80000,'Data Dump'!$J$7:$J$80000,$A107,'Data Dump'!$C$7:$C$80000,\">\"&F$9,'Data Dump'!$C$7:$C$80000,\"<=\"&G$9,'Data Dump'!$F$7:$F$80000,$A$4),2)","v":0},{"$f":"ROUND(SUMIFS('Data Dump'!$I$7:$I$80000,'Data Dump'!$J$7:$J$80000,$A107,'Data Dump'!$C$7:$C$80000,\">\"&G$9,'Data Dump'!$C$7:$C$80000,\"<=\"&H$9,'Data Dump'!$F$7:$F$80000,$A$4),2)","v":0},{"$f":"ROUND(SUMIFS('Data Dump'!$I$7:$I$80000,'Data Dump'!$J$7:$J$80000,$A107,'Data Dump'!$C$7:$C$80000,\">\"&H$9,'Data Dump'!$C$7:$C$80000,\"<=\"&I$9,'Data Dump'!$F$7:$F$80000,$A$4),2)","v":0},{"$f":"ROUND(SUMIFS('Data Dump'!$I$7:$I$80000,'Data Dump'!$J$7:$J$80000,$A107,'Data Dump'!$C$7:$C$80000,\">\"&I$9,'Data Dump'!$C$7:$C$80000,\"<=\"&J$9,'Data Dump'!$F$7:$F$80000,$A$4),2)","v":0},{"$f":"ROUND(SUMIFS('Data Dump'!$I$7:$I$80000,'Data Dump'!$J$7:$J$80000,$A107,'Data Dump'!$C$7:$C$80000,\">\"&J$9,'Data Dump'!$C$7:$C$80000,\"<=\"&K$9,'Data Dump'!$F$7:$F$80000,$A$4),2)","v":0},{"$f":"ROUND(SUMIFS('Data Dump'!$I$7:$I$80000,'Data Dump'!$J$7:$J$80000,$A107,'Data Dump'!$C$7:$C$80000,\">\"&K$9,'Data Dump'!$C$7:$C$80000,\"<=\"&L$9,'Data Dump'!$F$7:$F$80000,$A$4),2)","v":0},{"$f":"ROUND(SUMIFS('Data Dump'!$I$7:$I$80000,'Data Dump'!$J$7:$J$80000,$A107,'Data Dump'!$C$7:$C$80000,\">\"&L$9,'Data Dump'!$C$7:$C$80000,\"<=\"&M$9,'Data Dump'!$F$7:$F$80000,$A$4),2)","v":0},{"$f":"ROUND(SUMIFS('Data Dump'!$I$7:$I$80000,'Data Dump'!$J$7:$J$80000,$A107,'Data Dump'!$C$7:$C$80000,\">\"&M$9,'Data Dump'!$C$7:$C$80000,\"<=\"&N$9,'Data Dump'!$F$7:$F$80000,$A$4),2)","v":0},{"$f":"ROUND(SUMIFS('Data Dump'!$I$7:$I$80000,'Data Dump'!$J$7:$J$80000,$A107,'Data Dump'!$C$7:$C$80000,\">\"&N$9,'Data Dump'!$C$7:$C$80000,\"<=\"&O$9,'Data Dump'!$F$7:$F$80000,$A$4),2)","v":0},{"$f":"ROUND(SUMIFS('Data Dump'!$I$7:$I$80000,'Data Dump'!$J$7:$J$80000,$A107,'Data Dump'!$C$7:$C$80000,\">\"&O$9,'Data Dump'!$C$7:$C$80000,\"<=\"&P$9,'Data Dump'!$F$7:$F$80000,$A$4),2)","v":0},{"$f":"ROUND(SUMIFS('Data Dump'!$I$7:$I$80000,'Data Dump'!$J$7:$J$80000,$A107,'Data Dump'!$C$7:$C$80000,\">\"&P$9,'Data Dump'!$C$7:$C$80000,\"<=\"&Q$9,'Data Dump'!$F$7:$F$80000,$A$4),2)","v":0},{"$f":"ROUND(SUMIFS('Data Dump'!$I$7:$I$80000,'Data Dump'!$J$7:$J$80000,$A107,'Data Dump'!$C$7:$C$80000,\">\"&Q$9,'Data Dump'!$C$7:$C$80000,\"<=\"&R$9,'Data Dump'!$F$7:$F$80000,$A$4),2)","v":0},{"$f":"ROUND(SUMIFS('Data Dump'!$I$7:$I$80000,'Data Dump'!$J$7:$J$80000,$A107,'Data Dump'!$C$7:$C$80000,\">\"&R$9,'Data Dump'!$C$7:$C$80000,\"<=\"&S$9,'Data Dump'!$F$7:$F$80000,$A$4),2)","v":0},{"$f":"ROUND(SUMIFS('Data Dump'!$I$7:$I$80000,'Data Dump'!$J$7:$J$80000,$A107,'Data Dump'!$C$7:$C$80000,\">\"&S$9,'Data Dump'!$C$7:$C$80000,\"<=\"&T$9,'Data Dump'!$F$7:$F$80000,$A$4),2)","v":0},{"$f":"ROUND(SUMIFS('Data Dump'!$I$7:$I$80000,'Data Dump'!$J$7:$J$80000,$A107,'Data Dump'!$C$7:$C$80000,\">\"&T$9,'Data Dump'!$C$7:$C$80000,\"<=\"&U$9,'Data Dump'!$F$7:$F$80000,$A$4),2)","v":0},{"$f":"ROUND(SUMIFS('Data Dump'!$I$7:$I$80000,'Data Dump'!$J$7:$J$80000,$A107,'Data Dump'!$C$7:$C$80000,\">\"&U$9,'Data Dump'!$C$7:$C$80000,\"<=\"&V$9,'Data Dump'!$F$7:$F$80000,$A$4),2)","v":0},{"$f":"ROUND(SUMIFS('Data Dump'!$I$7:$I$80000,'Data Dump'!$J$7:$J$80000,$A107,'Data Dump'!$C$7:$C$80000,\">\"&V$9,'Data Dump'!$C$7:$C$80000,\"<=\"&W$9,'Data Dump'!$F$7:$F$80000,$A$4),2)","v":0}]
["FAS 123R Expense",null,{"$f":"ROUND(SUMIFS('Data Dump'!$I$7:$I$80000,'Data Dump'!$J$7:$J$80000,$A108,'Data Dump'!$C$7:$C$80000,\">\"&B$9,'Data Dump'!$C$7:$C$80000,\"<=\"&C$9,'Data Dump'!$F$7:$F$80000,$A$4),2)","v":0},{"$f":"ROUND(SUMIFS('Data Dump'!$I$7:$I$80000,'Data Dump'!$J$7:$J$80000,$A108,'Data Dump'!$C$7:$C$80000,\">\"&C$9,'Data Dump'!$C$7:$C$80000,\"<=\"&D$9,'Data Dump'!$F$7:$F$80000,$A$4),2)","v":0},{"$f":"ROUND(SUMIFS('Data Dump'!$I$7:$I$80000,'Data Dump'!$J$7:$J$80000,$A108,'Data Dump'!$C$7:$C$80000,\">\"&D$9,'Data Dump'!$C$7:$C$80000,\"<=\"&E$9,'Data Dump'!$F$7:$F$80000,$A$4),2)","v":0},{"$f":"ROUND(SUMIFS('Data Dump'!$I$7:$I$80000,'Data Dump'!$J$7:$J$80000,$A108,'Data Dump'!$C$7:$C$80000,\">\"&E$9,'Data Dump'!$C$7:$C$80000,\"<=\"&F$9,'Data Dump'!$F$7:$F$80000,$A$4),2)","v":0},{"$f":"ROUND(SUMIFS('Data Dump'!$I$7:$I$80000,'Data Dump'!$J$7:$J$80000,$A108,'Data Dump'!$C$7:$C$80000,\">\"&F$9,'Data Dump'!$C$7:$C$80000,\"<=\"&G$9,'Data Dump'!$F$7:$F$80000,$A$4),2)","v":0},{"$f":"ROUND(SUMIFS('Data Dump'!$I$7:$I$80000,'Data Dump'!$J$7:$J$80000,$A108,'Data Dump'!$C$7:$C$80000,\">\"&G$9,'Data Dump'!$C$7:$C$80000,\"<=\"&H$9,'Data Dump'!$F$7:$F$80000,$A$4),2)","v":0},{"$f":"ROUND(SUMIFS('Data Dump'!$I$7:$I$80000,'Data Dump'!$J$7:$J$80000,$A108,'Data Dump'!$C$7:$C$80000,\">\"&H$9,'Data Dump'!$C$7:$C$80000,\"<=\"&I$9,'Data Dump'!$F$7:$F$80000,$A$4),2)","v":0},{"$f":"ROUND(SUMIFS('Data Dump'!$I$7:$I$80000,'Data Dump'!$J$7:$J$80000,$A108,'Data Dump'!$C$7:$C$80000,\">\"&I$9,'Data Dump'!$C$7:$C$80000,\"<=\"&J$9,'Data Dump'!$F$7:$F$80000,$A$4),2)","v":0},{"$f":"ROUND(SUMIFS('Data Dump'!$I$7:$I$80000,'Data Dump'!$J$7:$J$80000,$A108,'Data Dump'!$C$7:$C$80000,\">\"&J$9,'Data Dump'!$C$7:$C$80000,\"<=\"&K$9,'Data Dump'!$F$7:$F$80000,$A$4),2)","v":0},{"$f":"ROUND(SUMIFS('Data Dump'!$I$7:$I$80000,'Data Dump'!$J$7:$J$80000,$A108,'Data Dump'!$C$7:$C$80000,\">\"&K$9,'Data Dump'!$C$7:$C$80000,\"<=\"&L$9,'Data Dump'!$F$7:$F$80000,$A$4),2)","v":0},{"$f":"ROUND(SUMIFS('Data Dump'!$I$7:$I$80000,'Data Dump'!$J$7:$J$80000,$A108,'Data Dump'!$C$7:$C$80000,\">\"&L$9,'Data Dump'!$C$7:$C$80000,\"<=\"&M$9,'Data Dump'!$F$7:$F$80000,$A$4),2)","v":0},{"$f":"ROUND(SUMIFS('Data Dump'!$I$7:$I$80000,'Data Dump'!$J$7:$J$80000,$A108,'Data Dump'!$C$7:$C$80000,\">\"&M$9,'Data Dump'!$C$7:$C$80000,\"<=\"&N$9,'Data Dump'!$F$7:$F$80000,$A$4),2)","v":0},{"$f":"ROUND(SUMIFS('Data Dump'!$I$7:$I$80000,'Data Dump'!$J$7:$J$80000,$A108,'Data Dump'!$C$7:$C$80000,\">\"&N$9,'Data Dump'!$C$7:$C$80000,\"<=\"&O$9,'Data Dump'!$F$7:$F$80000,$A$4),2)","v":0},{"$f":"ROUND(SUMIFS('Data Dump'!$I$7:$I$80000,'Data Dump'!$J$7:$J$80000,$A108,'Data Dump'!$C$7:$C$80000,\">\"&O$9,'Data Dump'!$C$7:$C$80000,\"<=\"&P$9,'Data Dump'!$F$7:$F$80000,$A$4),2)","v":0},{"$f":"ROUND(SUMIFS('Data Dump'!$I$7:$I$80000,'Data Dump'!$J$7:$J$80000,$A108,'Data Dump'!$C$7:$C$80000,\">\"&P$9,'Data Dump'!$C$7:$C$80000,\"<=\"&Q$9,'Data Dump'!$F$7:$F$80000,$A$4),2)","v":0},{"$f":"ROUND(SUMIFS('Data Dump'!$I$7:$I$80000,'Data Dump'!$J$7:$J$80000,$A108,'Data Dump'!$C$7:$C$80000,\">\"&Q$9,'Data Dump'!$C$7:$C$80000,\"<=\"&R$9,'Data Dump'!$F$7:$F$80000,$A$4),2)","v":0},{"$f":"ROUND(SUMIFS('Data Dump'!$I$7:$I$80000,'Data Dump'!$J$7:$J$80000,$A108,'Data Dump'!$C$7:$C$80000,\">\"&R$9,'Data Dump'!$C$7:$C$80000,\"<=\"&S$9,'Data Dump'!$F$7:$F$80000,$A$4),2)","v":0},{"$f":"ROUND(SUMIFS('Data Dump'!$I$7:$I$80000,'Data Dump'!$J$7:$J$80000,$A108,'Data Dump'!$C$7:$C$80000,\">\"&S$9,'Data Dump'!$C$7:$C$80000,\"<=\"&T$9,'Data Dump'!$F$7:$F$80000,$A$4),2)","v":0},{"$f":"ROUND(SUMIFS('Data Dump'!$I$7:$I$80000,'Data Dump'!$J$7:$J$80000,$A108,'Data Dump'!$C$7:$C$80000,\">\"&T$9,'Data Dump'!$C$7:$C$80000,\"<=\"&U$9,'Data Dump'!$F$7:$F$80000,$A$4),2)","v":0},{"$f":"ROUND(SUMIFS('Data Dump'!$I$7:$I$80000,'Data Dump'!$J$7:$J$80000,$A108,'Data Dump'!$C$7:$C$80000,\">\"&U$9,'Data Dump'!$C$7:$C$80000,\"<=\"&V$9,'Data Dump'!$F$7:$F$80000,$A$4),2)","v":0},{"$f":"ROUND(SUMIFS('Data Dump'!$I$7:$I$80000,'Data Dump'!$J$7:$J$80000,$A108,'Data Dump'!$C$7:$C$80000,\">\"&V$9,'Data Dump'!$C$7:$C$80000,\"<=\"&W$9,'Data Dump'!$F$7:$F$80000,$A$4),2)","v":0}]
["Dues & Subscriptions",null,{"$f":"ROUND(SUMIFS('Data Dump'!$I$7:$I$80000,'Data Dump'!$J$7:$J$80000,$A109,'Data Dump'!$C$7:$C$80000,\">\"&B$9,'Data Dump'!$C$7:$C$80000,\"<=\"&C$9,'Data Dump'!$F$7:$F$80000,$A$4),2)","v":0},{"$f":"ROUND(SUMIFS('Data Dump'!$I$7:$I$80000,'Data Dump'!$J$7:$J$80000,$A109,'Data Dump'!$C$7:$C$80000,\">\"&C$9,'Data Dump'!$C$7:$C$80000,\"<=\"&D$9,'Data Dump'!$F$7:$F$80000,$A$4),2)","v":0},{"$f":"ROUND(SUMIFS('Data Dump'!$I$7:$I$80000,'Data Dump'!$J$7:$J$80000,$A109,'Data Dump'!$C$7:$C$80000,\">\"&D$9,'Data Dump'!$C$7:$C$80000,\"<=\"&E$9,'Data Dump'!$F$7:$F$80000,$A$4),2)","v":0},{"$f":"ROUND(SUMIFS('Data Dump'!$I$7:$I$80000,'Data Dump'!$J$7:$J$80000,$A109,'Data Dump'!$C$7:$C$80000,\">\"&E$9,'Data Dump'!$C$7:$C$80000,\"<=\"&F$9,'Data Dump'!$F$7:$F$80000,$A$4),2)","v":0},{"$f":"ROUND(SUMIFS('Data Dump'!$I$7:$I$80000,'Data Dump'!$J$7:$J$80000,$A109,'Data Dump'!$C$7:$C$80000,\">\"&F$9,'Data Dump'!$C$7:$C$80000,\"<=\"&G$9,'Data Dump'!$F$7:$F$80000,$A$4),2)","v":0},{"$f":"ROUND(SUMIFS('Data Dump'!$I$7:$I$80000,'Data Dump'!$J$7:$J$80000,$A109,'Data Dump'!$C$7:$C$80000,\">\"&G$9,'Data Dump'!$C$7:$C$80000,\"<=\"&H$9,'Data Dump'!$F$7:$F$80000,$A$4),2)","v":0},{"$f":"ROUND(SUMIFS('Data Dump'!$I$7:$I$80000,'Data Dump'!$J$7:$J$80000,$A109,'Data Dump'!$C$7:$C$80000,\">\"&H$9,'Data Dump'!$C$7:$C$80000,\"<=\"&I$9,'Data Dump'!$F$7:$F$80000,$A$4),2)","v":0},{"$f":"ROUND(SUMIFS('Data Dump'!$I$7:$I$80000,'Data Dump'!$J$7:$J$80000,$A109,'Data Dump'!$C$7:$C$80000,\">\"&I$9,'Data Dump'!$C$7:$C$80000,\"<=\"&J$9,'Data Dump'!$F$7:$F$80000,$A$4),2)","v":0},{"$f":"ROUND(SUMIFS('Data Dump'!$I$7:$I$80000,'Data Dump'!$J$7:$J$80000,$A109,'Data Dump'!$C$7:$C$80000,\">\"&J$9,'Data Dump'!$C$7:$C$80000,\"<=\"&K$9,'Data Dump'!$F$7:$F$80000,$A$4),2)","v":0},{"$f":"ROUND(SUMIFS('Data Dump'!$I$7:$I$80000,'Data Dump'!$J$7:$J$80000,$A109,'Data Dump'!$C$7:$C$80000,\">\"&K$9,'Data Dump'!$C$7:$C$80000,\"<=\"&L$9,'Data Dump'!$F$7:$F$80000,$A$4),2)","v":0},{"$f":"ROUND(SUMIFS('Data Dump'!$I$7:$I$80000,'Data Dump'!$J$7:$J$80000,$A109,'Data Dump'!$C$7:$C$80000,\">\"&L$9,'Data Dump'!$C$7:$C$80000,\"<=\"&M$9,'Data Dump'!$F$7:$F$80000,$A$4),2)","v":0},{"$f":"ROUND(SUMIFS('Data Dump'!$I$7:$I$80000,'Data Dump'!$J$7:$J$80000,$A109,'Data Dump'!$C$7:$C$80000,\">\"&M$9,'Data Dump'!$C$7:$C$80000,\"<=\"&N$9,'Data Dump'!$F$7:$F$80000,$A$4),2)","v":0},{"$f":"ROUND(SUMIFS('Data Dump'!$I$7:$I$80000,'Data Dump'!$J$7:$J$80000,$A109,'Data Dump'!$C$7:$C$80000,\">\"&N$9,'Data Dump'!$C$7:$C$80000,\"<=\"&O$9,'Data Dump'!$F$7:$F$80000,$A$4),2)","v":0},{"$f":"ROUND(SUMIFS('Data Dump'!$I$7:$I$80000,'Data Dump'!$J$7:$J$80000,$A109,'Data Dump'!$C$7:$C$80000,\">\"&O$9,'Data Dump'!$C$7:$C$80000,\"<=\"&P$9,'Data Dump'!$F$7:$F$80000,$A$4),2)","v":0},{"$f":"ROUND(SUMIFS('Data Dump'!$I$7:$I$80000,'Data Dump'!$J$7:$J$80000,$A109,'Data Dump'!$C$7:$C$80000,\">\"&P$9,'Data Dump'!$C$7:$C$80000,\"<=\"&Q$9,'Data Dump'!$F$7:$F$80000,$A$4),2)","v":0},{"$f":"ROUND(SUMIFS('Data Dump'!$I$7:$I$80000,'Data Dump'!$J$7:$J$80000,$A109,'Data Dump'!$C$7:$C$80000,\">\"&Q$9,'Data Dump'!$C$7:$C$80000,\"<=\"&R$9,'Data Dump'!$F$7:$F$80000,$A$4),2)","v":0},{"$f":"ROUND(SUMIFS('Data Dump'!$I$7:$I$80000,'Data Dump'!$J$7:$J$80000,$A109,'Data Dump'!$C$7:$C$80000,\">\"&R$9,'Data Dump'!$C$7:$C$80000,\"<=\"&S$9,'Data Dump'!$F$7:$F$80000,$A$4),2)","v":0},{"$f":"ROUND(SUMIFS('Data Dump'!$I$7:$I$80000,'Data Dump'!$J$7:$J$80000,$A109,'Data Dump'!$C$7:$C$80000,\">\"&S$9,'Data Dump'!$C$7:$C$80000,\"<=\"&T$9,'Data Dump'!$F$7:$F$80000,$A$4),2)","v":0},{"$f":"ROUND(SUMIFS('Data Dump'!$I$7:$I$80000,'Data Dump'!$J$7:$J$80000,$A109,'Data Dump'!$C$7:$C$80000,\">\"&T$9,'Data Dump'!$C$7:$C$80000,\"<=\"&U$9,'Data Dump'!$F$7:$F$80000,$A$4),2)","v":0},{"$f":"ROUND(SUMIFS('Data Dump'!$I$7:$I$80000,'Data Dump'!$J$7:$J$80000,$A109,'Data Dump'!$C$7:$C$80000,\">\"&U$9,'Data Dump'!$C$7:$C$80000,\"<=\"&V$9,'Data Dump'!$F$7:$F$80000,$A$4),2)","v":0},{"$f":"ROUND(SUMIFS('Data Dump'!$I$7:$I$80000,'Data Dump'!$J$7:$J$80000,$A109,'Data Dump'!$C$7:$C$80000,\">\"&V$9,'Data Dump'!$C$7:$C$80000,\"<=\"&W$9,'Data Dump'!$F$7:$F$80000,$A$4),2)","v":0}]
[null,"=","=","=","=","=","=","=","=","=","=","=","=","=","=","=","=","=","=","=","=","=","="]
["TOTAL MISC EXPENSES",null,{"$f":"SUM(C105:C109)","v":0},0,0,0,0,0,0,0,0,0,0,0,{"$f":"SUM(O105:O109)","v":0},0,0,0,0,0,0,0,0]
[null,"=","=","=","=","=","=","=","=","=","=","=","=","=","=","=","=","=","=","=","=","=","="]
[]
["TOTAL OPERATING EXPENSES",null,{"$f":"SUM(C111,C101,C90,C80,C68,C57,C43)","v":0},0,0,0,0,0,0,0,0,0,0,0,0,0,0,0,0,0,0,0,0]
[null,"=","=","=","=","=","=","=","=","=","=","=","=","=","=","=","=","=","=","=","=","=","="]
[]
["TOTAL EXPENSE",null,{"$f":"C114+C26","v":0},0,0,0,0,0,0,0,0,0,0,{"$f":"N114+N26","v":0},{"$f":"O114+O26","v":0},0,0,0,0,0,0,0,0]
[null,"=","=","=","=","=","=","=","=","=","=","=","=","=","=","=","=","=","=","=","=","=","="]

{"sheet":"Assumptions","index":3,"n_rows":5,"n_cols":6,"rows_kept":5,"cut":false,"hidden":false,"merged":[]}
[]
[null,"General Assumptions"]
[null,"Payroll Taxes",null,null,null,7.0000000000000007E-2]
[null,"Benefits",null,null,null,0.08]
[null,"Avg. Cell Phone Reimbursement",null,null,null,50]

{"sheet":"Data Dump","index":4,"n_rows":58356,"n_cols":18,"rows_kept":58356,"cut":false,"hidden":false,"merged":[]}
[]
[]
[]
[" "]
[" ",null,null,null,null,null,null,null,null,null,null,null,"Account Table",null,null,null,"Department Table"]
["Account","Type","Date","Num","Name","Department","Debit","Credit","Net","Category","Dept",null,"Account","Income Statement Category","Dept Breakout?",null,"Department","Column1"]
[null,null,null,null,null,null,null,null,null,null,null,null,"10100 - Cash Operating","Cash","No",null,"- No Department -"]
[null,null,null,null,null,null,null,null,null,null,null,null,"10103 - PayPal","Cash","No",null,"G&A","G&A"]
[null,null,null,null,null,null,null,null,null,null,null,null,"10104 - INQ Cash Operating","Cash","No",null,"Marketing","Marketing"]
[null,null,null,null,null,null,null,null,null,null,null,null,"10110 - Zions Grand Cayman","Cash","No",null,"Solution Engineering"]
[null,null,null,null,null,null,null,null,null,null,null,null,"10206 - Restricted Cash - SW Escrow","Cash","No",null,"Engineering Services"]
[null,null,null,null,null,null,null,null,null,null,null,null,"10206 - Restricted Cash - LoC","Cash","No",null,"Account Management","Sales"]
[null,null,null,null,null,null,null,null,null,null,null,null,"10208 - INQ 125c Account","Cash","No",null,"Client Services","Client Services"]
[null,null,null,null,null,null,null,null,null,null,null,null,"10209 - Zion's 125c Account","Cash","No",null,"Professional Services (CSM)","Client Services"]
[null,null,null,null,null,null,null,null,null,null,null,null,"10300 - Petty Cash","Cash","No",null,"Support","Client Services"]
[null,null,null,null,null,null,null,null,null,null,null,null,"10500 - Undeposited Funds","Cash","No",null,"Implementation","Client Services"]
[null,null,null,null,null,null,null,null,null,null,null,null,"11100 - Accounts Receivable","Accounts Receivable, Net","No",null,"R&D","R&D"]
[null,null,null,null,null,null,null,null,null,null,null,null,"11110 - Unbilled Recievables","Unbilled Receivables","No",null,"IT","R&D"]
[null,null,null,null,null,null,null,null,null,null,null,null,"12100 - Prepaid Expenses","Prepaid Expenses","No",null,"Network Operations","R&D"]
[null,null,null,null,null,null,null,null,null,null,null,null,"12110 - Prepaid Commissions","Prepaid Expenses","No",null,"Sales","Sales"]
[null,null,null,null,null,null,null,null,null,null,null,null,"12150 - Employee Receivables","Employee Receivables","No",null,"Business Development","Sales"]
[null,null,null,null,null,null,null,null,null,null,null,null,"12200 - Deferred Charges","Deferred Charges","No",null,"Product Development","R&D"]
[null,null,null,null,null,null,null,null,null,null,null,null,"12250 - Income Tax Receivable","Income Tax Receivable","No",null,"Best Practices","Client Services"]
[null,null,null,null,null,null,null,null,null,null,null,null,"12300 - Allowance for Bad Debt","Accounts Receivable, Net","No",null,"Corporate Marketing","Marketing"]
[null,null,null,null,null,null,null,null,null,null,null,null,"13100 - Computer Hardware","Computer Hardware","No",null,"Education Services","Client Services"]
[null,null,null,null,null,null,null,null,null,null,null,null,"13101 - Software","Software","No",null,"Sales (SDR)","Sales"]
[null,null,null,null,null,null,null,null,null,null,null,null,"13102 - Furniture and Fixtures","Furniture and Fixtures","No",null,"Hotline","G&A"]
[null,null,null,null,null,null,null,null,null,null,null,null,"13103 - Leasehold Improvements","Leasehold Improvements","No"]
[null,null,null,null,null,null,null,null,null,null,null,null,"13108 - Office Equipment","Office Equipment","No"]
[null,null,null,null,null,null,null,null,null,null,null,null,"14100 - Accumulated Depreciation","Accumulated Depreciation","No"]
[null,null,null,null,null,null,null,null,null,null,null,null,"15001 - Unbilled Receivables","Accounts Receivable, Net","No"]
[null,null,null,null,null,null,null,null,null,null,null,null,"15251 - Acq Brand Name (AT)","Accumulated Amortization","No"]
[null,null,null,null,null,null,null,null,null,null,null,null,"15252 - Acq Customer Relationships (AT)","Accumulated Amortization","No"]
[null,null,null,null,null,null,null,null,null,null,null,null,"15253 - Acq Domain Name (AT)","Accumulated Amortization","No"]
[null,null,null,null,null,null,null,null,null,null,null,null,"15258 - Acq Software (INQ)","Accumulated Amortization","No"]
[null,null,null,null,null,null,null,null,null,null,null,null,"15259 - Acq Customer Relationships (INQ)","Accumulated Amortization","No"]
[null,null,null,null,null,null,null,null,null,null,null,null,"15260 - Acq Non-Compete Agreements (INQ)","Accumulated Amortization","No"]
[null,null,null,null,null,null,null,null,null,null,null,null,"15300 - Deposits","Deposits","No"]
[null,null,null,null,null,null,null,null,null,null,null,null,"15301 - Deposits:Rent Deposit","Deposits","No"]
[null,null,null,null,null,null,null,null,null,null,null,null,"20100 - Accounts Payable","Accounts Payable","No"]
[null,null,null,null,null,null,null,null,null,null,null,null,"20125 - American Express Card","American Express Card","No"]
[null,null,null,null,null,null,null,null,null,null,null,null,"21107 - 401K Employer Contrib","401K Employer","No"]
[null,null,null,null,null,null,null,null,null,null,null,null,"21108 - 401K Employee Contrib","401K Employee","No"]
[null,null,null,null,null,null,null,null,null,null,null,null,"21109 - 401K Employee Loan","401K Employee","No"]
[null,null,null,null,null,null,null,null,null,null,null,null,"21111 - Flex","Flex","No"]
[null,null,null,null,null,null,null,null,null,null,null,null,"21112 - 125c Liability","125c Liability","No"]
[null,null,null,null,null,null,null,null,null,null,null,null,"21113 - HSA","Health Savings Account","No"]
[null,null,null,null,null,null,null,null,null,null,null,null,"21114 - Gym Membership","Gym Membership","No"]
[null,null,null,null,null,null,null,null,null,null,null,null,"22100 - Accrued Expenses (Current)","Other Payable","No"]
[null,null,null,null,null,null,null,null,null,null,null,null,"22103 - Accrued Vacation","Accrued Vacation","No"]
[null,null,null,null,null,null,null,null,null,null,null,null,"22104 - Other","Other Payable","No"]
[null,null,null,null,null,null,null,null,null,null,null,null,"22105 - Bonus Accrual","Bonus Payable","No"]
[null,null,null,null,null,null,null,null,null,null,null,null,"22108 - Salaries","Other Payable","No"]
[null,null,null,null,null,null,null,null,null,null,null,null,"22113 - Accrued Interest Payable","Interest Payable","No"]
[null,null,null,null,null,null,null,null,null,null,null,null,"22114 - Accrued Commissions","Commission Payable","No"]
[null,null,null,null,null,null,null,null,null,null,null,null,"22115 - Accrued SW Expenses","Misc Payable","No"]
[null,null,null,null,null,null,null,null,null,null,null,null,"22116 - Engage Summit Payments","Misc Payable","No"]
[null,null,null,null,null,null,null,null,null,null,null,null,"22117 - TX Use Tax Payable","Misc Payable","No"]
[null,null,null,null,null,null,null,null,null,null,null,null,"22118 - TX Sales Tax Payable","Misc Payable","No"]
[null,null,null,null,null,null,null,null,null,null,null,null,"23105 - Deferred Revenue-Inquisite","Deferred Revenue","No"]
[null,null,null,null,null,null,null,null,null,null,null,null,"23106 - Deferred Revenue - INQ FAS 141 Adj","Deferred Revenue","No"]
[null,null,null,null,null,null,null,null,null,null,null,null,"23110 - Deferred Revenue-Software","Deferred Revenue","No"]
[null,null,null,null,null,null,null,null,null,null,null,null,"23111 - Deferred Revenue-Subscription","Deferred Revenue","No"]
[null,null,null,null,null,null,null,null,null,null,null,null,"23112 - Deferred Revenue-Product","Deferred Revenue","No"]
[null,null,null,null,null,null,null,null,null,null,null,null,"23113 - Deferred Revenue-Maintenance","Deferred Revenue","No"]
[null,null,null,null,null,null,null,null,null,null,null,null,"23114 - Deferred Revenue-Response Credits","Deferred Revenue","No"]
[null,null,null,null,null,null,null,null,null,null,null,null,"23120 - Deferred Revenue-Professional Services","Deferred Revenue","No"]
[null,null,null,null,null,null,null,null,null,null,null,null,"23121 - Deferred Revenue-Implementation","Deferred Revenue","No"]
[null,null,null,null,null,null,null,null,null,null,null,null,"23122 - Deferred Revenue-Custom Development","Deferred Revenue","No"]
[null,null,null,null,null,null,null,null,null,null,null,null,"23123 - Deferred Revenue-Custom Services","Deferred Revenue","No"]
[null,null,null,null,null,null,null,null,null,null,null,null,"23124 - Deferred Revenue-Best Practices","Deferred Revenue","No"]
[null,null,null,null,null,null,null,null,null,null,null,null,"23125 - Deferred Revenue-Training","Deferred Revenue","No"]
[null,null,null,null,null,null,null,null,null,null,null,null,"23150 - Deferred Revenue-Other","Deferred Revenue","No"]
[null,null,null,null,null,null,null,null,null,null,null,null,"24300 - Deferred Rent","Deferred Rent","No"]
[null,null,null,null,null,null,null,null,null,null,null,null,"24601 - Media Technologies Entreprenuer","Bridge Loan Payable","No"]
[null,null,null,null,null,null,null,null,null,null,null,null,"24602 - Media Technologies Venture V (A)","Bridge Loan Payable","No"]
[null,null,null,null,null,null,null,null,null,null,null,null,"24603 - Media Technologies Venture V (B)","Bridge Loan Payable","No"]
[null,null,null,null,null,null,null,null,null,null,null,null,"24400 - Zion's Bank Loan","Zions Bank Loan","No"]
[null,null,null,null,null,null,null,null,null,null,null,null,"24402 - Inquisite Acq Note Payable","Inquisite Acq Note Payable","No"]
[null,null,null,null,null,null,null,null,null,null,null,null,"24403 - Inquisite Acq Note Discount","Inquisite Acq Note Discount","No"]
[null,null,null,null,null,null,null,null,null,null,null,null,"24404 - Jordan Gateway Plaza Loan","Jordan Gateway Loan","No"]
[null,null,null,null,null,null,null,null,null,null,null,null,"24500 - TPP Capital","TPP Capital","No"]
[null,null,null,null,null,null,null,null,null,null,null,null,"30100 - Common Stock, $.001 par","Common Stock ($.001 par)","No"]
[null,null,null,null,null,null,null,null,null,null,null,null,"30110 - Preferred Stock (Series A), $.001 par","Preferred Stock (Series A), $.001 par","No"]
[null,null,null,null,null,null,null,null,null,null,null,null,"30111 - Preferred Stock (Series B), $.001 par","Preferred Stock (Series B1), $.001 par","No"]
[null,null,null,null,null,null,null,null,null,null,null,null,"30112 - Preferred Stock (Series B1), $.001 par","Preferred Stock (Series B1), $.001 par","No"]
[null,null,null,null,null,null,null,null,null,null,null,null,"30201 - APIC-Common","APIC Common","No"]
[null,null,null,null,null,null,null,null,null,null,null,null,"30202 - APIC-Preferred (Series A)","APIC Preferred (Series A)","No"]
[null,null,null,null,null,null,null,null,null,null,null,null,"30204 - APIC-Preferred (Series B)","APIC Preferred (Series B)","No"]
[null,null,null,null,null,null,null,null,null,null,null,null,"30206 - APIC-Preferred (Series B1)","APIC Preferred (Series B-1)","No"]
[null,null,null,null,null,null,null,null,null,null,null,null,"30207 - APIC-Preferred (Series B1): Offering Costs","APIC Preferred (Series B-1) Offering Costs","No"]
[null,null,null,null,null,null,null,null,null,null,null,null,"40100 - Software Revenue","Subscription Revenue","No"]
[null,null,null,null,null,null,null,null,null,null,null,null,"40110 - Subscription Revenue","Subscription Revenue","No"]
[null,null,null,null,null,null,null,null,null,null,null,null,"40120 - Product Revenue","Product Revenue","No"]
[null,null,null,null,null,null,null,null,null,null,null,null,"40130 - Maintenance Revenue","Maintenance Revenue","No"]
[null,null,null,null,null,null,null,null,null,null,null,null,"40140 - Response Credit Revenue","Response Credit Revenue","No"]
[null,null,null,null,null,null,null,null,null,null,null,null,"40200 - Professional Services Revenue","Professional Services Revenue","No"]
[null,null,null,null,null,null,null,null,null,null,null,null,"40210 - Implementation Revenue","Professional Services Revenue","No"]
[null,null,null,null,null,null,null,null,null,null,null,null,"40220 - Custom Development Revenue","Professional Services Revenue","No"]
[null,null,null,null,null,null,null,null,null,null,null,null,"40230 - Custom Services Revenue","Professional Services Revenue","No"]
[null,null,null,null,null,null,null,null,null,null,null,null,"40240 - Best Practices Revenue","Professional Services Revenue","No"]
[null,null,null,null,null,null,null,null,null,null,null,null,"40245 - Best Practices Subscription Revenue","Professional Services Revenue","No"]
[null,null,null,null,null,null,null,null,null,null,null,null,"40250 - Training Revenue","Professional Services Revenue","No"]
[null,null,null,null,null,null,null,null,null,null,null,null,"40255 - Training Subscription Revenue","Professional Services Revenue","No"]
[null,null,null,null,null,null,null,null,null,null,null,null,"40700 - Other Revenue","Professional Services Revenue","No"]
[null,null,null,null,null,null,null,null,null,null,null,null,"49998 - FAS 141 Adj","FAS 141 Adj","No"]
[null,null,null,null,null,null,null,null,null,null,null,null,"50101 - Salary - COGS","Direct Salary","No"]
[null,null,null,null,null,null,null,null,null,null,null,null,"50102 - Vacation - COGS","Direct Salary","No"]
[null,null,null,null,null,null,null,null,null,null,null,null,"50201 - Payroll Tax Expense - COGS","Direct Salary","No"]
[null,null,null,null,null,null,null,null,null,null,null,null,"50301 - 401K Match - COGS","Direct Salary","No"]
[null,null,null,null,null,null,null,null,null,null,null,null,"50303 - Dental Insurance - COGS","Direct Salary","No"]
[null,null,null,null,null,null,null,null,null,null,null,null,"50304 - Employee Recognition - COGS","Direct Salary","No"]
[null,null,null,null,null,null,null,null,null,null,null,null,"50305 - Health Savings Account - COGS","Direct Salary","No"]
[null,null,null,null,null,null,null,null,null,null,null,null,"50306 - Life & ST/LT Disability Insurance - COGS","Direct Salary","No"]
[null,null,null,null,null,null,null,null,null,null,null,null,"50307 - Medical Insurance - COGS","Direct Salary","No"]
[null,null,null,null,null,null,null,null,null,null,null,null,"50309 - Vision Insurance - COGS","Direct Salary","No"]
[null,null,null,null,null,null,null,null,null,null,null,null,"50501 - Website Expenses","Website Expenses","No"]
[null,null,null,null,null,null,null,null,null,null,null,null,"50502 - Printing and Reproduction","Printing and Reproduction","No"]
[null,null,null,null,null,null,null,null,null,null,null,null,"50503 - Domain Names - COGS","Hosting","No"]
[null,null,null,null,null,null,null,null,null,null,null,null,"50505 - Hosting","Hosting","No"]
[null,null,null,null,null,null,null,null,null,null,null,null,"50507 - IVR Hosting","IVR Hosting","No"]
[null,null,null,null,null,null,null,null,null,null,null,null,"50508 - Security","Security","No"]
[null,null,null,null,null,null,null,null,null,null,null,null,"50509 - Translation","Translation","No"]
[null,null,null,null,null,null,null,null,null,null,null,null,"50510 - Reseller Fees","Reseller Fees","No"]
[null,null,null,null,null,null,null,null,null,null,null,null,"50511 - Outside Services","Outside Services","No"]
[null,null,null,null,null,null,null,null,null,null,null,null,"50512 - Software - COGS","Direct Software","No"]
[null,null,null,null,null,null,null,null,null,null,null,null,"50513 - Occupancy Expenses","Occupancy Expenses","No"]
[null,null,null,null,null,null,null,null,null,null,null,null,"50514 - Travel","Travel","No"]
[null,null,null,null,null,null,null,null,null,null,null,null,"50550 - Other","Other","No"]
[null,null,null,null,null,null,null,null,null,null,null,null,"60101 - Salary","Salaries","Yes"]
[null,null,null,null,null,null,null,null,null,null,null,null,"60102 - Vacation","Salaries","Yes"]
[null,null,null,null,null,null,null,null,null,null,null,null,"60104 - Bonus Expense","Bonus","Yes"]
[null,null,null,null,null,null,null,null,null,null,null,null,"60106 - Commissions","Commissions","Yes"]
[null,null,null,null,null,null,null,null,null,null,null,null,"60201 - Payroll Tax Expense","Payroll Tax","Yes"]
[null,null,null,null,null,null,null,null,null,null,null,null,"60301 - 401K Match","401k Match","Yes"]
[null,null,null,null,null,null,null,null,null,null,null,null,"60303 - Dental Insurance","Dental Insurance","Yes"]
[null,null,null,null,null,null,null,null,null,null,null,null,"60304 - Employee Recognition","Employee Recognition","Yes"]
[null,null,null,null,null,null,null,null,null,null,null,null,"60305 - Health Savings Account","Health Svgs Account","Yes"]
[null,null,null,null,null,null,null,null,null,null,null,null,"60306 - Life & ST/LT Disability Insurance","Life & ST/LT Disability","Yes"]
[null,null,null,null,null,null,null,null,null,null,null,null,"60307 - Medical Insurance","Medical Insurance","Yes"]
[null,null,null,null,null,null,null,null,null,null,null,null,"60309 - Vision Insurance","Vision Insurance","Yes"]
[null,null,null,null,null,null,null,null,null,null,null,null,"60310 - Employee Training","Employee Training","Yes"]
[null,null,null,null,null,null,null,null,null,null,null,null,"60401 - Hiring Expenses","Employee Training","Yes"]
[null,null,null,null,null,null,null,null,null,null,null,null,"60501 - Worker's Compensation","Worker's Comp Insurance","Yes"]
[null,null,null,null,null,null,null,null,null,null,null,null,"60502 - Corporate Insurance","Corporate Insurance","Yes"]
[null,null,null,null,null,null,null,null,null,null,null,null,"60601 - Accounting","Accounting","Yes"]
[null,null,null,null,null,null,null,null,null,null,null,null,"60602 - Legal","Legal","Yes"]
[null,null,null,null,null,null,null,null,null,null,null,null,"61101 - Rent","Rent","Yes"]
[null,null,null,null,null,null,null,null,null,null,null,null,"61102 - Utilities","Utilities","Yes"]
[null,null,null,null,null,null,null,null,null,null,null,null,"61103 - Repairs and Maintenance","Utilities","Yes"]
[null,null,null,null,null,null,null,null,null,null,null,null,"61201 - Supplies","Supplies","Yes"]
[null,null,null,null,null,null,null,null,null,null,null,null,"61202 - Office Furniture","Supplies","Yes"]
[null,null,null,null,null,null,null,null,null,null,null,null,"61203 - Postage and Delivery","Postage & Delivery","Yes"]
[null,null,null,null,null,null,null,null,null,null,null,null,"61600 - Outside Services","Consulting","Yes"]
[null,null,null,null,null,null,null,null,null,null,null,null,"61601 - Consulting","Consulting","Yes"]
[null,null,null,null,null,null,null,null,null,null,null,null,"61602 - Offshore IT  Development","IT Development","Yes"]
[null,null,null,null,null,null,null,null,null,null,null,null,"61604 - Contract Labor","Consulting","Yes"]
[null,null,null,null,null,null,null,null,null,null,null,null,"61605 - Janitorial Service","Consulting","Yes"]
[null,null,null,null,null,null,null,null,null,null,null,null,"61606 - Outside IT Support","Outside IT Support","Yes"]
[null,null,null,null,null,null,null,null,null,null,null,null,"61607 - Payroll Fees","Payroll Fees","Yes"]
[null,null,null,null,null,null,null,null,null,null,null,null,"62201 - Corporate Marketing","Corporate Marketing","Yes"]
[null,null,null,null,null,null,null,null,null,null,null,null,"62202 - PR/AR","PR/AR","Yes"]
[null,null,null,null,null,null,null,null,null,null,null,null,"62203 - Web","Web Marketing","Yes"]
[null,null,null,null,null,null,null,null,null,null,null,null,"62204 - Collateral","Collateral","Yes"]
[null,null,null,null,null,null,null,null,null,null,null,null,"62205 - Corporate Advertising","Corporate Marketing","Yes"]
[null,null,null,null,null,null,null,null,null,null,null,null,"62206 - Conference","Conferences","Yes"]
[null,null,null,null,null,null,null,null,null,null,null,null,"62207 - Miscellaneous Corporate Marketing","Misc Marketing","Yes"]
[null,null,null,null,null,null,null,null,null,null,null,null,"62301 - Demand Generation","Tradeshows and Events","Yes"]
[null,null,null,null,null,null,null,null,null,null,null,null,"62302 - Tradeshows and Events - Fees","Tradeshows and Events","Yes"]
[null,null,null,null,null,null,null,null,null,null,null,null,"62303 - Tradeshows and Events - Supplies","Tradeshows and Events","Yes"]
[null,null,null,null,null,null,null,null,null,null,null,null,"62304 - User Conference","User Conference","Yes"]
[null,null,null,null,null,null,null,null,null,null,null,null,"62305 - Promotional Items","Marketing Tools","Yes"]
[null,null,null,null,null,null,null,null,null,null,null,null,"62306 - Marketing Tools","Marketing Tools","Yes"]
[null,null,null,null,null,null,null,null,null,null,null,null,"62307 - PPC","PPC","Yes"]
[null,null,null,null,null,null,null,null,null,null,null,null,"62308 - Outside Consultants","Misc Online Marketing","Yes"]
[null,null,null,null,null,null,null,null,null,null,null,null,"62309 - Collateral - Designers","Collateral","Yes"]
[null,null,null,null,null,null,null,null,null,null,null,null,"62310 - Demand Advertising","Misc Online Marketing","Yes"]
[null,null,null,null,null,null,null,null,null,null,null,null,"62311 - CPL Lead Generation","Misc Online Marketing","Yes"]
[null,null,null,null,null,null,null,null,null,null,null,null,"62312 - Paid Webinar","Misc Online Marketing","Yes"]
[null,null,null,null,null,null,null,null,null,null,null,null,"62313 - Email Marketing","Misc Online Marketing","Yes"]
[null,null,null,null,null,null,null,null,null,null,null,null,"62314 - Miscellaneous Online Marketing","Misc Online Marketing","Yes"]
[null,null,null,null,null,null,null,null,null,null,null,null,"62316 - VOC Executive forum","User Conference","Yes"]
[null,null,null,null,null,null,null,null,null,null,null,null,"63100 - Sales Expenses","Inside Sales","Yes"]
[null,null,null,null,null,null,null,null,null,null,null,null,"63101 - Inside Sales","Inside Sales","Yes"]
[null,null,null,null,null,null,null,null,null,null,null,null,"64001 - Airfare","Airfare","Yes"]
[null,null,null,null,null,null,null,null,null,null,null,null,"64002 - Lodging","Lodging","Yes"]
[null,null,null,null,null,null,null,null,null,null,null,null,"64003 - Meals","Meals","Yes"]
[null,null,null,null,null,null,null,null,null,null,null,null,"64004 - Entertainment","Entertainment","Yes"]
[null,null,null,null,null,null,null,null,null,null,null,null,"64005 - Transportation","Transportation","Yes"]
[null,null,null,null,null,null,null,null,null,null,null,null,"64006 - Other Travel","Other Travel","Yes"]
[null,null,null,null,null,null,null,null,null,null,null,null,"65100 - Computer Expenses","Software Expense","Yes"]
[null,null,null,null,null,null,null,null,null,null,null,null,"65101 - Software Expense","Software Expense","Yes"]
[null,null,null,null,null,null,null,null,null,null,null,null,"65200 - Telecommunications","Office Telephone","Yes"]
[null,null,null,null,null,null,null,null,null,null,null,null,"65202 - Cell Phones","Cell Phone","Yes"]
[null,null,null,null,null,null,null,null,null,null,null,null,"65204 - Fax","Office Telephone","Yes"]
[null,null,null,null,null,null,null,null,null,null,null,null,"65205 - Internet","Internet","Yes"]
[null,null,null,null,null,null,null,null,null,null,null,null,"68501 - Taxes and Licenses","Taxes & Licenses","No"]
[null,null,null,null,null,null,null,null,null,null,null,null,"68502 - Bad Debt Expense","Bad Debt Expense","Yes"]
[null,null,null,null,null,null,null,null,null,null,null,null,"68503 - Bank Service Charges","Bank Service Charges","Yes"]
[null,null,null,null,null,null,null,null,null,null,null,null,"68508 - FAS 123r Expense","FAS 123r Expense","Yes"]
[null,null,null,null,null,null,null,null,null,null,null,null,"68509 - Dues & Subscriptions","Dues & Subscriptions","Yes"]
[null,null,null,null,null,null,null,null,null,null,null,null,"69001 - Depreciation Expense","Depreciation Expense","No"]
[null,null,null,null,null,null,null,null,null,null,null,null,"69002 - Intangibles Expense","Amortization Expense","No"]
[null,null,null,null,null,null,null,null,null,null,null,null,"70200 - Interest Income","Interest Income","No"]
[null,null,null,null,null,null,null,null,null,null,null,null,"71200 - Interest Expense","Interest Expense","No"]
[null,null,null,null,null,null,null,null,null,null,null,null,"Rounding Gain/Loss","Gain/Loss on Sale of Asset","No"]
[null,null,null,null,null,null,null,null,null,null,null,null,"Realized Gain/Loss","Gain/Loss on Sale of Asset","No"]
[null,null,null,null,null,null,null,null,null,null,null,null,"Unrealized Gain/Loss","Gain/Loss on Sale of Asset","No"]
[null,null,null,null,null,null,null,null,null,null,null,null,"75000 - Gain/Loss on Sale of Assets","Gain/Loss on Sale of Asset","No"]
[]
[]
[]
[]
[]
[]
[]
[]
[]
[]
[]
[]
[]
[]
[]
[]
[]
[]
[]
[]
[]
[]
[]
[]
[]
[]
[]
[]
[]
[]
[]
[]
[]
[]
[]
[]
[]
[]
[]
[]
[]
[]
[]
[]
[]
[]
[]
[]
[]
[]
[]
[]
[]
[]
[]
[]
[]
[]
[]
[]
[]
[]
[]
[]
[]
[]
[]
[]
[]
[]
[]
[]
[]
[]
[]
[]
[]
[]
[]
[]
[]
[]
[]
[]
[]
[]
[]
[]
[]
[]
[]
[]
[]
[]
[]
[]
[]
[]
[]
[]
[]
[]
[]
[]
[]
[]
[]
[]
[]
[]
[]
[]
[]
[]
[]
[]
[]
[]
[]
[]
[]
[]
[]
[]
[]
[]
[]
[]
[]
[]
[]
[]
[]
[]
[]
[]
[]
[]
[]
[]
[]
[]
[]
[]
[]
[]
[]
[]
[]
[]
[]
[]
[]
[]
[]
[]
[]
[]
[]
[]
[]
[]
[]
[]
[]
[]
[]
[]
[]
[]
[]
[]
[]
[]
[]
[]
[]
[]
[]
[]
[]
[]
[]
[]
[]
[]
[]
[]
[]
[]
[]
[]
[]
[]
[]
[]
[]
[]
[]
[]
[]
[]
[]
[]
[]
[]
[]
[]
[]
[]
[]
[]
[]
[]
[]
[]
[]
[]
[]
[]
[]
[]
[]
[]
[]
[]
[]
[]
[]
[]
[]
[]
[]
[]
[]
[]
[]
[]
[]
[]
[]
[]
[]
[]
[]
[]
[]
[]
[]
[]
[]
[]
[]
[]
[]
[]
[]
[]
[]
[]
[]
[]
[]
[]
[]
[]
[]
[]
[]
[]
[]
[]
[]
[]
[]
[]
[]
[]
[]
[]
[]
[]
[]
[]
[]
[]
[]
[]
[]
[]
[]
[]
[]
[]
[]
[]
[]
[]
[]
[]
[]
[]
[]
[]
[]
[]
[]
[]
[]
[]
[]
[]
[]
[]
[]
[]
[]
[]
[]
[]
[]
[]
[]
[]
[]
[]
[]
[]
[]
[]
[]
[]
[]
[]
[]
[]
[]
[]
[]
[]
[]
[]
[]
[]
[]
[]
[]
[]
[]
[]
[]
[]
[]
[]
[]
[]
[]
[]
[]
[]
[]
[]
[]
[]
[]
[]
[]
[]
[]
[]
[]
[]
[]
[]
[]
[]
[]
[]
[]
[]
[]
[]
[]
[]
[]
[]
[]
[]
[]
[]
[]
[]
[]
[]
[]
[]
[]
[]
[]
[]
[]
[]
[]
[]
[]
[]
[]
[]
[]
[]
[]
[]
[]
[]
[]
[]
[]
[]
[]
[]
[]
[]
[]
[]
[]
[]
[]
[]
[]
[]
[]
[]
[]
[]
[]
[]
[]
[]
[]
[]
[]
[]
[]
[]
[]
[]
[]
[]
[]
[]
[]
[]
[]
[]
[]
[]
[]
[]
[]
[]
[]
[]
[]
[]
[]
[]
[]
[]
[]
[]
[]
[]
[]
[]
[]
[]
[]
[]
[]
[]
[]
[]
[]
[]
[]
[]
[]
[]
[]
[]
[]
[]
[]
[]
[]
[]
[]
[]
[]
[]
[]
[]
[]
[]
[]
[]
[]
[]
[]
[]
[]
[]
[]
[]
[]
[]
[]
[]
[]
[]
[]
[]
[]
[]
[]
[]
[]
[]
[]
[]
[]
[]
[]
[]
[]
[]
[]
[]
[]
[]
[]
[]
[]
[]
[]
[]
[]
[]
[]
[]
[]
[]
[]
[]
[]
[]
[]
[]
[]
[]
[]
[]
[]
[]
[]
[]
[]
[]
[]
[]
[]
[]
[]
[]
[]
[]
[]
[]
[]
[]
[]
[]
[]
[]
[]
[]
[]
[]
[]
[]
[]
[]
[]
[]
[]
[]
[]
[]
[]
[]
[]
[]
[]
[]
[]
[]
[]
[]
[]
[]
[]
[]
[]
[]
[]
[]
[]
[]
[]
[]
[]
[]
[]
[]
[]
[]
[]
[]
[]
[]
[]
[]
[]
[]
[]
[]
[]
[]
[]
[]
[]
[]
[]
[]
[]
[]
[]
[]
[]
[]
[]
[]
[]
[]
[]
[]
[]
[]
[]
[]
[]
[]
[]
[]
[]
[]
[]
[]
[]
[]
[]
[]
[]
[]
[]
[]
[]
[]
[]
[]
[]
[]
[]
[]
[]
[]
[]
[]
[]
[]
[]
[]
[]
[]
[]
[]
[]
[]
[]
[]
[]
[]
[]
[]
[]
[]
[]
[]
[]
[]
[]
[]
[]
[]
[]
[]
[]
[]
[]
[]
[]
[]
[]
[]
[]
[]
[]
[]
[]
[]
[]
[]
[]
[]
[]
[]
[]
[]
[]
[]
[]
[]
[]
[]
[]
[]
[]
[]
[]
[]
[]
[]
[]
[]
[]
[]
[]
[]
[]
[]
[]
[]
[]
[]
[]
[]
[]
[]
[]
[]
[]
[]
[]
[]
[]
[]
[]
[]
[]
[]
[]
[]
[]
[]
[]
[]
[]
[]
[]
[]
[]
[]
[]
[]
[]
[]
[]
[]
[]
[]
[]
[]
[]
[]
[]
[]
[]
[]
[]
[]
[]
[]
[]
[]
[]
[]
[]
[]
[]
[]
[]
[]
[]
[]
[]
[]
[]
[]
[]
[]
[]
[]
[]
[]
[]
[]
[]
[]
[]
[]
[]
[]
[]
[]
[]
[]
[]
[]
[]
[]
[]
[]
[]
[]
[]
[]
[]
[]
[]
[]
[]
[]
[]
[]
[]
[]
[]
[]
[]
[]
[]
[]
[]
[]
[]
[]
[]
[]
[]
[]
[]
[]
[]
[]
[]
[]
[]
[]
[]
[]
[]
[]
[]
[]
[]
[]
[]
[]
[]
[]
[]
[]
[]
[]
[]
[]
[]
[]
[]
[]
[]
[]
[]
[]
[]
[]
[]
[]
[]
[]
[]
[]
[]
[]
[]
[]
[]
[]
[]
[]
[]
[]
[]
[]
[]
[]
[]
[]
[]
[]
[]
[]
[]
[]
[]
[]
[]
[]
[]
[]
[]
[]
[]
[]
[]
[]
[]
[]
[]
[]
[]
[]
[]
[]
[]
[]
[]
[]
[]
[]
[]
[]
[]
[]
[]
[]
[]
[]
[]
[]
[]
[]
[]
[]
[]
[]
[]
[]
[]
[]
[]
[]
[]
[]
[]
[]
[]
[]
[]
[]
[]
[]
[]
[]
[]
[]
[]
[]
[]
[]
[]
[]
[]
[]
[]
[]
[]
[]
[]
[]
[]
[]
[]
[]
[]
[]
[]
[]
[]
[]
[]
[]
[]
[]
[]
[]
[]
[]
[]
[]
[]
[]
[]
[]
[]
[]
[]
[]
[]
[]
[]
[]
[]
[]
[]
[]
[]
[]
[]
[]
[]
[]
[]
[]
[]
[]
[]
[]
[]
[]
[]
[]
[]
[]
[]
[]
[]
[]
[]
[]
[]
[]
[]
[]
[]
[]
[]
[]
[]
[]
[]
[]
[]
[]
[]
[]
[]
[]
[]
[]
[]
[]
[]
[]
[]
[]
[]
[]
[]
[]
[]
[]
[]
[]
[]
[]
[]
[]
[]
[]
[]
[]
[]
[]
[]
[]
[]
[]
[]
[]
[]
[]
[]
[]
[]
[]
[]
[]
[]
[]
[]
[]
[]
[]
[]
[]
[]
[]
[]
[]
[]
[]
[]
[]
[]
[]
[]
[]
[]
[]
[]
[]
[]
[]
[]
[]
[]
[]
[]
[]
[]
[]
[]
[]
[]
[]
[]
[]
[]
[]
[]
[]
[]
[]
[]
[]
[]
[]
[]
[]
[]
[]
[]
[]
[]
[]
[]
[]
[]
[]
[]
[]
[]
[]
[]
[]
[]
[]
[]
[]
[]
[]
[]
[]
[]
[]
[]
[]
[]
[]
[]
[]
[]
[]
[]
[]
[]
[]
[]
[]
[]
[]
[]
[]
[]
[]
[]
[]
[]
[]
[]
[]
[]
[]
[]
[]
[]
[]
[]
[]
[]
[]
[]
[]
[]
[]
[]
[]
[]
[]
[]
[]
[]
[]
[]
[]
[]
[]
[]
[]
[]
[]
[]
[]
[]
[]
[]
[]
[]
[]
[]
[]
[]
[]
[]
[]
[]
[]
[]
[]
[]
[]
[]
[]
[]
[]
[]
[]
[]
[]
[]
[]
[]
[]
[]
[]
[]
[]
[]
[]
[]
[]
[]
[]
[]
[]
[]
[]
[]
[]
[]
[]
[]
[]
[]
[]
[]
[]
[]
[]
[]
[]
[]
[]
[]
[]
[]
[]
[]
[]
[]
[]
[]
[]
[]
[]
[]
[]
[]
[]
[]
[]
[]
[]
[]
[]
[]
[]
[]
[]
[]
[]
[]
[]
[]
[]
[]
[]
[]
[]
[]
[]
[]
[]
[]
[]
[]
[]
[]
[]
[]
[]
[]
[]
[]
[]
[]
[]
[]
[]
[]
[]
[]
[]
[]
[]
[]
[]
[]
[]
[]
[]
[]
[]
[]
[]
[]
[]
[]
[]
[]
[]
[]
[]
[]
[]
[]
[]
[]
[]
[]
[]
[]
[]
[]
[]
[]
[]
[]
[]
[]
[]
[]
[]
[]
[]
[]
[]
[]
[]
[]
[]
[]
[]
[]
[]
[]
[]
[]
[]
[]
[]
[]
[]
[]
[]
[]
[]
[]
[]
[]
[]
[]
[]
[]
[]
[]
[]
[]
[]
[]
[]
[]
[]
[]
[]
[]
[]
[]
[]
[]
[]
[]
[]
[]
[]
[]
[]
[]
[]
[]
[]
[]
[]
[]
[]
[]
[]
[]
[]
[]
[]
[]
[]
[]
[]
[]
[]
[]
[]
[]
[]
[]
[]
[]
[]
[]
[]
[]
[]
[]
[]
[]
[]
[]
[]
[]
[]
[]
[]
[]
[]
[]
[]
[]
[]
[]
[]
[]
[]
[]
[]
[]
[]
[]
[]
[]
[]
[]
[]
[]
[]
[]
[]
[]
[]
[]
[]
[]
[]
[]
[]
[]
[]
[]
[]
[]
[]
[]
[]
[]
[]
[]
[]
[]
[]
[]
[]
[]
[]
[]
[]
[]
[]
[]
[]
[]
[]
[]
[]
[]
[]
[]
[]
[]
[]
[]
[]
[]
[]
[]
[]
[]
[]
[]
[]
[]
[]
[]
[]
[]
[]
[]
[]
[]
[]
[]
[]
[]
[]
[]
[]
[]
[]
[]
[]
[]
[]
[]
[]
[]
[]
[]
[]
[]
[]
[]
[]
[]
[]
[]
[]
[]
[]
[]
[]
[]
[]
[]
[]
[]
[]
[]
[]
[]
[]
[]
[]
[]
[]
[]
[]
[]
[]
[]
[]
[]
[]
[]
[]
[]
[]
[]
[]
[]
[]
[]
[]
[]
[]
[]
[]
[]
[]
[]
[]
[]
[]
[]
[]
[]
[]
[]
[]
[]
[]
[]
[]
[]
[]
[]
[]
[]
[]
[]
[]
[]
[]
[]
[]
[]
[]
[]
[]
[]
[]
[]
[]
[]
[]
[]
[]
[]
[]
[]
[]
[]
[]
[]
[]
[]
[]
[]
[]
[]
[]
[]
[]
[]
[]
[]
[]
[]
[]
[]
[]
[]
[]
[]
[]
[]
[]
[]
[]
[]
[]
[]
[]
[]
[]
[]
[]
[]
[]
[]
[]
[]
[]
[]
[]
[]
[]
[]
[]
[]
[]
[]
[]
[]
[]
[]
[]
[]
[]
[]
[]
[]
[]
[]
[]
[]
[]
[]
[]
[]
[]
[]
[]
[]
[]
[]
[]
[]
[]
[]
[]
[]
[]
[]
[]
[]
[]
[]
[]
[]
[]
[]
[]
[]
[]
[]
[]
[]
[]
[]
[]
[]
[]
[]
[]
[]
[]
[]
[]
[]
[]
[]
[]
[]
[]
[]
[]
[]
[]
[]
[]
[]
[]
[]
[]
[]
[]
[]
[]
[]
[]
[]
[]
[]
[]
[]
[]
[]
[]
[]
[]
[]
[]
[]
[]
[]
[]
[]
[]
[]
[]
[]
[]
[]
[]
[]
[]
[]
[]
[]
[]
[]
[]
[]
[]
[]
[]
[]
[]
[]
[]
[]
[]
[]
[]
[]
[]
[]
[]
[]
[]
[]
[]
[]
[]
[]
[]
[]
[]
[]
[]
[]
[]
[]
[]
[]
[]
[]
[]
[]
[]
[]
[]
[]
[]
[]
[]
[]
[]
[]
[]
[]
[]
[]
[]
[]
[]
[]
[]
[]
[]
[]
[]
[]
[]
[]
[]
[]
[]
[]
[]
[]
[]
[]
[]
[]
[]
[]
[]
[]
[]
[]
[]
[]
[]
[]
[]
[]
[]
[]
[]
[]
[]
[]
[]
[]
[]
[]
[]
[]
[]
[]
[]
[]
[]
[]
[]
[]
[]
[]
[]
[]
[]
[]
[]
[]
[]
[]
[]
[]
[]
[]
[]
[]
[]
[]
[]
[]
[]
[]
[]
[]
[]
[]
[]
[]
[]
[]
[]
[]
[]
[]
[]
[]
[]
[]
[]
[]
[]
[]
[]
[]
[]
[]
[]
[]
[]
[]
[]
[]
[]
[]
[]
[]
[]
[]
[]
[]
[]
[]
[]
[]
[]
[]
[]
[]
[]
[]
[]
[]
[]
[]
[]
[]
[]
[]
[]
[]
[]
[]
[]
[]
[]
[]
[]
[]
[]
[]
[]
[]
[]
[]
[]
[]
[]
[]
[]
[]
[]
[]
[]
[]
[]
[]
[]
[]
[]
[]
[]
[]
[]
[]
[]
[]
[]
[]
[]
[]
[]
[]
[]
[]
[]
[]
[]
[]
[]
[]
[]
[]
[]
[]
[]
[]
[]
[]
[]
[]
[]
[]
[]
[]
[]
[]
[]
[]
[]
[]
[]
[]
[]
[]
[]
[]
[]
[]
[]
[]
[]
[]
[]
[]
[]
[]
[]
[]
[]
[]
[]
[]
[]
[]
[]
[]
[]
[]
[]
[]
[]
[]
[]
[]
[]
[]
[]
[]
[]
[]
[]
[]
[]
[]
[]
[]
[]
[]
[]
[]
[]
[]
[]
[]
[]
[]
[]
[]
[]
[]
[]
[]
[]
[]
[]
[]
[]
[]
[]
[]
[]
[]
[]
[]
[]
[]
[]
[]
[]
[]
[]
[]
[]
[]
[]
[]
[]
[]
[]
[]
[]
[]
[]
[]
[]
[]
[]
[]
[]
[]
[]
[]
[]
[]
[]
[]
[]
[]
[]
[]
[]
[]
[]
[]
[]
[]
[]
[]
[]
[]
[]
[]
[]
[]
[]
[]
[]
[]
[]
[]
[]
[]
[]
[]
[]
[]
[]
[]
[]
[]
[]
[]
[]
[]
[]
[]
[]
[]
[]
[]
[]
[]
[]
[]
[]
[]
[]
[]
[]
[]
[]
[]
[]
[]
[]
[]
[]
[]
[]
[]
[]
[]
[]
[]
[]
[]
[]
[]
[]
[]
[]
[]
[]
[]
[]
[]
[]
[]
[]
[]
[]
[]
[]
[]
[]
[]
[]
[]
[]
[]
[]
[]
[]
[]
[]
[]
[]
[]
[]
[]
[]
[]
[]
[]
[]
[]
[]
[]
[]
[]
[]
[]
[]
[]
[]
[]
[]
[]
[]
[]
[]
[]
[]
[]
[]
[]
[]
[]
[]
[]
[]
[]
[]
[]
[]
[]
[]
[]
[]
[]
[]
[]
[]
[]
[]
[]
[]
[]
[]
[]
[]
[]
[]
[]
[]
[]
[]
[]
[]
[]
[]
[]
[]
[]
[]
[]
[]
[]
[]
[]
[]
[]
[]
[]
[]
[]
[]
[]
[]
[]
[]
[]
[]
[]
[]
[]
[]
[]
[]
[]
[]
[]
[]
[]
[]
[]
[]
[]
[]
[]
[]
[]
[]
[]
[]
[]
[]
[]
[]
[]
[]
[]
[]
[]
[]
[]
[]
[]
[]
[]
[]
[]
[]
[]
[]
[]
[]
[]
[]
[]
[]
[]
[]
[]
[]
[]
[]
[]
[]
[]
[]
[]
[]
[]
[]
[]
[]
[]
[]
[]
[]
[]
[]
[]
[]
[]
[]
[]
[]
[]
[]
[]
[]
[]
[]
[]
[]
[]
[]
[]
[]
[]
[]
[]
[]
[]
[]
[]
[]
[]
[]
[]
[]
[]
[]
[]
[]
[]
[]
[]
[]
[]
[]
[]
[]
[]
[]
[]
[]
[]
[]
[]
[]
[]
[]
[]
[]
[]
[]
[]
[]
[]
[]
[]
[]
[]
[]
[]
[]
[]
[]
[]
[]
[]
[]
[]
[]
[]
[]
[]
[]
[]
[]
[]
[]
[]
[]
[]
[]
[]
[]
[]
[]
[]
[]
[]
[]
[]
[]
[]
[]
[]
[]
[]
[]
[]
[]
[]
[]
[]
[]
[]
[]
[]
[]
[]
[]
[]
[]
[]
[]
[]
[]
[]
[]
[]
[]
[]
[]
[]
[]
[]
[]
[]
[]
[]
[]
[]
[]
[]
[]
[]
[]
[]
[]
[]
[]
[]
[]
[]
[]
[]
[]
[]
[]
[]
[]
[]
[]
[]
[]
[]
[]
[]
[]
[]
[]
[]
[]
[]
[]
[]
[]
[]
[]
[]
[]
[]
[]
[]
[]
[]
[]
[]
[]
[]
[]
[]
[]
[]
[]
[]
[]
[]
[]
[]
[]
[]
[]
[]
[]
[]
[]
[]
[]
[]
[]
[]
[]
[]
[]
[]
[]
[]
[]
[]
[]
[]
[]
[]
[]
[]
[]
[]
[]
[]
[]
[]
[]
[]
[]
[]
[]
[]
[]
[]
[]
[]
[]
[]
[]
[]
[]
[]
[]
[]
[]
[]
[]
[]
[]
[]
[]
[]
[]
[]
[]
[]
[]
[]
[]
[]
[]
[]
[]
[]
[]
[]
[]
[]
[]
[]
[]
[]
[]
[]
[]
[]
[]
[]
[]
[]
[]
[]
[]
[]
[]
[]
[]
[]
[]
[]
[]
[]
[]
[]
[]
[]
[]
[]
[]
[]
[]
[]
[]
[]
[]
[]
[]
[]
[]
[]
[]
[]
[]
[]
[]
[]
[]
[]
[]
[]
[]
[]
[]
[]
[]
[]
[]
[]
[]
[]
[]
[]
[]
[]
[]
[]
[]
[]
[]
[]
[]
[]
[]
[]
[]
[]
[]
[]
[]
[]
[]
[]
[]
[]
[]
[]
[]
[]
[]
[]
[]
[]
[]
[]
[]
[]
[]
[]
[]
[]
[]
[]
[]
[]
[]
[]
[]
[]
[]
[]
[]
[]
[]
[]
[]
[]
[]
[]
[]
[]
[]
[]
[]
[]
[]
[]
[]
[]
[]
[]
[]
[]
[]
[]
[]
[]
[]
[]
[]
[]
[]
[]
[]
[]
[]
[]
[]
[]
[]
[]
[]
[]
[]
[]
[]
[]
[]
[]
[]
[]
[]
[]
[]
[]
[]
[]
[]
[]
[]
[]
[]
[]
[]
[]
[]
[]
[]
[]
[]
[]
[]
[]
[]
[]
[]
[]
[]
[]
[]
[]
[]
[]
[]
[]
[]
[]
[]
[]
[]
[]
[]
[]
[]
[]
[]
[]
[]
[]
[]
[]
[]
[]
[]
[]
[]
[]
[]
[]
[]
[]
[]
[]
[]
[]
[]
[]
[]
[]
[]
[]
[]
[]
[]
[]
[]
[]
[]
[]
[]
[]
[]
[]
[]
[]
[]
[]
[]
[]
[]
[]
[]
[]
[]
[]
[]
[]
[]
[]
[]
[]
[]
[]
[]
[]
[]
[]
[]
[]
[]
[]
[]
[]
[]
[]
[]
[]
[]
[]
[]
[]
[]
[]
[]
[]
[]
[]
[]
[]
[]
[]
[]
[]
[]
[]
[]
[]
[]
[]
[]
[]
[]
[]
[]
[]
[]
[]
[]
[]
[]
[]
[]
[]
[]
[]
[]
[]
[]
[]
[]
[]
[]
[]
[]
[]
[]
[]
[]
[]
[]
[]
[]
[]
[]
[]
[]
[]
[]
[]
[]
[]
[]
[]
[]
[]
[]
[]
[]
[]
[]
[]
[]
[]
[]
[]
[]
[]
[]
[]
[]
[]
[]
[]
[]
[]
[]
[]
[]
[]
[]
[]
[]
[]
[]
[]
[]
[]
[]
[]
[]
[]
[]
[]
[]
[]
[]
[]
[]
[]
[]
[]
[]
[]
[]
[]
[]
[]
[]
[]
[]
[]
[]
[]
[]
[]
[]
[]
[]
[]
[]
[]
[]
[]
[]
[]
[]
[]
[]
[]
[]
[]
[]
[]
[]
[]
[]
[]
[]
[]
[]
[]
[]
[]
[]
[]
[]
[]
[]
[]
[]
[]
[]
[]
[]
[]
[]
[]
[]
[]
[]
[]
[]
[]
[]
[]
[]
[]
[]
[]
[]
[]
[]
[]
[]
[]
[]
[]
[]
[]
[]
[]
[]
[]
[]
[]
[]
[]
[]
[]
[]
[]
[]
[]
[]
[]
[]
[]
[]
[]
[]
[]
[]
[]
[]
[]
[]
[]
[]
[]
[]
[]
[]
[]
[]
[]
[]
[]
[]
[]
[]
[]
[]
[]
[]
[]
[]
[]
[]
[]
[]
[]
[]
[]
[]
[]
[]
[]
[]
[]
[]
[]
[]
[]
[]
[]
[]
[]
[]
[]
[]
[]
[]
[]
[]
[]
[]
[]
[]
[]
[]
[]
[]
[]
[]
[]
[]
[]
[]
[]
[]
[]
[]
[]
[]
[]
[]
[]
[]
[]
[]
[]
[]
[]
[]
[]
[]
[]
[]
[]
[]
[]
[]
[]
[]
[]
[]
[]
[]
[]
[]
[]
[]
[]
[]
[]
[]
[]
[]
[]
[]
[]
[]
[]
[]
[]
[]
[]
[]
[]
[]
[]
[]
[]
[]
[]
[]
[]
[]
[]
[]
[]
[]
[]
[]
[]
[]
[]
[]
[]
[]
[]
[]
[]
[]
[]
[]
[]
[]
[]
[]
[]
[]
[]
[]
[]
[]
[]
[]
[]
[]
[]
[]
[]
[]
[]
[]
[]
[]
[]
[]
[]
[]
[]
[]
[]
[]
[]
[]
[]
[]
[]
[]
[]
[]
[]
[]
[]
[]
[]
[]
[]
[]
[]
[]
[]
[]
[]
[]
[]
[]
[]
[]
[]
[]
[]
[]
[]
[]
[]
[]
[]
[]
[]
[]
[]
[]
[]
[]
[]
[]
[]
[]
[]
[]
[]
[]
[]
[]
[]
[]
[]
[]
[]
[]
[]
[]
[]
[]
[]
[]
[]
[]
[]
[]
[]
[]
[]
[]
[]
[]
[]
[]
[]
[]
[]
[]
[]
[]
[]
[]
[]
[]
[]
[]
[]
[]
[]
[]
[]
[]
[]
[]
[]
[]
[]
[]
[]
[]
[]
[]
[]
[]
[]
[]
[]
[]
[]
[]
[]
[]
[]
[]
[]
[]
[]
[]
[]
[]
[]
[]
[]
[]
[]
[]
[]
[]
[]
[]
[]
[]
[]
[]
[]
[]
[]
[]
[]
[]
[]
[]
[]
[]
[]
[]
[]
[]
[]
[]
[]
[]
[]
[]
[]
[]
[]
[]
[]
[]
[]
[]
[]
[]
[]
[]
[]
[]
[]
[]
[]
[]
[]
[]
[]
[]
[]
[]
[]
[]
[]
[]
[]
[]
[]
[]
[]
[]
[]
[]
[]
[]
[]
[]
[]
[]
[]
[]
[]
[]
[]
[]
[]
[]
[]
[]
[]
[]
[]
[]
[]
[]
[]
[]
[]
[]
[]
[]
[]
[]
[]
[]
[]
[]
[]
[]
[]
[]
[]
[]
[]
[]
[]
[]
[]
[]
[]
[]
[]
[]
[]
[]
[]
[]
[]
[]
[]
[]
[]
[]
[]
[]
[]
[]
[]
[]
[]
[]
[]
[]
[]
[]
[]
[]
[]
[]
[]
[]
[]
[]
[]
[]
[]
[]
[]
[]
[]
[]
[]
[]
[]
[]
[]
[]
[]
[]
[]
[]
[]
[]
[]
[]
[]
[]
[]
[]
[]
[]
[]
[]
[]
[]
[]
[]
[]
[]
[]
[]
[]
[]
[]
[]
[]
[]
[]
[]
[]
[]
[]
[]
[]
[]
[]
[]
[]
[]
[]
[]
[]
[]
[]
[]
[]
[]
[]
[]
[]
[]
[]
[]
[]
[]
[]
[]
[]
[]
[]
[]
[]
[]
[]
[]
[]
[]
[]
[]
[]
[]
[]
[]
[]
[]
[]
[]
[]
[]
[]
[]
[]
[]
[]
[]
[]
[]
[]
[]
[]
[]
[]
[]
[]
[]
[]
[]
[]
[]
[]
[]
[]
[]
[]
[]
[]
[]
[]
[]
[]
[]
[]
[]
[]
[]
[]
[]
[]
[]
[]
[]
[]
[]
[]
[]
[]
[]
[]
[]
[]
[]
[]
[]
[]
[]
[]
[]
[]
[]
[]
[]
[]
[]
[]
[]
[]
[]
[]
[]
[]
[]
[]
[]
[]
[]
[]
[]
[]
[]
[]
[]
[]
[]
[]
[]
[]
[]
[]
[]
[]
[]
[]
[]
[]
[]
[]
[]
[]
[]
[]
[]
[]
[]
[]
[]
[]
[]
[]
[]
[]
[]
[]
[]
[]
[]
[]
[]
[]
[]
[]
[]
[]
[]
[]
[]
[]
[]
[]
[]
[]
[]
[]
[]
[]
[]
[]
[]
[]
[]
[]
[]
[]
[]
[]
[]
[]
[]
[]
[]
[]
[]
[]
[]
[]
[]
[]
[]
[]
[]
[]
[]
[]
[]
[]
[]
[]
[]
[]
[]
[]
[]
[]
[]
[]
[]
[]
[]
[]
[]
[]
[]
[]
[]
[]
[]
[]
[]
[]
[]
[]
[]
[]
[]
[]
[]
[]
[]
[]
[]
[]
[]
[]
[]
[]
[]
[]
[]
[]
[]
[]
[]
[]
[]
[]
[]
[]
[]
[]
[]
[]
[]
[]
[]
[]
[]
[]
[]
[]
[]
[]
[]
[]
[]
[]
[]
[]
[]
[]
[]
[]
[]
[]
[]
[]
[]
[]
[]
[]
[]
[]
[]
[]
[]
[]
[]
[]
[]
[]
[]
[]
[]
[]
[]
[]
[]
[]
[]
[]
[]
[]
[]
[]
[]
[]
[]
[]
[]
[]
[]
[]
[]
[]
[]
[]
[]
[]
[]
[]
[]
[]
[]
[]
[]
[]
[]
[]
[]
[]
[]
[]
[]
[]
[]
[]
[]
[]
[]
[]
[]
[]
[]
[]
[]
[]
[]
[]
[]
[]
[]
[]
[]
[]
[]
[]
[]
[]
[]
[]
[]
[]
[]
[]
[]
[]
[]
[]
[]
[]
[]
[]
[]
[]
[]
[]
[]
[]
[]
[]
[]
[]
[]
[]
[]
[]
[]
[]
[]
[]
[]
[]
[]
[]
[]
[]
[]
[]
[]
[]
[]
[]
[]
[]
[]
[]
[]
[]
[]
[]
[]
[]
[]
[]
[]
[]
[]
[]
[]
[]
[]
[]
[]
[]
[]
[]
[]
[]
[]
[]
[]
[]
[]
[]
[]
[]
[]
[]
[]
[]
[]
[]
[]
[]
[]
[]
[]
[]
[]
[]
[]
[]
[]
[]
[]
[]
[]
[]
[]
[]
[]
[]
[]
[]
[]
[]
[]
[]
[]
[]
[]
[]
[]
[]
[]
[]
[]
[]
[]
[]
[]
[]
[]
[]
[]
[]
[]
[]
[]
[]
[]
[]
[]
[]
[]
[]
[]
[]
[]
[]
[]
[]
[]
[]
[]
[]
[]
[]
[]
[]
[]
[]
[]
[]
[]
[]
[]
[]
[]
[]
[]
[]
[]
[]
[]
[]
[]
[]
[]
[]
[]
[]
[]
[]
[]
[]
[]
[]
[]
[]
[]
[]
[]
[]
[]
[]
[]
[]
[]
[]
[]
[]
[]
[]
[]
[]
[]
[]
[]
[]
[]
[]
[]
[]
[]
[]
[]
[]
[]
[]
[]
[]
[]
[]
[]
[]
[]
[]
[]
[]
[]
[]
[]
[]
[]
[]
[]
[]
[]
[]
[]
[]
[]
[]
[]
[]
[]
[]
[]
[]
[]
[]
[]
[]
[]
[]
[]
[]
[]
[]
[]
[]
[]
[]
[]
[]
[]
[]
[]
[]
[]
[]
[]
[]
[]
[]
[]
[]
[]
[]
[]
[]
[]
[]
[]
[]
[]
[]
[]
[]
[]
[]
[]
[]
[]
[]
[]
[]
[]
[]
[]
[]
[]
[]
[]
[]
[]
[]
[]
[]
[]
[]
[]
[]
[]
[]
[]
[]
[]
[]
[]
[]
[]
[]
[]
[]
[]
[]
[]
[]
[]
[]
[]
[]
[]
[]
[]
[]
[]
[]
[]
[]
[]
[]
[]
[]
[]
[]
[]
[]
[]
[]
[]
[]
[]
[]
[]
[]
[]
[]
[]
[]
[]
[]
[]
[]
[]
[]
[]
[]
[]
[]
[]
[]
[]
[]
[]
[]
[]
[]
[]
[]
[]
[]
[]
[]
[]
[]
[]
[]
[]
[]
[]
[]
[]
[]
[]
[]
[]
[]
[]
[]
[]
[]
[]
[]
[]
[]
[]
[]
[]
[]
[]
[]
[]
[]
[]
[]
[]
[]
[]
[]
[]
[]
[]
[]
[]
[]
[]
[]
[]
[]
[]
[]
[]
[]
[]
[]
[]
[]
[]
[]
[]
[]
[]
[]
[]
[]
[]
[]
[]
[]
[]
[]
[]
[]
[]
[]
[]
[]
[]
[]
[]
[]
[]
[]
[]
[]
[]
[]
[]
[]
[]
[]
[]
[]
[]
[]
[]
[]
[]
[]
[]
[]
[]
[]
[]
[]
[]
[]
[]
[]
[]
[]
[]
[]
[]
[]
[]
[]
[]
[]
[]
[]
[]
[]
[]
[]
[]
[]
[]
[]
[]
[]
[]
[]
[]
[]
[]
[]
[]
[]
[]
[]
[]
[]
[]
[]
[]
[]
[]
[]
[]
[]
[]
[]
[]
[]
[]
[]
[]
[]
[]
[]
[]
[]
[]
[]
[]
[]
[]
[]
[]
[]
[]
[]
[]
[]
[]
[]
[]
[]
[]
[]
[]
[]
[]
[]
[]
[]
[]
[]
[]
[]
[]
[]
[]
[]
[]
[]
[]
[]
[]
[]
[]
[]
[]
[]
[]
[]
[]
[]
[]
[]
[]
[]
[]
[]
[]
[]
[]
[]
[]
[]
[]
[]
[]
[]
[]
[]
[]
[]
[]
[]
[]
[]
[]
[]
[]
[]
[]
[]
[]
[]
[]
[]
[]
[]
[]
[]
[]
[]
[]
[]
[]
[]
[]
[]
[]
[]
[]
[]
[]
[]
[]
[]
[]
[]
[]
[]
[]
[]
[]
[]
[]
[]
[]
[]
[]
[]
[]
[]
[]
[]
[]
[]
[]
[]
[]
[]
[]
[]
[]
[]
[]
[]
[]
[]
[]
[]
[]
[]
[]
[]
[]
[]
[]
[]
[]
[]
[]
[]
[]
[]
[]
[]
[]
[]
[]
[]
[]
[]
[]
[]
[]
[]
[]
[]
[]
[]
[]
[]
[]
[]
[]
[]
[]
[]
[]
[]
[]
[]
[]
[]
[]
[]
[]
[]
[]
[]
[]
[]
[]
[]
[]
[]
[]
[]
[]
[]
[]
[]
[]
[]
[]
[]
[]
[]
[]
[]
[]
[]
[]
[]
[]
[]
[]
[]
[]
[]
[]
[]
[]
[]
[]
[]
[]
[]
[]
[]
[]
[]
[]
[]
[]
[]
[]
[]
[]
[]
[]
[]
[]
[]
[]
[]
[]
[]
[]
[]
[]
[]
[]
[]
[]
[]
[]
[]
[]
[]
[]
[]
[]
[]
[]
[]
[]
[]
[]
[]
[]
[]
[]
[]
[]
[]
[]
[]
[]
[]
[]
[]
[]
[]
[]
[]
[]
[]
[]
[]
[]
[]
[]
[]
[]
[]
[]
[]
[]
[]
[]
[]
[]
[]
[]
[]
[]
[]
[]
[]
[]
[]
[]
[]
[]
[]
[]
[]
[]
[]
[]
[]
[]
[]
[]
[]
[]
[]
[]
[]
[]
[]
[]
[]
[]
[]
[]
[]
[]
[]
[]
[]
[]
[]
[]
[]
[]
[]
[]
[]
[]
[]
[]
[]
[]
[]
[]
[]
[]
[]
[]
[]
[]
[]
[]
[]
[]
[]
[]
[]
[]
[]
[]
[]
[]
[]
[]
[]
[]
[]
[]
[]
[]
[]
[]
[]
[]
[]
[]
[]
[]
[]
[]
[]
[]
[]
[]
[]
[]
[]
[]
[]
[]
[]
[]
[]
[]
[]
[]
[]
[]
[]
[]
[]
[]
[]
[]
[]
[]
[]
[]
[]
[]
[]
[]
[]
[]
[]
[]
[]
[]
[]
[]
[]
[]
[]
[]
[]
[]
[]
[]
[]
[]
[]
[]
[]
[]
[]
[]
[]
[]
[]
[]
[]
[]
[]
[]
[]
[]
[]
[]
[]
[]
[]
[]
[]
[]
[]
[]
[]
[]
[]
[]
[]
[]
[]
[]
[]
[]
[]
[]
[]
[]
[]
[]
[]
[]
[]
[]
[]
[]
[]
[]
[]
[]
[]
[]
[]
[]
[]
[]
[]
[]
[]
[]
[]
[]
[]
[]
[]
[]
[]
[]
[]
[]
[]
[]
[]
[]
[]
[]
[]
[]
[]
[]
[]
[]
[]
[]
[]
[]
[]
[]
[]
[]
[]
[]
[]
[]
[]
[]
[]
[]
[]
[]
[]
[]
[]
[]
[]
[]
[]
[]
[]
[]
[]
[]
[]
[]
[]
[]
[]
[]
[]
[]
[]
[]
[]
[]
[]
[]
[]
[]
[]
[]
[]
[]
[]
[]
[]
[]
[]
[]
[]
[]
[]
[]
[]
[]
[]
[]
[]
[]
[]
[]
[]
[]
[]
[]
[]
[]
[]
[]
[]
[]
[]
[]
[]
[]
[]
[]
[]
[]
[]
[]
[]
[]
[]
[]
[]
[]
[]
[]
[]
[]
[]
[]
[]
[]
[]
[]
[]
[]
[]
[]
[]
[]
[]
[]
[]
[]
[]
[]
[]
[]
[]
[]
[]
[]
[]
[]
[]
[]
[]
[]
[]
[]
[]
[]
[]
[]
[]
[]
[]
[]
[]
[]
[]
[]
[]
[]
[]
[]
[]
[]
[]
[]
[]
[]
[]
[]
[]
[]
[]
[]
[]
[]
[]
[]
[]
[]
[]
[]
[]
[]
[]
[]
[]
[]
[]
[]
[]
[]
[]
[]
[]
[]
[]
[]
[]
[]
[]
[]
[]
[]
[]
[]
[]
[]
[]
[]
[]
[]
[]
[]
[]
[]
[]
[]
[]
[]
[]
[]
[]
[]
[]
[]
[]
[]
[]
[]
[]
[]
[]
[]
[]
[]
[]
[]
[]
[]
[]
[]
[]
[]
[]
[]
[]
[]
[]
[]
[]
[]
[]
[]
[]
[]
[]
[]
[]
[]
[]
[]
[]
[]
[]
[]
[]
[]
[]
[]
[]
[]
[]
[]
[]
[]
[]
[]
[]
[]
[]
[]
[]
[]
[]
[]
[]
[]
[]
[]
[]
[]
[]
[]
[]
[]
[]
[]
[]
[]
[]
[]
[]
[]
[]
[]
[]
[]
[]
[]
[]
[]
[]
[]
[]
[]
[]
[]
[]
[]
[]
[]
[]
[]
[]
[]
[]
[]
[]
[]
[]
[]
[]
[]
[]
[]
[]
[]
[]
[]
[]
[]
[]
[]
[]
[]
[]
[]
[]
[]
[]
[]
[]
[]
[]
[]
[]
[]
[]
[]
[]
[]
[]
[]
[]
[]
[]
[]
[]
[]
[]
[]
[]
[]
[]
[]
[]
[]
[]
[]
[]
[]
[]
[]
[]
[]
[]
[]
[]
[]
[]
[]
[]
[]
[]
[]
[]
[]
[]
[]
[]
[]
[]
[]
[]
[]
[]
[]
[]
[]
[]
[]
[]
[]
[]
[]
[]
[]
[]
[]
[]
[]
[]
[]
[]
[]
[]
[]
[]
[]
[]
[]
[]
[]
[]
[]
[]
[]
[]
[]
[]
[]
[]
[]
[]
[]
[]
[]
[]
[]
[]
[]
[]
[]
[]
[]
[]
[]
[]
[]
[]
[]
[]
[]
[]
[]
[]
[]
[]
[]
[]
[]
[]
[]
[]
[]
[]
[]
[]
[]
[]
[]
[]
[]
[]
[]
[]
[]
[]
[]
[]
[]
[]
[]
[]
[]
[]
[]
[]
[]
[]
[]
[]
[]
[]
[]
[]
[]
[]
[]
[]
[]
[]
[]
[]
[]
[]
[]
[]
[]
[]
[]
[]
[]
[]
[]
[]
[]
[]
[]
[]
[]
[]
[]
[]
[]
[]
[]
[]
[]
[]
[]
[]
[]
[]
[]
[]
[]
[]
[]
[]
[]
[]
[]
[]
[]
[]
[]
[]
[]
[]
[]
[]
[]
[]
[]
[]
[]
[]
[]
[]
[]
[]
[]
[]
[]
[]
[]
[]
[]
[]
[]
[]
[]
[]
[]
[]
[]
[]
[]
[]
[]
[]
[]
[]
[]
[]
[]
[]
[]
[]
[]
[]
[]
[]
[]
[]
[]
[]
[]
[]
[]
[]
[]
[]
[]
[]
[]
[]
[]
[]
[]
[]
[]
[]
[]
[]
[]
[]
[]
[]
[]
[]
[]
[]
[]
[]
[]
[]
[]
[]
[]
[]
[]
[]
[]
[]
[]
[]
[]
[]
[]
[]
[]
[]
[]
[]
[]
[]
[]
[]
[]
[]
[]
[]
[]
[]
[]
[]
[]
[]
[]
[]
[]
[]
[]
[]
[]
[]
[]
[]
[]
[]
[]
[]
[]
[]
[]
[]
[]
[]
[]
[]
[]
[]
[]
[]
[]
[]
[]
[]
[]
[]
[]
[]
[]
[]
[]
[]
[]
[]
[]
[]
[]
[]
[]
[]
[]
[]
[]
[]
[]
[]
[]
[]
[]
[]
[]
[]
[]
[]
[]
[]
[]
[]
[]
[]
[]
[]
[]
[]
[]
[]
[]
[]
[]
[]
[]
[]
[]
[]
[]
[]
[]
[]
[]
[]
[]
[]
[]
[]
[]
[]
[]
[]
[]
[]
[]
[]
[]
[]
[]
[]
[]
[]
[]
[]
[]
[]
[]
[]
[]
[]
[]
[]
[]
[]
[]
[]
[]
[]
[]
[]
[]
[]
[]
[]
[]
[]
[]
[]
[]
[]
[]
[]
[]
[]
[]
[]
[]
[]
[]
[]
[]
[]
[]
[]
[]
[]
[]
[]
[]
[]
[]
[]
[]
[]
[]
[]
[]
[]
[]
[]
[]
[]
[]
[]
[]
[]
[]
[]
[]
[]
[]
[]
[]
[]
[]
[]
[]
[]
[]
[]
[]
[]
[]
[]
[]
[]
[]
[]
[]
[]
[]
[]
[]
[]
[]
[]
[]
[]
[]
[]
[]
[]
[]
[]
[]
[]
[]
[]
[]
[]
[]
[]
[]
[]
[]
[]
[]
[]
[]
[]
[]
[]
[]
[]
[]
[]
[]
[]
[]
[]
[]
[]
[]
[]
[]
[]
[]
[]
[]
[]
[]
[]
[]
[]
[]
[]
[]
[]
[]
[]
[]
[]
[]
[]
[]
[]
[]
[]
[]
[]
[]
[]
[]
[]
[]
[]
[]
[]
[]
[]
[]
[]
[]
[]
[]
[]
[]
[]
[]
[]
[]
[]
[]
[]
[]
[]
[]
[]
[]
[]
[]
[]
[]
[]
[]
[]
[]
[]
[]
[]
[]
[]
[]
[]
[]
[]
[]
[]
[]
[]
[]
[]
[]
[]
[]
[]
[]
[]
[]
[]
[]
[]
[]
[]
[]
[]
[]
[]
[]
[]
[]
[]
[]
[]
[]
[]
[]
[]
[]
[]
[]
[]
[]
[]
[]
[]
[]
[]
[]
[]
[]
[]
[]
[]
[]
[]
[]
[]
[]
[]
[]
[]
[]
[]
[]
[]
[]
[]
[]
[]
[]
[]
[]
[]
[]
[]
[]
[]
[]
[]
[]
[]
[]
[]
[]
[]
[]
[]
[]
[]
[]
[]
[]
[]
[]
[]
[]
[]
[]
[]
[]
[]
[]
[]
[]
[]
[]
[]
[]
[]
[]
[]
[]
[]
[]
[]
[]
[]
[]
[]
[]
[]
[]
[]
[]
[]
[]
[]
[]
[]
[]
[]
[]
[]
[]
[]
[]
[]
[]
[]
[]
[]
[]
[]
[]
[]
[]
[]
[]
[]
[]
[]
[]
[]
[]
[]
[]
[]
[]
[]
[]
[]
[]
[]
[]
[]
[]
[]
[]
[]
[]
[]
[]
[]
[]
[]
[]
[]
[]
[]
[]
[]
[]
[]
[]
[]
[]
[]
[]
[]
[]
[]
[]
[]
[]
[]
[]
[]
[]
[]
[]
[]
[]
[]
[]
[]
[]
[]
[]
[]
[]
[]
[]
[]
[]
[]
[]
[]
[]
[]
[]
[]
[]
[]
[]
[]
[]
[]
[]
[]
[]
[]
[]
[]
[]
[]
[]
[]
[]
[]
[]
[]
[]
[]
[]
[]
[]
[]
[]
[]
[]
[]
[]
[]
[]
[]
[]
[]
[]
[]
[]
[]
[]
[]
[]
[]
[]
[]
[]
[]
[]
[]
[]
[]
[]
[]
[]
[]
[]
[]
[]
[]
[]
[]
[]
[]
[]
[]
[]
[]
[]
[]
[]
[]
[]
[]
[]
[]
[]
[]
[]
[]
[]
[]
[]
[]
[]
[]
[]
[]
[]
[]
[]
[]
[]
[]
[]
[]
[]
[]
[]
[]
[]
[]
[]
[]
[]
[]
[]
[]
[]
[]
[]
[]
[]
[]
[]
[]
[]
[]
[]
[]
[]
[]
[]
[]
[]
[]
[]
[]
[]
[]
[]
[]
[]
[]
[]
[]
[]
[]
[]
[]
[]
[]
[]
[]
[]
[]
[]
[]
[]
[]
[]
[]
[]
[]
[]
[]
[]
[]
[]
[]
[]
[]
[]
[]
[]
[]
[]
[]
[]
[]
[]
[]
[]
[]
[]
[]
[]
[]
[]
[]
[]
[]
[]
[]
[]
[]
[]
[]
[]
[]
[]
[]
[]
[]
[]
[]
[]
[]
[]
[]
[]
[]
[]
[]
[]
[]
[]
[]
[]
[]
[]
[]
[]
[]
[]
[]
[]
[]
[]
[]
[]
[]
[]
[]
[]
[]
[]
[]
[]
[]
[]
[]
[]
[]
[]
[]
[]
[]
[]
[]
[]
[]
[]
[]
[]
[]
[]
[]
[]
[]
[]
[]
[]
[]
[]
[]
[]
[]
[]
[]
[]
[]
[]
[]
[]
[]
[]
[]
[]
[]
[]
[]
[]
[]
[]
[]
[]
[]
[]
[]
[]
[]
[]
[]
[]
[]
[]
[]
[]
[]
[]
[]
[]
[]
[]
[]
[]
[]
[]
[]
[]
[]
[]
[]
[]
[]
[]
[]
[]
[]
[]
[]
[]
[]
[]
[]
[]
[]
[]
[]
[]
[]
[]
[]
[]
[]
[]
[]
[]
[]
[]
[]
[]
[]
[]
[]
[]
[]
[]
[]
[]
[]
[]
[]
[]
[]
[]
[]
[]
[]
[]
[]
[]
[]
[]
[]
[]
[]
[]
[]
[]
[]
[]
[]
[]
[]
[]
[]
[]
[]
[]
[]
[]
[]
[]
[]
[]
[]
[]
[]
[]
[]
[]
[]
[]
[]
[]
[]
[]
[]
[]
[]
[]
[]
[]
[]
[]
[]
[]
[]
[]
[]
[]
[]
[]
[]
[]
[]
[]
[]
[]
[]
[]
[]
[]
[]
[]
[]
[]
[]
[]
[]
[]
[]
[]
[]
[]
[]
[]
[]
[]
[]
[]
[]
[]
[]
[]
[]
[]
[]
[]
[]
[]
[]
[]
[]
[]
[]
[]
[]
[]
[]
[]
[]
[]
[]
[]
[]
[]
[]
[]
[]
[]
[]
[]
[]
[]
[]
[]
[]
[]
[]
[]
[]
[]
[]
[]
[]
[]
[]
[]
[]
[]
[]
[]
[]
[]
[]
[]
[]
[]
[]
[]
[]
[]
[]
[]
[]
[]
[]
[]
[]
[]
[]
[]
[]
[]
[]
[]
[]
[]
[]
[]
[]
[]
[]
[]
[]
[]
[]
[]
[]
[]
[]
[]
[]
[]
[]
[]
[]
[]
[]
[]
[]
[]
[]
[]
[]
[]
[]
[]
[]
[]
[]
[]
[]
[]
[]
[]
[]
[]
[]
[]
[]
[]
[]
[]
[]
[]
[]
[]
[]
[]
[]
[]
[]
[]
[]
[]
[]
[]
[]
[]
[]
[]
[]
[]
[]
[]
[]
[]
[]
[]
[]
[]
[]
[]
[]
[]
[]
[]
[]
[]
[]
[]
[]
[]
[]
[]
[]
[]
[]
[]
[]
[]
[]
[]
[]
[]
[]
[]
[]
[]
[]
[]
[]
[]
[]
[]
[]
[]
[]
[]
[]
[]
[]
[]
[]
[]
[]
[]
[]
[]
[]
[]
[]
[]
[]
[]
[]
[]
[]
[]
[]
[]
[]
[]
[]
[]
[]
[]
[]
[]
[]
[]
[]
[]
[]
[]
[]
[]
[]
[]
[]
[]
[]
[]
[]
[]
[]
[]
[]
[]
[]
[]
[]
[]
[]
[]
[]
[]
[]
[]
[]
[]
[]
[]
[]
[]
[]
[]
[]
[]
[]
[]
[]
[]
[]
[]
[]
[]
[]
[]
[]
[]
[]
[]
[]
[]
[]
[]
[]
[]
[]
[]
[]
[]
[]
[]
[]
[]
[]
[]
[]
[]
[]
[]
[]
[]
[]
[]
[]
[]
[]
[]
[]
[]
[]
[]
[]
[]
[]
[]
[]
[]
[]
[]
[]
[]
[]
[]
[]
[]
[]
[]
[]
[]
[]
[]
[]
[]
[]
[]
[]
[]
[]
[]
[]
[]
[]
[]
[]
[]
[]
[]
[]
[]
[]
[]
[]
[]
[]
[]
[]
[]
[]
[]
[]
[]
[]
[]
[]
[]
[]
[]
[]
[]
[]
[]
[]
[]
[]
[]
[]
[]
[]
[]
[]
[]
[]
[]
[]
[]
[]
[]
[]
[]
[]
[]
[]
[]
[]
[]
[]
[]
[]
[]
[]
[]
[]
[]
[]
[]
[]
[]
[]
[]
[]
[]
[]
[]
[]
[]
[]
[]
[]
[]
[]
[]
[]
[]
[]
[]
[]
[]
[]
[]
[]
[]
[]
[]
[]
[]
[]
[]
[]
[]
[]
[]
[]
[]
[]
[]
[]
[]
[]
[]
[]
[]
[]
[]
[]
[]
[]
[]
[]
[]
[]
[]
[]
[]
[]
[]
[]
[]
[]
[]
[]
[]
[]
[]
[]
[]
[]
[]
[]
[]
[]
[]
[]
[]
[]
[]
[]
[]
[]
[]
[]
[]
[]
[]
[]
[]
[]
[]
[]
[]
[]
[]
[]
[]
[]
[]
[]
[]
[]
[]
[]
[]
[]
[]
[]
[]
[]
[]
[]
[]
[]
[]
[]
[]
[]
[]
[]
[]
[]
[]
[]
[]
[]
[]
[]
[]
[]
[]
[]
[]
[]
[]
[]
[]
[]
[]
[]
[]
[]
[]
[]
[]
[]
[]
[]
[]
[]
[]
[]
[]
[]
[]
[]
[]
[]
[]
[]
[]
[]
[]
[]
[]
[]
[]
[]
[]
[]
[]
[]
[]
[]
[]
[]
[]
[]
[]
[]
[]
[]
[]
[]
[]
[]
[]
[]
[]
[]
[]
[]
[]
[]
[]
[]
[]
[]
[]
[]
[]
[]
[]
[]
[]
[]
[]
[]
[]
[]
[]
[]
[]
[]
[]
[]
[]
[]
[]
[]
[]
[]
[]
[]
[]
[]
[]
[]
[]
[]
[]
[]
[]
[]
[]
[]
[]
[]
[]
[]
[]
[]
[]
[]
[]
[]
[]
[]
[]
[]
[]
[]
[]
[]
[]
[]
[]
[]
[]
[]
[]
[]
[]
[]
[]
[]
[]
[]
[]
[]
[]
[]
[]
[]
[]
[]
[]
[]
[]
[]
[]
[]
[]
[]
[]
[]
[]
[]
[]
[]
[]
[]
[]
[]
[]
[]
[]
[]
[]
[]
[]
[]
[]
[]
[]
[]
[]
[]
[]
[]
[]
[]
[]
[]
[]
[]
[]
[]
[]
[]
[]
[]
[]
[]
[]
[]
[]
[]
[]
[]
[]
[]
[]
[]
[]
[]
[]
[]
[]
[]
[]
[]
[]
[]
[]
[]
[]
[]
[]
[]
[]
[]
[]
[]
[]
[]
[]
[]
[]
[]
[]
[]
[]
[]
[]
[]
[]
[]
[]
[]
[]
[]
[]
[]
[]
[]
[]
[]
[]
[]
[]
[]
[]
[]
[]
[]
[]
[]
[]
[]
[]
[]
[]
[]
[]
[]
[]
[]
[]
[]
[]
[]
[]
[]
[]
[]
[]
[]
[]
[]
[]
[]
[]
[]
[]
[]
[]
[]
[]
[]
[]
[]
[]
[]
[]
[]
[]
[]
[]
[]
[]
[]
[]
[]
[]
[]
[]
[]
[]
[]
[]
[]
[]
[]
[]
[]
[]
[]
[]
[]
[]
[]
[]
[]
[]
[]
[]
[]
[]
[]
[]
[]
[]
[]
[]
[]
[]
[]
[]
[]
[]
[]
[]
[]
[]
[]
[]
[]
[]
[]
[]
[]
[]
[]
[]
[]
[]
[]
[]
[]
[]
[]
[]
[]
[]
[]
[]
[]
[]
[]
[]
[]
[]
[]
[]
[]
[]
[]
[]
[]
[]
[]
[]
[]
[]
[]
[]
[]
[]
[]
[]
[]
[]
[]
[]
[]
[]
[]
[]
[]
[]
[]
[]
[]
[]
[]
[]
[]
[]
[]
[]
[]
[]
[]
[]
[]
[]
[]
[]
[]
[]
[]
[]
[]
[]
[]
[]
[]
[]
[]
[]
[]
[]
[]
[]
[]
[]
[]
[]
[]
[]
[]
[]
[]
[]
[]
[]
[]
[]
[]
[]
[]
[]
[]
[]
[]
[]
[]
[]
[]
[]
[]
[]
[]
[]
[]
[]
[]
[]
[]
[]
[]
[]
[]
[]
[]
[]
[]
[]
[]
[]
[]
[]
[]
[]
[]
[]
[]
[]
[]
[]
[]
[]
[]
[]
[]
[]
[]
[]
[]
[]
[]
[]
[]
[]
[]
[]
[]
[]
[]
[]
[]
[]
[]
[]
[]
[]
[]
[]
[]
[]
[]
[]
[]
[]
[]
[]
[]
[]
[]
[]
[]
[]
[]
[]
[]
[]
[]
[]
[]
[]
[]
[]
[]
[]
[]
[]
[]
[]
[]
[]
[]
[]
[]
[]
[]
[]
[]
[]
[]
[]
[]
[]
[]
[]
[]
[]
[]
[]
[]
[]
[]
[]
[]
[]
[]
[]
[]
[]
[]
[]
[]
[]
[]
[]
[]
[]
[]
[]
[]
[]
[]
[]
[]
[]
[]
[]
[]
[]
[]
[]
[]
[]
[]
[]
[]
[]
[]
[]
[]
[]
[]
[]
[]
[]
[]
[]
[]
[]
[]
[]
[]
[]
[]
[]
[]
[]
[]
[]
[]
[]
[]
[]
[]
[]
[]
[]
[]
[]
[]
[]
[]
[]
[]
[]
[]
[]
[]
[]
[]
[]
[]
[]
[]
[]
[]
[]
[]
[]
[]
[]
[]
[]
[]
[]
[]
[]
[]
[]
[]
[]
[]
[]
[]
[]
[]
[]
[]
[]
[]
[]
[]
[]
[]
[]
[]
[]
[]
[]
[]
[]
[]
[]
[]
[]
[]
[]
[]
[]
[]
[]
[]
[]
[]
[]
[]
[]
[]
[]
[]
[]
[]
[]
[]
[]
[]
[]
[]
[]
[]
[]
[]
[]
[]
[]
[]
[]
[]
[]
[]
[]
[]
[]
[]
[]
[]
[]
[]
[]
[]
[]
[]
[]
[]
[]
[]
[]
[]
[]
[]
[]
[]
[]
[]
[]
[]
[]
[]
[]
[]
[]
[]
[]
[]
[]
[]
[]
[]
[]
[]
[]
[]
[]
[]
[]
[]
[]
[]
[]
[]
[]
[]
[]
[]
[]
[]
[]
[]
[]
[]
[]
[]
[]
[]
[]
[]
[]
[]
[]
[]
[]
[]
[]
[]
[]
[]
[]
[]
[]
[]
[]
[]
[]
[]
[]
[]
[]
[]
[]
[]
[]
[]
[]
[]
[]
[]
[]
[]
[]
[]
[]
[]
[]
[]
[]
[]
[]
[]
[]
[]
[]
[]
[]
[]
[]
[]
[]
[]
[]
[]
[]
[]
[]
[]
[]
[]
[]
[]
[]
[]
[]
[]
[]
[]
[]
[]
[]
[]
[]
[]
[]
[]
[]
[]
[]
[]
[]
[]
[]
[]
[]
[]
[]
[]
[]
[]
[]
[]
[]
[]
[]
[]
[]
[]
[]
[]
[]
[]
[]
[]
[]
[]
[]
[]
[]
[]
[]
[]
[]
[]
[]
[]
[]
[]
[]
[]
[]
[]
[]
[]
[]
[]
[]
[]
[]
[]
[]
[]
[]
[]
[]
[]
[]
[]
[]
[]
[]
[]
[]
[]
[]
[]
[]
[]
[]
[]
[]
[]
[]
[]
[]
[]
[]
[]
[]
[]
[]
[]
[]
[]
[]
[]
[]
[]
[]
[]
[]
[]
[]
[]
[]
[]
[]
[]
[]
[]
[]
[]
[]
[]
[]
[]
[]
[]
[]
[]
[]
[]
[]
[]
[]
[]
[]
[]
[]
[]
[]
[]
[]
[]
[]
[]
[]
[]
[]
[]
[]
[]
[]
[]
[]
[]
[]
[]
[]
[]
[]
[]
[]
[]
[]
[]
[]
[]
[]
[]
[]
[]
[]
[]
[]
[]
[]
[]
[]
[]
[]
[]
[]
[]
[]
[]
[]
[]
[]
[]
[]
[]
[]
[]
[]
[]
[]
[]
[]
[]
[]
[]
[]
[]
[]
[]
[]
[]
[]
[]
[]
[]
[]
[]
[]
[]
[]
[]
[]
[]
[]
[]
[]
[]
[]
[]
[]
[]
[]
[]
[]
[]
[]
[]
[]
[]
[]
[]
[]
[]
[]
[]
[]
[]
[]
[]
[]
[]
[]
[]
[]
[]
[]
[]
[]
[]
[]
[]
[]
[]
[]
[]
[]
[]
[]
[]
[]
[]
[]
[]
[]
[]
[]
[]
[]
[]
[]
[]
[]
[]
[]
[]
[]
[]
[]
[]
[]
[]
[]
[]
[]
[]
[]
[]
[]
[]
[]
[]
[]
[]
[]
[]
[]
[]
[]
[]
[]
[]
[]
[]
[]
[]
[]
[]
[]
[]
[]
[]
[]
[]
[]
[]
[]
[]
[]
[]
[]
[]
[]
[]
[]
[]
[]
[]
[]
[]
[]
[]
[]
[]
[]
[]
[]
[]
[]
[]
[]
[]
[]
[]
[]
[]
[]
[]
[]
[]
[]
[]
[]
[]
[]
[]
[]
[]
[]
[]
[]
[]
[]
[]
[]
[]
[]
[]
[]
[]
[]
[]
[]
[]
[]
[]
[]
[]
[]
[]
[]
[]
[]
[]
[]
[]
[]
[]
[]
[]
[]
[]
[]
[]
[]
[]
[]
[]
[]
[]
[]
[]
[]
[]
[]
[]
[]
[]
[]
[]
[]
[]
[]
[]
[]
[]
[]
[]
[]
[]
[]
[]
[]
[]
[]
[]
[]
[]
[]
[]
[]
[]
[]
[]
[]
[]
[]
[]
[]
[]
[]
[]
[]
[]
[]
[]
[]
[]
[]
[]
[]
[]
[]
[]
[]
[]
[]
[]
[]
[]
[]
[]
[]
[]
[]
[]
[]
[]
[]
[]
[]
[]
[]
[]
[]
[]
[]
[]
[]
[]
[]
[]
[]
[]
[]
[]
[]
[]
[]
[]
[]
[]
[]
[]
[]
[]
[]
[]
[]
[]
[]
[]
[]
[]
[]
[]
[]
[]
[]
[]
[]
[]
[]
[]
[]
[]
[]
[]
[]
[]
[]
[]
[]
[]
[]
[]
[]
[]
[]
[]
[]
[]
[]
[]
[]
[]
[]
[]
[]
[]
[]
[]
[]
[]
[]
[]
[]
[]
[]
[]
[]
[]
[]
[]
[]
[]
[]
[]
[]
[]
[]
[]
[]
[]
[]
[]
[]
[]
[]
[]
[]
[]
[]
[]
[]
[]
[]
[]
[]
[]
[]
[]
[]
[]
[]
[]
[]
[]
[]
[]
[]
[]
[]
[]
[]
[]
[]
[]
[]
[]
[]
[]
[]
[]
[]
[]
[]
[]
[]
[]
[]
[]
[]
[]
[]
[]
[]
[]
[]
[]
[]
[]
[]
[]
[]
[]
[]
[]
[]
[]
[]
[]
[]
[]
[]
[]
[]
[]
[]
[]
[]
[]
[]
[]
[]
[]
[]
[]
[]
[]
[]
[]
[]
[]
[]
[]
[]
[]
[]
[]
[]
[]
[]
[]
[]
[]
[]
[]
[]
[]
[]
[]
[]
[]
[]
[]
[]
[]
[]
[]
[]
[]
[]
[]
[]
[]
[]
[]
[]
[]
[]
[]
[]
[]
[]
[]
[]
[]
[]
[]
[]
[]
[]
[]
[]
[]
[]
[]
[]
[]
[]
[]
[]
[]
[]
[]
[]
[]
[]
[]
[]
[]
[]
[]
[]
[]
[]
[]
[]
[]
[]
[]
[]
[]
[]
[]
[]
[]
[]
[]
[]
[]
[]
[]
[]
[]
[]
[]
[]
[]
[]
[]
[]
[]
[]
[]
[]
[]
[]
[]
[]
[]
[]
[]
[]
[]
[]
[]
[]
[]
[]
[]
[]
[]
[]
[]
[]
[]
[]
[]
[]
[]
[]
[]
[]
[]
[]
[]
[]
[]
[]
[]
[]
[]
[]
[]
[]
[]
[]
[]
[]
[]
[]
[]
[]
[]
[]
[]
[]
[]
[]
[]
[]
[]
[]
[]
[]
[]
[]
[]
[]
[]
[]
[]
[]
[]
[]
[]
[]
[]
[]
[]
[]
[]
[]
[]
[]
[]
[]
[]
[]
[]
[]
[]
[]
[]
[]
[]
[]
[]
[]
[]
[]
[]
[]
[]
[]
[]
[]
[]
[]
[]
[]
[]
[]
[]
[]
[]
[]
[]
[]
[]
[]
[]
[]
[]
[]
[]
[]
[]
[]
[]
[]
[]
[]
[]
[]
[]
[]
[]
[]
[]
[]
[]
[]
[]
[]
[]
[]
[]
[]
[]
[]
[]
[]
[]
[]
[]
[]
[]
[]
[]
[]
[]
[]
[]
[]
[]
[]
[]
[]
[]
[]
[]
[]
[]
[]
[]
[]
[]
[]
[]
[]
[]
[]
[]
[]
[]
[]
[]
[]
[]
[]
[]
[]
[]
[]
[]
[]
[]
[]
[]
[]
[]
[]
[]
[]
[]
[]
[]
[]
[]
[]
[]
[]
[]
[]
[]
[]
[]
[]
[]
[]
[]
[]
[]
[]
[]
[]
[]
[]
[]
[]
[]
[]
[]
[]
[]
[]
[]
[]
[]
[]
[]
[]
[]
[]
[]
[]
[]
[]
[]
[]
[]
[]
[]
[]
[]
[]
[]
[]
[]
[]
[]
[]
[]
[]
[]
[]
[]
[]
[]
[]
[]
[]
[]
[]
[]
[]
[]
[]
[]
[]
[]
[]
[]
[]
[]
[]
[]
[]
[]
[]
[]
[]
[]
[]
[]
[]
[]
[]
[]
[]
[]
[]
[]
[]
[]
[]
[]
[]
[]
[]
[]
[]
[]
[]
[]
[]
[]
[]
[]
[]
[]
[]
[]
[]
[]
[]
[]
[]
[]
[]
[]
[]
[]
[]
[]
[]
[]
[]
[]
[]
[]
[]
[]
[]
[]
[]
[]
[]
[]
[]
[]
[]
[]
[]
[]
[]
[]
[]
[]
[]
[]
[]
[]
[]
[]
[]
[]
[]
[]
[]
[]
[]
[]
[]
[]
[]
[]
[]
[]
[]
[]
[]
[]
[]
[]
[]
[]
[]
[]
[]
[]
[]
[]
[]
[]
[]
[]
[]
[]
[]
[]
[]
[]
[]
[]
[]
[]
[]
[]
[]
[]
[]
[]
[]
[]
[]
[]
[]
[]
[]
[]
[]
[]
[]
[]
[]
[]
[]
[]
[]
[]
[]
[]
[]
[]
[]
[]
[]
[]
[]
[]
[]
[]
[]
[]
[]
[]
[]
[]
[]
[]
[]
[]
[]
[]
[]
[]
[]
[]
[]
[]
[]
[]
[]
[]
[]
[]
[]
[]
[]
[]
[]
[]
[]
[]
[]
[]
[]
[]
[]
[]
[]
[]
[]
[]
[]
[]
[]
[]
[]
[]
[]
[]
[]
[]
[]
[]
[]
[]
[]
[]
[]
[]
[]
[]
[]
[]
[]
[]
[]
[]
[]
[]
[]
[]
[]
[]
[]
[]
[]
[]
[]
[]
[]
[]
[]
[]
[]
[]
[]
[]
[]
[]
[]
[]
[]
[]
[]
[]
[]
[]
[]
[]
[]
[]
[]
[]
[]
[]
[]
[]
[]
[]
[]
[]
[]
[]
[]
[]
[]
[]
[]
[]
[]
[]
[]
[]
[]
[]
[]
[]
[]
[]
[]
[]
[]
[]
[]
[]
[]
[]
[]
[]
[]
[]
[]
[]
[]
[]
[]
[]
[]
[]
[]
[]
[]
[]
[]
[]
[]
[]
[]
[]
[]
[]
[]
[]
[]
[]
[]
[]
[]
[]
[]
[]
[]
[]
[]
[]
[]
[]
[]
[]
[]
[]
[]
[]
[]
[]
[]
[]
[]
[]
[]
[]
[]
[]
[]
[]
[]
[]
[]
[]
[]
[]
[]
[]
[]
[]
[]
[]
[]
[]
[]
[]
[]
[]
[]
[]
[]
[]
[]
[]
[]
[]
[]
[]
[]
[]
[]
[]
[]
[]
[]
[]
[]
[]
[]
[]
[]
[]
[]
[]
[]
[]
[]
[]
[]
[]
[]
[]
[]
[]
[]
[]
[]
[]
[]
[]
[]
[]
[]
[]
[]
[]
[]
[]
[]
[]
[]
[]
[]
[]
[]
[]
[]
[]
[]
[]
[]
[]
[]
[]
[]
[]
[]
[]
[]
[]
[]
[]
[]
[]
[]
[]
[]
[]
[]
[]
[]
[]
[]
[]
[]
[]
[]
[]
[]
[]
[]
[]
[]
[]
[]
[]
[]
[]
[]
[]
[]
[]
[]
[]
[]
[]
[]
[]
[]
[]
[]
[]
[]
[]
[]
[]
[]
[]
[]
[]
[]
[]
[]
[]
[]
[]
[]
[]
[]
[]
[]
[]
[]
[]
[]
[]
[]
[]
[]
[]
[]
[]
[]
[]
[]
[]
[]
[]
[]
[]
[]
[]
[]
[]
[]
[]
[]
[]
[]
[]
[]
[]
[]
[]
[]
[]
[]
[]
[]
[]
[]
[]
[]
[]
[]
[]
[]
[]
[]
[]
[]
[]
[]
[]
[]
[]
[]
[]
[]
[]
[]
[]
[]
[]
[]
[]
[]
[]
[]
[]
[]
[]
[]
[]
[]
[]
[]
[]
[]
[]
[]
[]
[]
[]
[]
[]
[]
[]
[]
[]
[]
[]
[]
[]
[]
[]
[]
[]
[]
[]
[]
[]
[]
[]
[]
[]
[]
[]
[]
[]
[]
[]
[]
[]
[]
[]
[]
[]
[]
[]
[]
[]
[]
[]
[]
[]
[]
[]
[]
[]
[]
[]
[]
[]
[]
[]
[]
[]
[]
[]
[]
[]
[]
[]
[]
[]
[]
[]
[]
[]
[]
[]
[]
[]
[]
[]
[]
[]
[]
[]
[]
[]
[]
[]
[]
[]
[]
[]
[]
[]
[]
[]
[]
[]
[]
[]
[]
[]
[]
[]
[]
[]
[]
[]
[]
[]
[]
[]
[]
[]
[]
[]
[]
[]
[]
[]
[]
[]
[]
[]
[]
[]
[]
[]
[]
[]
[]
[]
[]
[]
[]
[]
[]
[]
[]
[]
[]
[]
[]
[]
[]
[]
[]
[]
[]
[]
[]
[]
[]
[]
[]
[]
[]
[]
[]
[]
[]
[]
[]
[]
[]
[]
[]
[]
[]
[]
[]
[]
[]
[]
[]
[]
[]
[]
[]
[]
[]
[]
[]
[]
[]
[]
[]
[]
[]
[]
[]
[]
[]
[]
[]
[]
[]
[]
[]
[]
[]
[]
[]
[]
[]
[]
[]
[]
[]
[]
[]
[]
[]
[]
[]
[]
[]
[]
[]
[]
[]
[]
[]
[]
[]
[]
[]
[]
[]
[]
[]
[]
[]
[]
[]
[]
[]
[]
[]
[]
[]
[]
[]
[]
[]
[]
[]
[]
[]
[]
[]
[]
[]
[]
[]
[]
[]
[]
[]
[]
[]
[]
[]
[]
[]
[]
[]
[]
[]
[]
[]
[]
[]
[]
[]
[]
[]
[]
[]
[]
[]
[]
[]
[]
[]
[]
[]
[]
[]
[]
[]
[]
[]
[]
[]
[]
[]
[]
[]
[]
[]
[]
[]
[]
[]
[]
[]
[]
[]
[]
[]
[]
[]
[]
[]
[]
[]
[]
[]
[]
[]
[]
[]
[]
[]
[]
[]
[]
[]
[]
[]
[]
[]
[]
[]
[]
[]
[]
[]
[]
[]
[]
[]
[]
[]
[]
[]
[]
[]
[]
[]
[]
[]
[]
[]
[]
[]
[]
[]
[]
[]
[]
[]
[]
[]
[]
[]
[]
[]
[]
[]
[]
[]
[]
[]
[]
[]
[]
[]
[]
[]
[]
[]
[]
[]
[]
[]
[]
[]
[]
[]
[]
[]
[]
[]
[]
[]
[]
[]
[]
[]
[]
[]
[]
[]
[]
[]
[]
[]
[]
[]
[]
[]
[]
[]
[]
[]
[]
[]
[]
[]
[]
[]
[]
[]
[]
[]
[]
[]
[]
[]
[]
[]
[]
[]
[]
[]
[]
[]
[]
[]
[]
[]
[]
[]
[]
[]
[]
[]
[]
[]
[]
[]
[]
[]
[]
[]
[]
[]
[]
[]
[]
[]
[]
[]
[]
[]
[]
[]
[]
[]
[]
[]
[]
[]
[]
[]
[]
[]
[]
[]
[]
[]
[]
[]
[]
[]
[]
[]
[]
[]
[]
[]
[]
[]
[]
[]
[]
[]
[]
[]
[]
[]
[]
[]
[]
[]
[]
[]
[]
[]
[]
[]
[]
[]
[]
[]
[]
[]
[]
[]
[]
[]
[]
[]
[]
[]
[]
[]
[]
[]
[]
[]
[]
[]
[]
[]
[]
[]
[]
[]
[]
[]
[]
[]
[]
[]
[]
[]
[]
[]
[]
[]
[]
[]
[]
[]
[]
[]
[]
[]
[]
[]
[]
[]
[]
[]
[]
[]
[]
[]
[]
[]
[]
[]
[]
[]
[]
[]
[]
[]
[]
[]
[]
[]
[]
[]
[]
[]
[]
[]
[]
[]
[]
[]
[]
[]
[]
[]
[]
[]
[]
[]
[]
[]
[]
[]
[]
[]
[]
[]
[]
[]
[]
[]
[]
[]
[]
[]
[]
[]
[]
[]
[]
[]
[]
[]
[]
[]
[]
[]
[]
[]
[]
[]
[]
[]
[]
[]
[]
[]
[]
[]
[]
[]
[]
[]
[]
[]
[]
[]
[]
[]
[]
[]
[]
[]
[]
[]
[]
[]
[]
[]
[]
[]
[]
[]
[]
[]
[]
[]
[]
[]
[]
[]
[]
[]
[]
[]
[]
[]
[]
[]
[]
[]
[]
[]
[]
[]
[]
[]
[]
[]
[]
[]
[]
[]
[]
[]
[]
[]
[]
[]
[]
[]
[]
[]
[]
[]
[]
[]
[]
[]
[]
[]
[]
[]
[]
[]
[]
[]
[]
[]
[]
[]
[]
[]
[]
[]
[]
[]
[]
[]
[]
[]
[]
[]
[]
[]
[]
[]
[]
[]
[]
[]
[]
[]
[]
[]
[]
[]
[]
[]
[]
[]
[]
[]
[]
[]
[]
[]
[]
[]
[]
[]
[]
[]
[]
[]
[]
[]
[]
[]
[]
[]
[]
[]
[]
[]
[]
[]
[]
[]
[]
[]
[]
[]
[]
[]
[]
[]
[]
[]
[]
[]
[]
[]
[]
[]
[]
[]
[]
[]
[]
[]
[]
[]
[]
[]
[]
[]
[]
[]
[]
[]
[]
[]
[]
[]
[]
[]
[]
[]
[]
[]
[]
[]
[]
[]
[]
[]
[]
[]
[]
[]
[]
[]
[]
[]
[]
[]
[]
[]
[]
[]
[]
[]
[]
[]
[]
[]
[]
[]
[]
[]
[]
[]
[]
[]
[]
[]
[]
[]
[]
[]
[]
[]
[]
[]
[]
[]
[]
[]
[]
[]
[]
[]
[]
[]
[]
[]
[]
[]
[]
[]
[]
[]
[]
[]
[]
[]
[]
[]
[]
[]
[]
[]
[]
[]
[]
[]
[]
[]
[]
[]
[]
[]
[]
[]
[]
[]
[]
[]
[]
[]
[]
[]
[]
[]
[]
[]
[]
[]
[]
[]
[]
[]
[]
[]
[]
[]
[]
[]
[]
[]
[]
[]
[]
[]
[]
[]
[]
[]
[]
[]
[]
[]
[]
[]
[]
[]
[]
[]
[]
[]
[]
[]
[]
[]
[]
[]
[]
[]
[]
[]
[]
[]
[]
[]
[]
[]
[]
[]
[]
[]
[]
[]
[]
[]
[]
[]
[]
[]
[]
[]
[]
[]
[]
[]
[]
[]
[]
[]
[]
[]
[]
[]
[]
[]
[]
[]
[]
[]
[]
[]
[]
[]
[]
[]
[]
[]
[]
[]
[]
[]
[]
[]
[]
[]
[]
[]
[]
[]
[]
[]
[]
[]
[]
[]
[]
[]
[]
[]
[]
[]
[]
[]
[]
[]
[]
[]
[]
[]
[]
[]
[]
[]
[]
[]
[]
[]
[]
[]
[]
[]
[]
[]
[]
[]
[]
[]
[]
[]
[]
[]
[]
[]
[]
[]
[]
[]
[]
[]
[]
[]
[]
[]
[]
[]
[]
[]
[]
[]
[]
[]
[]
[]
[]
[]
[]
[]
[]
[]
[]
[]
[]
[]
[]
[]
[]
[]
[]
[]
[]
[]
[]
[]
[]
[]
[]
[]
[]
[]
[]
[]
[]
[]
[]
[]
[]
[]
[]
[]
[]
[]
[]
[]
[]
[]
[]
[]
[]
[]
[]
[]
[]
[]
[]
[]
[]
[]
[]
[]
[]
[]
[]
[]
[]
[]
[]
[]
[]
[]
[]
[]
[]
[]
[]
[]
[]
[]
[]
[]
[]
[]
[]
[]
[]
[]
[]
[]
[]
[]
[]
[]
[]
[]
[]
[]
[]
[]
[]
[]
[]
[]
[]
[]
[]
[]
[]
[]
[]
[]
[]
[]
[]
[]
[]
[]
[]
[]
[]
[]
[]
[]
[]
[]
[]
[]
[]
[]
[]
[]
[]
[]
[]
[]
[]
[]
[]
[]
[]
[]
[]
[]
[]
[]
[]
[]
[]
[]
[]
[]
[]
[]
[]
[]
[]
[]
[]
[]
[]
[]
[]
[]
[]
[]
[]
[]
[]
[]
[]
[]
[]
[]
[]
[]
[]
[]
[]
[]
[]
[]
[]
[]
[]
[]
[]
[]
[]
[]
[]
[]
[]
[]
[]
[]
[]
[]
[]
[]
[]
[]
[]
[]
[]
[]
[]
[]
[]
[]
[]
[]
[]
[]
[]
[]
[]
[]
[]
[]
[]
[]
[]
[]
[]
[]
[]
[]
[]
[]
[]
[]
[]
[]
[]
[]
[]
[]
[]
[]
[]
[]
[]
[]
[]
[]
[]
[]
[]
[]
[]
[]
[]
[]
[]
[]
[]
[]
[]
[]
[]
[]
[]
[]
[]
[]
[]
[]
[]
[]
[]
[]
[]
[]
[]
[]
[]
[]
[]
[]
[]
[]
[]
[]
[]
[]
[]
[]
[]
[]
[]
[]
[]
[]
[]
[]
[]
[]
[]
[]
[]
[]
[]
[]
[]
[]
[]
[]
[]
[]
[]
[]
[]
[]
[]
[]
[]
[]
[]
[]
[]
[]
[]
[]
[]
[]
[]
[]
[]
[]
[]
[]
[]
[]
[]
[]
[]
[]
[]
[]
[]
[]
[]
[]
[]
[]
[]
[]
[]
[]
[]
[]
[]
[]
[]
[]
[]
[]
[]
[]
[]
[]
[]
[]
[]
[]
[]
[]
[]
[]
[]
[]
[]
[]
[]
[]
[]
[]
[]
[]
[]
[]
[]
[]
[]
[]
[]
[]
[]
[]
[]
[]
[]
[]
[]
[]
[]
[]
[]
[]
[]
[]
[]
[]
[]
[]
[]
[]
[]
[]
[]
[]
[]
[]
[]
[]
[]
[]
[]
[]
[]
[]
[]
[]
[]
[]
[]
[]
[]
[]
[]
[]
[]
[]
[]
[]
[]
[]
[]
[]
[]
[]
[]
[]
[]
[]
[]
[]
[]
[]
[]
[]
[]
[]
[]
[]
[]
[]
[]
[]
[]
[]
[]
[]
[]
[]
[]
[]
[]
[]
[]
[]
[]
[]
[]
[]
[]
[]
[]
[]
[]
[]
[]
[]
[]
[]
[]
[]
[]
[]
[]
[]
[]
[]
[]
[]
[]
[]
[]
[]
[]
[]
[]
[]
[]
[]
[]
[]
[]
[]
[]
[]
[]
[]
[]
[]
[]
[]
[]
[]
[]
[]
[]
[]
[]
[]
[]
[]
[]
[]
[]
[]
[]
[]
[]
[]
[]
[]
[]
[]
[]
[]
[]
[]
[]
[]
[]
[]
[]
[]
[]
[]
[]
[]
[]
[]
[]
[]
[]
[]
[]
[]
[]
[]
[]
[]
[]
[]
[]
[]
[]
[]
[]
[]
[]
[]
[]
[]
[]
[]
[]
[]
[]
[]
[]
[]
[]
[]
[]
[]
[]
[]
[]
[]
[]
[]
[]
[]
[]
[]
[]
[]
[]
[]
[]
[]
[]
[]
[]
[]
[]
[]
[]
[]
[]
[]
[]
[]
[]
[]
[]
[]
[]
[]
[]
[]
[]
[]
[]
[]
[]
[]
[]
[]
[]
[]
[]
[]
[]
[]
[]
[]
[]
[]
[]
[]
[]
[]
[]
[]
[]
[]
[]
[]
[]
[]
[]
[]
[]
[]
[]
[]
[]
[]
[]
[]
[]
[]
[]
[]
[]
[]
[]
[]
[]
[]
[]
[]
[]
[]
[]
[]
[]
[]
[]
[]
[]
[]
[]
[]
[]
[]
[]
[]
[]
[]
[]
[]
[]
[]
[]
[]
[]
[]
[]
[]
[]
[]
[]
[]
[]
[]
[]
[]
[]
[]
[]
[]
[]
[]
[]
[]
[]
[]
[]
[]
[]
[]
[]
[]
[]
[]
[]
[]
[]
[]
[]
[]
[]
[]
[]
[]
[]
[]
[]
[]
[]
[]
[]
[]
[]
[]
[]
[]
[]
[]
[]
[]
[]
[]
[]
[]
[]
[]
[]
[]
[]
[]
[]
[]
[]
[]
[]
[]
[]
[]
[]
[]
[]
[]
[]
[]
[]
[]
[]
[]
[]
[]
[]
[]
[]
[]
[]
[]
[]
[]
[]
[]
[]
[]
[]
[]
[]
[]
[]
[]
[]
[]
[]
[]
[]
[]
[]
[]
[]
[]
[]
[]
[]
[]
[]
[]
[]
[]
[]
[]
[]
[]
[]
[]
[]
[]
[]
[]
[]
[]
[]
[]
[]
[]
[]
[]
[]
[]
[]
[]
[]
[]
[]
[]
[]
[]
[]
[]
[]
[]
[]
[]
[]
[]
[]
[]
[]
[]
[]
[]
[]
[]
[]
[]
[]
[]
[]
[]
[]
[]
[]
[]
[]
[]
[]
[]
[]
[]
[]
[]
[]
[]
[]
[]
[]
[]
[]
[]
[]
[]
[]
[]
[]
[]
[]
[]
[]
[]
[]
[]
[]
[]
[]
[]
[]
[]
[]
[]
[]
[]
[]
[]
[]
[]
[]
[]
[]
[]
[]
[]
[]
[]
[]
[]
[]
[]
[]
[]
[]
[]
[]
[]
[]
[]
[]
[]
[]
[]
[]
[]
[]
[]
[]
[]
[]
[]
[]
[]
[]
[]
[]
[]
[]
[]
[]
[]
[]
[]
[]
[]
[]
[]
[]
[]
[]
[]
[]
[]
[]
[]
[]
[]
[]
[]
[]
[]
[]
[]
[]
[]
[]
[]
[]
[]
[]
[]
[]
[]
[]
[]
[]
[]
[]
[]
[]
[]
[]
[]
[]
[]
[]
[]
[]
[]
[]
[]
[]
[]
[]
[]
[]
[]
[]
[]
[]
[]
[]
[]
[]
[]
[]
[]
[]
[]
[]
[]
[]
[]
[]
[]
[]
[]
[]
[]
[]
[]
[]
[]
[]
[]
[]
[]
[]
[]
[]
[]
[]
[]
[]
[]
[]
[]
[]
[]
[]
[]
[]
[]
[]
[]
[]
[]
[]
[]
[]
[]
[]
[]
[]
[]
[]
[]
[]
[]
[]
[]
[]
[]
[]
[]
[]
[]
[]
[]
[]
[]
[]
[]
[]
[]
[]
[]
[]
[]
[]
[]
[]
[]
[]
[]
[]
[]
[]
[]
[]
[]
[]
[]
[]
[]
[]
[]
[]
[]
[]
[]
[]
[]
[]
[]
[]
[]
[]
[]
[]
[]
[]
[]
[]
[]
[]
[]
[]
[]
[]
[]
[]
[]
[]
[]
[]
[]
[]
[]
[]
[]
[]
[]
[]
[]
[]
[]
[]
[]
[]
[]
[]
[]
[]
[]
[]
[]
[]
[]
[]
[]
[]
[]
[]
[]
[]
[]
[]
[]
[]
[]
[]
[]
[]
[]
[]
[]
[]
[]
[]
[]
[]
[]
[]
[]
[]
[]
[]
[]
[]
[]
[]
[]
[]
[]
[]
[]
[]
[]
[]
[]
[]
[]
[]
[]
[]
[]
[]
[]
[]
[]
[]
[]
[]
[]
[]
[]
[]
[]
[]
[]
[]
[]
[]
[]
[]
[]
[]
[]
[]
[]
[]
[]
[]
[]
[]
[]
[]
[]
[]
[]
[]
[]
[]
[]
[]
[]
[]
[]
[]
[]
[]
[]
[]
[]
[]
[]
[]
[]
[]
[]
[]
[]
[]
[]
[]
[]
[]
[]
[]
[]
[]
[]
[]
[]
[]
[]
[]
[]
[]
[]
[]
[]
[]
[]
[]
[]
[]
[]
[]
[]
[]
[]
[]
[]
[]
[]
[]
[]
[]
[]
[]
[]
[]
[]
[]
[]
[]
[]
[]
[]
[]
[]
[]
[]
[]
[]
[]
[]
[]
[]
[]
[]
[]
[]
[]
[]
[]
[]
[]
[]
[]
[]
[]
[]
[]
[]
[]
[]
[]
[]
[]
[]
[]
[]
[]
[]
[]
[]
[]
[]
[]
[]
[]
[]
[]
[]
[]
[]
[]
[]
[]
[]
[]
[]
[]
[]
[]
[]
[]
[]
[]
[]
[]
[]
[]
[]
[]
[]
[]
[]
[]
[]
[]
[]
[]
[]
[]
[]
[]
[]
[]
[]
[]
[]
[]
[]
[]
[]
[]
[]
[]
[]
[]
[]
[]
[]
[]
[]
[]
[]
[]
[]
[]
[]
[]
[]
[]
[]
[]
[]
[]
[]
[]
[]
[]
[]
[]
[]
[]
[]
[]
[]
[]
[]
[]
[]
[]
[]
[]
[]
[]
[]
[]
[]
[]
[]
[]
[]
[]
[]
[]
[]
[]
[]
[]
[]
[]
[]
[]
[]
[]
[]
[]
[]
[]
[]
[]
[]
[]
[]
[]
[]
[]
[]
[]
[]
[]
[]
[]
[]
[]
[]
[]
[]
[]
[]
[]
[]
[]
[]
[]
[]
[]
[]
[]
[]
[]
[]
[]
[]
[]
[]
[]
[]
[]
[]
[]
[]
[]
[]
[]
[]
[]
[]
[]
[]
[]
[]
[]
[]
[]
[]
[]
[]
[]
[]
[]
[]
[]
[]
[]
[]
[]
[]
[]
[]
[]
[]
[]
[]
[]
[]
[]
[]
[]
[]
[]
[]
[]
[]
[]
[]
[]
[]
[]
[]
[]
[]
[]
[]
[]
[]
[]
[]
[]
[]
[]
[]
[]
[]
[]
[]
[]
[]
[]
[]
[]
[]
[]
[]
[]
[]
[]
[]
[]
[]
[]
[]
[]
[]
[]
[]
[]
[]
[]
[]
[]
[]
[]
[]
[]
[]
[]
[]
[]
[]
[]
[]
[]
[]
[]
[]
[]
[]
[]
[]
[]
[]
[]
[]
[]
[]
[]
[]
[]
[]
[]
[]
[]
[]
[]
[]
[]
[]
[]
[]
[]
[]
[]
[]
[]
[]
[]
[]
[]
[]
[]
[]
[]
[]
[]
[]
[]
[]
[]
[]
[]
[]
[]
[]
[]
[]
[]
[]
[]
[]
[]
[]
[]
[]
[]
[]
[]
[]
[]
[]
[]
[]
[]
[]
[]
[]
[]
[]
[]
[]
[]
[]
[]
[]
[]
[]
[]
[]
[]
[]
[]
[]
[]
[]
[]
[]
[]
[]
[]
[]
[]
[]
[]
[]
[]
[]
[]
[]
[]
[]
[]
[]
[]
[]
[]
[]
[]
[]
[]
[]
[]
[]
[]
[]
[]
[]
[]
[]
[]
[]
[]
[]
[]
[]
[]
[]
[]
[]
[]
[]
[]
[]
[]
[]
[]
[]
[]
[]
[]
[]
[]
[]
[]
[]
[]
[]
[]
[]
[]
[]
[]
[]
[]
[]
[]
[]
[]
[]
[]
[]
[]
[]
[]
[]
[]
[]
[]
[]
[]
[]
[]
[]
[]
[]
[]
[]
[]
[]
[]
[]
[]
[]
[]
[]
[]
[]
[]
[]
[]
[]
[]
[]
[]
[]
[]
[]
[]
[]
[]
[]
[]
[]
[]
[]
[]
[]
[]
[]
[]
[]
[]
[]
[]
[]
[]
[]
[]
[]
[]
[]
[]
[]
[]
[]
[]
[]
[]
[]
[]
[]
[]
[]
[]
[]
[]
[]
[]
[]
[]
[]
[]
[]
[]
[]
[]
[]
[]
[]
[]
[]
[]
[]
[]
[]
[]
[]
[]
[]
[]
[]
[]
[]
[]
[]
[]
[]
[]
[]
[]
[]
[]
[]
[]
[]
[]
[]
[]
[]
[]
[]
[]
[]
[]
[]
[]
[]
[]
[]
[]
[]
[]
[]
[]
[]
[]
[]
[]
[]
[]
[]
[]
[]
[]
[]
[]
[]
[]
[]
[]
[]
[]
[]
[]
[]
[]
[]
[]
[]
[]
[]
[]
[]
[]
[]
[]
[]
[]
[]
[]
[]
[]
[]
[]
[]
[]
[]
[]
[]
[]
[]
[]
[]
[]
[]
[]
[]
[]
[]
[]
[]
[]
[]
[]
[]
[]
[]
[]
[]
[]
[]
[]
[]
[]
[]
[]
[]
[]
[]
[]
[]
[]
[]
[]
[]
[]
[]
[]
[]
[]
[]
[]
[]
[]
[]
[]
[]
[]
[]
[]
[]
[]
[]
[]
[]
[]
[]
[]
[]
[]
[]
[]
[]
[]
[]
[]
[]
[]
[]
[]
[]
[]
[]
[]
[]
[]
[]
[]
[]
[]
[]
[]
[]
[]
[]
[]
[]
[]
[]
[]
[]
[]
[]
[]
[]
[]
[]
[]
[]
[]
[]
[]
[]
[]
[]
[]
[]
[]
[]
[]
[]
[]
[]
[]
[]
[]
[]
[]
[]
[]
[]
[]
[]
[]
[]
[]
[]
[]
[]
[]
[]
[]
[]
[]
[]
[]
[]
[]
[]
[]
[]
[]
[]
[]
[]
[]
[]
[]
[]
[]
[]
[]
[]
[]
[]
[]
[]
[]
[]
[]
[]
[]
[]
[]
[]
[]
[]
[]
[]
[]
[]
[]
[]
[]
[]
[]
[]
[]
[]
[]
[]
[]
[]
[]
[]
[]
[]
[]
[]
[]
[]
[]
[]
[]
[]
[]
[]
[]
[]
[]
[]
[]
[]
[]
[]
[]
[]
[]
[]
[]
[]
[]
[]
[]
[]
[]
[]
[]
[]
[]
[]
[]
[]
[]
[]
[]
[]
[]
[]
[]
[]
[]
[]
[]
[]
[]
[]
[]
[]
[]
[]
[]
[]
[]
[]
[]
[]
[]
[]
[]
[]
[]
[]
[]
[]
[]
[]
[]
[]
[]
[]
[]
[]
[]
[]
[]
[]
[]
[]
[]
[]
[]
[]
[]
[]
[]
[]
[]
[]
[]
[]
[]
[]
[]
[]
[]
[]
[]
[]
[]
[]
[]
[]
[]
[]
[]
[]
[]
[]
[]
[]
[]
[]
[]
[]
[]
[]
[]
[]
[]
[]
[]
[]
[]
[]
[]
[]
[]
[]
[]
[]
[]
[]
[]
[]
[]
[]
[]
[]
[]
[]
[]
[]
[]
[]
[]
[]
[]
[]
[]
[]
[]
[]
[]
[]
[]
[]
[]
[]
[]
[]
[]
[]
[]
[]
[]
[]
[]
[]
[]
[]
[]
[]
[]
[]
[]
[]
[]
[]
[]
[]
[]
[]
[]
[]
[]
[]
[]
[]
[]
[]
[]
[]
[]
[]
[]
[]
[]
[]
[]
[]
[]
[]
[]
[]
[]
[]
[]
[]
[]
[]
[]
[]
[]
[]
[]
[]
[]
[]
[]
[]
[]
[]
[]
[]
[]
[]
[]
[]
[]
[]
[]
[]
[]
[]
[]
[]
[]
[]
[]
[]
[]
[]
[]
[]
[]
[]
[]
[]
[]
[]
[]
[]
[]
[]
[]
[]
[]
[]
[]
[]
[]
[]
[]
[]
[]
[]
[]
[]
[]
[]
[]
[]
[]
[]
[]
[]
[]
[]
[]
[]
[]
[]
[]
[]
[]
[]
[]
[]
[]
[]
[]
[]
[]
[]
[]
[]
[]
[]
[]
[]
[]
[]
[]
[]
[]
[]
[]
[]
[]
[]
[]
[]
[]
[]
[]
[]
[]
[]
[]
[]
[]
[]
[]
[]
[]
[]
[]
[]
[]
[]
[]
[]
[]
[]
[]
[]
[]
[]
[]
[]
[]
[]
[]
[]
[]
[]
[]
[]
[]
[]
[]
[]
[]
[]
[]
[]
[]
[]
[]
[]
[]
[]
[]
[]
[]
[]
[]
[]
[]
[]
[]
[]
[]
[]
[]
[]
[]
[]
[]
[]
[]
[]
[]
[]
[]
[]
[]
[]
[]
[]
[]
[]
[]
[]
[]
[]
[]
[]
[]
[]
[]
[]
[]
[]
[]
[]
[]
[]
[]
[]
[]
[]
[]
[]
[]
[]
[]
[]
[]
[]
[]
[]
[]
[]
[]
[]
[]
[]
[]
[]
[]
[]
[]
[]
[]
[]
[]
[]
[]
[]
[]
[]
[]
[]
[]
[]
[]
[]
[]
[]
[]
[]
[]
[]
[]
[]
[]
[]
[]
[]
[]
[]
[]
[]
[]
[]
[]
[]
[]
[]
[]
[]
[]
[]
[]
[]
[]
[]
[]
[]
[]
[]
[]
[]
[]
[]
[]
[]
[]
[]
[]
[]
[]
[]
[]
[]
[]
[]
[]
[]
[]
[]
[]
[]
[]
[]
[]
[]
[]
[]
[]
[]
[]
[]
[]
[]
[]
[]
[]
[]
[]
[]
[]
[]
[]
[]
[]
[]
[]
[]
[]
[]
[]
[]
[]
[]
[]
[]
[]
[]
[]
[]
[]
[]
[]
[]
[]
[]
[]
[]
[]
[]
[]
[]
[]
[]
[]
[]
[]
[]
[]
[]
[]
[]
[]
[]
[]
[]
[]
[]
[]
[]
[]
[]
[]
[]
[]
[]
[]
[]
[]
[]
[]
[]
[]
[]
[]
[]
[]
[]
[]
[]
[]
[]
[]
[]
[]
[]
[]
[]
[]
[]
[]
[]
[]
[]
[]
[]
[]
[]
[]
[]
[]
[]
[]
[]
[]
[]
[]
[]
[]
[]
[]
[]
[]
[]
[]
[]
[]
[]
[]
[]
[]
[]
[]
[]
[]
[]
[]
[]
[]
[]
[]
[]
[]
[]
[]
[]
[]
[]
[]
[]
[]
[]
[]
[]
[]
[]
[]
[]
[]
[]
[]
[]
[]
[]
[]
[]
[]
[]
[]
[]
[]
[]
[]
[]
[]
[]
[]
[]
[]
[]
[]
[]
[]
[]
[]
[]
[]
[]
[]
[]
[]
[]
[]
[]
[]
[]
[]
[]
[]
[]
[]
[]
[]
[]
[]
[]
[]
[]
[]
[]
[]
[]
[]
[]
[]
[]
[]
[]
[]
[]
[]
[]
[]
[]
[]
[]
[]
[]
[]
[]
[]
[]
[]
[]
[]
[]
[]
[]
[]
[]
[]
[]
[]
[]
[]
[]
[]
[]
[]
[]
[]
[]
[]
[]
[]
[]
[]
[]
[]
[]
[]
[]
[]
[]
[]
[]
[]
[]
[]
[]
[]
[]
[]
[]
[]
[]
[]
[]
[]
[]
[]
[]
[]
[]
[]
[]
[]
[]
[]
[]
[]
[]
[]
[]
[]
[]
[]
[]
[]
[]
[]
[]
[]
[]
[]
[]
[]
[]
[]
[]
[]
[]
[]
[]
[]
[]
[]
[]
[]
[]
[]
[]
[]
[]
[]
[]
[]
[]
[]
[]
[]
[]
[]
[]
[]
[]
[]
[]
[]
[]
[]
[]
[]
[]
[]
[]
[]
[]
[]
[]
[]
[]
[]
[]
[]
[]
[]
[]
[]
[]
[]
[]
[]
[]
[]
[]
[]
[]
[]
[]
[]
[]
[]
[]
[]
[]
[]
[]
[]
[]
[]
[]
[]
[]
[]
[]
[]
[]
[]
[]
[]
[]
[]
[]
[]
[]
[]
[]
[]
[]
[]
[]
[]
[]
[]
[]
[]
[]
[]
[]
[]
[]
[]
[]
[]
[]
[]
[]
[]
[]
[]
[]
[]
[]
[]
[]
[]
[]
[]
[]
[]
[]
[]
[]
[]
[]
[]
[]
[]
[]
[]
[]
[]
[]
[]
[]
[]
[]
[]
[]
[]
[]
[]
[]
[]
[]
[]
[]
[]
[]
[]
[]
[]
[]
[]
[]
[]
[]
[]
[]
[]
[]
[]
[]
[]
[]
[]
[]
[]
[]
[]
[]
[]
[]
[]
[]
[]
[]
[]
[]
[]
[]
[]
[]
[]
[]
[]
[]
[]
[]
[]
[]
[]
[]
[]
[]
[]
[]
[]
[]
[]
[]
[]
[]
[]
[]
[]
[]
[]
[]
[]
[]
[]
[]
[]
[]
[]
[]
[]
[]
[]
[]
[]
[]
[]
[]
[]
[]
[]
[]
[]
[]
[]
[]
[]
[]
[]
[]
[]
[]
[]
[]
[]
[]
[]
[]
[]
[]
[]
[]
[]
[]
[]
[]
[]
[]
[]
[]
[]
[]
[]
[]
[]
[]
[]
[]
[]
[]
[]
[]
[]
[]
[]
[]
[]
[]
[]
[]
[]
[]
[]
[]
[]
[]
[]
[]
[]
[]
[]
[]
[]
[]
[]
[]
[]
[]
[]
[]
[]
[]
[]
[]
[]
[]
[]
[]
[]
[]
[]
[]
[]
[]
[]
[]
[]
[]
[]
[]
[]
[]
[]
[]
[]
[]
[]
[]
[]
[]
[]
[]
[]
[]
[]
[]
[]
[]
[]
[]
[]
[]
[]
[]
[]
[]
[]
[]
[]
[]
[]
[]
[]
[]
[]
[]
[]
[]
[]
[]
[]
[]
[]
[]
[]
[]
[]
[]
[]
[]
[]
[]
[]
[]
[]
[]
[]
[]
[]
[]
[]
[]
[]
[]
[]
[]
[]
[]
[]
[]
[]
[]
[]
[]
[]
[]
[]
[]
[]
[]
[]
[]
[]
[]
[]
[]
[]
[]
[]
[]
[]
[]
[]
[]
[]
[]
[]
[]
[]
[]
[]
[]
[]
[]
[]
[]
[]
[]
[]
[]
[]
[]
[]
[]
[]
[]
[]
[]
[]
[]
[]
[]
[]
[]
[]
[]
[]
[]
[]
[]
[]
[]
[]
[]
[]
[]
[]
[]
[]
[]
[]
[]
[]
[]
[]
[]
[]
[]
[]
[]
[]
[]
[]
[]
[]
[]
[]
[]
[]
[]
[]
[]
[]
[]
[]
[]
[]
[]
[]
[]
[]
[]
[]
[]
[]
[]
[]
[]
[]
[]
[]
[]
[]
[]
[]
[]
[]
[]
[]
[]
[]
[]
[]
[]
[]
[]
[]
[]
[]
[]
[]
[]
[]
[]
[]
[]
[]
[]
[]
[]
[]
[]
[]
[]
[]
[]
[]
[]
[]
[]
[]
[]
[]
[]
[]
[]
[]
[]
[]
[]
[]
[]
[]
[]
[]
[]
[]
[]
[]
[]
[]
[]
[]
[]
[]
[]
[]
[]
[]
[]
[]
[]
[]
[]
[]
[]
[]
[]
[]
[]
[]
[]
[]
[]
[]
[]
[]
[]
[]
[]
[]
[]
[]
[]
[]
[]
[]
[]
[]
[]
[]
[]
[]
[]
[]
[]
[]
[]
[]
[]
[]
[]
[]
[]
[]
[]
[]
[]
[]
[]
[]
[]
[]
[]
[]
[]
[]
[]
[]
[]
[]
[]
[]
[]
[]
[]
[]
[]
[]
[]
[]
[]
[]
[]
[]
[]
[]
[]
[]
[]
[]
[]
[]
[]
[]
[]
[]
[]
[]
[]
[]
[]
[]
[]
[]
[]
[]
[]
[]
[]
[]
[]
[]
[]
[]
[]
[]
[]
[]
[]
[]
[]
[]
[]
[]
[]
[]
[]
[]
[]
[]
[]
[]
[]
[]
[]
[]
[]
[]
[]
[]
[]
[]
[]
[]
[]
[]
[]
[]
[]
[]
[]
[]
[]
[]
[]
[]
[]
[]
[]
[]
[]
[]
[]
[]
[]
[]
[]
[]
[]
[]
[]
[]
[]
[]
[]
[]
[]
[]
[]
[]
[]
[]
[]
[]
[]
[]
[]
[]
[]
[]
[]
[]
[]
[]
[]
[]
[]
[]
[]
[]
[]
[]
[]
[]
[]
[]
[]
[]
[]
[]
[]
[]
[]
[]
[]
[]
[]
[]
[]
[]
[]
[]
[]
[]
[]
[]
[]
[]
[]
[]
[]
[]
[]
[]
[]
[]
[]
[]
[]
[]
[]
[]
[]
[]
[]
[]
[]
[]
[]
[]
[]
[]
[]
[]
[]
[]
[]
[]
[]
[]
[]
[]
[]
[]
[]
[]
[]
[]
[]
[]
[]
[]
[]
[]
[]
[]
[]
[]
[]
[]
[]
[]
[]
[]
[]
[]
[]
[]
[]
[]
[]
[]
[]
[]
[]
[]
[]
[]
[]
[]
[]
[]
[]
[]
[]
[]
[]
[]
[]
[]
[]
[]
[]
[]
[]
[]
[]
[]
[]
[]
[]
[]
[]
[]
[]
[]
[]
[]
[]
[]
[]
[]
[]
[]
[]
[]
[]
[]
[]
[]
[]
[]
[]
[]
[]
[]
[]
[]
[]
[]
[]
[]
[]
[]
[]
[]
[]
[]
[]
[]
[]
[]
[]
[]
[]
[]
[]
[]
[]
[]
[]
[]
[]
[]
[]
[]
[]
[]
[]
[]
[]
[]
[]
[]
[]
[]
[]
[]
[]
[]
[]
[]
[]
[]
[]
[]
[]
[]
[]
[]
[]
[]
[]
[]
[]
[]
[]
[]
[]
[]
[]
[]
[]
[]
[]
[]
[]
[]
[]
[]
[]
[]
[]
[]
[]
[]
[]
[]
[]
[]
[]
[]
[]
[]
[]
[]
[]
[]
[]
[]
[]
[]
[]
[]
[]
[]
[]
[]
[]
[]
[]
[]
[]
[]
[]
[]
[]
[]
[]
[]
[]
[]
[]
[]
[]
[]
[]
[]
[]
[]
[]
[]
[]
[]
[]
[]
[]
[]
[]
[]
[]
[]
[]
[]
[]
[]
[]
[]
[]
[]
[]
[]
[]
[]
[]
[]
[]
[]
[]
[]
[]
[]
[]
[]
[]
[]
[]
[]
[]
[]
[]
[]
[]
[]
[]
[]
[]
[]
[]
[]
[]
[]
[]
[]
[]
[]
[]
[]
[]
[]
[]
[]
[]
[]
[]
[]
[]
[]
[]
[]
[]
[]
[]
[]
[]
[]
[]
[]
[]
[]
[]
[]
[]
[]
[]
[]
[]
[]
[]
[]
[]
[]
[]
[]
[]
[]
[]
[]
[]
[]
[]
[]
[]
[]
[]
[]
[]
[]
[]
[]
[]
[]
[]
[]
[]
[]
[]
[]
[]
[]
[]
[]
[]
[]
[]
[]
[]
[]
[]
[]
[]
[]
[]
[]
[]
[]
[]
[]
[]
[]
[]
[]
[]
[]
[]
[]
[]
[]
[]
[]
[]
[]
[]
[]
[]
[]
[]
[]
[]
[]
[]
[]
[]
[]
[]
[]
[]
[]
[]
[]
[]
[]
[]
[]
[]
[]
[]
[]
[]
[]
[]
[]
[]
[]
[]
[]
[]
[]
[]
[]
[]
[]
[]
[]
[]
[]
[]
[]
[]
[]
[]
[]
[]
[]
[]
[]
[]
[]
[]
[]
[]
[]
[]
[]
[]
[]
[]
[]
[]
[]
[]
[]
[]
[]
[]
[]
[]
[]
[]
[]
[]
[]
[]
[]
[]
[]
[]
[]
[]
[]
[]
[]
[]
[]
[]
[]
[]
[]
[]
[]
[]
[]
[]
[]
[]
[]
[]
[]
[]
[]
[]
[]
[]
[]
[]
[]
[]
[]
[]
[]
[]
[]
[]
[]
[]
[]
[]
[]
[]
[]
[]
[]
[]
[]
[]
[]
[]
[]
[]
[]
[]
[]
[]
[]
[]
[]
[]
[]
[]
[]
[]
[]
[]
[]
[]
[]
[]
[]
[]
[]
[]
[]
[]
[]
[]
[]
[]
[]
[]
[]
[]
[]
[]
[]
[]
[]
[]
[]
[]
[]
[]
[]
[]
[]
[]
[]
[]
[]
[]
[]
[]
[]
[]
[]
[]
[]
[]
[]
[]
[]
[]
[]
[]
[]
[]
[]
[]
[]
[]
[]
[]
[]
[]
[]
[]
[]
[]
[]
[]
[]
[]
[]
[]
[]
[]
[]
[]
[]
[]
[]
[]
[]
[]
[]
[]
[]
[]
[]
[]
[]
[]
[]
[]
[]
[]
[]
[]
[]
[]
[]
[]
[]
[]
[]
[]
[]
[]
[]
[]
[]
[]
[]
[]
[]
[]
[]
[]
[]
[]
[]
[]
[]
[]
[]
[]
[]
[]
[]
[]
[]
[]
[]
[]
[]
[]
[]
[]
[]
[]
[]
[]
[]
[]
[]
[]
[]
[]
[]
[]
[]
[]
[]
[]
[]
[]
[]
[]
[]
[]
[]
[]
[]
[]
[]
[]
[]
[]
[]
[]
[]
[]
[]
[]
[]
[]
[]
[]
[]
[]
[]
[]
[]
[]
[]
[]
[]
[]
[]
[]
[]
[]
[]
[]
[]
[]
[]
[]
[]
[]
[]
[]
[]
[]
[]
[]
[]
[]
[]
[]
[]
[]
[]
[]
[]
[]
[]
[]
[]
[]
[]
[]
[]
[]
[]
[]
[]
[]
[]
[]
[]
[]
[]
[]
[]
[]
[]
[]
[]
[]
[]
[]
[]
[]
[]
[]
[]
[]
[]
[]
[]
[]
[]
[]
[]
[]
[]
[]
[]
[]
[]
[]
[]
[]
[]
[]
[]
[]
[]
[]
[]
[]
[]
[]
[]
[]
[]
[]
[]
[]
[]
[]
[]
[]
[]
[]
[]
[]
[]
[]
[]
[]
[]
[]
[]
[]
[]
[]
[]
[]
[]
[]
[]
[]
[]
[]
[]
[]
[]
[]
[]
[]
[]
[]
[]
[]
[]
[]
[]
[]
[]
[]
[]
[]
[]
[]
[]
[]
[]
[]
[]
[]
[]
[]
[]
[]
[]
[]
[]
[]
[]
[]
[]
[]
[]
[]
[]
[]
[]
[]
[]
[]
[]
[]
[]
[]
[]
[]
[]
[]
[]
[]
[]
[]
[]
[]
[]
[]
[]
[]
[]
[]
[]
[]
[]
[]
[]
[]
[]
[]
[]
[]
[]
[]
[]
[]
[]
[]
[]
[]
[]
[]
[]
[]
[]
[]
[]
[]
[]
[]
[]
[]
[]
[]
[]
[]
[]
[]
[]
[]
[]
[]
[]
[]
[]
[]
[]
[]
[]
[]
[]
[]
[]
[]
[]
[]
[]
[]
[]
[]
[]
[]
[]
[]
[]
[]
[]
[]
[]
[]
[]
[]
[]
[]
[]
[]
[]
[]
[]
[]
[]
[]
[]
[]
[]
[]
[]
[]
[]
[]
[]
[]
[]
[]
[]
[]
[]
[]
[]
[]
[]
[]
[]
[]
[]
[]
[]
[]
[]
[]
[]
[]
[]
[]
[]
[]
[]
[]
[]
[]
[]
[]
[]
[]
[]
[]
[]
[]
[]
[]
[]
[]
[]
[]
[]
[]
[]
[]
[]
[]
[]
[]
[]
[]
[]
[]
[]
[]
[]
[]
[]
[]
[]
[]
[]
[]
[]
[]
[]
[]
[]
[]
[]
[]
[]
[]
[]
[]
[]
[]
[]
[]
[]
[]
[]
[]
[]
[]
[]
[]
[]
[]
[]
[]
[]
[]
[]
[]
[]
[]
[]
[]
[]
[]
[]
[]
[]
[]
[]
[]
[]
[]
[]
[]
[]
[]
[]
[]
[]
[]
[]
[]
[]
[]
[]
[]
[]
[]
[]
[]
[]
[]
[]
[]
[]
[]
[]
[]
[]
[]
[]
[]
[]
[]
[]
[]
[]
[]
[]
[]
[]
[]
[]
[]
[]
[]
[]
[]
[]
[]
[]
[]
[]
[]
[]
[]
[]
[]
[]
[]
[]
[]
[]
[]
[]
[]
[]
[]
[]
[]
[]
[]
[]
[]
[]
[]
[]
[]
[]
[]
[]
[]
[]
[]
[]
[]
[]
[]
[]
[]
[]
[]
[]
[]
[]
[]
[]
[]
[]
[]
[]
[]
[]
[]
[]
[]
[]
[]
[]
[]
[]
[]
[]
[]
[]
[]
[]
[]
[]
[]
[]
[]
[]
[]
[]
[]
[]
[]
[]
[]
[]
[]
[]
[]
[]
[]
[]
[]
[]
[]
[]
[]
[]
[]
[]
[]
[]
[]
[]
[]
[]
[]
[]
[]
[]
[]
[]
[]
[]
[]
[]
[]
[]
[]
[]
[]
[]
[]
[]
[]
[]
[]
[]
[]
[]
[]
[]
[]
[]
[]
[]
[]
[]
[]
[]
[]
[]
[]
[]
[]
[]
[]
[]
[]
[]
[]
[]
[]
[]
[]
[]
[]
[]
[]
[]
[]
[]
[]
[]
[]
[]
[]
[]
[]
[]
[]
[]
[]
[]
[]
[]
[]
[]
[]
[]
[]
[]
[]
[]
[]
[]
[]
[]
[]
[]
[]
[]
[]
[]
[]
[]
[]
[]
[]
[]
[]
[]
[]
[]
[]
[]
[]
[]
[]
[]
[]
[]
[]
[]
[]
[]
[]
[]
[]
[]
[]
[]
[]
[]
[]
[]
[]
[]
[]
[]
[]
[]
[]
[]
[]
[]
[]
[]
[]
[]
[]
[]
[]
[]
[]
[]
[]
[]
[]
[]
[]
[]
[]
[]
[]
[]
[]
[]
[]
[]
[]
[]
[]
[]
[]
[]
[]
[]
[]
[]
[]
[]
[]
[]
[]
[]
[]
[]
[]
[]
[]
[]
[]
[]
[]
[]
[]
[]
[]
[]
[]
[]
[]
[]
[]
[]
[]
[]
[]
[]
[]
[]
[]
[]
[]
[]
[]
[]
[]
[]
[]
[]
[]
[]
[]
[]
[]
[]
[]
[]
[]
[]
[]
[]
[]
[]
[]
[]
[]
[]
[]
[]
[]
[]
[]
[]
[]
[]
[]
[]
[]
[]
[]
[]
[]
[]
[]
[]
[]
[]
[]
[]
[]
[]
[]
[]
[]
[]
[]
[]
[]
[]
[]
[]
[]
[]
[]
[]
[]
[]
[]
[]
[]
[]
[]
[]
[]
[]
[]
[]
[]
[]
[]
[]
[]
[]
[]
[]
[]
[]
[]
[]
[]
[]
[]
[]
[]
[]
[]
[]
[]
[]
[]
[]
[]
[]
[]
[]
[]
[]
[]
[]
[]
[]
[]
[]
[]
[]
[]
[]
[]
[]
[]
[]
[]
[]
[]
[]
[]
[]
[]
[]
[]
[]
[]
[]
[]
[]
[]
[]
[]
[]
[]
[]
[]
[]
[]
[]
[]
[]
[]
[]
[]
[]
[]
[]
[]
[]
[]
[]
[]
[]
[]
[]
[]
[]
[]
[]
[]
[]
[]
[]
[]
[]
[]
[]
[]
[]
[]
[]
[]
[]
[]
[]
[]
[]
[]
[]
[]
[]
[]
[]
[]
[]
[]
[]
[]
[]
[]
[]
[]
[]
[]
[]
[]
[]
[]
[]
[]
[]
[]
[]
[]
[]
[]
[]
[]
[]
[]
[]
[]
[]
[]
[]
[]
[]
[]
[]
[]
[]
[]
[]
[]
[]
[]
[]
[]
[]
[]
[]
[]
[]
[]
[]
[]
[]
[]
[]
[]
[]
[]
[]
[]
[]
[]
[]
[]
[]
[]
[]
[]
[]
[]
[]
[]
[]
[]
[]
[]
[]
[]
[]
[]
[]
[]
[]
[]
[]
[]
[]
[]
[]
[]
[]
[]
[]
[]
[]
[]
[]
[]
[]
[]
[]
[]
[]
[]
[]
[]
[]
[]
[]
[]
[]
[]
[]
[]
[]
[]
[]
[]
[]
[]
[]
[]
[]
[]
[]
[]
[]
[]
[]
[]
[]
[]
[]
[]
[]
[]
[]
[]
[]
[]
[]
[]
[]
[]
[]
[]
[]
[]
[]
[]
[]
[]
[]
[]
[]
[]
[]
[]
[]
[]
[]
[]
[]
[]
[]
[]
[]
[]
[]
[]
[]
[]
[]
[]
[]
[]
[]
[]
[]
[]
[]
[]
[]
[]
[]
[]
[]
[]
[]
[]
[]
[]
[]
[]
[]
[]
[]
[]
[]
[]
[]
[]
[]
[]
[]
[]
[]
[]
[]
[]
[]
[]
[]
[]
[]
[]
[]
[]
[]
[]
[]
[]
[]
[]
[]
[]
[]
[]
[]
[]
[]
[]
[]
[]
[]
[]
[]
[]
[]
[]
[]
[]
[]
[]
[]
[]
[]
[]
[]
[]
[]
[]
[]
[]
[]
[]
[]
[]
[]
[]
[]
[]
[]
[]
[]
[]
[]
[]
[]
[]
[]
[]
[]
[]
[]
[]
[]
[]
[]
[]
[]
[]
[]
[]
[]
[]
[]
[]
[]
[]
[]
[]
[]
[]
[]
[]
[]
[]
[]
[]
[]
[]
[]
[]
[]
[]
[]
[]
[]
[]
[]
[]
[]
[]
[]
[]
[]
[]
[]
[]
[]
[]
[]
[]
[]
[]
[]
[]
[]
[]
[]
[]
[]
[]
[]
[]
[]
[]
[]
[]
[]
[]
[]
[]
[]
[]
[]
[]
[]
[]
[]
[]
[]
[]
[]
[]
[]
[]
[]
[]
[]
[]
[]
[]
[]
[]
[]
[]
[]
[]
[]
[]
[]
[]
[]
[]
[]
[]
[]
[]
[]
[]
[]
[]
[]
[]
[]
[]
[]
[]
[]
[]
[]
[]
[]
[]
[]
[]
[]
[]
[]
[]
[]
[]
[]
[]
[]
[]
[]
[]
[]
[]
[]
[]
[]
[]
[]
[]
[]
[]
[]
[]
[]
[]
[]
[]
[]
[]
[]
[]
[]
[]
[]
[]
[]
[]
[]
[]
[]
[]
[]
[]
[]
[]
[]
[]
[]
[]
[]
[]
[]
[]
[]
[]
[]
[]
[]
[]
[]
[]
[]
[]
[]
[]
[]
[]
[]
[]
[]
[]
[]
[]
[]
[]
[]
[]
[]
[]
[]
[]
[]
[]
[]
[]
[]
[]
[]
[]
[]
[]
[]
[]
[]
[]
[]
[]
[]
[]
[]
[]
[]
[]
[]
[]
[]
[]
[]
[]
[]
[]
[]
[]
[]
[]
[]
[]
[]
[]
[]
[]
[]
[]
[]
[]
[]
[]
[]
[]
[]
[]
[]
[]
[]
[]
[]
[]
[]
[]
[]
[]
[]
[]
[]
[]
[]
[]
[]
[]
[]
[]
[]
[]
[]
[]
[]
[]
[]
[]
[]
[]
[]
[]
[]
[]
[]
[]
[]
[]
[]
[]
[]
[]
[]
[]
[]
[]
[]
[]
[]
[]
[]
[]
[]
[]
[]
[]
[]
[]
[]
[]
[]
[]
[]
[]
[]
[]
[]
[]
[]
[]
[]
[]
[]
[]
[]
[]
[]
[]
[]
[]
[]
[]
[]
[]
[]
[]
[]
[]
[]
[]
[]
[]
[]
[]
[]
[]
[]
[]
[]
[]
[]
[]
[]
[]
[]
[]
[]
[]
[]
[]
[]
[]
[]
[]
[]
[]
[]
[]
[]
[]
[]
[]
[]
[]
[]
[]
[]
[]
[]
[]
[]
[]
[]
[]
[]
[]
[]
[]
[]
[]
[]
[]
[]
[]
[]
[]
[]
[]
[]
[]
[]
[]
[]
[]
[]
[]
[]
[]
[]
[]
[]
[]
[]
[]
[]
[]
[]
[]
[]
[]
[]
[]
[]
[]
[]
[]
[]
[]
[]
[]
[]
[]
[]
[]
[]
[]
[]
[]
[]
[]
[]
[]
[]
[]
[]
[]
[]
[]
[]
[]
[]
[]
[]
[]
[]
[]
[]
[]
[]
[]
[]
[]
[]
[]
[]
[]
[]
[]
[]
[]
[]
[]
[]
[]
[]
[]
[]
[]
[]
[]
[]
[]
[]
[]
[]
[]
[]
[]
[]
[]
[]
[]
[]
[]
[]
[]
[]
[]
[]
[]
[]
[]
[]
[]
[]
[]
[]
[]
[]
[]
[]
[]
[]
[]
[]
[]
[]
[]
[]
[]
[]
[]
[]
[]
[]
[]
[]
[]
[]
[]
[]
[]
[]
[]
[]
[]
[]
[]
[]
[]
[]
[]
[]
[]
[]
[]
[]
[]
[]
[]
[]
[]
[]
[]
[]
[]
[]
[]
[]
[]
[]
[]
[]
[]
[]
[]
[]
[]
[]
[]
[]
[]
[]
[]
[]
[]
[]
[]
[]
[]
[]
[]
[]
[]
[]
[]
[]
[]
[]
[]
[]
[]
[]
[]
[]
[]
[]
[]
[]
[]
[]
[]
[]
[]
[]
[]
[]
[]
[]
[]
[]
[]
[]
[]
[]
[]
[]
[]
[]
[]
[]
[]
[]
[]
[]
[]
[]
[]
[]
[]
[]
[]
[]
[]
[]
[]
[]
[]
[]
[]
[]
[]
[]
[]
[]
[]
[]
[]
[]
[]
[]
[]
[]
[]
[]
[]
[]
[]
[]
[]
[]
[]
[]
[]
[]
[]
[]
[]
[]
[]
[]
[]
[]
[]
[]
[]
[]
[]
[]
[]
[]
[]
[]
[]
[]
[]
[]
[]
[]
[]
[]
[]
[]
[]
[]
[]
[]
[]
[]
[]
[]
[]
[]
[]
[]
[]
[]
[]
[]
[]
[]
[]
[]
[]
[]
[]
[]
[]
[]
[]
[]
[]
[]
[]
[]
[]
[]
[]
[]
[]
[]
[]
[]
[]
[]
[]
[]
[]
[]
[]
[]
[]
[]
[]
[]
[]
[]
[]
[]
[]
[]
[]
[]
[]
[]
[]
[]
[]
[]
[]
[]
[]
[]
[]
[]
[]
[]
[]
[]
[]
[]
[]
[]
[]
[]
[]
[]
[]
[]
[]
[]
[]
[]
[]
[]
[]
[]
[]
[]
[]
[]
[]
[]
[]
[]
[]
[]
[]
[]
[]
[]
[]
[]
[]
[]
[]
[]
[]
[]
[]
[]
[]
[]
[]
[]
[]
[]
[]
[]
[]
[]
[]
[]
[]
[]
[]
[]
[]
[]
[]
[]
[]
[]
[]
[]
[]
[]
[]
[]
[]
[]
[]
[]
[]
[]
[]
[]
[]
[]
[]
[]
[]
[]
[]
[]
[]
[]
[]
[]
[]
[]
[]
[]
[]
[]
[]
[]
[]
[]
[]
[]
[]
[]
[]
[]
[]
[]
[]
[]
[]
[]
[]
[]
[]
[]
[]
[]
[]
[]
[]
[]
[]
[]
[]
[]
[]
[]
[]
[]
[]
[]
[]
[]
[]
[]
[]
[]
[]
[]
[]
[]
[]
[]
[]
[]
[]
[]
[]
[]
[]
[]
[]
[]
[]
[]
[]
[]
[]
[]
[]
[]
[]
[]
[]
[]
[]
[]
[]
[]
[]
[]
[]
[]
[]
[]
[]
[]
[]
[]
[]
[]
[]
[]
[]
[]
[]
[]
[]
[]
[]
[]
[]
[]
[]
[]
[]
[]
[]
[]
[]
[]
[]
[]
[]
[]
[]
[]
[]
[]
[]
[]
[]
[]
[]
[]
[]
[]
[]
[]
[]
[]
[]
[]
[]
[]
[]
[]
[]
[]
[]
[]
[]
[]
[]
[]
[]
[]
[]
[]
[]
[]
[]
[]
[]
[]
[]
[]
[]
[]
[]
[]
[]
[]
[]
[]
[]
[]
[]
[]
[]
[]
[]
[]
[]
[]
[]
[]
[]
[]
[]
[]
[]
[]
[]
[]
[]
[]
[]
[]
[]
[]
[]
[]
[]
[]
[]
[]
[]
[]
[]
[]
[]
[]
[]
[]
[]
[]
[]
[]
[]
[]
[]
[]
[]
[]
[]
[]
[]
[]
[]
[]
[]
[]
[]
[]
[]
[]
[]
[]
[]
[]
[]
[]
[]
[]
[]
[]
[]
[]
[]
[]
[]
[]
[]
[]
[]
[]
[]
[]
[]
[]
[]
[]
[]
[]
[]
[]
[]
[]
[]
[]
[]
[]
[]
[]
[]
[]
[]
[]
[]
[]
[]
[]
[]
[]
[]
[]
[]
[]
[]
[]
[]
[]
[]
[]
[]
[]
[]
[]
[]
[]
[]
[]
[]
[]
[]
[]
[]
[]
[]
[]
[]
[]
[]
[]
[]
[]
[]
[]
[]
[]
[]
[]
[]
[]
[]
[]
[]
[]
[]
[]
[]
[]
[]
[]
[]
[]
[]
[]
[]
[]
[]
[]
[]
[]
[]
[]
[]
[]
[]
[]
[]
[]
[]
[]
[]
[]
[]
[]
[]
[]
[]
[]
[]
[]
[]
[]
[]
[]
[]
[]
[]
[]
[]
[]
[]
[]
[]
[]
[]
[]
[]
[]
[]
[]
[]
[]
[]
[]
[]
[]
[]
[]
[]
[]
[]
[]
[]
[]
[]
[]
[]
[]
[]
[]
[]
[]
[]
[]
[]
[]
[]
[]
[]
[]
[]
[]
[]
[]
[]
[]
[]
[]
[]
[]
[]
[]
[]
[]
[]
[]
[]
[]
[]
[]
[]
[]
[]
[]
[]
[]
[]
[]
[]
[]
[]
[]
[]
[]
[]
[]
[]
[]
[]
[]
[]
[]
[]
[]
[]
[]
[]
[]
[]
[]
[]
[]
[]
[]
[]
[]
[]
[]
[]
[]
[]
[]
[]
[]
[]
[]
[]
[]
[]
[]
[]
[]
[]
[]
[]
[]
[]
[]
[]
[]
[]
[]
[]
[]
[]
[]
[]
[]
[]
[]
[]
[]
[]
[]
[]
[]
[]
[]
[]
[]
[]
[]
[]
[]
[]
[]
[]
[]
[]
[]
[]
[]
[]
[]
[]
[]
[]
[]
[]
[]
[]
[]
[]
[]
[]
[]
[]
[]
[]
[]
[]
[]
[]
[]
[]
[]
[]
[]
[]
[]
[]
[]
[]
[]
[]
[]
[]
[]
[]
[]
[]
[]
[]
[]
[]
[]
[]
[]
[]
[]
[]
[]
[]
[]
[]
[]
[]
[]
[]
[]
[]
[]
[]
[]
[]
[]
[]
[]
[]
[]
[]
[]
[]
[]
[]
[]
[]
[]
[]
[]
[]
[]
[]
[]
[]
[]
[]
[]
[]
[]
[]
[]
[]
[]
[]
[]
[]
[]
[]
[]
[]
[]
[]
[]
[]
[]
[]
[]
[]
[]
[]
[]
[]
[]
[]
[]
[]
[]
[]
[]
[]
[]
[]
[]
[]
[]
[]
[]
[]
[]
[]
[]
[]
[]
[]
[]
[]
[]
[]
[]
[]
[]
[]
[]
[]
[]
[]
[]
[]
[]
[]
[]
[]
[]
[]
[]
[]
[]
[]
[]
[]
[]
[]
[]
[]
[]
[]
[]
[]
[]
[]
[]
[]
[]
[]
[]
[]
[]
[]
[]
[]
[]
[]
[]
[]
[]
[]
[]
[]
[]
[]
[]
[]
[]
[]
[]
[]
[]
[]
[]
[]
[]
[]
[]
[]
[]
[]
[]
[]
[]
[]
[]
[]
[]
[]
[]
[]
[]
[]
[]
[]
[]
[]
[]
[]
[]
[]
[]
[]
[]
[]
[]
[]
[]
[]
[]
[]
[]
[]
[]
[]
[]
[]
[]
[]
[]
[]
[]
[]
[]
[]
[]
[]
[]
[]
[]
[]
[]
[]
[]
[]
[]
[]
[]
[]
[]
[]
[]
[]
[]
[]
[]
[]
[]
[]
[]
[]
[]
[]
[]
[]
[]
[]
[]
[]
[]
[]
[]
[]
[]
[]
[]
[]
[]
[]
[]
[]
[]
[]
[]
[]
[]
[]
[]
[]
[]
[]
[]
[]
[]
[]
[]
[]
[]
[]
[]
[]
[]
[]
[]
[]
[]
[]
[]
[]
[]
[]
[]
[]
[]
[]
[]
[]
[]
[]
[]
[]
[]
[]
[]
[]
[]
[]
[]
[]
[]
[]
[]
[]
[]
[]
[]
[]
[]
[]
[]
[]
[]
[]
[]
[]
[]
[]
[]
[]
[]
[]
[]
[]
[]
[]
[]
[]
[]
[]
[]
[]
[]
[]
[]
[]
[]
[]
[]
[]
[]
[]
[]
[]
[]
[]
[]
[]
[]
[]
[]
[]
[]
[]
[]
[]
[]
[]
[]
[]
[]
[]
[]
[]
[]
[]
[]
[]
[]
[]
[]
[]
[]
[]
[]
[]
[]
[]
[]
[]
[]
[]
[]
[]
[]
[]
[]
[]
[]
[]
[]
[]
[]
[]
[]
[]
[]
[]
[]
[]
[]
[]
[]
[]
[]
[]
[]
[]
[]
[]
[]
[]
[]
[]
[]
[]
[]
[]
[]
[]
[]
[]
[]
[]
[]
[]
[]
[]
[]
[]
[]
[]
[]
[]
[]
[]
[]
[]
[]
[]
[]
[]
[]
[]
[]
[]
[]
[]
[]
[]
[]
[]
[]
[]
[]
[]
[]
[]
[]
[]
[]
[]
[]
[]
[]
[]
[]
[]
[]
[]
[]
[]
[]
[]
[]
[]
[]
[]
[]
[]
[]
[]
[]
[]
[]
[]
[]
[]
[]
[]
[]
[]
[]
[]
[]
[]
[]
[]
[]
[]
[]
[]
[]
[]
[]
[]
[]
[]
[]
[]
[]
[]
[]
[]
[]
[]
[]
[]
[]
[]
[]
[]
[]
[]
[]
[]
[]
[]
[]
[]
[]
[]
[]
[]
[]
[]
[]
[]
[]
[]
[]
[]
[]
[]
[]
[]
[]
[]
[]
[]
[]
[]
[]
[]
[]
[]
[]
[]
[]
[]
[]
[]
[]
[]
[]
[]
[]
[]
[]
[]
[]
[]
[]
[]
[]
[]
[]
[]
[]
[]
[]
[]
[]
[]
[]
[]
[]
[]
[]
[]
[]
[]
[]
[]
[]
[]
[]
[]
[]
[]
[]
[]
[]
[]
[]
[]
[]
[]
[]
[]
[]
[]
[]
[]
[]
[]
[]
[]
[]
[]
[]
[]
[]
[]
[]
[]
[]
[]
[]
[]
[]
[]
[]
[]
[]
[]
[]
[]
[]
[]
[]
[]
[]
[]
[]
[]
[]
[]
[]
[]
[]
[]
[]
[]
[]
[]
[]
[]
[]
[]
[]
[]
[]
[]
[]
[]
[]
[]
[]
[]
[]
[]
[]
[]
[]
[]
[]
[]
[]
[]
[]
[]
[]
[]
[]
[]
[]
[]
[]
[]
[]
[]
[]
[]
[]
[]
[]
[]
[]
[]
[]
[]
[]
[]
[]
[]
[]
[]
[]
[]
[]
[]
[]
[]
[]
[]
[]
[]
[]
[]
[]
[]
[]
[]
[]
[]
[]
[]
[]
[]
[]
[]
[]
[]
[]
[]
[]
[]
[]
[]
[]
[]
[]
[]
[]
[]
[]
[]
[]
[]
[]
[]
[]
[]
[]
[]
[]
[]
[]
[]
[]
[]
[]
[]
[]
[]
[]
[]
[]
[]
[]
[]
[]
[]
[]
[]
[]
[]
[]
[]
[]
[]
[]
[]
[]
[]
[]
[]
[]
[]
[]
[]
[]
[]
[]
[]
[]
[]
[]
[]
[]
[]
[]
[]
[]
[]
[]
[]
[]
[]
[]
[]
[]
[]
[]
[]
[]
[]
[]
[]
[]
[]
[]
[]
[]
[]
[]
[]
[]
[]
[]
[]
[]
[]
[]
[]
[]
[]
[]
[]
[]
[]
[]
[]
[]
[]
[]
[]
[]
[]
[]
[]
[]
[]
[]
[]
[]
[]
[]
[]
[]
[]
[]
[]
[]
[]
[]
[]
[]
[]
[]
[]
[]
[]
[]
[]
[]
[]
[]
[]
[]
[]
[]
[]
[]
[]
[]
[]
[]
[]
[]
[]
[]
[]
[]
[]
[]
[]
[]
[]
[]
[]
[]
[]
[]
[]
[]
[]
[]
[]
[]
[]
[]
[]
[]
[]
[]
[]
[]
[]
[]
[]
[]
[]
[]
[]
[]
[]
[]
[]
[]
[]
[]
[]
[]
[]
[]
[]
[]
[]
[]
[]
[]
[]
[]
[]
[]
[]
[]
[]
[]
[]
[]
[]
[]
[]
[]
[]
[]
[]
[]
[]
[]
[]
[]
[]
[]
[]
[]
[]
[]
[]
[]
[]
[]
[]
[]
[]
[]
[]
[]
[]
[]
[]
[]
[]
[]
[]
[]
[]
[]
[]
[]
[]
[]
[]
[]
[]
[]
[]
[]
[]
[]
[]
[]
[]
[]
[]
[]
[]
[]
[]
[]
[]
[]
[]
[]
[]
[]
[]
[]
[]
[]
[]
[]
[]
[]
[]
[]
[]
[]
[]
[]
[]
[]
[]
[]
[]
[]
[]
[]
[]
[]
[]
[]
[]
[]
[]
[]
[]
[]
[]
[]
[]
[]
[]
[]
[]
[]
[]
[]
[]
[]
[]
[]
[]
[]
[]
[]
[]
[]
[]
[]
[]
[]
[]
[]
[]
[]
[]
[]
[]
[]
[]
[]
[]
[]
[]
[]
[]
[]
[]
[]
[]
[]
[]
[]
[]
[]
[]
[]
[]
[]
[]
[]
[]
[]
[]
[]
[]
[]
[]
[]
[]
[]
[]
[]
[]
[]
[]
[]
[]
[]
[]
[]
[]
[]
[]
[]
[]
[]
[]
[]
[]
[]
[]
[]
[]
[]
[]
[]
[]
[]
[]
[]
[]
[]
[]
[]
[]
[]
[]
[]
[]
[]
[]
[]
[]
[]
[]
[]
[]
[]
[]
[]
[]
[]
[]
[]
[]
[]
[]
[]
[]
[]
[]
[]
[]
[]
[]
[]
[]
[]
[]
[]
[]
[]
[]
[]
[]
[]
[]
[]
[]
[]
[]
[]
[]
[]
[]
[]
[]
[]
[]
[]
[]
[]
[]
[]
[]
[]
[]
[]
[]
[]
[]
[]
[]
[]
[]
[]
[]
[]
[]
[]
[]
[]
[]
[]
[]
[]
[]
[]
[]
[]
[]
[]
[]
[]
[]
[]
[]
[]
[]
[]
[]
[]
[]
[]
[]
[]
[]
[]
[]
[]
[]
[]
[]
[]
[]
[]
[]
[]
[]
[]
[]
[]
[]
[]
[]
[]
[]
[]
[]
[]
[]
[]
[]
[]
[]
[]
[]
[]
[]
[]
[]
[]
[]
[]
[]
[]
[]
[]
[]
[]
[]
[]
[]
[]
[]
[]
[]
[]
[]
[]
[]
[]
[]
[]
[]
[]
[]
[]
[]
[]
[]
[]
[]
[]
[]
[]
[]
[]
[]
[]
[]
[]
[]
[]
[]
[]
[]
[]
[]
[]
[]
[]
[]
[]
[]
[]
[]
[]
[]
[]
[]
[]
[]
[]
[]
[]
[]
[]
[]
[]
[]
[]
[]
[]
[]
[]
[]
[]
[]
[]
[]
[]
[]
[]
[]
[]
[]
[]
[]
[]
[]
[]
[]
[]
[]
[]
[]
[]
[]
[]
[]
[]
[]
[]
[]
[]
[]
[]
[]
[]
[]
[]
[]
[]
[]
[]
[]
[]
[]
[]
[]
[]
[]
[]
[]
[]
[]
[]
[]
[]
[]
[]
[]
[]
[]
[]
[]
[]
[]
[]
[]
[]
[]
[]
[]
[]
[]
[]
[]
[]
[]
[]
[]
[]
[]
[]
[]
[]
[]
[]
[]
[]
[]
[]
[]
[]
[]
[]
[]
[]
[]
[]
[]
[]
[]
[]
[]
[]
[]
[]
[]
[]
[]
[]
[]
[]
[]
[]
[]
[]
[]
[]
[]
[]
[]
[]
[]
[]
[]
[]
[]
[]
[]
[]
[]
[]
[]
[]
[]
[]
[]
[]
[]
[]
[]
[]
[]
[]
[]
[]
[]
[]
[]
[]
[]
[]
[]
[]
[]
[]
[]
[]
[]
[]
[]
[]
[]
[]
[]
[]
[]
[]
[]
[]
[]
[]
[]
[]
[]
[]
[]
[]
[]
[]
[]
[]
[]
[]
[]
[]
[]
[]
[]
[]
[]
[]
[]
[]
[]
[]
[]
[]
[]
[]
[]
[]
[]
[]
[]
[]
[]
[]
[]
[]
[]
[]
[]
[]
[]
[]
[]
[]
[]
[]
[]
[]
[]
[]
[]
[]
[]
[]
[]
[]
[]
[]
[]
[]
[]
[]
[]
[]
[]
[]
[]
[]
[]
[]
[]
[]
[]
[]
[]
[]
[]
[]
[]
[]
[]
[]
[]
[]
[]
[]
[]
[]
[]
[]
[]
[]
[]
[]
[]
[]
[]
[]
[]
[]
[]
[]
[]
[]
[]
[]
[]
[]
[]
[]
[]
[]
[]
[]
[]
[]
[]
[]
[]
[]
[]
[]
[]
[]
[]
[]
[]
[]
[]
[]
[]
[]
[]
[]
[]
[]
[]
[]
[]
[]
[]
[]
[]
[]
[]
[]
[]
[]
[]
[]
[]
[]
[]
[]
[]
[]
[]
[]
[]
[]
[]
[]
[]
[]
[]
[]
[]
[]
[]
[]
[]
[]
[]
[]
[]
[]
[]
[]
[]
[]
[]
[]
[]
[]
[]
[]
[]
[]
[]
[]
[]
[]
[]
[]
[]
[]
[]
[]
[]
[]
[]
[]
[]
[]
[]
[]
[]
[]
[]
[]
[]
[]
[]
[]
[]
[]
[]
[]
[]
[]
[]
[]
[]
[]
[]
[]
[]
[]
[]
[]
[]
[]
[]
[]
[]
[]
[]
[]
[]
[]
[]
[]
[]
[]
[]
[]
[]
[]
[]
[]
[]
[]
[]
[]
[]
[]
[]
[]
[]
[]
[]
[]
[]
[]
[]
[]
[]
[]
[]
[]
[]
[]
[]
[]
[]
[]
[]
[]
[]
[]
[]
[]
[]
[]
[]
[]
[]
[]
[]
[]
[]
[]
[]
[]
[]
[]
[]
[]
[]
[]
[]
[]
[]
[]
[]
[]
[]
[]
[]
[]
[]
[]
[]
[]
[]
[]
[]
[]
[]
[]
[]
[]
[]
[]
[]
[]
[]
[]
[]
[]
[]
[]
[]
[]
[]
[]
[]
[]
[]
[]
[]
[]
[]
[]
[]
[]
[]
[]
[]
[]
[]
[]
[]
[]
[]
[]
[]
[]
[]
[]
[]
[]
[]
[]
[]
[]
[]
[]
[]
[]
[]
[]
[]
[]
[]
[]
[]
[]
[]
[]
[]
[]
[]
[]
[]
[]
[]
[]
[]
[]
[]
[]
[]
[]
[]
[]
[]
[]
[]
[]
[]
[]
[]
[]
[]
[]
[]
[]
[]
[]
[]
[]
[]
[]
[]
[]
[]
[]
[]
[]
[]
[]
[]
[]
[]
[]
[]
[]
[]
[]
[]
[]
[]
[]
[]
[]
[]
[]
[]
[]
[]
[]
[]
[]
[]
[]
[]
[]
[]
[]
[]
[]
[]
[]
[]
[]
[]
[]
[]
[]
[]
[]
[]
[]
[]
[]
[]
[]
[]
[]
[]
[]
[]
[]
[]
[]
[]
[]
[]
[]
[]
[]
[]
[]
[]
[]
[]
[]
[]
[]
[]
[]
[]
[]
[]
[]
[]
[]
[]
[]
[]
[]
[]
[]
[]
[]
[]
[]
[]
[]
[]
[]
[]
[]
[]
[]
[]
[]
[]
[]
[]
[]
[]
[]
[]
[]
[]
[]
[]
[]
[]
[]
[]
[]
[]
[]
[]
[]
[]
[]
[]
[]
[]
[]
[]
[]
[]
[]
[]
[]
[]
[]
[]
[]
[]
[]
[]
[]
[]
[]
[]
[]
[]
[]
[]
[]
[]
[]
[]
[]
[]
[]
[]
[]
[]
[]
[]
[]
[]
[]
[]
[]
[]
[]
[]
[]
[]
[]
[]
[]
[]
[]
[]
[]
[]
[]
[]
[]
[]
[]
[]
[]
[]
[]
[]
[]
[]
[]
[]
[]
[]
[]
[]
[]
[]
[]
[]
[]
[]
[]
[]
[]
[]
[]
[]
[]
[]
[]
[]
[]
[]
[]
[]
[]
[]
[]
[]
[]
[]
[]
[]
[]
[]
[]
[]
[]
[]
[]
[]
[]
[]
[]
[]
[]
[]
[]
[]
[]
[]
[]
[]
[]
[]
[]
[]
[]
[]
[]
[]
[]
[]
[]
[]
[]
[]
[]
[]
[]
[]
[]
[]
[]
[]
[]
[]
[]
[]
[]
[]
[]
[]
[]
[]
[]
[]
[]
[]
[]
[]
[]
[]
[]
[]
[]
[]
[]
[]
[]
[]
[]
[]
[]
[]
[]
[]
[]
[]
[]
[]
[]
[]
[]
[]
[]
[]
[]
[]
[]
[]
[]
[]
[]
[]
[]
[]
[]
[]
[]
[]
[]
[]
[]
[]
[]
[]
[]
[]
[]
[]
[]
[]
[]
[]
[]
[]
[]
[]
[]
[]
[]
[]
[]
[]
[]
[]
[]
[]
[]
[]
[]
[]
[]
[]
[]
[]
[]
[]
[]
[]
[]
[]
[]
[]
[]
[]
[]
[]
[]
[]
[]
[]
[]
[]
[]
[]
[]
[]
[]
[]
[]
[]
[]
[]
[]
[]
[]
[]
[]
[]
[]
[]
[]
[]
[]
[]
[]
[]
[]
[]
[]
[]
[]
[]
[]
[]
[]
[]
[]
[]
[]
[]
[]
[]
[]
[]
[]
[]
[]
[]
[]
[]
[]
[]
[]
[]
[]
[]
[]
[]
[]
[]
[]
[]
[]
[]
[]
[]
[]
[]
[]
[]
[]
[]
[]
[]
[]
[]
[]
[]
[]
[]
[]
[]
[]
[]
[]
[]
[]
[]
[]
[]
[]
[]
[]
[]
[]
[]
[]
[]
[]
[]
[]
[]
[]
[]
[]
[]
[]
[]
[]
[]
[]
[]
[]
[]
[]
[]
[]
[]
[]
[]
[]
[]
[]
[]
[]
[]
[]
[]
[]
[]
[]
[]
[]
[]
[]
[]
[]
[]
[]
[]
[]
[]
[]
[]
[]
[]
[]
[]
[]
[]
[]
[]
[]
[]
[]
[]
[]
[]
[]
[]
[]
[]
[]
[]
[]
[]
[]
[]
[]
[]
[]
[]
[]
[]
[]
[]
[]
[]
[]
[]
[]
[]
[]
[]
[]
[]
[]
[]
[]
[]
[]
[]
[]
[]
[]
[]
[]
[]
[]
[]
[]
[]
[]
[]
[]
[]
[]
[]
[]
[]
[]
[]
[]
[]
[]
[]
[]
[]
[]
[]
[]
[]
[]
[]
[]
[]
[]
[]
[]
[]
[]
[]
[]
[]
[]
[]
[]
[]
[]
[]
[]
[]
[]
[]
[]
[]
[]
[]
[]
[]
[]
[]
[]
[]
[]
[]
[]
[]
[]
[]
[]
[]
[]
[]
[]
[]
[]
[]
[]
[]
[]
[]
[]
[]
[]
[]
[]
[]
[]
[]
[]
[]
[]
[]
[]
[]
[]
[]
[]
[]
[]
[]
[]
[]
[]
[]
[]
[]
[]
[]
[]
[]
[]
[]
[]
[]
[]
[]
[]
[]
[]
[]
[]
[]
[]
[]
[]
[]
[]
[]
[]
[]
[]
[]
[]
[]
[]
[]
[]
[]
[]
[]
[]
[]
[]
[]
[]
[]
[]
[]
[]
[]
[]
[]
[]
[]
[]
[]
[]
[]
[]
[]
[]
[]
[]
[]
[]
[]
[]
[]
[]
[]
[]
[]
[]
[]
[]
[]
[]
[]
[]
[]
[]
[]
[]
[]
[]
[]
[]
[]
[]
[]
[]
[]
[]
[]
[]
[]
[]
[]
[]
[]
[]
[]
[]
[]
[]
[]
[]
[]
[]
[]
[]
[]
[]
[]
[]
[]
[]
[]
[]
[]
[]
[]
[]
[]
[]
[]
[]
[]
[]
[]
[]
[]
[]
[]
[]
[]
[]
[]
[]
[]
[]
[]
[]
[]
[]
[]
[]
[]
[]
[]
[]
[]
[]
[]
[]
[]
[]
[]
[]
[]
[]
[]
[]
[]
[]
[]
[]
[]
[]
[]
[]
[]
[]
[]
[]
[]
[]
[]
[]
[]
[]
[]
[]
[]
[]
[]
[]
[]
[]
[]
[]
[]
[]
[]
[]
[]
[]
[]
[]
[]
[]
[]
[]
[]
[]
[]
[]
[]
[]
[]
[]
[]
[]
[]
[]
[]
[]
[]
[]
[]
[]
[]
[]
[]
[]
[]
[]
[]
[]
[]
[]
[]
[]
[]
[]
[]
[]
[]
[]
[]
[]
[]
[]
[]
[]
[]
[]
[]
[]
[]
[]
[]
[]
[]
[]
[]
[]
[]
[]
[]
[]
[]
[]
[]
[]
[]
[]
[]
[]
[]
[]
[]
[]
[]
[]
[]
[]
[]
[]
[]
[]
[]
[]
[]
[]
[]
[]
[]
[]
[]
[]
[]
[]
[]
[]
[]
[]
[]
[]
[]
[]
[]
[]
[]
[]
[]
[]
[]
[]
[]
[]
[]
[]
[]
[]
[]
[]
[]
[]
[]
[]
[]
[]
[]
[]
[]
[]
[]
[]
[]
[]
[]
[]
[]
[]
[]
[]
[]
[]
[]
[]
[]
[]
[]
[]
[]
[]
[]
[]
[]
[]
[]
[]
[]
[]
[]
[]
[]
[]
[]
[]
[]
[]
[]
[]
[]
[]
[]
[]
[]
[]
[]
[]
[]
[]
[]
[]
[]
[]
[]
[]
[]
[]
[]
[]
[]
[]
[]
[]
[]
[]
[]
[]
[]
[]
[]
[]
[]
[]
[]
[]
[]
[]
[]
[]
[]
[]
[]
[]
[]
[]
[]
[]
[]
[]
[]
[]
[]
[]
[]
[]
[]
[]
[]
[]
[]
[]
[]
[]
[]
[]
[]
[]
[]
[]
[]
[]
[]
[]
[]
[]
[]
[]
[]
[]
[]
[]
[]
[]
[]
[]
[]
[]
[]
[]
[]
[]
[]
[]
[]
[]
[]
[]
[]
[]
[]
[]
[]
[]
[]
[]
[]
[]
[]
[]
[]
[]
[]
[]
[]
[]
[]
[]
[]
[]
[]
[]
[]
[]
[]
[]
[]
[]
[]
[]
[]
[]
[]
[]
[]
[]
[]
[]
[]
[]
[]
[]
[]
[]
[]
[]
[]
[]
[]
[]
[]
[]
[]
[]
[]
[]
[]
[]
[]
[]
[]
[]
[]
[]
[]
[]
[]
[]
[]
[]
[]
[]
[]
[]
[]
[]
[]
[]
[]
[]
[]
[]
[]
[]
[]
[]
[]
[]
[]
[]
[]
[]
[]
[]
[]
[]
[]
[]
[]
[]
[]
[]
[]
[]
[]
[]
[]
[]
[]
[]
[]
[]
[]
[]
[]
[]
[]
[]
[]
[]
[]
[]
[]
[]
[]
[]
[]
[]
[]
[]
[]
[]
[]
[]
[]
[]
[]
[]
[]
[]
[]
[]
[]
[]
[]
[]
[]
[]
[]
[]
[]
[]
[]
[]
[]
[]
[]
[]
[]
[]
[]
[]
[]
[]
[]
[]
[]
[]
[]
[]
[]
[]
[]
[]
[]
[]
[]
[]
[]
[]
[]
[]
[]
[]
[]
[]
[]
[]
[]
[]
[]
[]
[]
[]
[]
[]
[]
[]
[]
[]
[]
[]
[]
[]
[]
[]
[]
[]
[]
[]
[]
[]
[]
[]
[]
[]
[]
[]
[]
[]
[]
[]
[]
[]
[]
[]
[]
[]
[]
[]
[]
[]
[]
[]
[]
[]
[]
[]
[]
[]
[]
[]
[]
[]
[]
[]
[]
[]
[]
[]
[]
[]
[]
[]
[]
[]
[]
[]
[]
[]
[]
[]
[]
[]
[]
[]
[]
[]
[]
[]
[]
[]
[]
[]
[]
[]
[]
[]
[]
[]
[]
[]
[]
[]
[]
[]
[]
[]
[]
[]
[]
[]
[]
[]
[]
[]
[]
[]
[]
[]
[]
[]
[]
[]
[]
[]
[]
[]
[]
[]
[]
[]
[]
[]
[]
[]
[]
[]
[]
[]
[]
[]
[]
[]
[]
[]
[]
[]
[]
[]
[]
[]
[]
[]
[]
[]
[]
[]
[]
[]
[]
[]
[]
[]
[]
[]
[]
[]
[]
[]
[]
[]
[]
[]
[]
[]
[]
[]
[]
[]
[]
[]
[]
[]
[]
[]
[]
[]
[]
[]
[]
[]
[]
[]
[]
[]
[]
[]
[]
[]
[]
[]
[]
[]
[]
[]
[]
[]
[]
[]
[]
[]
[]
[]
[]
[]
[]
[]
[]
[]
[]
[]
[]
[]
[]
[]
[]
[]
[]
[]
[]
[]
[]
[]
[]
[]
[]
[]
[]
[]
[]
[]
[]
[]
[]
[]
[]
[]
[]
[]
[]
[]
[]
[]
[]
[]
[]
[]
[]
[]
[]
[]
[]
[]
[]
[]
[]
[]
[]
[]
[]
[]
[]
[]
[]
[]
[]
[]
[]
[]
[]
[]
[]
[]
[]
[]
[]
[]
[]
[]
[]
[]
[]
[]
[]
[]
[]
[]
[]
[]
[]
[]
[]
[]
[]
[]
[]
[]
[]
[]
[]
[]
[]
[]
[]
[]
[]
[]
[]
[]
[]
[]
[]
[]
[]
[]
[]
[]
[]
[]
[]
[]
[]
[]
[]
[]
[]
[]
[]
[]
[]
[]
[]
[]
[]
[]
[]
[]
[]
[]
[]
[]
[]
[]
[]
[]
[]
[]
[]
[]
[]
[]
[]
[]
[]
[]
[]
[]
[]
[]
[]
[]
[]
[]
[]
[]
[]
[]
[]
[]
[]
[]
[]
[]
[]
[]
[]
[]
[]
[]
[]
[]
[]
[]
[]
[]
[]
[]
[]
[]
[]
[]
[]
[]
[]
[]
[]
[]
[]
[]
[]
[]
[]
[]
[]
[]
[]
[]
[]
[]
[]
[]
[]
[]
[]
[]
[]
[]
[]
[]
[]
[]
[]
[]
[]
[]
[]
[]
[]
[]
[]
[]
[]
[]
[]
[]
[]
[]
[]
[]
[]
[]
[]
[]
[]
[]
[]
[]
[]
[]
[]
[]
[]
[]
[]
[]
[]
[]
[]
[]
[]
[]
[]
[]
[]
[]
[]
[]
[]
[]
[]
[]
[]
[]
[]
[]
[]
[]
[]
[]
[]
[]
[]
[]
[]
[]
[]
[]
[]
[]
[]
[]
[]
[]
[]
[]
[]
[]
[]
[]
[]
[]
[]
[]
[]
[]
[]
[]
[]
[]
[]
[]
[]
[]
[]
[]
[]
[]
[]
[]
[]
[]
[]
[]
[]
[]
[]
[]
[]
[]
[]
[]
[]
[]
[]
[]
[]
[]
[]
[]
[]
[]
[]
[]
[]
[]
[]
[]
[]
[]
[]
[]
[]
[]
[]
[]
[]
[]
[]
[]
[]
[]
[]
[]
[]
[]
[]
[]
[]
[]
[]
[]
[]
[]
[]
[]
[]
[]
[]
[]
[]
[]
[]
[]
[]
[]
[]
[]
[]
[]
[]
[]
[]
[]
[]
[]
[]
[]
[]
[]
[]
[]
[]
[]
[]
[]
[]
[]
[]
[]
[]
[]
[]
[]
[]
[]
[]
[]
[]
[]
[]
[]
[]
[]
[]
[]
[]
[]
[]
[]
[]
[]
[]
[]
[]
[]
[]
[]
[]
[]
[]
[]
[]
[]
[]
[]
[]
[]
[]
[]
[]
[]
[]
[]
[]
[]
[]
[]
[]
[]
[]
[]
[]
[]
[]
[]
[]
[]
[]
[]
[]
[]
[]
[]
[]
[]
[]
[]
[]
[]
[]
[]
[]
[]
[]
[]
[]
[]
[]
[]
[]
[]
[]
[]
[]
[]
[]
[]
[]
[]
[]
[]
[]
[]
[]
[]
[]
[]
[]
[]
[]
[]
[]
[]
[]
[]
[]
[]
[]
[]
[]
[]
[]
[]
[]
[]
[]
[]
[]
[]
[]
[]
[]
[]
[]
[]
[]
[]
[]
[]
[]
[]
[]
[]
[]
[]
[]
[]
[]
[]
[]
[]
[]
[]
[]
[]
[]
[]
[]
[]
[]
[]
[]
[]
[]
[]
[]
[]
[]
[]
[]
[]
[]
[]
[]
[]
[]
[]
[]
[]
[]
[]
[]
[]
[]
[]
[]
[]
[]
[]
[]
[]
[]
[]
[]
[]
[]
[]
[]
[]
[]
[]
[]
[]
[]
[]
[]
[]
[]
[]
[]
[]
[]
[]
[]
[]
[]
[]
[]
[]
[]
[]
[]
[]
[]
[]
[]
[]
[]
[]
[]
[]
[]
[]
[]
[]
[]
[]
[]
[]
[]
[]
[]
[]
[]
[]
[]
[]
[]
[]
[]
[]
[]
[]
[]
[]
[]
[]
[]
[]
[]
[]
[]
[]
[]
[]
[]
[]
[]
[]
[]
[]
[]
[]
[]
[]
[]
[]
[]
[]
[]
[]
[]
[]
[]
[]
[]
[]
[]
[]
[]
[]
[]
[]
[]
[]
[]
[]
[]
[]
[]
[]
[]
[]
[]
[]
[]
[]
[]
[]
[]
[]
[]
[]
[]
[]
[]
[]
[]
[]
[]
[]
[]
[]
[]
[]
[]
[]
[]
[]
[]
[]
[]
[]
[]
[]
[]
[]
[]
[]
[]
[]
[]
[]
[]
[]
[]
[]
[]
[]
[]
[]
[]
[]
[]
[]
[]
[]
[]
[]
[]
[]
[]
[]
[]
[]
[]
[]
[]
[]
[]
[]
[]
[]
[]
[]
[]
[]
[]
[]
[]
[]
[]
[]
[]
[]
[]
[]
[]
[]
[]
[]
[]
[]
[]
[]
[]
[]
[]
[]
[]
[]
[]
[]
[]
[]
[]
[]
[]
[]
[]
[]
[]
[]
[]
[]
[]
[]
[]
[]
[]
[]
[]
[]
[]
[]
[]
[]
[]
[]
[]
[]
[]
[]
[]
[]
[]
[]
[]
[]
[]
[]
[]
[]
[]
[]
[]
[]
[]
[]
[]
[]
[]
[]
[]
[]
[]
[]
[]
[]
[]
[]
[]
[]
[]
[]
[]
[]
[]
[]
[]
[]
[]
[]
[]
[]
[]
[]
[]
[]
[]
[]
[]
[]
[]
[]
[]
[]
[]
[]
[]
[]
[]
[]
[]
[]
[]
[]
[]
[]
[]
[]
[]
[]
[]
[]
[]
[]
[]
[]
[]
[]
[]
[]
[]
[]
[]
[]
[]
[]
[]
[]
[]
[]
[]
[]
[]
[]
[]
[]
[]
[]
[]
[]
[]
[]
[]
[]
[]
[]
[]
[]
[]
[]
[]
[]
[]
[]
[]
[]
[]
[]
[]
[]
[]
[]
[]
[]
[]
[]
[]
[]
[]
[]
[]
[]
[]
[]
[]
[]
[]
[]
[]
[]
[]
[]
[]
[]
[]
[]
[]
[]
[]
[]
[]
[]
[]
[]
[]
[]
[]
[]
[]
[]
[]
[]
[]
[]
[]
[]
[]
[]
[]
[]
[]
[]
[]
[]
[]
[]
[]
[]
[]
[]
[]
[]
[]
[]
[]
[]
[]
[]
[]
[]
[]
[]
[]
[]
[]
[]
[]
[]
[]
[]
[]
[]
[]
[]
[]
[]
[]
[]
[]
[]
[]
[]
[]
[]
[]
[]
[]
[]
[]
[]
[]
[]
[]
[]
[]
[]
[]
[]
[]
[]
[]
[]
[]
[]
[]
[]
[]
[]
[]
[]
[]
[]
[]
[]
[]
[]
[]
[]
[]
[]
[]
[]
[]
[]
[]
[]
[]
[]
[]
[]
[]
[]
[]
[]
[]
[]
[]
[]
[]
[]
[]
[]
[]
[]
[]
[]
[]
[]
[]
[]
[]
[]
[]
[]
[]
[]
[]
[]
[]
[]
[]
[]
[]
[]
[]
[]
[]
[]
[]
[]
[]
[]
[]
[]
[]
[]
[]
[]
[]
[]
[]
[]
[]
[]
[]
[]
[]
[]
[]
[]
[]
[]
[]
[]
[]
[]
[]
[]
[]
[]
[]
[]
[]
[]
[]
[]
[]
[]
[]
[]
[]
[]
[]
[]
[]
[]
[]
[]
[]
[]
[]
[]
[]
[]
[]
[]
[]
[]
[]
[]
[]
[]
[]
[]
[]
[]
[]
[]
[]
[]
[]
[]
[]
[]
[]
[]
[]
[]
[]
[]
[]
[]
[]
[]
[]
[]
[]
[]
[]
[]
[]
[]
[]
[]
[]
[]
[]
[]
[]
[]
[]
[]
[]
[]
[]
[]
[]
[]
[]
[]
[]
[]
[]
[]
[]
[]
[]
[]
[]
[]
[]
[]
[]
[]
[]
[]
[]
[]
[]
[]
[]
[]
[]
[]
[]
[]
[]
[]
[]
[]
[]
[]
[]
[]
[]
[]
[]
[]
[]
[]
[]
[]
[]
[]
[]
[]
[]
[]
[]
[]
[]
[]
[]
[]
[]
[]
[]
[]
[]
[]
[]
[]
[]
[]
[]
[]
[]
[]
[]
[]
[]
[]
[]
[]
[]
[]
[]
[]
[]
[]
[]
[]
[]
[]
[]
[]
[]
[]
[]
[]
[]
[]
[]
[]
[]
[]
[]
[]
[]
[]
[]
[]
[]
[]
[]
[]
[]
[]
[]
[]
[]
[]
[]
[]
[]
[]
[]
[]
[]
[]
[]
[]
[]
[]
[]
[]
[]
[]
[]
[]
[]
[]
[]
[]
[]
[]
[]
[]
[]
[]
[]
[]
[]
[]
[]
[]
[]
[]
[]
[]
[]
[]
[]
[]
[]
[]
[]
[]
[]
[]
[]
[]
[]
[]
[]
[]
[]
[]
[]
[]
[]
[]
[]
[]
[]
[]
[]
[]
[]
[]
[]
[]
[]
[]
[]
[]
[]
[]
[]
[]
[]
[]
[]
[]
[]
[]
[]
[]
[]
[]
[]
[]
[]
[]
[]
[]
[]
[]
[]
[]
[]
[]
[]
[]
[]
[]
[]
[]
[]
[]
[]
[]
[]
[]
[]
[]
[]
[]
[]
[]
[]
[]
[]
[]
[]
[]
[]
[]
[]
[]
[]
[]
[]
[]
[]
[]
[]
[]
[]
[]
[]
[]
[]
[]
[]
[]
[]
[]
[]
[]
[]
[]
[]
[]
[]
[]
[]
[]
[]
[]
[]
[]
[]
[]
[]
[]
[]
[]
[]
[]
[]
[]
[]
[]
[]
[]
[]
[]
[]
[]
[]
[]
[]
[]
[]
[]
[]
[]
[]
[]
[]
[]
[]
[]
[]
[]
[]
[]
[]
[]
[]
[]
[]
[]
[]
[]
[]
[]
[]
[]
[]
[]
[]
[]
[]
[]
[]
[]
[]
[]
[]
[]
[]
[]
[]
[]
[]
[]
[]
[]
[]
[]
[]
[]
[]
[]
[]
[]
[]
[]
[]
[]
[]
[]
[]
[]
[]
[]
[]
[]
[]
[]
[]
[]
[]
[]
[]
[]
[]
[]
[]
[]
[]
[]
[]
[]
[]
[]
[]
[]
[]
[]
[]
[]
[]
[]
[]
[]
[]
[]
[]
[]
[]
[]
[]
[]
[]
[]
[]
[]
[]
[]
[]
[]
[]
[]
[]
[]
[]
[]
[]
[]
[]
[]
[]
[]
[]
[]
[]
[]
[]
[]
[]
[]
[]
[]
[]
[]
[]
[]
[]
[]
[]
[]
[]
[]
[]
[]
[]
[]
[]
[]
[]
[]
[]
[]
[]
[]
[]
[]
[]
[]
[]
[]
[]
[]
[]
[]
[]
[]
[]
[]
[]
[]
[]
[]
[]
[]
[]
[]
[]
[]
[]
[]
[]
[]
[]
[]
[]
[]
[]
[]
[]
[]
[]
[]
[]
[]
[]
[]
[]
[]
[]
[]
[]
[]
[]
[]
[]
[]
[]
[]
[]
[]
[]
[]
[]
[]
[]
[]
[]
[]
[]
[]
[]
[]
[]
[]
[]
[]
[]
[]
[]
[]
[]
[]
[]
[]
[]
[]
[]
[]
[]
[]
[]
[]
[]
[]
[]
[]
[]
[]
[]
[]
[]
[]
[]
[]
[]
[]
[]
[]
[]
[]
[]
[]
[]
[]
[]
[]
[]
[]
[]
[]
[]
[]
[]
[]
[]
[]
[]
[]
[]
[]
[]
[]
[]
[]
[]
[]
[]
[]
[]
[]
[]
[]
[]
[]
[]
[]
[]
[]
[]
[]
[]
[]
[]
[]
[]
[]
[]
[]
[]
[]
[]
[]
[]
[]
[]
[]
[]
[]
[]
[]
[]
[]
[]
[]
[]
[]
[]
[]
[]
[]
[]
[]
[]
[]
[]
[]
[]
[]
[]
[]
[]
[]
[]
[]
[]
[]
[]
[]
[]
[]
[]
[]
[]
[]
[]
[]
[]
[]
[]
[]
[]
[]
[]
[]
[]
[]
[]
[]
[]
[]
[]
[]
[]
[]
[]
[]
[]
[]
[]
[]
[]
[]
[]
[]
[]
[]
[]
[]
[]
[]
[]
[]
[]
[]
[]
[]
[]
[]
[]
[]
[]
[]
[]
[]
[]
[]
[]
[]
[]
[]
[]
[]
[]
[]
[]
[]
[]
[]
[]
[]
[]
[]
[]
[]
[]
[]
[]
[]
[]
[]
[]
[]
[]
[]
[]
[]
[]
[]
[]
[]
[]
[]
[]
[]
[]
[]
[]
[]
[]
[]
[]
[]
[]
[]
[]
[]
[]
[]
[]
[]
[]
[]
[]
[]
[]
[]
[]
[]
[]
[]
[]
[]
[]
[]
[]
[]
[]
[]
[]
[]
[]
[]
[]
[]
[]
[]
[]
[]
[]
[]
[]
[]
[]
[]
[]
[]
[]
[]
[]
[]
[]
[]
[]
[]
[]
[]
[]
[]
[]
[]
[]
[]
[]
[]
[]
[]
[]
[]
[]
[]
[]
[]
[]
[]
[]
[]
[]
[]
[]
[]
[]
[]
[]
[]
[]
[]
[]
[]
[]
[]
[]
[]
[]
[]
[]
[]
[]
[]
[]
[]
[]
[]
[]
[]
[]
[]
[]
[]
[]
[]
[]
[]
[]
[]
[]
[]
[]
[]
[]
[]
[]
[]
[]
[]
[]
[]
[]
[]
[]
[]
[]
[]
[]
[]
[]
[]
[]
[]
[]
[]
[]
[]
[]
[]
[]
[]
[]
[]
[]
[]
[]
[]
[]
[]
[]
[]
[]
[]
[]
[]
[]
[]
[]
[]
[]
[]
[]
[]
[]
[]
[]
[]
[]
[]
[]
[]
[]
[]
[]
[]
[]
[]
[]
[]
[]
[]
[]
[]
[]
[]
[]
[]
[]
[]
[]
[]
[]
[]
[]
[]
[]
[]
[]
[]
[]
[]
[]
[]
[]
[]
[]
[]
[]
[]
[]
[]
[]
[]
[]
[]
[]
[]
[]
[]
[]
[]
[]
[]
[]
[]
[]
[]
[]
[]
[]
[]
[]
[]
[]
[]
[]
[]
[]
[]
[]
[]
[]
[]
[]
[]
[]
[]
[]
[]
[]
[]
[]
[]
[]
[]
[]
[]
[]
[]
[]
[]
[]
[]
[]
[]
[]
[]
[]
[]
[]
[]
[]
[]
[]
[]
[]
[]
[]
[]
[]
[]
[]
[]
[]
[]
[]
[]
[]
[]
[]
[]
[]
[]
[]
[]
[]
[]
[]
[]
[]
[]
[]
[]
[]
[]
[]
[]
[]
[]
[]
[]
[]
[]
[]
[]
[]
[]
[]
[]
[]
[]
[]
[]
[]
[]
[]
[]
[]
[]
[]
[]
[]
[]
[]
[]
[]
[]
[]
[]
[]
[]
[]
[]
[]
[]
[]
[]
[]
[]
[]
[]
[]
[]
[]
[]
[]
[]
[]
[]
[]
[]
[]
[]
[]
[]
[]
[]
[]
[]
[]
[]
[]
[]
[]
[]
[]
[]
[]
[]
[]
[]
[]
[]
[]
[]
[]
[]
[]
[]
[]
[]
[]
[]
[]
[]
[]
[]
[]
[]
[]
[]
[]
[]
[]
[]
[]
[]
[]
[]
[]
[]
[]
[]
[]
[]
[]
[]
[]
[]
[]
[]
[]
[]
[]
[]
[]
[]
[]
[]
[]
[]
[]
[]
[]
[]
[]
[]
[]
[]
[]
[]
[]
[]
[]
[]
[]
[]
[]
[]
[]
[]
[]
[]
[]
[]
[]
[]
[]
[]
[]
[]
[]
[]
[]
[]
[]
[]
[]
[]
[]
[]
[]
[]
[]
[]
[]
[]
[]
[]
[]
[]
[]
[]
[]
[]
[]
[]
[]
[]
[]
[]
[]
[]
[]
[]
[]
[]
[]
[]
[]
[]
[]
[]
[]
[]
[]
[]
[]
[]
[]
[]
[]
[]
[]
[]
[]
[]
[]
[]
[]
[]
[]
[]
[]
[]
[]
[]
[]
[]
[]
[]
[]
[]
[]
[]
[]
[]
[]
[]
[]
[]
[]
[]
[]
[]
[]
[]
[]
[]
[]
[]
[]
[]
[]
[]
[]
[]
[]
[]
[]
[]
[]
[]
[]
[]
[]
[]
[]
[]
[]
[]
[]
[]
[]
[]
[]
[]
[]
[]
[]
[]
[]
[]
[]
[]
[]
[]
[]
[]
[]
[]
[]
[]
[]
[]
[]
[]
[]
[]
[]
[]
[]
[]
[]
[]
[]
[]
[]
[]
[]
[]
[]
[]
[]
[]
[]
[]
[]
[]
[]
[]
[]
[]
[]
[]
[]
[]
[]
[]
[]
[]
[]
[]
[]
[]
[]
[]
[]
[]
[]
[]
[]
[]
[]
[]
[]
[]
[]
[]
[]
[]
[]
[]
[]
[]
[]
[]
[]
[]
[]
[]
[]
[]
[]
[]
[]
[]
[]
[]
[]
[]
[]
[]
[]
[]
[]
[]
[]
[]
[]
[]
[]
[]
[]
[]
[]
[]
[]
[]
[]
[]
[]
[]
[]
[]
[]
[]
[]
[]
[]
[]
[]
[]
[]
[]
[]
[]
[]
[]
[]
[]
[]
[]
[]
[]
[]
[]
[]
[]
[]
[]
[]
[]
[]
[]
[]
[]
[]
[]
[]
[]
[]
[]
[]
[]
[]
[]
[]
[]
[]
[]
[]
[]
[]
[]
[]
[]
[]
[]
[]
[]
[]
[]
[]
[]
[]
[]
[]
[]
[]
[]
[]
[]
[]
[]
[]
[]
[]
[]
[]
[]
[]
[]
[]
[]
[]
[]
[]
[]
[]
[]
[]
[]
[]
[]
[]
[]
[]
[]
[]
[]
[]
[]
[]
[]
[]
[]
[]
[]
[]
[]
[]
[]
[]
[]
[]
[]
[]
[]
[]
[]
[]
[]
[]
[]
[]
[]
[]
[]
[]
[]
[]
[]
[]
[]
[]
[]
[]
[]
[]
[]
[]
[]
[]
[]
[]
[]
[]
[]
[]
[]
[]
[]
[]
[]
[]
[]
[]
[]
[]
[]
[]
[]
[]
[]
[]
[]
[]
[]
[]
[]
[]
[]
[]
[]
[]
[]
[]
[]
[]
[]
[]
[]
[]
[]
[]
[]
[]
[]
[]
[]
[]
[]
[]
[]
[]
[]
[]
[]
[]
[]
[]
[]
[]
[]
[]
[]
[]
[]
[]
[]
[]
[]
[]
[]
[]
[]
[]
[]
[]
[]
[]
[]
[]
[]
[]
[]
[]
[]
[]
[]
[]
[]
[]
[]
[]
[]
[]
[]
[]
[]
[]
[]
[]
[]
[]
[]
[]
[]
[]
[]
[]
[]
[]
[]
[]
[]
[]
[]
[]
[]
[]
[]
[]
[]
[]
[]
[]
[]
[]
[]
[]
[]
[]
[]
[]
[]
[]
[]
[]
[]
[]
[]
[]
[]
[]
[]
[]
[]
[]
[]
[]
[]
[]
[]
[]
[]
[]
[]
[]
[]
[]
[]
[]
[]
[]
[]
[]
[]
[]
[]
[]
[]
[]
[]
[]
[]
[]
[]
[]
[]
[]
[]
[]
[]
[]
[]
[]
[]
[]
[]
[]
[]
[]
[]
[]
[]
[]
[]
[]
[]
[]
[]
[]
[]
[]
[]
[]
[]
[]
[]
[]
[]
[]
[]
[]
[]
[]
[]
[]
[]
[]
[]
[]
[]
[]
[]
[]
[]
[]
[]
[]
[]
[]
[]
[]
[]
[]
[]
[]
[]
[]
[]
[]
[]
[]
[]
[]
[]
[]
[]
[]
[]
[]
[]
[]
[]
[]
[]
[]
[]
[]
[]
[]
[]
[]
[]
[]
[]
[]
[]
[]
[]
[]
[]
[]
[]
[]
[]
[]
[]
[]
[]
[]
[]
[]
[]
[]
[]
[]
[]
[]
[]
[]
[]
[]
[]
[]
[]
[]
[]
[]
[]
[]
[]
[]
[]
[]
[]
[]
[]
[]
[]
[]
[]
[]
[]
[]
[]
[]
[]
[]
[]
[]
[]
[]
[]
[]
[]
[]
[]
[]
[]
[]
[]
[]
[]
[]
[]
[]
[]
[]
[]
[]
[]
[]
[]
[]
[]
[]
[]
[]
[]
[]
[]
[]
[]
[]
[]
[]
[]
[]
[]
[]
[]
[]
[]
[]
[]
[]
[]
[]
[]
[]
[]
[]
[]
[]
[]
[]
[]
[]
[]
[]
[]
[]
[]
[]
[]
[]
[]
[]
[]
[]
[]
[]
[]
[]
[]
[]
[]
[]
[]
[]
[]
[]
[]
[]
[]
[]
[]
[]
[]
[]
[]
[]
[]
[]
[]
[]
[]
[]
[]
[]
[]
[]
[]
[]
[]
[]
[]
[]
[]
[]
[]
[]
[]
[]
[]
[]
[]
[]
[]
[]
[]
[]
[]
[]
[]
[]
[]
[]
[]
[]
[]
[]
[]
[]
[]
[]
[]
[]
[]
[]
[]
[]
[]
[]
[]
[]
[]
[]
[]
[]
[]
[]
[]
[]
[]
[]
[]
[]
[]
[]
[]
[]
[]
[]
[]
[]
[]
[]
[]
[]
[]
[]
[]
[]
[]
[]
[]
[]
[]
[]
[]
[]
[]
[]
[]
[]
[]
[]
[]
[]
[]
[]
[]
[]
[]
[]
[]
[]
[]
[]
[]
[]
[]
[]
[]
[]
[]
[]
[]
[]
[]
[]
[]
[]
[]
[]
[]
[]
[]
[]
[]
[]
[]
[]
[]
[]
[]
[]
[]
[]
[]
[]
[]
[]
[]
[]
[]
[]
[]
[]
[]
[]
[]
[]
[]
[]
[]
[]
[]
[]
[]
[]
[]
[]
[]
[]
[]
[]
[]
[]
[]
[]
[]
[]
[]
[]
[]
[]
[]
[]
[]
[]
[]
[]
[]
[]
[]
[]
[]
[]
[]
[]
[]
[]
[]
[]
[]
[]
[]
[]
[]
[]
[]
[]
[]
[]
[]
[]
[]
[]
[]
[]
[]
[]
[]
[]
[]
[]
[]
[]
[]
[]
[]
[]
[]
[]
[]
[]
[]
[]
[]
[]
[]
[]
[]
[]
[]
[]
[]
[]
[]
[]
[]
[]
[]
[]
[]
[]
[]
[]
[]
[]
[]
[]
[]
[]
[]
[]
[]
[]
[]
[]
[]
[]
[]
[]
[]
[]
[]
[]
[]
[]
[]
[]
[]
[]
[]
[]
[]
[]
[]
[]
[]
[]
[]
[]
[]
[]
[]
[]
[]
[]
[]
[]
[]
[]
[]
[]
[]
[]
[]
[]
[]
[]
[]
[]
[]
[]
[]
[]
[]
[]
[]
[]
[]
[]
[]
[]
[]
[]
[]
[]
[]
[]
[]
[]
[]
[]
[]
[]
[]
[]
[]
[]
[]
[]
[]
[]
[]
[]
[]
[]
[]
[]
[]
[]
[]
[]
[]
[]
[]
[]
[]
[]
[]
[]
[]
[]
[]
[]
[]
[]
[]
[]
[]
[]
[]
[]
[]
[]
[]
[]
[]
[]
[]
[]
[]
[]
[]
[]
[]
[]
[]
[]
[]
[]
[]
[]
[]
[]
[]
[]
[]
[]
[]
[]
[]
[]
[]
[]
[]
[]
[]
[]
[]
[]
[]
[]
[]
[]
[]
[]
[]
[]
[]
[]
[]
[]
[]
[]
[]
[]
[]
[]
[]
[]
[]
[]
[]
[]
[]
[]
[]
[]
[]
[]
[]
[]
[]
[]
[]
[]
[]
[]
[]
[]
[]
[]
[]
[]
[]
[]
[]
[]
[]
[]
[]
[]
[]
[]
[]
[]
[]
[]
[]
[]
[]
[]
[]
[]
[]
[]
[]
[]
[]
[]
[]
[]
[]
[]
[]
[]
[]
[]
[]
[]
[]
[]
[]
[]
[]
[]
[]
[]
[]
[]
[]
[]
[]
[]
[]
[]
[]
[]
[]
[]
[]
[]
[]
[]
[]
[]
[]
[]
[]
[]
[]
[]
[]
[]
[]
[]
[]
[]
[]
[]
[]
[]
[]
[]
[]
[]
[]
[]
[]
[]
[]
[]
[]
[]
[]
[]
[]
[]
[]
[]
[]
[]
[]
[]
[]
[]
[]
[]
[]
[]
[]
[]
[]
[]
[]
[]
[]
[]
[]
[]
[]
[]
[]
[]
[]
[]
[]
[]
[]
[]
[]
[]
[]
[]
[]
[]
[]
[]
[]
[]
[]
[]
[]
[]
[]
[]
[]
[]
[]
[]
[]
[]
[]
[]
[]
[]
[]
[]
[]
[]
[]
[]
[]
[]
[]
[]
[]
[]
[]
[]
[]
[]
[]
[]
[]
[]
[]
[]
[]
[]
[]
[]
[]
[]
[]
[]
[]
[]
[]
[]
[]
[]
[]
[]
[]
[]
[]
[]
[]
[]
[]
[]
[]
[]
[]
[]
[]
[]
[]
[]
[]
[]
[]
[]
[]
[]
[]
[]
[]
[]
[]
[]
[]
[]
[]
[]
[]
[]
[]
[]
[]
[]
[]
[]
[]
[]
[]
[]
[]
[]
[]
[]
[]
[]
[]
[]
[]
[]
[]
[]
[]
[]
[]
[]
[]
[]
[]
[]
[]
[]
[]
[]
[]
[]
[]
[]
[]
[]
[]
[]
[]
[]
[]
[]
[]
[]
[]
[]
[]
[]
[]
[]
[]
[]
[]
[]
[]
[]
[]
[]
[]
[]
[]
[]
[]
[]
[]
[]
[]
[]
[]
[]
[]
[]
[]
[]
[]
[]
[]
[]
[]
[]
[]
[]
[]
[]
[]
[]
[]
[]
[]
[]
[]
[]
[]
[]
[]
[]
[]
[]
[]
[]
[]
[]
[]
[]
[]
[]
[]
[]
[]
[]
[]
[]
[]
[]
[]
[]
[]
[]
[]
[]
[]
[]
[]
[]
[]
[]
[]
[]
[]
[]
[]
[]
[]
[]
[]
[]
[]
[]
[]
[]
[]
[]
[]
[]
[]
[]
[]
[]
[]
[]
[]
[]
[]
[]
[]
[]
[]
[]
[]
[]
[]
[]
[]
[]
[]
[]
[]
[]
[]
[]
[]
[]
[]
[]
[]
[]
[]
[]
[]
[]
[]
[]
[]
[]
[]
[]
[]
[]
[]
[]
[]
[]
[]
[]
[]
[]
[]
[]
[]
[]
[]
[]
[]
[]
[]
[]
[]
[]
[]
[]
[]
[]
[]
[]
[]
[]
[]
[]
[]
[]
[]
[]
[]
[]
[]
[]
[]
[]
[]
[]
[]
[]
[]
[]
[]
[]
[]
[]
[]
[]
[]
[]
[]
[]
[]
[]
[]
[]
[]
[]
[]
[]
[]
[]
[]
[]
[]
[]
[]
[]
[]
[]
[]
[]
[]
[]
[]
[]
[]
[]
[]
[]
[]
[]
[]
[]
[]
[]
[]
[]
[]
[]
[]
[]
[]
[]
[]
[]
[]
[]
[]
[]
[]
[]
[]
[]
[]
[]
[]
[]
[]
[]
[]
[]
[]
[]
[]
[]
[]
[]
[]
[]
[]
[]
[]
[]
[]
[]
[]
[]
[]
[]
[]
[]
[]
[]
[]
[]
[]
[]
[]
[]
[]
[]
[]
[]
[]
[]
[]
[]
[]
[]
[]
[]
[]
[]
[]
[]
[]
[]
[]
[]
[]
[]
[]
[]
[]
[]
[]
[]
[]
[]
[]
[]
[]
[]
[]
[]
[]
[]
[]
[]
[]
[]
[]
[]
[]
[]
[]
[]
[]
[]
[]
[]
[]
[]
[]
[]
[]
[]
[]
[]
[]
[]
[]
[]
[]
[]
[]
[]
[]
[]
[]
[]
[]
[]
[]
[]
[]
[]
[]
[]
[]
[]
[]
[]
[]
[]
[]
[]
[]
[]
[]
[]
[]
[]
[]
[]
[]
[]
[]
[]
[]
[]
[]
[]
[]
[]
[]
[]
[]
[]
[]
[]
[]
[]
[]
[]
[]
[]
[]
[]
[]
[]
[]
[]
[]
[]
[]
[]
[]
[]
[]
[]
[]
[]
[]
[]
[]
[]
[]
[]
[]
[]
[]
[]
[]
[]
[]
[]
[]
[]
[]
[]
[]
[]
[]
[]
[]
[]
[]
[]
[]
[]
[]
[]
[]
[]
[]
[]
[]
[]
[]
[]
[]
[]
[]
[]
[]
[]
[]
[]
[]
[]
[]
[]
[]
[]
[]
[]
[]
[]
[]
[]
[]
[]
[]
[]
[]
[]
[]
[]
[]
[]
[]
[]
[]
[]
[]
[]
[]
[]
[]
[]
[]
[]
[]
[]
[]
[]
[]
[]
[]
[]
[]
[]
[]
[]
[]
[]
[]
[]
[]
[]
[]
[]
[]
[]
[]
[]
[]
[]
[]
[]
[]
[]
[]
[]
[]
[]
[]
[]
[]
[]
[]
[]
[]
[]
[]
[]
[]
[]
[]
[]
[]
[]
[]
[]
[]
[]
[]
[]
[]
[]
[]
[]
[]
[]
[]
[]
[]
[]
[]
[]
[]
[]
[]
[]
[]
[]
[]
[]
[]
[]
[]
[]
[]
[]
[]
[]
[]
[]
[]
[]
[]
[]
[]
[]
[]
[]
[]
[]
[]
[]
[]
[]
[]
[]
[]
[]
[]
[]
[]
[]
[]
[]
[]
[]
[]
[]
[]
[]
[]
[]
[]
[]
[]
[]
[]
[]
[]
[]
[]
[]
[]
[]
[]
[]
[]
[]
[]
[]
[]
[]
[]
[]
[]
[]
[]
[]
[]
[]
[]
[]
[]
[]
[]
[]
[]
[]
[]
[]
[]
[]
[]
[]
[]
[]
[]
[]
[]
[]
[]
[]
[]
[]
[]
[]
[]
[]
[]
[]
[]
[]
[]
[]
[]
[]
[]
[]
[]
[]
[]
[]
[]
[]
[]
[]
[]
[]
[]
[]
[]
[]
[]
[]
[]
[]
[]
[]
[]
[]
[]
[]
[]
[]
[]
[]
[]
[]
[]
[]
[]
[]
[]
[]
[]
[]
[]
[]
[]
[]
[]
[]
[]
[]
[]
[]
[]
[]
[]
[]
[]
[]
[]
[]
[]
[]
[]
[]
[]
[]
[]
[]
[]
[]
[]
[]
[]
[]
[]
[]
[]
[]
[]
[]
[]
[]
[]
[]
[]
[]
[]
[]
[]
[]
[]
[]
[]
[]
[]
[]
[]
[]
[]
[]
[]
[]
[]
[]
[]
[]
[]
[]
[]
[]
[]
[]
[]
[]
[]
[]
[]
[]
[]
[]
[]
[]
[]
[]
[]
[]
[]
[]
[]
[]
[]
[]
[]
[]
[]
[]
[]
[]
[]
[]
[]
[]
[]
[]
[]
[]
[]
[]
[]
[]
[]
[]
[]
[]
[]
[]
[]
[]
[]
[]
[]
[]
[]
[]
[]
[]
[]
[]
[]
[]
[]
[]
[]
[]
[]
[]
[]
[]
[]
[]
[]
[]
[]
[]
[]
[]
[]
[]
[]
[]
[]
[]
[]
[]
[]
[]
[]
[]
[]
[]
[]
[]
[]
[]
[]
[]
[]
[]
[]
[]
[]
[]
[]
[]
[]
[]
[]
[]
[]
[]
[]
[]
[]
[]
[]
[]
[]
[]
[]
[]
[]
[]
[]
[]
[]
[]
[]
[]
[]
[]
[]
[]
[]
[]
[]
[]
[]
[]
[]
[]
[]
[]
[]
[]
[]
[]
[]
[]
[]
[]
[]
[]
[]
[]
[]
[]
[]
[]
[]
[]
[]
[]
[]
[]
[]
[]
[]
[]
[]
[]
[]
[]
[]
[]
[]
[]
[]
[]
[]
[]
[]
[]
[]
[]
[]
[]
[]
[]
[]
[]
[]
[]
[]
[]
[]
[]
[]
[]
[]
[]
[]
[]
[]
[]
[]
[]
[]
[]
[]
[]
[]
[]
[]
[]
[]
[]
[]
[]
[]
[]
[]
[]
[]
[]
[]
[]
[]
[]
[]
[]
[]
[]
[]
[]
[]
[]
[]
[]
[]
[]
[]
[]
[]
[]
[]
[]
[]
[]
[]
[]
[]
[]
[]
[]
[]
[]
[]
[]
[]
[]
[]
[]
[]
[]
[]
[]
[]
[]
[]
[]
[]
[]
[]
[]
[]
[]
[]
[]
[]
[]
[]
[]
[]
[]
[]
[]
[]
[]
[]
[]
[]
[]
[]
[]
[]
[]
[]
[]
[]
[]
[]
[]
[]
[]
[]
[]
[]
[]
[]
[]
[]
[]
[]
[]
[]
[]
[]
[]
[]
[]
[]
[]
[]
[]
[]
[]
[]
[]
[]
[]
[]
[]
[]
[]
[]
[]
[]
[]
[]
[]
[]
[]
[]
[]
[]
[]
[]
[]
[]
[]
[]
[]
[]
[]
[]
[]
[]
[]
[]
[]
[]
[]
[]
[]
[]
[]
[]
[]
[]
[]
[]
[]
[]
[]
[]
[]
[]
[]
[]
[]
[]
[]
[]
[]
[]
[]
[]
[]
[]
[]
[]
[]
[]
[]
[]
[]
[]
[]
[]
[]
[]
[]
[]
[]
[]
[]
[]
[]
[]
[]
[]
[]
[]
[]
[]
[]
[]
[]
[]
[]
[]
[]
[]
[]
[]
[]
[]
[]
[]
[]
[]
[]
[]
[]
[]
[]
[]
[]
[]
[]
[]
[]
[]
[]
[]
[]
[]
[]
[]
[]
[]
[]
[]
[]
[]
[]
[]
[]
[]
[]
[]
[]
[]
[]
[]
[]
[]
[]
[]
[]
[]
[]
[]
[]
[]
[]
[]
[]
[]
[]
[]
[]
[]
[]
[]
[]
[]
[]
[]
[]
[]
[]
[]
[]
[]
[]
[]
[]
[]
[]
[]
[]
[]
[]
[]
[]
[]
[]
[]
[]
[]
[]
[]
[]
[]
[]
[]
[]
[]
[]
[]
[]
[]
[]
[]
[]
[]
[]
[]
[]
[]
[]
[]
[]
[]
[]
[]
[]
[]
[]
[]
[]
[]
[]
[]
[]
[]
[]
[]
[]
[]
[]
[]
[]
[]
[]
[]
[]
[]
[]
[]
[]
[]
[]
[]
[]
[]
[]
[]
[]
[]
[]
[]
[]
[]
[]
[]
[]
[]
[]
[]
[]
[]
[]
[]
[]
[]
[]
[]
[]
[]
[]
[]
[]
[]
[]
[]
[]
[]
[]
[]
[]
[]
[]
[]
[]
[]
[]
[]
[]
[]
[]
[]
[]
[]
[]
[]
[]
[]
[]
[]
[]
[]
[]
[]
[]
[]
[]
[]
[]
[]
[]
[]
[]
[]
[]
[]
[]
[]
[]
[]
[]
[]
[]
[]
[]
[]
[]
[]
[]
[]
[]
[]
[]
[]
[]
[]
[]
[]
[]
[]
[]
[]
[]
[]
[]
[]
[]
[]
[]
[]
[]
[]
[]
[]
[]
[]
[]
[]
[]
[]
[]
[]
[]
[]
[]
[]
[]
[]
[]
[]
[]
[]
[]
[]
[]
[]
[]
[]
[]
[]
[]
[]
[]
[]
[]
[]
[]
[]
[]
[]
[]
[]
[]
[]
[]
[]
[]
[]
[]
[]
[]
[]
[]
[]
[]
[]
[]
[]
[]
[]
[]
[]
[]
[]
[]
[]
[]
[]
[]
[]
[]
[]
[]
[]
[]
[]
[]
[]
[]
[]
[]
[]
[]
[]
[]
[]
[]
[]
[]
[]
[]
[]
[]
[]
[]
[]
[]
[]
[]
[]
[]
[]
[]
[]
[]
[]
[]
[]
[]
[]
[]
[]
[]
[]
[]
[]
[]
[]
[]
[]
[]
[]
[]
[]
[]
[]
[]
[]
[]
[]
[]
[]
[]
[]
[]
[]
[]
[]
[]
[]
[]
[]
[]
[]
[]
[]
[]
[]
[]
[]
[]
[]
[]
[]
[]
[]
[]
[]
[]
[]
[]
[]
[]
[]
[]
[]
[]
[]
[]
[]
[]
[]
[]
[]
[]
[]
[]
[]
[]
[]
[]
[]
[]
[]
[]
[]
[]
[]
[]
[]
[]
[]
[]
[]
[]
[]
[]
[]
[]
[]
[]
[]
[]
[]
[]
[]
[]
[]
[]
[]
[]
[]
[]
[]
[]
[]
[]
[]
[]
[]
[]
[]
[]
[]
[]
[]
[]
[]
[]
[]
[]
[]
[]
[]
[]
[]
[]
[]
[]
[]
[]
[]
[]
[]
[]
[]
[]
[]
[]
[]
[]
[]
[]
[]
[]
[]
[]
[]
[]
[]
[]
[]
[]
[]
[]
[]
[]
[]
[]
[]
[]
[]
[]
[]
[]
[]
[]
[]
[]
[]
[]
[]
[]
[]
[]
[]
[]
[]
[]
[]
[]
[]
[]
[]
[]
[]
[]
[]
[]
[]
[]
[]
[]
[]
[]
[]
[]
[]
[]
[]
[]
[]
[]
[]
[]
[]
[]
[]
[]
[]
[]
[]
[]
[]
[]
[]
[]
[]
[]
[]
[]
[]
[]
[]
[]
[]
[]
[]
[]
[]
[]
[]
[]
[]
[]
[]
[]
[]
[]
[]
[]
[]
[]
[]
[]
[]
[]
[]
[]
[]
[]
[]
[]
[]
[]
[]
[]
[]
[]
[]
[]
[]
[]
[]
[]
[]
[]
[]
[]
[]
[]
[]
[]
[]
[]
[]
[]
[]
[]
[]
[]
[]
[]
[]
[]
[]
[]
[]
[]
[]
[]
[]
[]
[]
[]
[]
[]
[]
[]
[]
[]
[]
[]
[]
[]
[]
[]
[]
[]
[]
[]
[]
[]
[]
[]
[]
[]
[]
[]
[]
[]
[]
[]
[]
[]
[]
[]
[]
[]
[]
[]
[]
[]
[]
[]
[]
[]
[]
[]
[]
[]
[]
[]
[]
[]
[]
[]
[]
[]
[]
[]
[]
[]
[]
[]
[]
[]
[]
[]
[]
[]
[]
[]
[]
[]
[]
[]
[]
[]
[]
[]
[]
[]
[]
[]
[]
[]
[]
[]
[]
[]
[]
[]
[]
[]
[]
[]
[]
[]
[]
[]
[]
[]
[]
[]
[]
[]
[]
[]
[]
[]
[]
[]
[]
[]
[]
[]
[]
[]
[]
[]
[]
[]
[]
[]
[]
[]
[]
[]
[]
[]
[]
[]
[]
[]
[]
[]
[]
[]
[]
[]
[]
[]
[]
[]
[]
[]
[]
[]
[]
[]
[]
[]
[]
[]
[]
[]
[]
[]
[]
[]
[]
[]
[]
[]
[]
[]
[]
[]
[]
[]
[]
[]
[]
[]
[]
[]
[]
[]
[]
[]
[]
[]
[]
[]
[]
[]
[]
[]
[]
[]
[]
[]
[]
[]
[]
[]
[]
[]
[]
[]
[]
[]
[]
[]
[]
[]
[]
[]
[]
[]
[]
[]
[]
[]
[]
[]
[]
[]
[]
[]
[]
[]
[]
[]
[]
[]
[]
[]
[]
[]
[]
[]
[]
[]
[]
[]
[]
[]
[]
[]
[]
[]
[]
[]
[]
[]
[]
[]
[]
[]
[]
[]
[]
[]
[]
[]
[]
[]
[]
[]
[]
[]
[]
[]
[]
[]
[]
[]
[]
[]
[]
[]
[]
[]
[]
[]
[]
[]
[]
[]
[]
[]
[]
[]
[]
[]
[]
[]
[]
[]
[]
[]
[]
[]
[]
[]
[]
[]
[]
[]
[]
[]
[]
[]
[]
[]
[]
[]
[]
[]
[]
[]
[]
[]
[]
[]
[]
[]
[]
[]
[]
[]
[]
[]
[]
[]
[]
[]
[]
[]
[]
[]
[]
[]
[]
[]
[]
[]
[]
[]
[]
[]
[]
[]
[]
[]
[]
[]
[]
[]
[]
[]
[]
[]
[]
[]
[]
[]
[]
[]
[]
[]
[]
[]
[]
[]
[]
[]
[]
[]
[]
[]
[]
[]
[]
[]
[]
[]
[]
[]
[]
[]
[]
[]
[]
[]
[]
[]
[]
[]
[]
[]
[]
[]
[]
[]
[]
[]
[]
[]
[]
[]
[]
[]
[]
[]
[]
[]
[]
[]
[]
[]
[]
[]
[]
[]
[]
[]
[]
[]
[]
[]
[]
[]
[]
[]
[]
[]
[]
[]
[]
[]
[]
[]
[]
[]
[]
[]
[]
[]
[]
[]
[]
[]
[]
[]
[]
[]
[]
[]
[]
[]
[]
[]
[]
[]
[]
[]
[]
[]
[]
[]
[]
[]
[]
[]
[]
[]
[]
[]
[]
[]
[]
[]
[]
[]
[]
[]
[]
[]
[]
[]
[]
[]
[]
[]
[]
[]
[]
[]
[]
[]
[]
[]
[]
[]
[]
[]
[]
[]
[]
[]
[]
[]
[]
[]
[]
[]
[]
[]
[]
[]
[]
[]
[]
[]
[]
[]
[]
[]
[]
[]
[]
[]
[]
[]
[]
[]
[]
[]
[]
[]
[]
[]
[]
[]
[]
[]
[]
[]
[]
[]
[]
[]
[]
[]
[]
[]
[]
[]
[]
[]
[]
[]
[]
[]
[]
[]
[]
[]
[]
[]
[]
[]
[]
[]
[]
[]
[]
[]
[]
[]
[]
[]
[]
[]
[]
[]
[]
[]
[]
[]
[]
[]
[]
[]
[]
[]
[]
[]
[]
[]
[]
[]
[]
[]
[]
[]
[]
[]
[]
[]
[]
[]
[]
[]
[]
[]
[]
[]
[]
[]
[]
[]
[]
[]
[]
[]
[]
[]
[]
[]
[]
[]
[]
[]
[]
[]
[]
[]
[]
[]
[]
[]
[]
[]
[]
[]
[]
[]
[]
[]
[]
[]
[]
[]
[]
[]
[]
[]
[]
[]
[]
[]
[]
[]
[]
[]
[]
[]
[]
[]
[]
[]
[]
[]
[]
[]
[]
[]
[]
[]
[]
[]
[]
[]
[]
[]
[]
[]
[]
[]
[]
[]
[]
[]
[]
[]
[]
[]
[]
[]
[]
[]
[]
[]
[]
[]
[]
[]
[]
[]
[]
[]
[]
[]
[]
[]
[]
[]
[]
[]
[]
[]
[]
[]
[]
[]
[]
[]
[]
[]
[]
[]
[]
[]
[]
[]
[]
[]
[]
[]
[]
[]
[]
[]
[]
[]
[]
[]
[]
[]
[]
[]
[]
[]
[]
[]
[]
[]
[]
[]
[]
[]
[]
[]
[]
[]
[]
[]
[]
[]
[]
[]
[]
[]
[]
[]
[]
[]
[]
[]
[]
[]
[]
[]
[]
[]
[]
[]
[]
[]
[]
[]
[]
[]
[]
[]
[]
[]
[]
[]
[]
[]
[]
[]
[]
[]
[]
[]
[]
[]
[]
[]
[]
[]
[]
[]
[]
[]
[]
[]
[]
[]
[]
[]
[]
[]
[]
[]
[]
[]
[]
[]
[]
[]
[]
[]
[]
[]
[]
[]
[]
[]
[]
[]
[]
[]
[]
[]
[]
[]
[]
[]
[]
[]
[]
[]
[]
[]
[]
[]
[]
[]
[]
[]
[]
[]
[]
[]
[]
[]
[]
[]
[]
[]
[]
[]
[]
[]
[]
[]
[]
[]
[]
[]
[]
[]
[]
[]
[]
[]
[]
[]
[]
[]
[]
[]
[]
[]
[]
[]
[]
[]
[]
[]
[]
[]
[]
[]
[]
[]
[]
[]
[]
[]
[]
[]
[]
[]
[]
[]
[]
[]
[]
[]
[]
[]
[]
[]
[]
[]
[]
[]
[]
[]
[]
[]
[]
[]
[]
[]
[]
[]
[]
[]
[]
[]
[]
[]
[]
[]
[]
[]
[]
[]
[]
[]
[]
[]
[]
[]
[]
[]
[]
[]
[]
[]
[]
[]
[]
[]
[]
[]
[]
[]
[]
[]
[]
[]
[]
[]
[]
[]
[]
[]
[]
[]
[]
[]
[]
[]
[]
[]
[]
[]
[]
[]
[]
[]
[]
[]
[]
[]
[]
[]
[]
[]
[]
[]
[]
[]
[]
[]
[]
[]
[]
[]
[]
[]
[]
[]
[]
[]
[]
[]
[]
[]
[]
[]
[]
[]
[]
[]
[]
[]
[]
[]
[]
[]
[]
[]
[]
[]
[]
[]
[]
[]
[]
[]
[]
[]
[]
[]
[]
[]
[]
[]
[]
[]
[]
[]
[]
[]
[]
[]
[]
[]
[]
[]
[]
[]
[]
[]
[]
[]
[]
[]
[]
[]
[]
[]
[]
[]
[]
[]
[]
[]
[]
[]
[]
[]
[]
[]
[]
[]
[]
[]
[]
[]
[]
[]
[]
[]
[]
[]
[]
[]
[]
[]
[]
[]
[]
[]
[]
[]
[]
[]
[]
[]
[]
[]
[]
[]
[]
[]
[]
[]
[]
[]
[]
[]
[]
[]
[]
[]
[]
[]
[]
[]
[]
[]
[]
[]
[]
[]
[]
[]
[]
[]
[]
[]
[]
[]
[]
[]
[]
[]
[]
[]
[]
[]
[]
[]
[]
[]
[]
[]
[]
[]
[]
[]
[]
[]
[]
[]
[]
[]
[]
[]
[]
[]
[]
[]
[]
[]
[]
[]
[]
[]
[]
[]
[]
[]
[]
[]
[]
[]
[]
[]
[]
[]
[]
[]
[]
[]
[]
[]
[]
[]
[]
[]
[]
[]
[]
[]
[]
[]
[]
[]
[]
[]
[]
[]
[]
[]
[]
[]
[]
[]
[]
[]
[]
[]
[]
[]
[]
[]
[]
[]
[]
[]
[]
[]
[]
[]
[]
[]
[]
[]
[]
[]
[]
[]
[]
[]
[]
[]
[]
[]
[]
[]
[]
[]
[]
[]
[]
[]
[]
[]
[]
[]
[]
[]
[]
[]
[]
[]
[]
[]
[]
[]
[]
[]
[]
[]
[]
[]
[]
[]
[]
[]
[]
[]
[]
[]
[]
[]
[]
[]
[]
[]
[]
[]
[]
[]
[]
[]
[]
[]
[]
[]
[]
[]
[]
[]
[]
[]
[]
[]
[]
[]
[]
[]
[]
[]
[]
[]
[]
[]
[]
[]
[]
[]
[]
[]
[]
[]
[]
[]
[]
[]
[]
[]
[]
[]
[]
[]
[]
[]
[]
[]
[]
[]
[]
[]
[]
[]
[]
[]
[]
[]
[]
[]
[]
[]
[]
[]
[]
[]
[]
[]
[]
[]
[]
[]
[]
[]
[]
[]
[]
[]
[]
[]
[]
[]
[]
[]
[]
[]
[]
[]
[]
[]
[]
[]
[]
[]
[]
[]
[]
[]
[]
[]
[]
[]
[]
[]
[]
[]
[]
[]
[]
[]
[]
[]
[]
[]
[]
[]
[]
[]
[]
[]
[]
[]
[]
[]
[]
[]
[]
[]
[]
[]
[]
[]
[]
[]
[]
[]
[]
[]
[]
[]
[]
[]
[]
[]
[]
[]
[]
[]
[]
[]
[]
[]
[]
[]
[]
[]
[]
[]
[]
[]
[]
[]
[]
[]
[]
[]
[]
[]
[]
[]
[]
[]
[]
[]
[]
[]
[]
[]
[]
[]
[]
[]
[]
[]
[]
[]
[]
[]
[]
[]
[]
[]
[]
[]
[]
[]
[]
[]
[]
[]
[]
[]
[]
[]
[]
[]
[]
[]
[]
[]
[]
[]
[]
[]
[]
[]
[]
[]
[]
[]
[]
[]
[]
[]
[]
[]
[]
[]
[]
[]
[]
[]
[]
[]
[]
[]
[]
[]
[]
[]
[]
[]
[]
[]
[]
[]
[]
[]
[]
[]
[]
[]
[]
[]
[]
[]
[]
[]
[]
[]
[]
[]
[]
[]
[]
[]
[]
[]
[]
[]
[]
[]
[]
[]
[]
[]
[]
[]
[]
[]
[]
[]
[]
[]
[]
[]
[]
[]
[]
[]
[]
[]
[]
[]
[]
[]
[]
[]
[]
[]
[]
[]
[]
[]
[]
[]
[]
[]
[]
[]
[]
[]
[]
[]
[]
[]
[]
[]
[]
[]
[]
[]
[]
[]
[]
[]
[]
[]
[]
[]
[]
[]
[]
[]
[]
[]
[]
[]
[]
[]
[]
[]
[]
[]
[]
[]
[]
[]
[]
[]
[]
[]
[]
[]
[]
[]
[]
[]
[]
[]
[]
[]
[]
[]
[]
[]
[]
[]
[]
[]
[]
[]
[]
[]
[]
[]
[]
[]
[]
[]
[]
[]
[]
[]
[]
[]
[]
[]
[]
[]
[]
[]
[]
[]
[]
[]
[]
[]
[]
[]
[]
[]
[]
[]
[]
[]
[]
[]
[]
[]
[]
[]
[]
[]
[]
[]
[]
[]
[]
[]
[]
[]
[]
[]
[]
[]
[]
[]
[]
[]
[]
[]
[]
[]
[]
[]
[]
[]
[]
[]
[]
[]
[]
[]
[]
[]
[]
[]
[]
[]
[]
[]
[]
[]
[]
[]
[]
[]
[]
[]
[]
[]
[]
[]
[]
[]
[]
[]
[]
[]
[]
[]
[]
[]
[]
[]
[]
[]
[]
[]
[]
[]
[]
[]
[]
[]
[]
[]
[]
[]
[]
[]
[]
[]
[]
[]
[]
[]
[]
[]
[]
[]
[]
[]
[]
[]
[]
[]
[]
[]
[]
[]
[]
[]
[]
[]
[]
[]
[]
[]
[]
[]
[]
[]
[]
[]
[]
[]
[]
[]
[]
[]
[]
[]
[]
[]
[]
[]
[]
[]
[]
[]
[]
[]
[]
[]
[]
[]
[]
[]
[]
[]
[]
[]
[]
[]
[]
[]
[]
[]
[]
[]
[]
[]
[]
[]
[]
[]
[]
[]
[]
[]
[]
[]
[]
[]
[]
[]
[]
[]
[]
[]
[]
[]
[]
[]
[]
[]
[]
[]
[]
[]
[]
[]
[]
[]
[]
[]
[]
[]
[]
[]
[]
[]
[]
[]
[]
[]
[]
[]
[]
[]
[]
[]
[]
[]
[]
[]
[]
[]
[]
[]
[]
[]
[]
[]
[]
[]
[]
[]
[]
[]
[]
[]
[]
[]
[]
[]
[]
[]
[]
[]
[]
[]
[]
[]
[]
[]
[]
[]
[]
[]
[]
[]
[]
[]
[]
[]
[]
[]
[]
[]
[]
[]
[]
[]
[]
[]
[]
[]
[]
[]
[]
[]
[]
[]
[]
[]
[]
[]
[]
[]
[]
[]
[]
[]
[]
[]
[]
[]
[]
[]
[]
[]
[]
[]
[]
[]
[]
[]
[]
[]
[]
[]
[]
[]
[]
[]
[]
[]
[]
[]
[]
[]
[]
[]
[]
[]
[]
[]
[]
[]
[]
[]
[]
[]
[]
[]
[]
[]
[]
[]
[]
[]
[]
[]
[]
[]
[]
[]
[]
[]
[]
[]
[]
[]
[]
[]
[]
[]
[]
[]
[]
[]
[]
[]
[]
[]
[]
[]
[]
[]
[]
[]
[]
[]
[]
[]
[]
[]
[]
[]
[]
[]
[]
[]
[]
[]
[]
[]
[]
[]
[]
[]
[]
[]
[]
[]
[]
[]
[]
[]
[]
[]
[]
[]
[]
[]
[]
[]
[]
[]
[]
[]
[]
[]
[]
[]
[]
[]
[]
[]
[]
[]
[]
[]
[]
[]
[]
[]
[]
[]
[]
[]
[]
[]
[]
[]
[]
[]
[]
[]
[]
[]
[]
[]
[]
[]
[]
[]
[]
[]
[]
[]
[]
[]
[]
[]
[]
[]
[]
[]
[]
[]
[]
[]
[]
[]
[]
[]
[]
[]
[]
[]
[]
[]
[]
[]
[]
[]
[]
[]
[]
[]
[]
[]
[]
[]
[]
[]
[]
[]
[]
[]
[]
[]
[]
[]
[]
[]
[]
[]
[]
[]
[]
[]
[]
[]
[]
[]
[]
[]
[]
[]
[]
[]
[]
[]
[]
[]
[]
[]
[]
[]
[]
[]
[]
[]
[]
[]
[]
[]
[]
[]
[]
[]
[]
[]
[]
[]
[]
[]
[]
[]
[]
[]
[]
[]
[]
[]
[]
[]
[]
[]
[]
[]
[]
[]
[]
[]
[]
[]
[]
[]
[]
[]
[]
[]
[]
[]
[]
[]
[]
[]
[]
[]
[]
[]
[]
[]
[]
[]
[]
[]
[]
[]
[]
[]
[]
[]
[]
[]
[]
[]
[]
[]
[]
[]
[]
[]
[]
[]
[]
[]
[]
[]
[]
[]
[]
[]
[]
[]
[]
[]
[]
[]
[]
[]
[]
[]
[]
[]
[]
[]
[]
[]
[]
[]
[]
[]
[]
[]
[]
[]
[]
[]
[]
[]
[]
[]
[]
[]
[]
[]
[]
[]
[]
[]
[]
[]
[]
[]
[]
[]
[]
[]
[]
[]
[]
[]
[]
[]
[]
[]
[]
[]
[]
[]
[]
[]
[]
[]
[]
[]
[]
[]
[]
[]
[]
[]
[]
[]
[]
[]
[]
[]
[]
[]
[]
[]
[]
[]
[]
[]
[]
[]
[]
[]
[]
[]
[]
[]
[]
[]
[]
[]
[]
[]
[]
[]
[]
[]
[]
[]
[]
[]
[]
[]
[]
[]
[]
[]
[]
[]
[]
[]
[]
[]
[]
[]
[]
[]
[]
[]
[]
[]
[]
[]
[]
[]
[]
[]
[]
[]
[]
[]
[]
[]
[]
[]
[]
[]
[]
[]
[]
[]
[]
[]
[]
[]
[]
[]
[]
[]
[]
[]
[]
[]
[]
[]
[]
[]
[]
[]
[]
[]
[]
[]
[]
[]
[]
[]
[]
[]
[]
[]
[]
[]
[]
[]
[]
[]
[]
[]
[]
[]
[]
[]
[]
[]
[]
[]
[]
[]
[]
[]
[]
[]
[]
[]
[]
[]
[]
[]
[]
[]
[]
[]
[]
[]
[]
[]
[]
[]
[]
[]
[]
[]
[]
[]
[]
[]
[]
[]
[]
[]
[]
[]
[]
[]
[]
[]
[]
[]
[]
[]
[]
[]
[]
[]
[]
[]
[]
[]
[]
[]
[]
[]
[]
[]
[]
[]
[]
[]
[]
[]
[]
[]
[]
[]
[]
[]
[]
[]
[]
[]
[]
[]
[]
[]
[]
[]
[]
[]
[]
[]
[]
[]
[]
[]
[]
[]
[]
[]
[]
[]
[]
[]
[]
[]
[]
[]
[]
[]
[]
[]
[]
[]
[]
[]
[]
[]
[]
[]
[]
[]
[]
[]
[]
[]
[]
[]
[]
[]
[]
[]
[]
[]
[]
[]
[]
[]
[]
[]
[]
[]
[]
[]
[]
[]
[]
[]
[]
[]
[]
[]
[]
[]
[]
[]
[]
[]
[]
[]
[]
[]
[]
[]
[]
[]
[]
[]
[]
[]
[]
[]
[]
[]
[]
[]
[]
[]
[]
[]
[]
[]
[]
[]
[]
[]
[]
[]
[]
[]
[]
[]
[]
[]
[]
[]
[]
[]
[]
[]
[]
[]
[]
[]
[]
[]
[]
[]
[]
[]
[]
[]
[]
[]
[]
[]
[]
[]
[]
[]
[]
[]
[]
[]
[]
[]
[]
[]
[]
[]
[]
[]
[]
[]
[]
[]
[]
[]
[]
[]
[]
[]
[]
[]
[]
[]
[]
[]
[]
[]
[]
[]
[]
[]
[]
[]
[]
[]
[]
[]
[]
[]
[]
[]
[]
[]
[]
[]
[]
[]
[]
[]
[]
[]
[]
[]
[]
[]
[]
[]
[]
[]
[]
[]
[]
[]
[]
[]
[]
[]
[]
[]
[]
[]
[]
[]
[]
[]
[]
[]
[]
[]
[]
[]
[]
[]
[]
[]
[]
[]
[]
[]
[]
[]
[]
[]
[]
[]
[]
[]
[]
[]
[]
[]
[]
[]
[]
[]
[]
[]
[]
[]
[]
[]
[]
[]
[]
[]
[]
[]
[]
[]
[]
[]
[]
[]
[]
[]
[]
[]
[]
[]
[]
[]
[]
[]
[]
[]
[]
[]
[]
[]
[]
[]
[]
[]
[]
[]
[]
[]
[]
[]
[]
[]
[]
[]
[]
[]
[]
[]
[]
[]
[]
[]
[]
[]
[]
[]
[]
[]
[]
[]
[]
[]
[]
[]
[]
[]
[]
[]
[]
[]
[]
[]
[]
[]
[]
[]
[]
[]
[]
[]
[]
[]
[]
[]
[]
[]
[]
[]
[]
[]
[]
[]
[]
[]
[]
[]
[]
[]
[]
[]
[]
[]
[]
[]
[]
[]
[]
[]
[]
[]
[]
[]
[]
[]
[]
[]
[]
[]
[]
[]
[]
[]
[]
[]
[]
[]
[]
[]
[]
[]
[]
[]
[]
[]
[]
[]
[]
[]
[]
[]
[]
[]
[]
[]
[]
[]
[]
[]
[]
[]
[]
[]
[]
[]
[]
[]
[]
[]
[]
[]
[]
[]
[]
[]
[]
[]
[]
[]
[]
[]
[]
[]
[]
[]
[]
[]
[]
[]
[]
[]
[]
[]
[]
[]
[]
[]
[]
[]
[]
[]
[]
[]
[]
[]
[]
[]
[]
[]
[]
[]
[]
[]
[]
[]
[]
[]
[]
[]
[]
[]
[]
[]
[]
[]
[]
[]
[]
[]
[]
[]
[]
[]
[]
[]
[]
[]
[]
[]
[]
[]
[]
[]
[]
[]
[]
[]
[]
[]
[]
[]
[]
[]
[]
[]
[]
[]
[]
[]
[]
[]
[]
[]
[]
[]
[]
[]
[]
[]
[]
[]
[]
[]
[]
[]
[]
[]
[]
[]
[]
[]
[]
[]
[]
[]
[]
[]
[]
[]
[]
[]
[]
[]
[]
[]
[]
[]
[]
[]
[]
[]
[]
[]
[]
[]
[]
[]
[]
[]
[]
[]
[]
[]
[]
[]
[]
[]
[]
[]
[]
[]
[]
[]
[]
[]
[]
[]
[]
[]
[]
[]
[]
[]
[]
[]
[]
[]
[]
[]
[]
[]
[]
[]
[]
[]
[]
[]
[]
[]
[]
[]
[]
[]
[]
[]
[]
[]
[]
[]
[]
[]
[]
[]
[]
[]
[]
[]
[]
[]
[]
[]
[]
[]
[]
[]
[]
[]
[]
[]
[]
[]
[]
[]
[]
[]
[]
[]
[]
[]
[]
[]
[]
[]
[]
[]
[]
[]
[]
[]
[]
[]
[]
[]
[]
[]
[]
[]
[]
[]
[]
[]
[]
[]
[]
[]
[]
[]
[]
[]
[]
[]
[]
[]
[]
[]
[]
[]
[]
[]
[]
[]
[]
[]
[]
[]
[]
[]
[]
[]
[]
[]
[]
[]
[]
[]
[]
[]
[]
[]
[]
[]
[]
[]
[]
[]
[]
[]
[]
[]
[]
[]
[]
[]
[]
[]
[]
[]
[]
[]
[]
[]
[]
[]
[]
[]
[]
[]
[]
[]
[]
[]
[]
[]
[]
[]
[]
[]
[]
[]
[]
[]
[]
[]
[]
[]
[]
[]
[]
[]
[]
[]
[]
[]
[]
[]
[]
[]
[]
[]
[]
[]
[]
[]
[]
[]
[]
[]
[]
[]
[]
[]
[]
[]
[]
[]
[]
[]
[]
[]
[]
[]
[]
[]
[]
[]
[]
[]
[]
[]
[]
[]
[]
[]
[]
[]
[]
[]
[]
[]
[]
[]
[]
[]
[]
[]
[]
[]
[]
[]
[]
[]
[]
[]
[]
[]
[]
[]
[]
[]
[]
[]
[]
[]
[]
[]
[]
[]
[]
[]
[]
[]
[]
[]
[]
[]
[]
[]
[]
[]
[]
[]
[]
[]
[]
[]
[]
[]
[]
[]
[]
[]
[]
[]
[]
[]
[]
[]
[]
[]
[]
[]
[]
[]
[]
[]
[]
[]
[]
[]
[]
[]
[]
[]
[]
[]
[]
[]
[]
[]
[]
[]
[]
[]
[]
[]
[]
[]
[]
[]
[]
[]
[]
[]
[]
[]
[]
[]
[]
[]
[]
[]
[]
[]
[]
[]
[]
[]
[]
[]
[]
[]
[]
[]
[]
[]
[]
[]
[]
[]
[]
[]
[]
[]
[]
[]
[]
[]
[]
[]
[]
[]
[]
[]
[]
[]
[]
[]
[]
[]
[]
[]
[]
[]
[]
[]
[]
[]
[]
[]
[]
[]
[]
[]
[]
[]
[]
[]
[]
[]
[]
[]
[]
[]
[]
[]
[]
[]
[]
[]
[]
[]
[]
[]
[]
[]
[]
[]
[]
[]
[]
[]
[]
[]
[]
[]
[]
[]
[]
[]
[]
[]
[]
[]
[]
[]
[]
[]
[]
[]
[]
[]
[]
[]
[]
[]
[]
[]
[]
[]
[]
[]
[]
[]
[]
[]
[]
[]
[]
[]
[]
[]
[]
[]
[]
[]
[]
[]
[]
[]
[]
[]
[]
[]
[]
[]
[]
[]
[]
[]
[]
[]
[]
[]
[]
[]
[]
[]
[]
[]
[]
[]
[]
[]
[]
[]
[]
[]
[]
[]
[]
[]
[]
[]
[]
[]
[]
[]
[]
[]
[]
[]
[]
[]
[]
[]
[]
[]
[]
[]
[]
[]
[]
[]
[]
[]
[]
[]
[]
[]
[]
[]
[]
[]
[]
[]
[]
[]
[]
[]
[]
[]
[]
[]
[]
[]
[]
[]
[]
[]
[]
[]
[]
[]
[]
[]
[]
[]
[]
[]
[]
[]
[]
[]
[]
[]
[]
[]
[]
[]
[]
[]
[]
[]
[]
[]
[]
[]
[]
[]
[]
[]
[]
[]
[]
[]
[]
[]
[]
[]
[]
[]
[]
[]
[]
[]
[]
[]
[]
[]
[]
[]
[]
[]
[]
[]
[]
[]
[]
[]
[]
[]
[]
[]
[]
[]
[]
[]
[]
[]
[]
[]
[]
[]
[]
[]
[]
[]
[]
[]
[]
[]
[]
[]
[]
[]
[]
[]
[]
[]
[]
[]
[]
[]
[]
[]
[]
[]
[]
[]
[]
[]
[]
[]
[]
[]
[]
[]
[]
[]
[]
[]
[]
[]
[]
[]
[]
[]
[]
[]
[]
[]
[]
[]
[]
[]
[]
[]
[]
[]
[]
[]
[]
[]
[]
[]
[]
[]
[]
[]
[]
[]
[]
[]
[]
[]
[]
[]
[]
[]
[]
[]
[]
[]
[]
[]
[]
[]
[]
[]
[]
[]
[]
[]
[]
[]
[]
[]
[]
[]
[]
[]
[]
[]
[]
[]
[]
[]
[]
[]
[]
[]
[]
[]
[]
[]
[]
[]
[]
[]
[]
[]
[]
[]
[]
[]
[]
[]
[]
[]
[]
[]
[]
[]
[]
[]
[]
[]
[]
[]
[]
[]
[]
[]
[]
[]
[]
[]
[]
[]
[]
[]
[]
[]
[]
[]
[]
[]
[]
[]
[]
[]
[]
[]
[]
[]
[]
[]
[]
[]
[]
[]
[]
[]
[]
[]
[]
[]
[]
[]
[]
[]
[]
[]
[]
[]
[]
[]
[]
[]
[]
[]
[]
[]
[]
[]
[]
[]
[]
[]
[]
[]
[]
[]
[]
[]
[]
[]
[]
[]
[]
[]
[]
[]
[]
[]
[]
[]
[]
[]
[]
[]
[]
[]
[]
[]
[]
[]
[]
[]
[]
[]
[]
[]
[]
[]
[]
[]
[]
[]
[]
[]
[]
[]
[]
[]
[]
[]
[]
[]
[]
[]
[]
[]
[]
[]
[]
[]
[]
[]
[]
[]
[]
[]
[]
[]
[]
[]
[]
[]
[]
[]
[]
[]
[]
[]
[]
[]
[]
[]
[]
[]
[]
[]
[]
[]
[]
[]
[]
[]
[]
[]
[]
[]
[]
[]
[]
[]
[]
[]
[]
[]
[]
[]
[]
[]
[]
[]
[]
[]
[]
[]
[]
[]
[]
[]
[]
[]
[]
[]
[]
[]
[]
[]
[]
[]
[]
[]
[]
[]
[]
[]
[]
[]
[]
[]
[]
[]
[]
[]
[]
[]
[]
[]
[]
[]
[]
[]
[]
[]
[]
[]
[]
[]
[]
[]
[]
[]
[]
[]
[]
[]
[]
[]
[]
[]
[]
[]
[]
[]
[]
[]
[]
[]
[]
[]
[]
[]
[]
[]
[]
[]
[]
[]
[]
[]
[]
[]
[]
[]
[]
[]
[]
[]
[]
[]
[]
[]
[]
[]
[]
[]
[]
[]
[]
[]
[]
[]
[]
[]
[]
[]
[]
[]
[]
[]
[]
[]
[]
[]
[]
[]
[]
[]
[]
[]
[]
[]
[]
[]
[]
[]
[]
[]
[]
[]
[]
[]
[]
[]
[]
[]
[]
[]
[]
[]
[]
[]
[]
[]
[]
[]
[]
[]
[]
[]
[]
[]
[]
[]
[]
[]
[]
[]
[]
[]
[]
[]
[]
[]
[]
[]
[]
[]
[]
[]
[]
[]
[]
[]
[]
[]
[]
[]
[]
[]
[]
[]
[]
[]
[]
[]
[]
[]
[]
[]
[]
[]
[]
[]
[]
[]
[]
[]
[]
[]
[]
[]
[]
[]
[]
[]
[]
[]
[]
[]
[]
[]
[]
[]
[]
[]
[]
[]
[]
[]
[]
[]
[]
[]
[]
[]
[]
[]
[]
[]
[]
[]
[]
[]
[]
[]
[]
[]
[]
[]
[]
[]
[]
[]
[]
[]
[]
[]
[]
[]
[]
[]
[]
[]
[]
[]
[]
[]
[]
[]
[]
[]
[]
[]
[]
[]
[]
[]
[]
[]
[]
[]
[]
[]
[]
[]
[]
[]
[]
[]
[]
[]
[]
[]
[]
[]
[]
[]
[]
[]
[]
[]
[]
[]
[]
[]
[]
[]
[]
[]
[]
[]
[]
[]
[]
[]
[]
[]
[]
[]
[]
[]
[]
[]
[]
[]
[]
[]
[]
[]
[]
[]
[]
[]
[]
[]
[]
[]
[]
[]
[]
[]
[]
[]
[]
[]
[]
[]
[]
[]
[]
[]
[]
[]
[]
[]
[]
[]
[]
[]
[]
[]
[]
[]
[]
[]
[]
[]
[]
[]
[]
[]
[]
[]
[]
[]
[]
[]
[]
[]
[]
[]
[]
[]
[]
[]
[]
[]
[]
[]
[]
[]
[]
[]
[]
[]
[]
[]
[]
[]
[]
[]
[]
[]
[]
[]
[]
[]
[]
[]
[]
[]
[]
[]
[]
[]
[]
[]
[]
[]
[]
[]
[]
[]
[]
[]
[]
[]
[]
[]
[]
[]
[]
[]
[]
[]
[]
[]
[]
[]
[]
[]
[]
[]
[]
[]
[]
[]
[]
[]
[]
[]
[]
[]
[]
[]
[]
[]
[]
[]
[]
[]
[]
[]
[]
[]
[]
[]
[]
[]
[]
[]
[]
[]
[]
[]
[]
[]
[]
[]
[]
[]
[]
[]
[]
[]
[]
[]
[]
[]
[]
[]
[]
[]
[]
[]
[]
[]
[]
[]
[]
[]
[]
[]
[]
[]
[]
[]
[]
[]
[]
[]
[]
[]
[]
[]
[]
[]
[]
[]
[]
[]
[]
[]
[]
[]
[]
[]
[]
[]
[]
[]
[]
[]
[]
[]
[]
[]
[]
[]
[]
[]
[]
[]
[]
[]
[]
[]
[]
[]
[]
[]
[]
[]
[]
[]
[]
[]
[]
[]
[]
[]
[]
[]
[]
[]
[]
[]
[]
[]
[]
[]
[]
[]
[]
[]
[]
[]
[]
[]
[]
[]
[]
[]
[]
[]
[]
[]
[]
[]
[]
[]
[]
[]
[]
[]
[]
[]
[]
[]
[]
[]
[]
[]
[]
[]
[]
[]
[]
[]
[]
[]
[]
[]
[]
[]
[]
[]
[]
[]
[]
[]
[]
[]
[]
[]
[]
[]
[]
[]
[]
[]
[]
[]
[]
[]
[]
[]
[]
[]
[]
[]
[]
[]
[]
[]
[]
[]
[]
[]
[]
[]
[]
[]
[]
[]
[]
[]
[]
[]
[]
[]
[]
[]
[]
[]
[]
[]
[]
[]
[]
[]
[]
[]
[]
[]
[]
[]
[]
[]
[]
[]
[]
[]
[]
[]
[]
[]
[]
[]
[]
[]
[]
[]
[]
[]
[]
[]
[]
[]
[]
[]
[]
[]
[]
[]
[]
[]
[]
[]
[]
[]
[]
[]
[]
[]
[]
[]
[]
[]
[]
[]
[]
[]
[]
[]
[]
[]
[]
[]
[]
[]
[]
[]
[]
[]
[]
[]
[]
[]
[]
[]
[]
[]
[]
[]
[]
[]
[]
[]
[]
[]
[]
[]
[]
[]
[]
[]
[]
[]
[]
[]
[]
[]
[]
[]
[]
[]
[]
[]
[]
[]
[]
[]
[]
[]
[]
[]
[]
[]
[]
[]
[]
[]
[]
[]
[]
[]
[]
[]
[]
[]
[]
[]
[]
[]
[]
[]
[]
[]
[]
[]
[]
[]
[]
[]
[]
[]
[]
[]
[]
[]
[]
[]
[]
[]
[]
[]
[]
[]
[]
[]
[]
[]
[]
[]
[]
[]
[]
[]
[]
[]
[]
[]
[]
[]
[]
[]
[]
[]
[]
[]
[]
[]
[]
[]
[]
[]
[]
[]
[]
[]
[]
[]
[]
[]
[]
[]
[]
[]
[]
[]
[]
[]
[]
[]
[]
[]
[]
[]
[]
[]
[]
[]
[]
[]
[]
[]
[]
[]
[]
[]
[]
[]
[]
[]
[]
[]
[]
[]
[]
[]
[]
[]
[]
[]
[]
[]
[]
[]
[]
[]
[]
[]
[]
[]
[]
[]
[]
[]
[]
[]
[]
[]
[]
[]
[]
[]
[]
[]
[]
[]
[]
[]
[]
[]
[]
[]
[]
[]
[]
[]
[]
[]
[]
[]
[]
[]
[]
[]
[]
[]
[]
[]
[]
[]
[]
[]
[]
[]
[]
[]
[]
[]
[]
[]
[]
[]
[]
[]
[]
[]
[]
[]
[]
[]
[]
[]
[]
[]
[]
[]
[]
[]
[]
[]
[]
[]
[]
[]
[]
[]
[]
[]
[]
[]
[]
[]
[]
[]
[]
[]
[]
[]
[]
[]
[]
[]
[]
[]
[]
[]
[]
[]
[]
[]
[]
[]
[]
[]
[]
[]
[]
[]
[]
[]
[]
[]
[]
[]
[]
[]
[]
[]
[]
[]
[]
[]
[]
[]
[]
[]
[]
[]
[]
[]
[]
[]
[]
[]
[]
[]
[]
[]
[]
[]
[]
[]
[]
[]
[]
[]
[]
[]
[]
[]
[]
[]
[]
[]
[]
[]
[]
[]
[]
[]
[]
[]
[]
[]
[]
[]
[]
[]
[]
[]
[]
[]
[]
[]
[]
[]
[]
[]
[]
[]
[]
[]
[]
[]
[]
[]
[]
[]
[]
[]
[]
[]
[]
[]
[]
[]
[]
[]
[]
[]
[]
[]
[]
[]
[]
[]
[]
[]
[]
[]
[]
[]
[]
[]
[]
[]
[]
[]
[]
[]
[]
[]
[]
[]
[]
[]
[]
[]
[]
[]
[]
[]
[]
[]
[]
[]
[]
[]
[]
[]
[]
[]
[]
[]
[]
[]
[]
[]
[]
[]
[]
[]
[]
[]
[]
[]
[]
[]
[]
[]
[]
[]
[]
[]
[]
[]
[]
[]
[]
[]
[]
[]
[]
[]
[]
[]
[]
[]
[]
[]
[]
[]
[]
[]
[]
[]
[]
[]
[]
[]
[]
[]
[]
[]
[]
[]
[]
[]
[]
[]
[]
[]
[]
[]
[]
[]
[]
[]
[]
[]
[]
[]
[]
[]
[]
[]
[]
[]
[]
[]
[]
[]
[]
[]
[]
[]
[]
[]
[]
[]
[]
[]
[]
[]
[]
[]
[]
[]
[]
[]
[]
[]
[]
[]
[]
[]
[]
[]
[]
[]
[]
[]
[]
[]
[]
[]
[]
[]
[]
[]
[]
[]
[]
[]
[]
[]
[]
[]
[]
[]
[]
[]
[]
[]
[]
[]
[]
[]
[]
[]
[]
[]
[]
[]
[]
[]
[]
[]
[]
[]
[]
[]
[]
[]
[]
[]
[]
[]
[]
[]
[]
[]
[]
[]
[]
[]
[]
[]
[]
[]
[]
[]
[]
[]
[]
[]
[]
[]
[]
[]
[]
[]
[]
[]
[]
[]
[]
[]
[]
[]
[]
[]
[]
[]
[]
[]
[]
[]
[]
[]
[]
[]
[]
[]
[]
[]
[]
[]
[]
[]
[]
[]
[]
[]
[]
[]
[]
[]
[]
[]
[]
[]
[]
[]
[]
[]
[]
[]
[]
[]
[]
[]
[]
[]
[]
[]
[]
[]
[]
[]
[]
[]
[]
[]
[]
[]
[]
[]
[]
[]
[]
[]
[]
[]
[]
[]
[]
[]
[]
[]
[]
[]
[]
[]
[]
[]
[]
[]
[]
[]
[]
[]
[]
[]
[]
[]
[]
[]
[]
[]
[]
[]
[]
[]
[]
[]
[]
[]
[]
[]
[]
[]
[]
[]
[]
[]
[]
[]
[]
[]
[]
[]
[]
[]
[]
[]
[]
[]
[]
[]
[]
[]
[]
[]
[]
[]
[]
[]
[]
[]
[]
[]
[]
[]
[]
[]
[]
[]
[]
[]
[]
[]
[]
[]
[]
[]
[]
[]
[]
[]
[]
[]
[]
[]
[]
[]
[]
[]
[]
[]
[]
[]
[]
[]
[]
[]
[]
[]
[]
[]
[]
[]
[]
[]
[]
[]
[]
[]
[]
[]
[]
[]
[]
[]
[]
[]
[]
[]
[]
[]
[]
[]
[]
[]
[]
[]
[]
[]
[]
[]
[]
[]
[]
[]
[]
[]
[]
[]
[]
[]
[]
[]
[]
[]
[]
[]
[]
[]
[]
[]
[]
[]
[]
[]
[]
[]
[]
[]
[]
[]
[]
[]
[]
[]
[]
[]
[]
[]
[]
[]
[]
[]
[]
[]
[]
[]
[]
[]
[]
[]
[]
[]
[]
[]
[]
[]
[]
[]
[]
[]
[]
[]
[]
[]
[]
[]
[]
[]
[]
[]
[]
[]
[]
[]
[]
[]
[]
[]
[]
[]
[]
[]
[]
[]
[]
[]
[]
[]
[]
[]
[]
[]
[]
[]
[]
[]
[]
[]
[]
[]
[]
[]
[]
[]
[]
[]
[]
[]
[]
[]
[]
[]
[]
[]
[]
[]
[]
[]
[]
[]
[]
[]
[]
[]
[]
[]
[]
[]
[]
[]
[]
[]
[]
[]
[]
[]
[]
[]
[]
[]
[]
[]
[]
[]
[]
[]
[]
[]
[]
[]
[]
[]
[]
[]
[]
[]
[]
[]
[]
[]
[]
[]
[]
[]
[]
[]
[]
[]
[]
[]
[]
[]
[]
[]
[]
[]
[]
[]
[]
[]
[]
[]
[]
[]
[]
[]
[]
[]
[]
[]
[]
[]
[]
[]
[]
[]
[]
[]
[]
[]
[]
[]
[]
[]
[]
[]
[]
[]
[]
[]
[]
[]
[]
[]
[]
[]
[]
[]
[]
[]
[]
[]
[]
[]
[]
[]
[]
[]
[]
[]
[]
[]
[]
[]
[]
[]
[]
[]
[]
[]
[]
[]
[]
[]
[]
[]
[]
[]
[]
[]
[]
[]
[]
[]
[]
[]
[]
[]
[]
[]
[]
[]
[]
[]
[]
[]
[]
[]
[]
[]
[]
[]
[]
[]
[]
[]
[]
[]
[]
[]
[]
[]
[]
[]
[]
[]
[]
[]
[]
[]
[]
[]
[]
[]
[]
[]
[]
[]
[]
[]
[]
[]
[]
[]
[]
[]
[]
[]
[]
[]
[]
[]
[]
[]
[]
[]
[]
[]
[]
[]
[]
[]
[]
[]
[]
[]
[]
[]
[]
[]
[]
[]
[]
[]
[]
[]
[]
[]
[]
[]
[]
[]
[]
[]
[]
[]
[]
[]
[]
[]
[]
[]
[]
[]
[]
[]
[]
[]
[]
[]
[]
[]
[]
[]
[]
[]
[]
[]
[]
[]
[]
[]
[]
[]
[]
[]
[]
[]
[]
[]
[]
[]
[]
[]
[]
[]
[]
[]
[]
[]
[]
[]
[]
[]
[]
[]
[]
[]
[]
[]
[]
[]
[]
[]
[]
[]
[]
[]
[]
[]
[]
[]
[]
[]
[]
[]
[]
[]
[]
[]
[]
[]
[]
[]
[]
[]
[]
[]
[]
[]
[]
[]
[]
[]
[]
[]
[]
[]
[]
[]
[]
[]
[]
[]
[]
[]
[]
[]
[]
[]
[]
[]
[]
[]
[]
[]
[]
[]
[]
[]
[]
[]
[]
[]
[]
[]
[]
[]
[]
[]
[]
[]
[]
[]
[]
[]
[]
[]
[]
[]
[]
[]
[]
[]
[]
[]
[]
[]
[]
[]
[]
[]
[]
[]
[]
[]
[]
[]
[]
[]
[]
[]
[]
[]
[]
[]
[]
[]
[]
[]
[]
[]
[]
[]
[]
[]
[]
[]
[]
[]
[]
[]
[]
[]
[]
[]
[]
[]
[]
[]
[]
[]
[]
[]
[]
[]
[]
[]
[]
[]
[]
[]
[]
[]
[]
[]
[]
[]
[]
[]
[]
[]
[]
[]
[]
[]
[]
[]
[]
[]
[]
[]
[]
[]
[]
[]
[]
[]
[]
[]
[]
[]
[]
[]
[]
[]
[]
[]
[]
[]
[]
[]
[]
[]
[]
[]
[]
[]
[]
[]
[]
[]
[]
[]
[]
[]
[]
[]
[]
[]
[]
[]
[]
[]
[]
[]
[]
[]
[]
[]
[]
[]
[]
[]
[]
[]
[]
[]
[]
[]
[]
[]
[]
[]
[]
[]
[]
[]
[]
[]
[]
[]
[]
[]
[]
[]
[]
[]
[]
[]
[]
[]
[]
[]
[]
[]
[]
[]
[]
[]
[]
[]
[]
[]
[]
[]
[]
[]
[]
[]
[]
[]
[]
[]
[]
[]
[]
[]
[]
[]
[]
[]
[]
[]
[]
[]
[]
[]
[]
[]
[]
[]
[]
[]
[]
[]
[]
[]
[]
[]
[]
[]
[]
[]
[]
[]
[]
[]
[]
[]
[]
[]
[]
[]
[]
[]
[]
[]
[]
[]
[]
[]
[]
[]
[]
[]
[]
[]
[]
[]
[]
[]
[]
[]
[]
[]
[]
[]
[]
[]
[]
[]
[]
[]
[]
[]
[]
[]
[]
[]
[]
[]
[]
[]
[]
[]
[]
[]
[]
[]
[]
[]
[]
[]
[]
[]
[]
[]
[]
[]
[]
[]
[]
[]
[]
[]
[]
[]
[]
[]
[]
[]
[]
[]
[]
[]
[]
[]
[]
[]
[]
[]
[]
[]
[]
[]
[]
[]
[]
[]
[]
[]
[]
[]
[]
[]
[]
[]
[]
[]
[]
[]
[]
[]
[]
[]
[]
[]
[]
[]
[]
[]
[]
[]
[]
[]
[]
[]
[]
[]
[]
[]
[]
[]
[]
[]
[]
[]
[]
[]
[]
[]
[]
[]
[]
[]
[]
[]
[]
[]
[]
[]
[]
[]
[]
[]
[]
[]
[]
[]
[]
[]
[]
[]
[]
[]
[]
[]
[]
[]
[]
[]
[]
[]
[]
[]
[]
[]
[]
[]
[]
[]
[]
[]
[]
[]
[]
[]
[]
[]
[]
[]
[]
[]
[]
[]
[]
[]
[]
[]
[]
[]
[]
[]
[]
[]
[]
[]
[]
[]
[]
[]
[]
[]
[]
[]
[]
[]
[]
[]
[]
[]
[]
[]
[]
[]
[]
[]
[]
[]
[]
[]
[]
[]
[]
[]
[]
[]
[]
[]
[]
[]
[]
[]
[]
[]
[]
[]
[]
[]
[]
[]
[]
[]
[]
[]
[]
[]
[]
[]
[]
[]
[]
[]
[]
[]
[]
[]
[]
[]
[]
[]
[]
[]
[]
[]
[]
[]
[]
[]
[]
[]
[]
[]
[]
[]
[]
[]
[]
[]
[]
[]
[]
[]
[]
[]
[]
[]
[]
[]
[]
[]
[]
[]
[]
[]
[]
[]
[]
[]
[]
[]
[]
[]
[]
[]
[]
[]
[]
[]
[]
[]
[]
[]
[]
[]
[]
[]
[]
[]
[]
[]
[]
[]
[]
[]
[]
[]
[]
[]
[]
[]
[]
[]
[]
[]
[]
[]
[]
[]
[]
[]
[]
[]
[]
[]
[]
[]
[]
[]
[]
[]
[]
[]
[]
[]
[]
[]
[]
[]
[]
[]
[]
[]
[]
[]
[]
[]
[]
[]
[]
[]
[]
[]
[]
[]
[]
[]
[]
[]
[]
[]
[]
[]
[]
[]
[]
[]
[]
[]
[]
[]
[]
[]
[]
[]
[]
[]
[]
[]
[]
[]
[]
[]
[]
[]
[]
[]
[]
[]
[]
[]
[]
[]
[]
[]
[]
[]
[]
[]
[]
[]
[]
[]
[]
[]
[]
[]
[]
[]
[]
[]
[]
[]
[]
[]
[]
[]
[]
[]
[]
[]
[]
[]
[]
[]
[]
[]
[]
[]
[]
[]
[]
[]
[]
[]
[]
[]
[]
[]
[]
[]
[]
[]
[]
[]
[]
[]
[]
[]
[]
[]
[]
[]
[]
[]
[]
[]
[]
[]
[]
[]
[]
[]
[]
[]
[]
[]
[]
[]
[]
[]
[]
[]
[]
[]
[]
[]
[]
[]
[]
[]
[]
[]
[]
[]
[]
[]
[]
[]
[]
[]
[]
[]
[]
[]
[]
[]
[]
[]
[]
[]
[]
[]
[]
[]
[]
[]
[]
[]
[]
[]
[]
[]
[]
[]
[]
[]
[]
[]
[]
[]
[]
[]
[]
[]
[]
[]
[]
[]
[]
[]
[]
[]
[]
[]
[]
[]
[]
[]
[]
[]
[]
[]
[]
[]
[]
[]
[]
[]
[]
[]
[]
[]
[]
[]
[]
[]
[]
[]
[]
[]
[]
[]
[]
[]
[]
[]
[]
[]
[]
[]
[]
[]
[]
[]
[]
[]
[]
[]
[]
[]
[]
[]
[]
[]
[]
[]
[]
[]
[]
[]
[]
[]
[]
[]
[]
[]
[]
[]
[]
[]
[]
[]
[]
[]
[]
[]
[]
[]
[]
[]
[]
[]
[]
[]
[]
[]
[]
[]
[]
[]
[]
[]
[]
[]
[]
[]
[]
[]
[]
[]
[]
[]
[]
[]
[]
[]
[]
[]
[]
[]
[]
[]
[]
[]
[]
[]
[]
[]
[]
[]
[]
[]
[]
[]
[]
[]
[]
[]
[]
[]
[]
[]
[]
[]
[]
[]
[]
[]
[]
[]
[]
[]
[]
[]
[]
[]
[]
[]
[]
[]
[]
[]
[]
[]
[]
[]
[]
[]
[]
[]
[]
[]
[]
[]
[]
[]
[]
[]
[]
[]
[]
[]
[]
[]
[]
[]
[]
[]
[]
[]
[]
[]
[]
[]
[]
[]
[]
[]
[]
[]
[]
[]
[]
[]
[]
[]
[]
[]
[]
[]
[]
[]
[]
[]
[]
[]
[]
[]
[]
[]
[]
[]
[]
[]
[]
[]
[]
[]
[]
[]
[]
[]
[]
[]
[]
[]
[]
[]
[]
[]
[]
[]
[]
[]
[]
[]
[]
[]
[]
[]
[]
[]
[]
[]
[]
[]
[]
[]
[]
[]
[]
[]
[]
[]
[]
[]
[]
[]
[]
[]
[]
[]
[]
[]
[]
[]
[]
[]
[]
[]
[]
[]
[]
[]
[]
[]
[]
[]
[]
[]
[]
[]
[]
[]
[]
[]
[]
[]
[]
[]
[]
[]
[]
[]
[]
[]
[]
[]
[]
[]
[]
[]
[]
[]
[]
[]
[]
[]
[]
[]
[]
[]
[]
[]
[]
[]
[]
[]
[]
[]
[]
[]
[]
[]
[]
[]
[]
[]
[]
[]
[]
[]
[]
[]
[]
[]
[]
[]
[]
[]
[]
[]
[]
[]
[]
[]
[]
[]
[]
[]
[]
[]
[]
[]
[]
[]
[]
[]
[]
[]
[]
[]
[]
[]
[]
[]
[]
[]
[]
[]
[]
[]
[]
[]
[]
[]
[]
[]
[]
[]
[]
[]
[]
[]
[]
[]
[]
[]
[]
[]
[]
[]
[]
[]
[]
[]
[]
[]
[]
[]
[]
[]
[]
[]
[]
[]
[]
[]
[]
[]
[]
[]
[]
[]
[]
[]
[]
[]
[]
[]
[]
[]
[]
[]
[]
[]
[]
[]
[]
[]
[]
[]
[]
[]
[]
[]
[]
[]
[]
[]
[]
[]
[]
[]
[]
[]
[]
[]
[]
[]
[]
[]
[]
[]
[]
[]
[]
[]
[]
[]
[]
[]
[]
[]
[]
[]
[]
[]
[]
[]
[]
[]
[]
[]
[]
[]
[]
[]
[]
[]
[]
[]
[]
[]
[]
[]
[]
[]
[]
[]
[]
[]
[]
[]
[]
[]
[]
[]
[]
[]
[]
[]
[]
[]
[]
[]
[]
[]
[]
[]
[]
[]
[]
[]
[]
[]
[]
[]
[]
[]
[]
[]
[]
[]
[]
[]
[]
[]
[]
[]
[]
[]
[]
[]
[]
[]
[]
[]
[]
[]
[]
[]
[]
[]
[]
[]
[]
[]
[]
[]
[]
[]
[]
[]
[]
[]
[]
[]
[]
[]
[]
[]
[]
[]
[]
[]
[]
[]
[]
[]
[]
[]
[]
[]
[]
[]
[]
[]
[]
[]
[]
[]
[]
[]
[]
[]
[]
[]
[]
[]
[]
[]
[]
[]
[]
[]
[]
[]
[]
[]
[]
[]
[]
[]
[]
[]
[]
[]
[]
[]
[]
[]
[]
[]
[]
[]
[]
[]
[]
[]
[]
[]
[]
[]
[]
[]
[]
[]
[]
[]
[]
[]
[]
[]
[]
[]
[]
[]
[]
[]
[]
[]
[]
[]
[]
[]
[]
[]
[]
[]
[]
[]
[]
[]
[]
[]
[]
[]
[]
[]
[]
[]
[]
[]
[]
[]
[]
[]
[]
[]
[]
[]
[]
[]
[]
[]
[]
[]
[]
[]
[]
[]
[]
[]
[]
[]
[]
[]
[]
[]
[]
[]
[]
[]
[]
[]
[]
[]
[]
[]
[]
[]
[]
[]
[]
[]
[]
[]
[]
[]
[]
[]
[]
[]
[]
[]
[]
[]
[]
[]
[]
[]
[]
[]
[]
[]
[]
[]
[]
[]
[]
[]
[]
[]
[]
[]
[]
[]
[]
[]
[]
[]
[]
[]
[]
[]
[]
[]
[]
[]
[]
[]
[]
[]
[]
[]
[]
[]
[]
[]
[]
[]
[]
[]
[]
[]
[]
[]
[]
[]
[]
[]
[]
[]
[]
[]
[]
[]
[]
[]
[]
[]
[]
[]
[]
[]
[]
[]
[]
[]
[]
[]
[]
[]
[]
[]
[]
[]
[]
[]
[]
[]
[]
[]
[]
[]
[]
[]
[]
[]
[]
[]
[]
[]
[]
[]
[]
[]
[]
[]
[]
[]
[]
[]
[]
[]
[]
[]
[]
[]
[]
[]
[]
[]
[]
[]
[]
[]
[]
[]
[]
[]
[]
[]
[]
[]
[]
[]
[]
[]
[]
[]
[]
[]
[]
[]
[]
[]
[]
[]
[]
[]
[]
[]
[]
[]
[]
[]
[]
[]
[]
[]
[]
[]
[]
[]
[]
[]
[]
[]
[]
[]
[]
[]
[]
[]
[]
[]
[]
[]
[]
[]
[]
[]
[]
[]
[]
[]
[]
[]
[]
[]
[]
[]
[]
[]
[]
[]
[]
[]
[]
[]
[]
[]
[]
[]
[]
[]
[]
[]
[]
[]
[]
[]
[]
[]
[]
[]
[]
[]
[]
[]
[]
[]
[]
[]
[]
[]
[]
[]
[]
[]
[]
[]
[]
[]
[]
[]
[]
[]
[]
[]
[]
[]
[]
[]
[]
[]
[]
[]
[]
[]
[]
[]
[]
[]
[]
[]
[]
[]
[]
[]
[]
[]
[]
[]
[]
[]
[]
[]
[]
[]
[]
[]
[]
[]
[]
[]
[]
[]
[]
[]
[]
[]
[]
[]
[]
[]
[]
[]
[]
[]
[]
[]
[]
[]
[]
[]
[]
[]
[]
[]
[]
[]
[]
[]
[]
[]
[]
[]
[]
[]
[]
[]
[]
[]
[]
[]
[]
[]
[]
[]
[]
[]
[]
[]
[]
[]
[]
[]
[]
[]
[]
[]
[]
[]
[]
[]
[]
[]
[]
[]
[]
[]
[]
[]
[]
[]
[]
[]
[]
[]
[]
[]
[]
[]
[]
[]
[]
[]
[]
[]
[]
[]
[]
[]
[]
[]
[]
[]
[]
[]
[]
[]
[]
[]
[]
[]
[]
[]
[]
[]
[]
[]
[]
[]
[]
[]
[]
[]
[]
[]
[]
[]
[]
[]
[]
[]
[]
[]
[]
[]
[]
[]
[]
[]
[]
[]
[]
[]
[]
[]
[]
[]
[]
[]
[]
[]
[]
[]
[]
[]
[]
[]
[]
[]
[]
[]
[]
[]
[]
[]
[]
[]
[]
[]
[]
[]
[]
[]
[]
[]
[]
[]
[]
[]
[]
[]
[]
[]
[]
[]
[]
[]
[]
[]
[]
[]
[]
[]
[]
[]
[]
[]
[]
[]
[]
[]
[]
[]
[]
[]
[]
[]
[]
[]
[]
[]
[]
[]
[]
[]
[]
[]
[]
[]
[]
[]
[]
[]
[]
[]
[]
[]
[]
[]
[]
[]
[]
[]
[]
[]
[]
[]
[]
[]
[]
[]
[]
[]
[]
[]
[]
[]
[]
[]
[]
[]
[]
[]
[]
[]
[]
[]
[]
[]
[]
[]
[]
[]
[]
[]
[]
[]
[]
[]
[]
[]
[]
[]
[]
[]
[]
[]
[]
[]
[]
[]
[]
[]
[]
[]
[]
[]
[]
[]
[]
[]
[]
[]
[]
[]
[]
[]
[]
[]
[]
[]
[]
[]
[]
[]
[]
[]
[]
[]
[]
[]
[]
[]
[]
[]
[]
[]
[]
[]
[]
[]
[]
[]
[]
[]
[]
[]
[]
[]
[]
[]
[]
[]
[]
[]
[]
[]
[]
[]
[]
[]
[]
[]
[]
[]
[]
[]
[]
[]
[]
[]
[]
[]
[]
[]
[]
[]
[]
[]
[]
[]
[]
[]
[]
[]
[]
[]
[]
[]
[]
[]
[]
[]
[]
[]
[]
[]
[]
[]
[]
[]
[]
[]
[]
[]
[]
[]
[]
[]
[]
[]
[]
[]
[]
[]
[]
[]
[]
[]
[]
[]
[]
[]
[]
[]
[]
[]
[]
[]
[]
[]
[]
[]
[]
[]
[]
[]
[]
[]
[]
[]
[]
[]
[]
[]
[]
[]
[]
[]
[]
[]
[]
[]
[]
[]
[]
[]
[]
[]
[]
[]
[]
[]
[]
[]
[]
[]
[]
[]
[]
[]
[]
[]
[]
[]
[]
[]
[]
[]
[]
[]
[]
[]
[]
[]
[]
[]
[]
[]
[]
[]
[]
[]
[]
[]
[]
[]
[]
[]
[]
[]
[]
[]
[]
[]
[]
[]
[]
[]
[]
[]
[]
[]
[]
[]
[]
[]
[]
[]
[]
[]
[]
[]
[]
[]
[]
[]
[]
[]
[]
[]
[]
[]
[]
[]
[]
[]
[]
[]
[]
[]
[]
[]
[]
[]
[]
[]
[]
[]
[]
[]
[]
[]
[]
[]
[]
[]
[]
[]
[]
[]
[]
[]
[]
[]
[]
[]
[]
[]
[]
[]
[]
[]
[]
[]
[]
[]
[]
[]
[]
[]
[]
[]
[]
[]
[]
[]
[]
[]
[]
[]
[]
[]
[]
[]
[]
[]
[]
[]
[]
[]
[]
[]
[]
[]
[]
[]
[]
[]
[]
[]
[]
[]
[]
[]
[]
[]
[]
[]
[]
[]
[]
[]
[]
[]
[]
[]
[]
[]
[]
[]
[]
[]
[]
[]
[]
[]
[]
[]
[]
[]
[]
[]
[]
[]
[]
[]
[]
[]
[]
[]
[]
[]
[]
[]
[]
[]
[]
[]
[]
[]
[]
[]
[]
[]
[]
[]
[]
[]
[]
[]
[]
[]
[]
[]
[]
[]
[]
[]
[]
[]
[]
[]
[]
[]
[]
[]
[]
[]
[]
[]
[]
[]
[]
[]
[]
[]
[]
[]
[]
[]
[]
[]
[]
[]
[]
[]
[]
[]
[]
[]
[]
[]
[]
[]
[]
[]
[]
[]
[]
[]
[]
[]
[]
[]
[]
[]
[]
[]
[]
[]
[]
[]
[]
[]
[]
[]
[]
[]
[]
[]
[]
[]
[]
[]
[]
[]
[]
[]
[]
[]
[]
[]
[]
[]
[]
[]
[]
[]
[]
[]
[]
[]
[]
[]
[]
[]
[]
[]
[]
[]
[]
[]
[]
[]
[]
[]
[]
[]
[]
[]
[]
[]
[]
[]
[]
[]
[]
[]
[]
[]
[]
[]
[]
[]
[]
[]
[]
[]
[]
[]
[]
[]
[]
[]
[]
[]
[]
[]
[]
[]
[]
[]
[]
[]
[]
[]
[]
[]
[]
[]
[]
[]
[]
[]
[]
[]
[]
[]
[]
[]
[]
[]
[]
[]
[]
[]
[]
[]
[]
[]
[]
[]
[]
[]
[]
[]
[]
[]
[]
[]
[]
[]
[]
[]
[]
[]
[]
[]
[]
[]
[]
[]
[]
[]
[]
[]
[]
[]
[]
[]
[]
[]
[]
[]
[]
[]
[]
[]
[]
[]
[]
[]
[]
[]
[]
[]
[]
[]
[]
[]
[]
[]
[]
[]
[]
[]
[]
[]
[]
[]
[]
[]
[]
[]
[]
[]
[]
[]
[]
[]
[]
[]
[]
[]
[]
[]
[]
[]
[]
[]
[]
[]
[]
[]
[]
[]
[]
[]
[]
[]
[]
[]
[]
[]
[]
[]
[]
[]
[]
[]
[]
[]
[]
[]
[]
[]
[]
[]
[]
[]
[]
[]
[]
[]
[]
[]
[]
[]
[]
[]
[]
[]
[]
[]
[]
[]
[]
[]
[]
[]
[]
[]
[]
[]
[]
[]
[]
[]
[]
[]
[]
[]
[]
[]
[]
[]
[]
[]
[]
[]
[]
[]
[]
[]
[]
[]
[]
[]
[]
[]
[]
[]
[]
[]
[]
[]
[]
[]
[]
[]
[]
[]
[]
[]
[]
[]
[]
[]
[]
[]
[]
[]
[]
[]
[]
[]
[]
[]
[]
[]
[]
[]
[]
[]
[]
[]
[]
[]
[]
[]
[]
[]
[]
[]
[]
[]
[]
[]
[]
[]
[]
[]
[]
[]
[]
[]
[]
[]
[]
[]
[]
[]
[]
[]
[]
[]
[]
[]
[]
[]
[]
[]
[]
[]
[]
[]
[]
[]
[]
[]
[]
[]
[]
[]
[]
[]
[]
[]
[]
[]
[]
[]
[]
[]
[]
[]
[]
[]
[]
[]
[]
[]
[]
[]
[]
[]
[]
[]
[]
[]
[]
[]
[]
[]
[]
[]
[]
[]
[]
[]
[]
[]
[]
[]
[]
[]
[]
[]
[]
[]
[]
[]
[]
[]
[]
[]
[]
[]
[]
[]
[]
[]
[]
[]
[]
[]
[]
[]
[]
[]
[]
[]
[]
[]
[]
[]
[]
[]
[]
[]
[]
[]
[]
[]
[]
[]
[]
[]
[]
[]
[]
[]
[]
[]
[]
[]
[]
[]
[]
[]
[]
[]
[]
[]
[]
[]
[]
[]
[]
[]
[]
[]
[]
[]
[]
[]
[]
[]
[]
[]
[]
[]
[]
[]
[]
[]
[]
[]
[]
[]
[]
[]
[]
[]
[]
[]
[]
[]
[]
[]
[]
[]
[]
[]
[]
[]
[]
[]
[]
[]
[]
[]
[]
[]
[]
[]
[]
[]
[]
[]
[]
[]
[]
[]
[]
[]
[]
[]
[]
[]
[]
[]
[]
[]
[]
[]
[]
[]
[]
[]
[]
[]
[]
[]
[]
[]
[]
[]
[]
[]
[]
[]
[]
[]
[]
[]
[]
[]
[]
[]
[]
[]
[]
[]
[]
[]
[]
[]
[]
[]
[]
[]
[]
[]
[]
[]
[]
[]
[]
[]
[]
[]
[]
[]
[]
[]
[]
[]
[]
[]
[]
[]
[]
[]
[]
[]
[]
[]
[]
[]
[]
[]
[]
[]
[]
[]
[]
[]
[]
[]
[]
[]
[]
[]
[]
[]
[]
[]
[]
[]
[]
[]
[]
[]
[]
[]
[]
[]
[]
[]
[]
[]
[]
[]
[]
[]
[]
[]
[]
[]
[]
[]
[]
[]
[]
[]
[]
[]
[]
[]
[]
[]
[]
[]
[]
[]
[]
[]
[]
[]
[]
[]
[]
[]
[]
[]
[]
[]
[]
[]
[]
[]
[]
[]
[]
[]
[]
[]
[]
[]
[]
[]
[]
[]
[]
[]
[]
[]
[]
[]
[]
[]
[]
[]
[]
[]
[]
[]
[]
[]
[]
[]
[]
[]
[]
[]
[]
[]
[]
[]
[]
[]
[]
[]
[]
[]
[]
[]
[]
[]
[]
[]
[]
[]
[]
[]
[]
[]
[]
[]
[]
[]
[]
[]
[]
[]
[]
[]
[]
[]
[]
[]
[]
[]
[]
[]
[]
[]
[]
[]
[]
[]
[]
[]
[]
[]
[]
[]
[]
[]
[]
[]
[]
[]
[]
[]
[]
[]
[]
[]
[]
[]
[]
[]
[]
[]
[]
[]
[]
[]
[]
[]
[]
[]
[]
[]
[]
[]
[]
[]
[]
[]
[]
[]
[]
[]
[]
[]
[]
[]
[]
[]
[]
[]
[]
[]
[]
[]
[]
[]
[]
[]
[]
[]
[]
[]
[]
[]
[]
[]
[]
[]
[]
[]
[]
[]
[]
[]
[]
[]
[]
[]
[]
[]
[]
[]
[]
[]
[]
[]
[]
[]
[]
[]
[]
[]
[]
[]
[]
[]
[]
[]
[]
[]
[]
[]
[]
[]
[]
[]
[]
[]
[]
[]
[]
[]
[]
[]
[]
[]
[]
[]
[]
[]
[]
[]
[]
[]
[]
[]
[]
[]
[]
[]
[]
[]
[]
[]
[]
[]
[]
[]
[]
[]
[]
[]
[]
[]
[]
[]
[]
[]
[]
[]
[]
[]
[]
[]
[]
[]
[]
[]
[]
[]
[]
[]
[]
[]
[]
[]
[]
[]
[]
[]
[]
[]
[]
[]
[]
[]
[]
[]
[]
[]
[]
[]
[]
[]
[]
[]
[]
[]
[]
[]
[]
[]
[]
[]
[]
[]
[]
[]
[]
[]
[]
[]
[]
[]
[]
[]
[]
[]
[]
[]
[]
[]
[]
[]
[]
[]
[]
[]
[]
[]
[]
[]
[]
[]
[]
[]
[]
[]
[]
[]
[]
[]
[]
[]
[]
[]
[]
[]
[]
[]
[]
[]
[]
[]
[]
[]
[]
[]
[]
[]
[]
[]
[]
[]
[]
[]
[]
[]
[]
[]
[]
[]
[]
[]
[]
[]
[]
[]
[]
[]
[]
[]
[]
[]
[]
[]
[]
[]
[]
[]
[]
[]
[]
[]
[]
[]
[]
[]
[]
[]
[]
[]
[]
[]
[]
[]
[]
[]
[]
[]
[]
[]
[]
[]
[]
[]
[]
[]
[]
[]
[]
[]
[]
[]
[]
[]
[]
[]
[]
[]
[]
[]
[]
[]
[]
[]
[]
[]
[]
[]
[]
[]
[]
[]
[]
[]
[]
[]
[]
[]
[]
[]
[]
[]
[]
[]
[]
[]
[]
[]
[]
[]
[]
[]
[]
[]
[]
[]
[]
[]
[]
[]
[]
[]
[]
[]
[]
[]
[]
[]
[]
[]
[]
[]
[]
[]
[]
[]
[]
[]
[]
[]
[]
[]
[]
[]
[]
[]
[]
[]
[]
[]
[]
[]
[]
[]
[]
[]
[]
[]
[]
[]
[]
[]
[]
[]
[]
[]
[]
[]
[]
[]
[]
[]
[]
[]
[]
[]
[]
[]
[]
[]
[]
[]
[]
[]
[]
[]
[]
[]
[]
[]
[]
[]
[]
[]
[]
[]
[]
[]
[]
[]
[]
[]
[]
[]
[]
[]
[]
[]
[]
[]
[]
[]
[]
[]
[]
[]
[]
[]
[]
[]
[]
[]
[]
[]
[]
[]
[]
[]
[]
[]
[]
[]
[]
[]
[]
[]
[]
[]
[]
[]
[]
[]
[]
[]
[]
[]
[]
[]
[]
[]
[]
[]
[]
[]
[]
[]
[]
[]
[]
[]
[]
[]
[]
[]
[]
[]
[]
[]
[]
[]
[]
[]
[]
[]
[]
[]
[]
[]
[]
[]
[]
[]
[]
[]
[]
[]
[]
[]
[]
[]
[]
[]
[]
[]
[]
[]
[]
[]
[]
[]
[]
[]
[]
[]
[]
[]
[]
[]
[]
[]
[]
[]
[]
[]
[]
[]
[]
[]
[]
[]
[]
[]
[]
[]
[]
[]
[]
[]
[]
[]
[]
[]
[]
[]
[]
[]
[]
[]
[]
[]
[]
[]
[]
[]
[]
[]
[]
[]
[]
[]
[]
[]
[]
[]
[]
[]
[]
[]
[]
[]
[]
[]
[]
[]
[]
[]
[]
[]
[]
[]
[]
[]
[]
[]
[]
[]
[]
[]
[]
[]
[]
[]
[]
[]
[]
[]
[]
[]
[]
[]
[]
[]
[]
[]
[]
[]
[]
[]
[]
[]
[]
[]
[]
[]
[]
[]
[]
[]
[]
[]
[]
[]
[]
[]
[]
[]
[]
[]
[]
[]
[]
[]
[]
[]
[]
[]
[]
[]
[]
[]
[]
[]
[]
[]
[]
[]
[]
[]
[]
[]
[]
[]
[]
[]
[]
[]
[]
[]
[]
[]
[]
[]
[]
[]
[]
[]
[]
[]
[]
[]
[]
[]
[]
[]
[]
[]
[]
[]
[]
[]
[]
[]
[]
[]
[]
[]
[]
[]
[]
[]
[]
[]
[]
[]
[]
[]
[]
[]
[]
[]
[]
[]
[]
[]
[]
[]
[]
[]
[]
[]
[]
[]
[]
[]
[]
[]
[]
[]
[]
[]
[]
[]
[]
[]
[]
[]
[]
[]
[]
[]
[]
[]
[]
[]
[]
[]
[]
[]
[]
[]
[]
[]
[]
[]
[]
[]
[]
[]
[]
[]
[]
[]
[]
[]
[]
[]
[]
[]
[]
[]
[]
[]
[]
[]
[]
[]
[]
[]
[]
[]
[]
[]
[]
[]
[]
[]
[]
[]
[]
[]
[]
[]
[]
[]
[]
[]
[]
[]
[]
[]
[]
[]
[]
[]
[]
[]
[]
[]
[]
[]
[]
[]
[]
[]
[]
[]
[]
[]
[]
[]
[]
[]
[]
[]
[]
[]
[]
[]
[]
[]
[]
[]
[]
[]
[]
[]
[]
[]
[]
[]
[]
[]
[]
[]
[]
[]
[]
[]
[]
[]
[]
[]
[]
[]
[]
[]
[]
[]
[]
[]
[]
[]
[]
[]
[]
[]
[]
[]
[]
[]
[]
[]
[]
[]
[]
[]
[]
[]
[]
[]
[]
[]
[]
[]
[]
[]
[]
[]
[]
[]
[]
[]
[]
[]
[]
[]
[]
[]
[]
[]
[]
[]
[]
[]
[]
[]
[]
[]
[]
[]
[]
[]
[]
[]
[]
[]
[]
[]
[]
[]
[]
[]
[]
[]
[]
[]
[]
[]
[]
[]
[]
[]
[]
[]
[]
[]
[]
[]
[]
[]
[]
[]
[]
[]
[]
[]
[]
[]
[]
[]
[]
[]
[]
[]
[]
[]
[]
[]
[]
[]
[]
[]
[]
[]
[]
[]
[]
[]
[]
[]
[]
[]
[]
[]
[]
[]
[]
[]
[]
[]
[]
[]
[]
[]
[]
[]
[]
[]
[]
[]
[]
[]
[]
[]
[]
[]
[]
[]
[]
[]
[]
[]
[]
[]
[]
[]
[]
[]
[]
[]
[]
[]
[]
[]
[]
[]
[]
[]
[]
[]
[]
[]
[]
[]
[]
[]
[]
[]
[]
[]
[]
[]
[]
[]
[]
[]
[]
[]
[]
[]
[]
[]
[]
[]
[]
[]
[]
[]
[]
[]
[]
[]
[]
[]
[]
[]
[]
[]
[]
[]
[]
[]
[]
[]
[]
[]
[]
[]
[]
[]
[]
[]
[]
[]
[]
[]
[]
[]
[]
[]
[]
[]
[]
[]
[]
[]
[]
[]
[]
[]
[]
[]
[]
[]
[]
[]
[]
[]
[]
[]
[]
[]
[]
[]
[]
[]
[]
[]
[]
[]
[]
[]
[]
[]
[]
[]
[]
[]
[]
[]
[]
[]
[]
[]
[]
[]
[]
[]
[]
[]
[]
[]
[]
[]
[]
[]
[]
[]
[]
[]
[]
[]
[]
[]
[]
[]
[]
[]
[]
[]
[]
[]
[]
[]
[]
[]
[]
[]
[]
[]
[]
[]
[]
[]
[]
[]
[]
[]
[]
[]
[]
[]
[]
[]
[]
[]
[]
[]
[]
[]
[]
[]
[]
[]
[]
[]
[]
[]
[]
[]
[]
[]
[]
[]
[]
[]
[]
[]
[]
[]
[]
[]
[]
[]
[]
[]
[]
[]
[]
[]
[]
[]
[]
[]
[]
[]
[]
[]
[]
[]
[]
[]
[]
[]
[]
[]
[]
[]
[]
[]
[]
[]
[]
[]
[]
[]
[]
[]
[]
[]
[]
[]
[]
[]
[]
[]
[]
[]
[]
[]
[]
[]
[]
[]
[]
[]
[]
[]
[]
[]
[]
[]
[]
[]
[]
[]
[]
[]
[]
[]
[]
[]
[]
[]
[]
[]
[]
[]
[]
[]
[]
[]
[]
[]
[]
[]
[]
[]
[]
[]
[]
[]
[]
[]
[]
[]
[]
[]
[]
[]
[]
[]
[]
[]
[]
[]
[]
[]
[]
[]
[]
[]
[]
[]
[]
[]
[]
[]
[]
[]
[]
[]
[]
[]
[]
[]
[]
[]
[]
[]
[]
[]
[]
[]
[]
[]
[]
[]
[]
[]
[]
[]
[]
[]
[]
[]
[]
[]
[]
[]
[]
[]
[]
[]
[]
[]
[]
[]
[]
[]
[]
[]
[]
[]
[]
[]
[]
[]
[]
[]
[]
[]
[]
[]
[]
[]
[]
[]
[]
[]
[]
[]
[]
[]
[]
[]
[]
[]
[]
[]
[]
[]
[]
[]
[]
[]
[]
[]
[]
[]
[]
[]
[]
[]
[]
[]
[]
[]
[]
[]
[]
[]
[]
[]
[]
[]
[]
[]
[]
[]
[]
[]
[]
[]
[]
[]
[]
[]
[]
[]
[]
[]
[]
[]
[]
[]
[]
[]
[]
[]
[]
[]
[]
[]
[]
[]
[]
[]
[]
[]
[]
[]
[]
[]
[]
[]
[]
[]
[]
[]
[]
[]
[]
[]
[]
[]
[]
[]
[]
[]
[]
[]
[]
[]
[]
[]
[]
[]
[]
[]
[]
[]
[]
[]
[]
[]
[]
[]
[]
[]
[]
[]
[]
[]
[]
[]
[]
[]
[]
[]
[]
[]
[]
[]
[]
[]
[]
[]
[]
[]
[]
[]
[]
[]
[]
[]
[]
[]
[]
[]
[]
[]
[]
[]
[]
[]
[]
[]
[]
[]
[]
[]
[]
[]
[]
[]
[]
[]
[]
[]
[]
[]
[]
[]
[]
[]
[]
[]
[]
[]
[]
[]
[]
[]
[]
[]
[]
[]
[]
[]
[]
[]
[]
[]
[]
[]
[]
[]
[]
[]
[]
[]
[]
[]
[]
[]
[]
[]
[]
[]
[]
[]
[]
[]
[]
[]
[]
[]
[]
[]
[]
[]
[]
[]
[]
[]
[]
[]
[]
[]
[]
[]
[]
[]
[]
[]
[]
[]
[]
[]
[]
[]
[]
[]
[]
[]
[]
[]
[]
[]
[]
[]
[]
[]
[]
[]
[]
[]
[]
[]
[]
[]
[]
[]
[]
[]
[]
[]
[]
[]
[]
[]
[]
[]
[]
[]
[]
[]
[]
[]
[]
[]
[]
[]
[]
[]
[]
[]
[]
[]
[]
[]
[]
[]
[]
[]
[]
[]
[]
[]
[]
[]
[]
[]
[]
[]
[]
[]
[]
[]
[]
[]
[]
[]
[]
[]
[]
[]
[]
[]
[]
[]
[]
[]
[]
[]
[]
[]
[]
[]
[]
[]
[]
[]
[]
[]
[]
[]
[]
[]
[]
[]
[]
[]
[]
[]
[]
[]
[]
[]
[]
[]
[]
[]
[]
[]
[]
[]
[]
[]
[]
[]
[]
[]
[]
[]
[]
[]
[]
[]
[]
[]
[]
[]
[]
[]
[]
[]
[]
[]
[]
[]
[]
[]
[]
[]
[]
[]
[]
[]
[]
[]
[]
[]
[]
[]
[]
[]
[]
[]
[]
[]
[]
[]
[]
[]
[]
[]
[]
[]
[]
[]
[]
[]
[]
[]
[]
[]
[]
[]
[]
[]
[]
[]
[]
[]
[]
[]
[]
[]
[]
[]
[]
[]
[]
[]
[]
[]
[]
[]
[]
[]
[]
[]
[]
[]
[]
[]
[]
[]
[]
[]
[]
[]
[]
[]
[]
[]
[]
[]
[]
[]
[]
[]
[]
[]
[]
[]
[]
[]
[]
[]
[]
[]
[]
[]
[]
[]
[]
[]
[]
[]
[]
[]
[]
[]
[]
[]
[]
[]
[]
[]
[]
[]
[]
[]
[]
[]
[]
[]
[]
[]
[]
[]
[]
[]
[]
[]
[]
[]
[]
[]
[]
[]
[]
[]
[]
[]
[]
[]
[]
[]
[]
[]
[]
[]
[]
[]
[]
[]
[]
[]
[]
[]
[]
[]
[]
[]
[]
[]
[]
[]
[]
[]
[]
[]
[]
[]
[]
[]
[]
[]
[]
[]
[]
[]
[]
[]
[]
[]
[]
[]
[]
[]
[]
[]
[]
[]
[]
[]
[]
[]
[]
[]
[]
[]
[]
[]
[]
[]
[]
[]
[]
[]
[]
[]
[]
[]
[]
[]
[]
[]
[]
[]
[]
[]
[]
[]
[]
[]
[]
[]
[]
[]
[]
[]
[]
[]
[]
[]
[]
[]
[]
[]
[]
[]
[]
[]
[]
[]
[]
[]
[]
[]
[]
[]
[]
[]
[]
[]
[]
[]
[]
[]
[]
[]
[]
[]
[]
[]
[]
[]
[]
[]
[]
[]
[]
[]
[]
[]
[]
[]
[]
[]
[]
[]
[]
[]
[]
[]
[]
[]
[]
[]
[]
[]
[]
[]
[]
[]
[]
[]
[]
[]
[]
[]
[]
[]
[]
[]
[]
[]
[]
[]
[]
[]
[]
[]
[]
[]
[]
[]
[]
[]
[]
[]
[]
[]
[]
[]
[]
[]
[]
[]
[]
[]
[]
[]
[]
[]
[]
[]
[]
[]
[]
[]
[]
[]
[]
[]
[]
[]
[]
[]
[]
[]
[]
[]
[]
[]
[]
[]
[]
[]
[]
[]
[]
[]
[]
[]
[]
[]
[]
[]
[]
[]
[]
[]
[]
[]
[]
[]
[]
[]
[]
[]
[]
[]
[]
[]
[]
[]
[]
[]
[]
[]
[]
[]
[]
[]
[]
[]
[]
[]
[]
[]
[]
[]
[]
[]
[]
[]
[]
[]
[]
[]
[]
[]
[]
[]
[]
[]
[]
[]
[]
[]
[]
[]
[]
[]
[]
[]
[]
[]
[]
[]
[]
[]
[]
[]
[]
[]
[]
[]
[]
[]
[]
[]
[]
[]
[]
[]
[]
[]
[]
[]
[]
[]
[]
[]
[]
[]
[]
[]
[]
[]
[]
[]
[]
[]
[]
[]
[]
[]
[]
[]
[]
[]
[]
[]
[]
[]
[]
[]
[]
[]
[]
[]
[]
[]
[]
[]
[]
[]
[]
[]
[]
[]
[]
[]
[]
[]
[]
[]
[]
[]
[]
[]
[]
[]
[]
[]
[]
[]
[]
[]
[]
[]
[]
[]
[]
[]
[]
[]
[]
[]
[]
[]
[]
[]
[]
[]
[]
[]
[]
[]
[]
[]
[]
[]
[]
[]
[]
[]
[]
[]
[]
[]
[]
[]
[]
[]
[]
[]
[]
[]
[]
[]
[]
[]
[]
[]
[]
[]
[]
[]
[]
[]
[]
[]
[]
[]
[]
[]
[]
[]
[]
[]
[]
[]
[]
[]
[]
[]
[]
[]
[]
[]
[]
[]
[]
[]
[]
[]
[]
[]
[]
[]
[]
[]
[]
[]
[]
[]
[]
[]
[]
[]
[]
[]
[]
[]
[]
[]
[]
[]
[]
[]
[]
[]
[]
[]
[]
[]
[]
[]
[]
[]
[]
[]
[]
[]
[]
[]
[]
[]
[]
[]
[]
[]
[]
[]
[]
[]
[]
[]
[]
[]
[]
[]
[]
[]
[]
[]
[]
[]
[]
[]
[]
[]
[]
[]
[]
[]
[]
[]
[]
[]
[]
[]
[]
[]
[]
[]
[]
[]
[]
[]
[]
[]
[]
[]
[]
[]
[]
[]
[]
[]
[]
[]
[]
[]
[]
[]
[]
[]
[]
[]
[]
[]
[]
[]
[]
[]
[]
[]
[]
[]
[]
[]
[]
[]
[]
[]
[]
[]
[]
[]
[]
[]
[]
[]
[]
[]
[]
[]
[]
[]
[]
[]
[]
[]
[]
[]
[]
[]
[]
[]
[]
[]
[]
[]
[]
[]
[]
[]
[]
[]
[]
[]
[]
[]
[]
[]
[]
[]
[]
[]
[]
[]
[]
[]
[]
[]
[]
[]
[]
[]
[]
[]
[]
[]
[]
[]
[]
[]
[]
[]
[]
[]
[]
[]
[]
[]
[]
[]
[]
[]
[]
[]
[]
[]
[]
[]
[]
[]
[]
[]
[]
[]
[]
[]
[]
[]
[]
[]
[]
[]
[]
[]
[]
[]
[]
[]
[]
[]
[]
[]
[]
[]
[]
[]
[]
[]
[]
[]
[]
[]
[]
[]
[]
[]
[]
[]
[]
[]
[]
[]
[]
[]
[]
[]
[]
[]
[]
[]
[]
[]
[]
[]
[]
[]
[]
[]
[]
[]
[]
[]
[]
[]
[]
[]
[]
[]
[]
[]
[]
[]
[]
[]
[]
[]
[]
[]
[]
[]
[]
[]
[]
[]
[]
[]
[]
[]
[]
[]
[]
[]
[]
[]
[]
[]
[]
[]
[]
[]
[]
[]
[]
[]
[]
[]
[]
[]
[]
[]
[]
[]
[]
[]
[]
[]
[]
[]
[]
[]
[]
[]
[]
[]
[]
[]
[]
[]
[]
[]
[]
[]
[]
[]
[]
[]
[]
[]
[]
[]
[]
[]
[]
[]
[]
[]
[]
[]
[]
[]
[]
[]
[]
[]
[]
[]
[]
[]
[]
[]
[]
[]
[]
[]
[]
[]
[]
[]
[]
[]
[]
[]
[]
[]
[]
[]
[]
[]
[]
[]
[]
[]
[]
[]
[]
[]
[]
[]
[]
[]
[]
[]
[]
[]
[]
[]
[]
[]
[]
[]
[]
[]
[]
[]
[]
[]
[]
[]
[]
[]
[]
[]
[]
[]
[]
[]
[]
[]
[]
[]
[]
[]
[]
[]
[]
[]
[]
[]
[]
[]
[]
[]
[]
[]
[]
[]
[]
[]
[]
[]
[]
[]
[]
[]
[]
[]
[]
[]
[]
[]
[]
[]
[]
[]
[]
[]
[]
[]
[]
[]
[]
[]
[]
[]
[]
[]
[]
[]
[]
[]
[]
[]
[]
[]
[]
[]
[]
[]
[]
[]
[]
[]
[]
[]
[]
[]
[]
[]
[]
[]
[]
[]
[]
[]
[]
[]
[]
[]
[]
[]
[]
[]
[]
[]
[]
[]
[]
[]
[]
[]
[]
[]
[]
[]
[]
[]
[]
[]
[]
[]
[]
[]
[]
[]
[]
[]
[]
[]
[]
[]
[]
[]
[]
[]
[]
[]
[]
[]
[]
[]
[]
[]
[]
[]
[]
[]
[]
[]
[]
[]
[]
[]
[]
[]
[]
[]
[]
[]
[]
[]
[]
[]
[]
[]
[]
[]
[]
[]
[]
[]
[]
[]
[]
[]
[]
[]
[]
[]
[]
[]
[]
[]
[]
[]
[]
[]
[]
[]
[]
[]
[]
[]
[]
[]
[]
[]
[]
[]
[]
[]
[]
[]
[]
[]
[]
[]
[]
[]
[]
[]
[]
[]
[]
[]
[]
[]
[]
[]
[]
[]
[]
[]
[]
[]
[]
[]
[]
[]
[]
[]
[]
[]
[]
[]
[]
[]
[]
[]
[]
[]
[]
[]
[]
[]
[]
[]
[]
[]
[]
[]
[]
[]
[]
[]
[]
[]
[]
[]
[]
[]
[]
[]
[]
[]
[]
[]
[]
[]
[]
[]
[]
[]
[]
[]
[]
[]
[]
[]
[]
[]
[]
[]
[]
[]
[]
[]
[]
[]
[]
[]
[]
[]
[]
[]
[]
[]
[]
[]
[]
[]
[]
[]
[]
[]
[]
[]
[]
[]
[]
[]
[]
[]
[]
[]
[]
[]
[]
[]
[]
[]
[]
[]
[]
[]
[]
[]
[]
[]
[]
[]
[]
[]
[]
[]
[]
[]
[]
[]
[]
[]
[]
[]
[]
[]
[]
[]
[]
[]
[]
[]
[]
[]
[]
[]
[]
[]
[]
[]
[]
[]
[]
[]
[]
[]
[]
[]
[]
[]
[]
[]
[]
[]
[]
[]
[]
[]
[]
[]
[]
[]
[]
[]
[]
[]
[]
[]
[]
[]
[]
[]
[]
[]
[]
[]
[]
[]
[]
[]
[]
[]
[]
[]
[]
[]
[]
[]
[]
[]
[]
[]
[]
[]
[]
[]
[]
[]
[]
[]
[]
[]
[]
[]
[]
[]
[]
[]
[]
[]
[]
[]
[]
[]
[]
[]
[]
[]
[]
[]
[]
[]
[]
[]
[]
[]
[]
[]
[]
[]
[]
[]
[]
[]
[]
[]
[]
[]
[]
[]
[]
[]
[]
[]
[]
[]
[]
[]
[]
[]
[]
[]
[]
[]
[]
[]
[]
[]
[]
[]
[]
[]
[]
[]
[]
[]
[]
[]
[]
[]
[]
[]
[]
[]
[]
[]
[]
[]
[]
[]
[]
[]
[]
[]
[]
[]
[]
[]
[]
[]
[]
[]
[]
[]
[]
[]
[]
[]
[]
[]
[]
[]
[]
[]
[]
[]
[]
[]
[]
[]
[]
[]
[]
[]
[]
[]
[]
[]
[]
[]
[]
[]
[]
[]
[]
[]
[]
[]
[]
[]
[]
[]
[]
[]
[]
[]
[]
[]
[]
[]
[]
[]
[]
[]
[]
[]
[]
[]
[]
[]
[]
[]
[]
[]
[]
[]
[]
[]
[]
[]
[]
[]
[]
[]
[]
[]
[]
[]
[]
[]
[]
[]
[]
[]
[]
[]
[]
[]
[]
[]
[]
[]
[]
[]
[]
[]
[]
[]
[]
[]
[]
[]
[]
[]
[]
[]
[]
[]
[]
[]
[]
[]
[]
[]
[]
[]
[]
[]
[]
[]
[]
[]
[]
[]
[]
[]
[]
[]
[]
[]
[]
[]
[]
[]
[]
[]
[]
[]
[]
[]
[]
[]
[]
[]
[]
[]
[]
[]
[]
[]
[]
[]
[]
[]
[]
[]
[]
[]
[]
[]
[]
[]
[]
[]
[]
[]
[]
[]
[]
[]
[]
[]
[]
[]
[]
[]
[]
[]
[]
[]
[]
[]
[]
[]
[]
[]
[]
[]
[]
[]
[]
[]
[]
[]
[]
[]
[]
[]
[]
[]
[]
[]
[]
[]
[]
[]
[]
[]
[]
[]
[]
[]
[]
[]
[]
[]
[]
[]
[]
[]
[]
[]
[]
[]
[]
[]
[]
[]
[]
[]
[]
[]
[]
[]
[]
[]
[]
[]
[]
[]
[]
[]
[]
[]
[]
[]
[]
[]
[]
[]
[]
[]
[]
[]
[]
[]
[]
[]
[]
[]
[]
[]
[]
[]
[]
[]
[]
[]
[]
[]
[]
[]
[]
[]
[]
[]
[]
[]
[]
[]
[]
[]
[]
[]
[]
[]
[]
[]
[]
[]
[]
[]
[]
[]
[]
[]
[]
[]
[]
[]
[]
[]
[]
[]
[]
[]
[]
[]
[]
[]
[]
[]
[]
[]
[]
[]
[]
[]
[]
[]
[]
[]
[]
[]
[]
[]
[]
[]
[]
[]
[]
[]
[]
[]
[]
[]
[]
[]
[]
[]
[]
[]
[]
[]
[]
[]
[]
[]
[]
[]
[]
[]
[]
[]
[]
[]
[]
[]
[]
[]
[]
[]
[]
[]
[]
[]
[]
[]
[]
[]
[]
[]
[]
[]
[]
[]
[]
[]
[]
[]
[]
[]
[]
[]
[]
[]
[]
[]
[]
[]
[]
[]
[]
[]
[]
[]
[]
[]
[]
[]
[]
[]
[]
[]
[]
[]
[]
[]
[]
[]
[]
[]
[]
[]
[]
[]
[]
[]
[]
[]
[]
[]
[]
[]
[]
[]
[]
[]
[]
[]
[]
[]
[]
[]
[]
[]
[]
[]
[]
[]
[]
[]
[]
[]
[]
[]
[]
[]
[]
[]
[]
[]
[]
[]
[]
[]
[]
[]
[]
[]
[]
[]
[]
[]
[]
[]
[]
[]
[]
[]
[]
[]
[]
[]
[]
[]
[]
[]
[]
[]
[]
[]
[]
[]
[]
[]
[]
[]
[]
[]
[]
[]
[]
[]
[]
[]
[]
[]
[]
[]
[]
[]
[]
[]
[]
[]
[]
[]
[]
[]
[]
[]
[]
[]
[]
[]
[]
[]
[]
[]
[]
[]
[]
[]
[]
[]
[]
[]
[]
[]
[]
[]
[]
[]
[]
[]
[]
[]
[]
[]
[]
[]
[]
[]
[]
[]
[]
[]
[]
[]
[]
[]
[]
[]
[]
[]
[]
[]
[]
[]
[]
[]
[]
[]
[]
[]
[]
[]
[]
[]
[]
[]
[]
[]
[]
[]
[]
[]
[]
[]
[]
[]
[]
[]
[]
[]
[]
[]
[]
[]
[]
[]
[]
[]
[]
[]
[]
[]
[]
[]
[]
[]
[]
[]
[]
[]
[]
[]
[]
[]
[]
[]
[]
[]
[]
[]
[]
[]
[]
[]
[]
[]
[]
[]
[]
[]
[]
[]
[]
[]
[]
[]
[]
[]
[]
[]
[]
[]
[]
[]
[]
[]
[]
[]
[]
[]
[]
[]
[]
[]
[]
[]
[]
[]
[]
[]
[]
[]
[]
[]
[]
[]
[]
[]
[]
[]
[]
[]
[]
[]
[]
[]
[]
[]
[]
[]
[]
[]
[]
[]
[]
[]
[]
[]
[]
[]
[]
[]
[]
[]
[]
[]
[]
[]
[]
[]
[]
[]
[]
[]
[]
[]
[]
[]
[]
[]
[]
[]
[]
[]
[]
[]
[]
[]
[]
[]
[]
[]
[]
[]
[]
[]
[]
[]
[]
[]
[]
[]
[]
[]
[]
[]
[]
[]
[]
[]
[]
[]
[]
[]
[]
[]
[]
[]
[]
[]
[]
[]
[]
[]
[]
[]
[]
[]
[]
[]
[]
[]
[]
[]
[]
[]
[]
[]
[]
[]
[]
[]
[]
[]
[]
[]
[]
[]
[]
[]
[]
[]
[]
[]
[]
[]
[]
[]
[]
[]
[]
[]
[]
[]
[]
[]
[]
[]
[]
[]
[]
[]
[]
[]
[]
[]
[]
[]
[]
[]
[]
[]
[]
[]
[]
[]
[]
[]
[]
[]
[]
[]
[]
[]
[]
[]
[]
[]
[]
[]
[]
[]
[]
[]
[]
[]
[]
[]
[]
[]
[]
[]
[]
[]
[]
[]
[]
[]
[]
[]
[]
[]
[]
[]
[]
[]
[]
[]
[]
[]
[]
[]
[]
[]
[]
[]
[]
[]
[]
[]
[]
[]
[]
[]
[]
[]
[]
[]
[]
[]
[]
[]
[]
[]
[]
[]
[]
[]
[]
[]
[]
[]
[]
[]
[]
[]
[]
[]
[]
[]
[]
[]
[]
[]
[]
[]
[]
[]
[]
[]
[]
[]
[]
[]
[]
[]
[]
[]
[]
[]
[]
[]
[]
[]
[]
[]
[]
[]
[]
[]
[]
[]
[]
[]
[]
[]
[]
[]
[]
[]
[]
[]
[]
[]
[]
[]
[]
[]
[]
[]
[]
[]
[]
[]
[]
[]
[]
[]
[]
[]
[]
[]
[]
[]
[]
[]
[]
[]
[]
[]
[]
[]
[]
[]
[]
[]
[]
[]
[]
[]
[]
[]
[]
[]
[]
[]
[]
[]
[]
[]
[]
[]
[]
[]
[]
[]
[]
[]
[]
[]
[]
[]
[]
[]
[]
[]
[]
[]
[]
[]
[]
[]
[]
[]
[]
[]
[]
[]
[]
[]
[]
[]
[]
[]
[]
[]
[]
[]
[]
[]
[]
[]
[]
[]
[]
[]
[]
[]
[]
[]
[]
[]
[]
[]
[]
[]
[]
[]
[]
[]
[]
[]
[]
[]
[]
[]
[]
[]
[]
[]
[]
[]
[]
[]
[]
[]
[]
[]
[]
[]
[]
[]
[]
[]
[]
[]
[]
[]
[]
[]
[]
[]
[]
[]
[]
[]
[]
[]
[]
[]
[]
[]
[]
[]
[]
[]
[]
[]
[]
[]
[]
[]
[]
[]
[]
[]
[]
[]
[]
[]
[]
[]
[]
[]
[]
[]
[]
[]
[]
[]
[]
[]
[]
[]
[]
[]
[]
[]
[]
[]
[]
[]
[]
[]
[]
[]
[]
[]
[]
[]
[]
[]
[]
[]
[]
[]
[]
[]
[]
[]
[]
[]
[]
[]
[]
[]
[]
[]
[]
[]
[]
[]
[]
[]
[]
[]
[]
[]
[]
[]
[]
[]
[]
[]
[]
[]
[]
[]
[]
[]
[]
[]
[]
[]
[]
[]
[]
[]
[]
[]
[]
[]
[]
[]
[]
[]
[]
[]
[]
[]
[]
[]
[]
[]
[]
[]
[]
[]
[]
[]
[]
[]
[]
[]
[]
[]
[]
[]
[]
[]
[]
[]
[]
[]
[]
[]
[]
[]
[]
[]
[]
[]
[]
[]
[]
[]
[]
[]
[]
[]
[]
[]
[]
[]
[]
[]
[]
[]
[]
[]
[]
[]
[]
[]
[]
[]
[]
[]
[]
[]
[]
[]
[]
[]
[]
[]
[]
[]
[]
[]
[]
[]
[]
[]
[]
[]
[]
[]
[]
[]
[]
[]
[]
[]
[]
[]
[]
[]
[]
[]
[]
[]
[]
[]
[]
[]
[]
[]
[]
[]
[]
[]
[]
[]
[]
[]
[]
[]
[]
[]
[]
[]
[]
[]
[]
[]
[]
[]
[]
[]
[]
[]
[]
[]
[]
[]
[]
[]
[]
[]
[]
[]
[]
[]
[]
[]
[]
[]
[]
[]
[]
[]
[]
[]
[]
[]
[]
[]
[]
[]
[]
[]
[]
[]
[]
[]
[]
[]
[]
[]
[]
[]
[]
[]
[]
[]
[]
[]
[]
[]
[]
[]
[]
[]
[]
[]
[]
[]
[]
[]
[]
[]
[]
[]
[]
[]
[]
[]
[]
[]
[]
[]
[]
[]
[]
[]
[]
[]
[]
[]
[]
[]
[]
[]
[]
[]
[]
[]
[]
[]
[]
[]
[]
[]
[]
[]
[]
[]
[]
[]
[]
[]
[]
[]
[]
[]
[]
[]
[]
[]
[]
[]
[]
[]
[]
[]
[]
[]
[]
[]
[]
[]
[]
[]
[]
[]
[]
[]
[]
[]
[]
[]
[]
[]
[]
[]
[]
[]
[]
[]
[]
[]
[]
[]
[]
[]
[]
[]
[]
[]
[]
[]
[]
[]
[]
[]
[]
[]
[]
[]
[]
[]
[]
[]
[]
[]
[]
[]
[]
[]
[]
[]
[]
[]
[]
[]
[]
[]
[]
[]
[]
[]
[]
[]
[]
[]
[]
[]
[]
[]
[]
[]
[]
[]
[]
[]
[]
[]
[]
[]
[]
[]
[]
[]
[]
[]
[]
[]
[]
[]
[]
[]
[]
[]
[]
[]
[]
[]
[]
[]
[]
[]
[]
[]
[]
[]
[]
[]
[]
[]
[]
[]
[]
[]
[]
[]
[]
[]
[]
[]
[]
[]
[]
[]
[]
[]
[]
[]
[]
[]
[]
[]
[]
[]
[]
[]
[]
[]
[]
[]
[]
[]
[]
[]
[]
[]
[]
[]
[]
[]
[]
[]
[]
[]
[]
[]
[]
[]
[]
[]
[]
[]
[]
[]
[]
[]
[]
[]
[]
[]
[]
[]
[]
[]
[]
[]
[]
[]
[]
[]
[]
[]
[]
[]
[]
[]
[]
[]
[]
[]
[]
[]
[]
[]
[]
[]
[]
[]
[]
[]
[]
[]
[]
[]
[]
[]
[]
[]
[]
[]
[]
[]
[]
[]
[]
[]
[]
[]
[]
[]
[]
[]
[]
[]
[]
[]
[]
[]
[]
[]
[]
[]
[]
[]
[]
[]
[]
[]
[]
[]
[]
[]
[]
[]
[]
[]
[]
[]
[]
[]
[]
[]
[]
[]
[]
[]
[]
[]
[]
[]
[]
[]
[]
[]
[]
[]
[]
[]
[]
[]
[]
[]
[]
[]
[]
[]
[]
[]
[]
[]
[]
[]
[]
[]
[]
[]
[]
[]
[]
[]
[]
[]
[]
[]
[]
[]
[]
[]
[]
[]
[]
[]
[]
[]
[]
[]
[]
[]
[]
[]
[]
[]
[]
[]
[]
[]
[]
[]
[]
[]
[]
[]
[]
[]
[]
[]
[]
[]
[]
[]
[]
[]
[]
[]
[]
[]
[]
[]
[]
[]
[]
[]
[]
[]
[]
[]
[]
[]
[]
[]
[]
[]
[]
[]
[]
[]
[]
[]
[]
[]
[]
[]
[]
[]
[]
[]
[]
[]
[]
[]
[]
[]
[]
[]
[]
[]
[]
[]
[]
[]
[]
[]
[]
[]
[]
[]
[]
[]
[]
[]
[]
[]
[]
[]
[]
[]
[]
[]
[]
[]
[]
[]
[]
[]
[]
[]
[]
[]
[]
[]
[]
[]
[]
[]
[]
[]
[]
[]
[]
[]
[]
[]
[]
[]
[]
[]
[]
[]
[]
[]
[]
[]
[]
[]
[]
[]
[]
[]
[]
[]
[]
[]
[]
[]
[]
[]
[]
[]
[]
[]
[]
[]
[]
[]
[]
[]
[]
[]
[]
[]
[]
[]
[]
[]
[]
[]
[]
[]
[]
[]
[]
[]
[]
[]
[]
[]
[]
[]
[]
[]
[]
[]
[]
[]
[]
[]
[]
[]
[]
[]
[]
[]
[]
[]
[]
[]
[]
[]
[]
[]
[]
[]
[]
[]
[]
[]
[]
[]
[]
[]
[]
[]
[]
[]
[]
[]
[]
[]
[]
[]
[]
[]
[]
[]
[]
[]
[]
[]
[]
[]
[]
[]
[]
[]
[]
[]
[]
[]
[]
[]
[]
[]
[]
[]
[]
[]
[]
[]
[]
[]
[]
[]
[]
[]
[]
[]
[]
[]
[]
[]
[]
[]
[]
[]
[]
[]
[]
[]
[]
[]
[]
[]
[]
[]
[]
[]
[]
[]
[]
[]
[]
[]
[]
[]
[]
[]
[]
[]
[]
[]
[]
[]
[]
[]
[]
[]
[]
[]
[]
[]
[]
[]
[]
[]
[]
[]
[]
[]
[]
[]
[]
[]
[]
[]
[]
[]
[]
[]
[]
[]
[]
[]
[]
[]
[]
[]
[]
[]
[]
[]
[]
[]
[]
[]
[]
[]
[]
[]
[]
[]
[]
[]
[]
[]
[]
[]
[]
[]
[]
[]
[]
[]
[]
[]
[]
[]
[]
[]
[]
[]
[]
[]
[]
[]
[]
[]
[]
[]
[]
[]
[]
[]
[]
[]
[]
[]
[]
[]
[]
[]
[]
[]
[]
[]
[]
[]
[]
[]
[]
[]
[]
[]
[]
[]
[]
[]
[]
[]
[]
[]
[]
[]
[]
[]
[]
[]
[]
[]
[]
[]
[]
[]
[]
[]
[]
[]
[]
[]
[]
[]
[]
[]
[]
[]
[]
[]
[]
[]
[]
[]
[]
[]
[]
[]
[]
[]
[]
[]
[]
[]
[]
[]
[]
[]
[]
[]
[]
[]
[]
[]
[]
[]
[]
[]
[]
[]
[]
[]
[]
[]
[]
[]
[]
[]
[]
[]
[]
[]
[]
[]
[]
[]
[]
[]
[]
[]
[]
[]
[]
[]
[]
[]
[]
[]
[]
[]
[]
[]
[]
[]
[]
[]
[]
[]
[]
[]
[]
[]
[]
[]
[]
[]
[]
[]
[]
[]
[]
[]
[]
[]
[]
[]
[]
[]
[]
[]
[]
[]
[]
[]
[]
[]
[]
[]
[]
[]
[]
[]
[]
[]
[]
[]
[]
[]
[]
[]
[]
[]
[]
[]
[]
[]
[]
[]
[]
[]
[]
[]
[]
[]
[]
[]
[]
[]
[]
[]
[]
[]
[]
[]
[]
[]
[]
[]
[]
[]
[]
[]
[]
[]
[]
[]
[]
[]
[]
[]
[]
[]
[]
[]
[]
[]
[]
[]
[]
[]
[]
[]
[]
[]
[]
[]
[]
[]
[]
[]
[]
[]
[]
[]
[]
[]
[]
[]
[]
[]
[]
[]
[]
[]
[]
[]
[]
[]
[]
[]
[]
[]
[]
[]
[]
[]
[]
[]
[]
[]
[]
[]
[]
[]
[]
[]
[]
[]
[]
[]
[]
[]
[]
[]
[]
[]
[]
[]
[]
[]
[]
[]
[]
[]
[]
[]
[]
[]
[]
[]
[]
[]
[]
[]
[]
[]
[]
[]
[]
[]
[]
[]
[]
[]
[]
[]
[]
[]
[]
[]
[]
[]
[]
[]
[]
[]
[]
[]
[]
[]
[]
[]
[]
[]
[]
[]
[]
[]
[]
[]
[]
[]
[]
[]
[]
[]
[]
[]
[]
[]
[]
[]
[]
[]
[]
[]
[]
[]
[]
[]
[]
[]
[]
[]
[]
[]
[]
[]
[]
[]
[]
[]
[]
[]
[]
[]
[]
[]
[]
[]
[]
[]
[]
[]
[]
[]
[]
[]
[]
[]
[]
[]
[]
[]
[]
[]
[]
[]
[]
[]
[]
[]
[]
[]
[]
[]
[]
[]
[]
[]
[]
[]
[]
[]
[]
[]
[]
[]
[]
[]
[]
[]
[]
[]
[]
[]
[]
[]
[]
[]
[]
[]
[]
[]
[]
[]
[]
[]
[]
[]
[]
[]
[]
[]
[]
[]
[]
[]
[]
[]
[]
[]
[]
[]
[]
[]
[]
[]
[]
[]
[]
[]
[]
[]
[]
[]
[]
[]
[]
[]
[]
[]
[]
[]
[]
[]
[]
[]
[]
[]
[]
[]
[]
[]
[]
[]
[]
[]
[]
[]
[]
[]
[]
[]
[]
[]
[]
[]
[]
[]
[]
[]
[]
[]
[]
[]
[]
[]
[]
[]
[]
[]
[]
[]
[]
[]
[]
[]
[]
[]
[]
[]
[]
[]
[]
[]
[]
[]
[]
[]
[]
[]
[]
[]
[]
[]
[]
[]
[]
[]
[]
[]
[]
[]
[]
[]
[]
[]
[]
[]
[]
[]
[]
[]
[]
[]
[]
[]
[]
[]
[]
[]
[]
[]
[]
[]
[]
[]
[]
[]
[]
[]
[]
[]
[]
[]
[]
[]
[]
[]
[]
[]
[]
[]
[]
[]
[]
[]
[]
[]
[]
[]
[]
[]
[]
[]
[]
[]
[]
[]
[]
[]
[]
[]
[]
[]
[]
[]
[]
[]
[]
[]
[]
[]
[]
[]
[]
[]
[]
[]
[]
[]
[]
[]
[]
[]
[]
[]
[]
[]
[]
[]
[]
[]
[]
[]
[]
[]
[]
[]
[]
[]
[]
[]
[]
[]
[]
[]
[]
[]
[]
[]
[]
[]
[]
[]
[]
[]
[]
[]
[]
[]
[]
[]
[]
[]
[]
[]
[]
[]
[]
[]
[]
[]
[]
[]
[]
[]
[]
[]
[]
[]
[]
[]
[]
[]
[]
[]
[]
[]
[]
[]
[]
[]
[]
[]
[]
[]
[]
[]
[]
[]
[]
[]
[]
[]
[]
[]
[]
[]
[]
[]
[]
[]
[]
[]
[]
[]
[]
[]
[]
[]
[]
[]
[]
[]
[]
[]
[]
[]
[]
[]
[]
[]
[]
[]
[]
[]
[]
[]
[]
[]
[]
[]
[]
[]
[]
[]
[]
[]
[]
[]
[]
[]
[]
[]
[]
[]
[]
[]
[]
[]
[]
[]
[]
[]
[]
[]
[]
[]
[]
[]
[]
[]
[]
[]
[]
[]
[]
[]
[]
[]
[]
[]
[]
[]
[]
[]
[]
[]
[]
[]
[]
[]
[]
[]
[]
[]
[]
[]
[]
[]
[]
[]
[]
[]
[]
[]
[]
[]
[]
[]
[]
[]
[]
[]
[]
[]
[]
[]
[]
[]
[]
[]
[]
[]
[]
[]
[]
[]
[]
[]
[]
[]
[]
[]
[]
[]
[]
[]
[]
[]
[]
[]
[]
[]
[]
[]
[]
[]
[]
[]
[]
[]
[]
[]
[]
[]
[]
[]
[]
[]
[]
[]
[]
[]
[]
[]
[]
[]
[]
[]
[]
[]
[]
[]
[]
[]
[]
[]
[]
[]
[]
[]
[]
[]
[]
[]
[]
[]
[]
[]
[]
[]
[]
[]
[]
[]
[]
[]
[]
[]
[]
[]
[]
[]
[]
[]
[]
[]
[]
[]
[]
[]
[]
[]
[]
[]
[]
[]
[]
[]
[]
[]
[]
[]
[]
[]
[]
[]
[]
[]
[]
[]
[]
[]
[]
[]
[]
[]
[]
[]
[]
[]
[]
[]
[]
[]
[]
[]
[]
[]
[]
[]
[]
[]
[]
[]
[]
[]
[]
[]
[]
[]
[]
[]
[]
[]
[]
[]
[]
[]
[]
[]
[]
[]
[]
[]
[]
[]
[]
[]
[]
[]
[]
[]
[]
[]
[]
[]
[]
[]
[]
[]
[]
[]
[]
[]
[]
[]
[]
[]
[]
[]
[]
[]
[]
[]
[]
[]
[]
[]
[]
[]
[]
[]
[]
[]
[]
[]
[]
[]
[]
[]
[]
[]
[]
[]
[]
[]
[]
[]
[]
[]
[]
[]
[]
[]
[]
[]
[]
[]
[]
[]
[]
[]
[]
[]
[]
[]
[]
[]
[]
[]
[]
[]
[]
[]
[]
[]
[]
[]
[]
[]
[]
[]
[]
[]
[]
[]
[]
[]
[]
[]
[]
[]
[]
[]
[]
[]
[]
[]
[]
[]
[]
[]
[]
[]
[]
[]
[]
[]
[]
[]
[]
[]
[]
[]
[]
[]
[]
[]
[]
[]
[]
[]
[]
[]
[]
[]
[]
[]
[]
[]
[]
[]
[]
[]
[]
[]
[]
[]
[]
[]
[]
[]
[]
[]
[]
[]
[]
[]
[]
[]
[]
[]
[]
[]
[]
[]
[]
[]
[]
[]
[]
[]
[]
[]
[]
[]
[]
[]
[]
[]
[]
[]
[]
[]
[]
[]
[]
[]
[]
[]
[]
[]
[]
[]
[]
[]
[]
[]
[]
[]
[]
[]
[]
[]
[]
[]
[]
[]
[]
[]
[]
[]
[]
[]
[]
[]
[]
[]
[]
[]
[]
[]
[]
[]
[]
[]
[]
[]
[]
[]
[]
[]
[]
[]
[]
[]
[]
[]
[]
[]
[]
[]
[]
[]
[]
[]
[]
[]
[]
[]
[]
[]
[]
[]
[]
[]
[]
[]
[]
[]
[]
[]
[]
[]
[]
[]
[]
[]
[]
[]
[]
[]
[]
[]
[]
[]
[]
[]
[]
[]
[]
[]
[]
[]
[]
[]
[]
[]
[]
[]
[]
[]
[]
[]
[]
[]
[]
[]
[]
[]
[]
[]
[]
[]
[]
[]
[]
[]
[]
[]
[]
[]
[]
[]
[]
[]
[]
[]
[]
[]
[]
[]
[]
[]
[]
[]
[]
[]
[]
[]
[]
[]
[]
[]
[]
[]
[]
[]
[]
[]
[]
[]
[]
[]
[]
[]
[]
[]
[]
[]
[]
[]
[]
[]
[]
[]
[]
[]
[]
[]
[]
[]
[]
[]
[]
[]
[]
[]
[]
[]
[]
[]
[]
[]
[]
[]
[]
[]
[]
[]
[]
[]
[]
[]
[]
[]
[]
[]
[]
[]
[]
[]
[]
[]
[]
[]
[]
[]
[]
[]
[]
[]
[]
[]
[]
[]
[]
[]
[]
[]
[]
[]
[]
[]
[]
[]
[]
[]
[]
[]
[]
[]
[]
[]
[]
[]
[]
[]
[]
[]
[]
[]
[]
[]
[]
[]
[]
[]
[]
[]
[]
[]
[]
[]
[]
[]
[]
[]
[]
[]
[]
[]
[]
[]
[]
[]
[]
[]
[]
[]
[]
[]
[]
[]
[]
[]
[]
[]
[]
[]
[]
[]
[]
[]
[]
[]
[]
[]
[]
[]
[]
[]
[]
[]
[]
[]
[]
[]
[]
[]
[]
[]
[]
[]
[]
[]
[]
[]
[]
[]
[]
[]
[]
[]
[]
[]
[]
[]
[]
[]
[]
[]
[]
[]
[]
[]
[]
[]
[]
[]
[]
[]
[]
[]
[]
[]
[]
[]
[]
[]
[]
[]
[]
[]
[]
[]
[]
[]
[]
[]
[]
[]
[]
[]
[]
[]
[]
[]
[]
[]
[]
[]
[]
[]
[]
[]
[]
[]
[]
[]
[]
[]
[]
[]
[]
[]
[]
[]
[]
[]
[]
[]
[]
[]
[]
[]
[]
[]
[]
[]
[]
[]
[]
[]
[]
[]
[]
[]
[]
[]
[]
[]
[]
[]
[]
[]
[]
[]
[]
[]
[]
[]
[]
[]
[]
[]
[]
[]
[]
[]
[]
[]
[]
[]
[]
[]
[]
[]
[]
[]
[]
[]
[]
[]
[]
[]
[]
[]
[]
[]
[]
[]
[]
[]
[]
[]
[]
[]
[]
[]
[]
[]
[]
[]
[]
[]
[]
[]
[]
[]
[]
[]
[]
[]
[]
[]
[]
[]
[]
[]
[]
[]
[]
[]
[]
[]
[]
[]
[]
[]
[]
[]
[]
[]
[]
[]
[]
[]
[]
[]
[]
[]
[]
[]
[]
[]
[]
[]
[]
[]
[]
[]
[]
[]
[]
[]
[]
[]
[]
[]
[]
[]
[]
[]
[]
[]
[]
[]
[]
[]
[]
[]
[]
[]
[]
[]
[]
[]
[]
[]
[]
[]
[]
[]
[]
[]
[]
[]
[]
[]
[]
[]
[]
[]
[]
[]
[]
[]
[]
[]
[]
[]
[]
[]
[]
[]
[]
[]
[]
[]
[]
[]
[]
[]
[]
[]
[]
[]
[]
[]
[]
[]
[]
[]
[]
[]
[]
[]
[]
[]
[]
[]
[]
[]
[]
[]
[]
[]
[]
[]
[]
[]
[]
[]
[]
[]
[]
[]
[]
[]
[]
[]
[]
[]
[]
[]
[]
[]
[]
[]
[]
[]
[]
[]
[]
[]
[]
[]
[]
[]
[]
[]
[]
[]
[]
[]
[]
[]
[]
[]
[]
[]
[]
[]
[]
[]
[]
[]
[]
[]
[]
[]
[]
[]
[]
[]
[]
[]
[]
[]
[]
[]
[]
[]
[]
[]
[]
[]
[]
[]
[]
[]
[]
[]
[]
[]
[]
[]
[]
[]
[]
[]
[]
[]
[]
[]
[]
[]
[]
[]
[]
[]
[]
[]
[]
[]
[]
[]
[]
[]
[]
[]
[]
[]
[]
[]
[]
[]
[]
[]
[]
[]
[]
[]
[]
[]
[]
[]
[]
[]
[]
[]
[]
[]
[]
[]
[]
[]
[]
[]
[]
[]
[]
[]
[]
[]
[]
[]
[]
[]
[]
[]
[]
[]
[]
[]
[]
[]
[]
[]
[]
[]
[]
[]
[]
[]
[]
[]
[]
[]
[]
[]
[]
[]
[]
[]
[]
[]
[]
[]
[]
[]
[]
[]
[]
[]
[]
[]
[]
[]
[]
[]
[]
[]
[]
[]
[]
[]
[]
[]
[]
[]
[]
[]
[]
[]
[]
[]
[]
[]
[]
[]
[]
[]
[]
[]
[]
[]
[]
[]
[]
[]
[]
[]
[]
[]
[]
[]
[]
[]
[]
[]
[]
[]
[]
[]
[]
[]
[]
[]
[]
[]
[]
[]
[]
[]
[]
[]
[]
[]
[]
[]
[]
[]
[]
[]
[]
[]
[]
[]
[]
[]
[]
[]
[]
[]
[]
[]
[]
[]
[]
[]
[]
[]
[]
[]
[]
[]
[]
[]
[]
[]
[]
[]
[]
[]
[]
[]
[]
[]
[]
[]
[]
[]
[]
[]
[]
[]
[]
[]
[]
[]
[]
[]
[]
[]
[]
[]
[]
[]
[]
[]
[]
[]
[]
[]
[]
[]
[]
[]
[]
[]
[]
[]
[]
[]
[]
[]
[]
[]
[]
[]
[]
[]
[]
[]
[]
[]
[]
[]
[]
[]
[]
[]
[]
[]
[]
[]
[]
[]
[]
[]
[]
[]
[]
[]
[]
[]
[]
[]
[]
[]
[]
[]
[]
[]
[]
[]
[]
[]
[]
[]
[]
[]
[]
[]
[]
[]
[]
[]
[]
[]
[]
[]
[]
[]
[]
[]
[]
[]
[]
[]
[]
[]
[]
[]
[]
[]
[]
[]
[]
[]
[]
[]
[]
[]
[]
[]
[]
[]
[]
[]
[]
[]
[]
[]
[]
[]
[]
[]
[]
[]
[]
[]
[]
[]
[]
[]
[]
[]
[]
[]
[]
[]
[]
[]
[]
[]
[]
[]
[]
[]
[]
[]
[]
[]
[]
[]
[]
[]
[]
[]
[]
[]
[]
[]
[]
[]
[]
[]
[]
[]
[]
[]
[]
[]
[]
[]
[]
[]
[]
[]
[]
[]
[]
[]
[]
[]
[]
[]
[]
[]
[]
[]
[]
[]
[]
[]
[]
[]
[]
[]
[]
[]
[]
[]
[]
[]
[]
[]
[]
[]
[]
[]
[]
[]
[]
[]
[]
[]
[]
[]
[]
[]
[]
[]
[]
[]
[]
[]
[]
[]
[]
[]
[]
[]
[]
[]
[]
[]
[]
[]
[]
[]
[]
[]
[]
[]
[]
[]
[]
[]
[]
[]
[]
[]
[]
[]
[]
[]
[]
[]
[]
[]
[]
[]
[]
[]
[]
[]
[]
[]
[]
[]
[]
[]
[]
[]
[]
[]
[]
[]
[]
[]
[]
[]
[]
[]
[]
[]
[]
[]
[]
[]
[]
[]
[]
[]
[]
[]
[]
[]
[]
[]
[]
[]
[]
[]
[]
[]
[]
[]
[]
[]
[]
[]
[]
[]
[]
[]
[]
[]
[]
[]
[]
[]
[]
[]
[]
[]
[]
[]
[]
[]
[]
[]
[]
[]
[]
[]
[]
[]
[]
[]
[]
[]
[]
[]
[]
[]
[]
[]
[]
[]
[]
[]
[]
[]
[]
[]
[]
[]
[]
[]
[]
[]
[]
[]
[]
[]
[]
[]
[]
[]
[]
[]
[]
[]
[]
[]
[]
[]
[]
[]
[]
[]
[]
[]
[]
[]
[]
[]
[]
[]
[]
[]
[]
[]
[]
[]
[]
[]
[]
[]
[]
[]
[]
[]
[]
[]
[]
[]
[]
[]
[]
[]
[]
[]
[]
[]
[]
[]
[]
[]
[]
[]
[]
[]
[]
[]
[]
[]
[]
[]
[]
[]
[]
[]
[]
[]
[]
[]
[]
[]
[]
[]
[]
[]
[]
[]
[]
[]
[]
[]
[]
[]
[]
[]
[]
[]
[]
[]
[]
[]
[]
[]
[]
[]
[]
[]
[]
[]
[]
[]
[]
[]
[]
[]
[]
[]
[]
[]
[]
[]
[]
[]
[]
[]
[]
[]
[]
[]
[]
[]
[]
[]
[]
[]
[]
[]
[]
[]
[]
[]
[]
[]
[]
[]
[]
[]
[]
[]
[]
[]
[]
[]
[]
[]
[]
[]
[]
[]
[]
[]
[]
[]
[]
[]
[]
[]
[]
[]
[]
[]
[]
[]
[]
[]
[]
[]
[]
[]
[]
[]
[]
[]
[]
[]
[]
[]
[]
[]
[]
[]
[]
[]
[]
[]
[]
[]
[]
[]
[]
[]
[]
[]
[]
[]
[]
[]
[]
[]
[]
[]
[]
[]
[]
[]
[]
[]
[]
[]
[]
[]
[]
[]
[]
[]
[]
[]
[]
[]
[]
[]
[]
[]
[]
[]
[]
[]
[]
[]
[]
[]
[]
[]
[]
[]
[]
[]
[]
[]
[]
[]
[]
[]
[]
[]
[]
[]
[]
[]
[]
[]
[]
[]
[]
[]
[]
[]
[]
[]
[]
[]
[]
[]
[]
[]
[]
[]
[]
[]
[]
[]
[]
[]
[]
[]
[]
[]
[]
[]
[]
[]
[]
[]
[]
[]
[]
[]
[]
[]
[]
[]
[]
[]
[]
[]
[]
[]
[]
[]
[]
[]
[]
[]
[]
[]
[]
[]
[]
[]
[]
[]
[]
[]
[]
[]
[]
[]
[]
[]
[]
[]
[]
[]
[]
[]
[]
[]
[]
[]
[]
[]
[]
[]
[]
[]
[]
[]
[]
[]
[]
[]
[]
[]
[]
[]
[]
[]
[]
[]
[]
[]
[]
[]
[]
[]
[]
[]
[]
[]
[]
[]
[]
[]
[]
[]
[]
[]
[]
[]
[]
[]
[]
[]
[]
[]
[]
[]
[]
[]
[]
[]
[]
[]
[]
[]
[]
[]
[]
[]
[]
[]
[]
[]
[]
[]
[]
[]
[]
[]
[]
[]
[]
[]
[]
[]
[]
[]
[]
[]
[]
[]
[]
[]
[]
[]
[]
[]
[]
[]
[]
[]
[]
[]
[]
[]
[]
[]
[]
[]
[]
[]
[]
[]
[]
[]
[]
[]
[]
[]
[]
[]
[]
[]
[]
[]
[]
[]
[]
[]
[]
[]
[]
[]
[]
[]
[]
[]
[]
[]
[]
[]
[]
[]
[]
[]
[]
[]
[]
[]
[]
[]
[]
[]
[]
[]
[]
[]
[]
[]
[]
[]
[]
[]
[]
[]
[]
[]
[]
[]
[]
[]
[]
[]
[]
[]
[]
[]
[]
[]
[]
[]
[]
[]
[]
[]
[]
[]
[]
[]
[]
[]
[]
[]
[]
[]
[]
[]
[]
[]
[]
[]
[]
[]
[]
[]
[]
[]
[]
[]
[]
[]
[]
[]
[]
[]
[]
[]
[]
[]
[]
[]
[]
[]
[]
[]
[]
[]
[]
[]
[]
[]
[]
[]
[]
[]
[]
[]
[]
[]
[]
[]
[]
[]
[]
[]
[]
[]
[]
[]
[]
[]
[]
[]
[]
[]
[]
[]
[]
[]
[]
[]
[]
[]
[]
[]
[]
[]
[]
[]
[]
[]
[]
[]
[]
[]
[]
[]
[]
[]
[]
[]
[]
[]
[]
[]
[]
[]
[]
[]
[]
[]
[]
[]
[]
[]
[]
[]
[]
[]
[]
[]
[]
[]
[]
[]
[]
[]
[]
[]
[]
[]
[]
[]
[]
[]
[]
[]
[]
[]
[]
[]
[]
[]
[]
[]
[]
[]
[]
[]
[]
[]
[]
[]
[]
[]
[]
[]
[]
[]
[]
[]
[]
[]
[]
[]
[]
[]
[]
[]
[]
[]
[]
[]
[]
[]
[]
[]
[]
[]
[]
[]
[]
[]
[]
[]
[]
[]
[]
[]
[]
[]
[]
[]
[]
[]
[]
[]
[]
[]
[]
[]
[]
[]
[]
[]
[]
[]
[]
[]
[]
[]
[]
[]
[]
[]
[]
[]
[]
[]
[]
[]
[]
[]
[]
[]
[]
[]
[]
[]
[]
[]
[]
[]
[]
[]
[]
[]
[]
[]
[]
[]
[]
[]
[]
[]
[]
[]
[]
[]
[]
[]
[]
[]
[]
[]
[]
[]
[]
[]
[]
[]
[]
[]
[]
[]
[]
[]
[]
[]
[]
[]
[]
[]
[]
[]
[]
[]
[]
[]
[]
[]
[]
[]
[]
[]
[]
[]
[]
[]
[]
[]
[]
[]
[]
[]
[]
[]
[]
[]
[]
[]
[]
[]
[]
[]
[]
[]
[]
[]
[]
[]
[]
[]
[]
[]
[]
[]
[]
[]
[]
[]
[]
[]
[]
[]
[]
[]
[]
[]
[]
[]
[]
[]
[]
[]
[]
[]
[]
[]
[]
[]
[]
[]
[]
[]
[]
[]
[]
[]
[]
[]
[]
[]
[]
[]
[]
[]
[]
[]
[]
[]
[]
[]
[]
[]
[]
[]
[]
[]
[]
[]
[]
[]
[]
[]
[]
[]
[]
[]
[]
[]
[]
[]
[]
[]
[]
[]
[]
[]
[]
[]
[]
[]
[]
[]
[]
[]
[]
[]
[]
[]
[]
[]
[]
[]
[]
[]
[]
[]
[]
[]
[]
[]
[]
[]
[]
[]
[]
[]
[]
[]
[]
[]
[]
[]
[]
[]
[]
[]
[]
[]
[]
[]
[]
[]
[]
[]
[]
[]
[]
[]
[]
[]
[]
[]
[]
[]
[]
[]
[]
[]
[]
[]
[]
[]
[]
[]
[]
[]
[]
[]
[]
[]
[]
[]
[]
[]
[]
[]
[]
[]
[]
[]
[]
[]
[]
[]
[]
[]
[]
[]
[]
[]
[]
[]
[]
[]
[]
[]
[]
[]
[]
[]
[]
[]
[]
[]
[]
[]
[]
[]
[]
[]
[]
[]
[]
[]
[]
[]
[]
[]
[]
[]
[]
[]
[]
[]
[]
[]
[]
[]
[]
[]
[]
[]
[]
[]
[]
[]
[]
[]
[]
[]
[]
[]
[]
[]
[]
[]
[]
[]
[]
[]
[]
[]
[]
[]
[]
[]
[]
[]
[]
[]
[]
[]
[]
[]
[]
[]
[]
[]
[]
[]
[]
[]
[]
[]
[]
[]
[]
[]
[]
[]
[]
[]
[]
[]
[]
[]
[]
[]
[]
[]
[]
[]
[]
[]
[]
[]
[]
[]
[]
[]
[]
[]
[]
[]
[]
[]
[]
[]
[]
[]
[]
[]
[]
[]
[]
[]
[]
[]
[]
[]
[]
[]
[]
[]
[]
[]
[]
[]
[]
[]
[]
[]
[]
[]
[]
[]
[]
[]
[]
[]
[]
[]
[]
[]
[]
[]
[]
[]
[]
[]
[]
[]
[]
[]
[]
[]
[]
[]
[]
[]
[]
[]
[]
[]
[]
[]
[]
[]
[]
[]
[]
[]
[]
[]
[]
[]
[]
[]
[]
[]
[]
[]
[]
[]
[]
[]
[]
[]
[]
[]
[]
[]
[]
[]
[]
[]
[]
[]
[]
[]
[]
[]
[]
[]
[]
[]
[]
[]
[]
[]
[]
[]
[]
[]
[]
[]
[]
[]
[]
[]
[]
[]
[]
[]
[]
[]
[]
[]
[]
[]
[]
[]
[]
[]
[]
[]
[]
[]
[]
[]
[]
[]
[]
[]
[]
[]
[]
[]
[]
[]
[]
[]
[]
[]
[]
[]
[]
[]
[]
[]
[]
[]
[]
[]
[]
[]
[]
[]
[]
[]
[]
[]
[]
[]
[]
[]
[]
[]
[]
[]
[]
[]
[]
[]
[]
[]
[]
[]
[]
[]
[]
[]
[]
[]
[]
[]
[]
[]
[]
[]
[]
[]
[]
[]
[]
[]
[]
[]
[]
[]
[]
[]
[]
[]
[]
[]
[]
[]
[]
[]
[]
[]
[]
[]
[]
[]
[]
[]
[]
[]
[]
[]
[]
[]
[]
[]
[]
[]
[]
[]
[]
[]
[]
[]
[]
[]
[]
[]
[]
[]
[]
[]
[]
[]
[]
[]
[]
[]
[]
[]
[]
[]
[]
[]
[]
[]
[]
[]
[]
[]
[]
[]
[]
[]
[]
[]
[]
[]
[]
[]
[]
[]
[]
[]
[]
[]
[]
[]
[]
[]
[]
[]
[]
[]
[]
[]
[]
[]
[]
[]
[]
[]
[]
[]
[]
[]
[]
[]
[]
[]
[]
[]
[]
[]
[]
[]
[]
[]
[]
[]
[]
[]
[]
[]
[]
[]
[]
[]
[]
[]
[]
[]
[]
[]
[]
[]
[]
[]
[]
[]
[]
[]
[]
[]
[]
[]
[]
[]
[]
[]
[]
[]
[]
[]
[]
[]
[]
[]
[]
[]
[]
[]
[]
[]
[]
[]
[]
[]
[]
[]
[]
[]
[]
[]
[]
[]
[]
[]
[]
[]
[]
[]
[]
[]
[]
[]
[]
[]
[]
[]
[]
[]
[]
[]
[]
[]
[]
[]
[]
[]
[]
[]
[]
[]
[]
[]
[]
[]
[]
[]
[]
[]
[]
[]
[]
[]
[]
[]
[]
[]
[]
[]
[]
[]
[]
[]
[]
[]
[]
[]
[]
[]
[]
[]
[]
[]
[]
[]
[]
[]
[]
[]
[]
[]
[]
[]
[]
[]
[]
[]
[]
[]
[]
[]
[]
[]
[]
[]
[]
[]
[]
[]
[]
[]
[]
[]
[]
[]
[]
[]
[]
[]
[]
[]
[]
[]
[]
[]
[]
[]
[]
[]
[]
[]
[]
[]
[]
[]
[]
[]
[]
[]
[]
[]
[]
[]
[]
[]
[]
[]
[]
[]
[]
[]
[]
[]
[]
[]
[]
[]
[]
[]
[]
[]
[]
[]
[]
[]
[]
[]
[]
[]
[]
[]
[]
[]
[]
[]
[]
[]
[]
[]
[]
[]
[]
[]
[]
[]
[]
[]
[]
[]
[]
[]
[]
[]
[]
[]
[]
[]
[]
[]
[]
[]
[]
[]
[]
[]
[]
[]
[]
[]
[]
[]
[]
[]
[]
[]
[]
[]
[]
[]
[]
[]
[]
[]
[]
[]
[]
[]
[]
[]
[]
[]
[]
[]
[]
[]
[]
[]
[]
[]
[]
[]
[]
[]
[]
[]
[]
[]
[]
[]
[]
[]
[]
[]
[]
[]
[]
[]
[]
[]
[]
[]
[]
[]
[]
[]
[]
[]
[]
[]
[]
[]
[]
[]
[]
[]
[]
[]
[]
[]
[]
[]
[]
[]
[]
[]
[]
[]
[]
[]
[]
[]
[]
[]
[]
[]
[]
[]
[]
[]
[]
[]
[]
[]
[]
[]
[]
[]
[]
[]
[]
[]
[]
[]
[]
[]
[]
[]
[]
[]
[]
[]
[]
[]
[]
[]
[]
[]
[]
[]
[]
[]
[]
[]
[]
[]
[]
[]
[]
[]
[]
[]
[]
[]
[]
[]
[]
[]
[]
[]
[]
[]
[]
[]
[]
[]
[]
[]
[]
[]
[]
[]
[]
[]
[]
[]
[]
[]
[]
[]
[]
[]
[]
[]
[]
[]
[]
[]
[]
[]
[]
[]
[]
[]
[]
[]
[]
[]
[]
[]
[]
[]
[]
[]
[]
[]
[]
[]
[]
[]
[]
[]
[]
[]
[]
[]
[]
[]
[]
[]
[]
[]
[]
[]
[]
[]
[]
[]
[]
[]
[]
[]
[]
[]
[]
[]
[]
[]
[]
[]
[]
[]
[]
[]
[]
[]
[]
[]
[]
[]
[]
[]
[]
[]
[]
[]
[]
[]
[]
[]
[]
[]
[]
[]
[]
[]
[]
[]
[]
[]
[]
[]
[]
[]
[]
[]
[]
[]
[]
[]
[]
[]
[]
[]
[]
[]
[]
[]
[]
[]
[]
[]
[]
[]
[]
[]
[]
[]
[]
[]
[]
[]
[]
[]
[]
[]
[]
[]
[]
[]
[]
[]
[]
[]
[]
[]
[]
[]
[]
[]
[]
[]
[]
[]
[]
[]
[]
[]
[]
[]
[]
[]
[]
[]
[]
[]
[]
[]
[]
[]
[]
[]
[]
[]
[]
[]
[]
[]
[]
[]
[]
[]
[]
[]
[]
[]
[]
[]
[]
[]
[]
[]
[]
[]
[]
[]
[]
[]
[]
[]
[]
[]
[]
[]
[]
[]
[]
[]
[]
[]
[]
[]
[]
[]
[]
[]
[]
[]
[]
[]
[]
[]
[]
[]
[]
[]
[]
[]
[]
[]
[]
[]
[]
[]
[]
[]
[]
[]
[]
[]
[]
[]
[]
[]
[]
[]
[]
[]
[]
[]
[]
[]
[]
[]
[]
[]
[]
[]
[]
[]
[]
[]
[]
[]
[]
[]
[]
[]
[]
[]
[]
[]
[]
[]
[]
[]
[]
[]
[]
[]
[]
[]
[]
[]
[]
[]
[]
[]
[]
[]
[]
[]
[]
[]
[]
[]
[]
[]
[]
[]
[]
[]
[]
[]
[]
[]
[]
[]
[]
[]
[]
[]
[]
[]
[]
[]
[]
[]
[]
[]
[]
[]
[]
[]
[]
[]
[]
[]
[]
[]
[]
[]
[]
[]
[]
[]
[]
[]
[]
[]
[]
[]
[]
[]
[]
[]
[]
[]
[]
[]
[]
[]
[]
[]
[]
[]
[]
[]
[]
[]
[]
[]
[]
[]
[]
[]
[]
[]
[]
[]
[]
[]
[]
[]
[]
[]
[]
[]
[]
[]
[]
[]
[]
[]
[]
[]
[]
[]
[]
[]
[]
[]
[]
[]
[]
[]
[]
[]
[]
[]
[]
[]
[]
[]
[]
[]
[]
[]
[]
[]
[]
[]
[]
[]
[]
[]
[]
[]
[]
[]
[]
[]
[]
[]
[]
[]
[]
[]
[]
[]
[]
[]
[]
[]
[]
[]
[]
[]
[]
[]
[]
[]
[]
[]
[]
[]
[]
[]
[]
[]
[]
[]
[]
[]
[]
[]
[]
[]
[]
[]
[]
[]
[]
[]
[]
[]
[]
[]
[]
[]
[]
[]
[]
[]
[]
[]
[]
[]
[]
[]
[]
[]
[]
[]
[]
[]
[]
[]
[]
[]
[]
[]
[]
[]
[]
[]
[]
[]
[]
[]
[]
[]
[]
[]
[]
[]
[]
[]
[]
[]
[]
[]
[]
[]
[]
[]
[]
[]
[]
[]
[]
[]
[]
[]
[]
[]
[]
[]
[]
[]
[]
[]
[]
[]
[]
[]
[]
[]
[]
[]
[]
[]
[]
[]
[]
[]
[]
[]
[]
[]
[]
[]
[]
[]
[]
[]
[]
[]
[]
[]
[]
[]
[]
[]
[]
[]
[]
[]
[]
[]
[]
[]
[]
[]
[]
[]
[]
[]
[]
[]
[]
[]
[]
[]
[]
[]
[]
[]
[]
[]
[]
[]
[]
[]
[]
[]
[]
[]
[]
[]
[]
[]
[]
[]
[]
[]
[]
[]
[]
[]
[]
[]
[]
[]
[]
[]
[]
[]
[]
[]
[]
[]
[]
[]
[]
[]
[]
[]
[]
[]
[]
[]
[]
[]
[]
[]
[]
[]
[]
[]
[]
[]
[]
[]
[]
[]
[]
[]
[]
[]
[]
[]
[]
[]
[]
[]
[]
[]
[]
[]
[]
[]
[]
[]
[]
[]
[]
[]
[]
[]
[]
[]
[]
[]
[]
[]
[]
[]
[]
[]
[]
[]
[]
[]
[]
[]
[]
[]
[]
[]
[]
[]
[]
[]
[]
[]
[]
[]
[]
[]
[]
[]
[]
[]
[]
[]
[]
[]
[]
[]
[]
[]
[]
[]
[]
[]
[]
[]
[]
[]
[]
[]
[]
[]
[]
[]
[]
[]
[]
[]
[]
[]
[]
[]
[]
[]
[]
[]
[]
[]
[]
[]
[]
[]
[]
[]
[]
[]
[]
[]
[]
[]
[]
[]
[]
[]
[]
[]
[]
[]
[]
[]
[]
[]
[]
[]
[]
[]
[]
[]
[]
[]
[]
[]
[]
[]
[]
[]
[]
[]
[]
[]
[]
[]
[]
[]
[]
[]
[]
[]
[]
[]
[]
[]
[]
[]
[]
[]
[]
[]
[]
[]
[]
[]
[]
[]
[]
[]
[]
[]
[]
[]
[]
[]
[]
[]
[]
[]
[]
[]
[]
[]
[]
[]
[]
[]
[]
[]
[]
[]
[]
[]
[]
[]
[]
[]
[]
[]
[]
[]
[]
[]
[]
[]
[]
[]
[]
[]
[]
[]
[]
[]
[]
[]
[]
[]
[]
[]
[]
[]
[]
[]
[]
[]
[]
[]
[]
[]
[]
[]
[]
[]
[]
[]
[]
[]
[]
[]
[]
[]
[]
[]
[]
[]
[]
[]
[]
[]
[]
[]
[]
[]
[]
[]
[]
[]
[]
[]
[]
[]
[]
[]
[]
[]
[]
[]
[]
[]
[]
[]
[]
[]
[]
[]
[]
[]
[]
[]
[]
[]
[]
[]
[]
[]
[]
[]
[]
[]
[]
[]
[]
[]
[]
[]
[]
[]
[]
[]
[]
[]
[]
[]
[]
[]
[]
[]
[]
[]
[]
[]
[]
[]
[]
[]
[]
[]
[]
[]
[]
[]
[]
[]
[]
[]
[]
[]
[]
[]
[]
[]
[]
[]
[]
[]
[]
[]
[]
[]
[]
[]
[]
[]
[]
[]
[]
[]
[]
[]
[]
[]
[]
[]
[]
[]
[]
[]
[]
[]
[]
[]
[]
[]
[]
[]
[]
[]
[]
[]
[]
[]
[]
[]
[]
[]
[]
[]
[]
[]
[]
[]
[]
[]
[]
[]
[]
[]
[]
[]
[]
[]
[]
[]
[]
[]
[]
[]
[]
[]
[]
[]
[]
[]
[]
[]
[]
[]
[]
[]
[]
[]
[]
[]
[]
[]
[]
[]
[]
[]
[]
[]
[]
[]
[]
[]
[]
[]
[]
[]
[]
[]
[]
[]
[]
[]
[]
[]
[]
[]
[]
[]
[]
[]
[]
[]
[]
[]
[]
[]
[]
[]
[]
[]
[]
[]
[]
[]
[]
[]
[]
[]
[]
[]
[]
[]
[]
[]
[]
[]
[]
[]
[]
[]
[]
[]
[]
[]
[]
[]
[]
[]
[]
[]
[]
[]
[]
[]
[]
[]
[]
[]
[]
[]
[]
[]
[]
[]
[]
[]
[]
[]
[]
[]
[]
[]
[]
[]
[]
[]
[]
[]
[]
[]
[]
[]
[]
[]
[]
[]
[]
[]
[]
[]
[]
[]
[]
[]
[]
[]
[]
[]
[]
[]
[]
[]
[]
[]
[]
[]
[]
[]
[]
[]
[]
[]
[]
[]
[]
[]
[]
[]
[]
[]
[]
[]
[]
[]
[]
[]
[]
[]
[]
[]
[]
[]
[]
[]
[]
[]
[]
[]
[]
[]
[]
[]
[]
[]
[]
[]
[]
[]
[]
[]
[]
[]
[]
[]
[]
[]
[]
[]
[]
[]
[]
[]
[]
[]
[]
[]
[]
[]
[]
[]
[]
[]
[]
[]
[]
[]
[]
[]
[]
[]
[]
[]
[]
[]
[]
[]
[]
[]
[]
[]
[]
[]
[]
[]
[]
[]
[]
[]
[]
[]
[]
[]
[]
[]
[]
[]
[]
[]
[]
[]
[]
[]
[]
[]
[]
[]
[]
[]
[]
[]
[]
[]
[]
[]
[]
[]
[]
[]
[]
[]
[]
[]
[]
[]
[]
[]
[]
[]
[]
[]
[]
[]
[]
[]
[]
[]
[]
[]
[]
[]
[]
[]
[]
[]
[]
[]
[]
[]
[]
[]
[]
[]
[]
[]
[]
[]
[]
[]
[]
[]
[]
[]
[]
[]
[]
[]
[]
[]
[]
[]
[]
[]
[]
[]
[]
[]
[]
[]
[]
[]
[]
[]
[]
[]
[]
[]
[]
[]
[]
[]
[]
[]
[]
[]
[]
[]
[]
[]
[]
[]
[]
[]
[]
[]
[]
[]
[]
[]
[]
[]
[]
[]
[]
[]
[]
[]
[]
[]
[]
[]
[]
[]
[]
[]
[]
[]
[]
[]
[]
[]
[]
[]
[]
[]
[]
[]
[]
[]
[]
[]
[]
[]
[]
[]
[]
[]
[]
[]
[]
[]
[]
[]
[]
[]
[]
[]
[]
[]
[]
[]
[]
[]
[]
[]
[]
[]
[]
[]
[]
[]
[]
[]
[]
[]
[]
[]
[]
[]
[]
[]
[]
[]
[]
[]
[]
[]
[]
[]
[]
[]
[]
[]
[]
[]
[]
[]
[]
[]
[]
[]
[]
[]
[]
[]
[]
[]
[]
[]
[]
[]
[]
[]
[]
[]
[]
[]
[]
[]
[]
[]
[]
[]
[]
[]
[]
[]
[]
[]
[]
[]
[]
[]
[]
[]
[]
[]
[]
[]
[]
[]
[]
[]
[]
[]
[]
[]
[]
[]
[]
[]
[]
[]
[]
[]
[]
[]
[]
[]
[]
[]
[]
[]
[]
[]
[]
[]
[]
[]
[]
[]
[]
[]
[]
[]
[]
[]
[]
[]
[]
[]
[]
[]
[]
[]
[]
[]
[]
[]
[]
[]
[]
[]
[]
[]
[]
[]
[]
[]
[]
[]
[]
[]
[]
[]
[]
[]
[]
[]
[]
[]
[]
[]
[]
[]
[]
[]
[]
[]
[]
[]
[]
[]
[]
[]
[]
[]
[]
[]
[]
[]
[]
[]
[]
[]
[]
[]
[]
[]
[]
[]
[]
[]
[]
[]
[]
[]
[]
[]
[]
[]
[]
[]
[]
[]
[]
[]
[]
[]
[]
[]
[]
[]
[]
[]
[]
[]
[]
[]
[]
[]
[]
[]
[]
[]
[]
[]
[]
[]
[]
[]
[]
[]
[]
[]
[]
[]
[]
[]
[]
[]
[]
[]
[]
[]
[]
[]
[]
[]
[]
[]
[]
[]
[]
[]
[]
[]
[]
[]
[]
[]
[]
[]
[]
[]
[]
[]
[]
[]
[]
[]
[]
[]
[]
[]
[]
[]
[]
[]
[]
[]
[]
[]
[]
[]
[]
[]
[]
[]
[]
[]
[]
[]
[]
[]
[]
[]
[]
[]
[]
[]
[]
[]
[]
[]
[]
[]
[]
[]
[]
[]
[]
[]
[]
[]
[]
[]
[]
[]
[]
[]
[]
[]
[]
[]
[]
[]
[]
[]
[]
[]
[]
[]
[]
[]
[]
[]
[]
[]
[]
[]
[]
[]
[]
[]
[]
[]
[]
[]
[]
[]
[]
[]
[]
[]
[]
[]
[]
[]
[]
[]
[]
[]
[]
[]
[]
[]
[]
[]
[]
[]
[]
[]
[]
[]
[]
[]
[]
[]
[]
[]
[]
[]
[]
[]
[]
[]
[]
[]
[]
[]
[]
[]
[]
[]
[]
[]
[]
[]
[]
[]
[]
[]
[]
[]
[]
[]
[]
[]
[]
[]
[]
[]
[]
[]
[]
[]
[]
[]
[]
[]
[]
[]
[]
[]
[]
[]
[]
[]
[]
[]
[]
[]
[]
[]
[]
[]
[]
[]
[]
[]
[]
[]
[]
[]
[]
[]
[]
[]
[]
[]
[]
[]
[]
[]
[]
[]
[]
[]
[]
[]
[]
[]
[]
[]
[]
[]
[]
[]
[]
[]
[]
[]
[]
[]
[]
[]
[]
[]
[]
[]
[]
[]
[]
[]
[]
[]
[]
[]
[]
[]
[]
[]
[]
[]
[]
[]
[]
[]
[]
[]
[]
[]
[]
[]
[]
[]
[]
[]
[]
[]
[]
[]
[]
[]
[]
[]
[]
[]
[]
[]
[]
[]
[]
[]
[]
[]
[]
[]
[]
[]
[]
[]
[]
[]
[]
[]
[]
[]
[]
[]
[]
[]
[]
[]
[]
[]
[]
[]
[]
[]
[]
[]
[]
[]
[]
[]
[]
[]
[]
[]
[]
[]
[]
[]
[]
[]
[]
[]
[]
[]
[]
[]
[]
[]
[]
[]
[]
[]
[]
[]
[]
[]
[]
[]
[]
[]
[]
[]
[]
[]
[]
[]
[]
[]
[]
[]
[]
[]
[]
[]
[]
[]
[]
[]
[]
[]
[]
[]
[]
[]
[]
[]
[]
[]
[]
[]
[]
[]
[]
[]
[]
[]
[]
[]
[]
[]
[]
[]
[]
[]
[]
[]
[]
[]
[]
[]
[]
[]
[]
[]
[]
[]
[]
[]
[]
[]
[]
[]
[]
[]
[]
[]
[]
[]
[]
[]
[]
[]
[]
[]
[]
[]
[]
[]
[]
[]
[]
[]
[]
[]
[]
[]
[]
[]
[]
[]
[]
[]
[]
[]
[]
[]
[]
[]
[]
[]
[]
[]
[]
[]
[]
[]
[]
[]
[]
[]
[]
[]
[]
[]
[]
[]
[]
[]
[]
[]
[]
[]
[]
[]
[]
[]
[]
[]
[]
[]
[]
[]
[]
[]
[]
[]
[]
[]
[]
[]
[]
[]
[]
[]
[]
[]
[]
[]
[]
[]
[]
[]
[]
[]
[]
[]
[]
[]
[]
[]
[]
[]
[]
[]
[]
[]
[]
[]
[]
[]
[]
[]
[]
[]
[]
[]
[]
[]
[]
[]
[]
[]
[]
[]
[]
[]
[]
[]
[]
[]
[]
[]
[]
[]
[]
[]
[]
[]
[]
[]
[]
[]
[]
[]
[]
[]
[]
[]
[]
[]
[]
[]
[]
[]
[]
[]
[]
[]
[]
[]
[]
[]
[]
[]
[]
[]
[]
[]
[]
[]
[]
[]
[]
[]
[]
[]
[]
[]
[]
[]
[]
[]
[]
[]
[]
[]
[]
[]
[]
[]
[]
[]
[]
[]
[]
[]
[]
[]
[]
[]
[]
[]
[]
[]
[]
[]
[]
[]
[]
[]
[]
[]
[]
[]
[]
[]
[]
[]
[]
[]
[]
[]
[]
[]
[]
[]
[]
[]
[]
[]
[]
[]
[]
[]
[]
[]
[]
[]
[]
[]
[]
[]
[]
[]
[]
[]
[]
[]
[]
[]
[]
[]
[]
[]
[]
[]
[]
[]
[]
[]
[]
[]
[]
[]
[]
[]
[]
[]
[]
[]
[]
[]
[]
[]
[]
[]
[]
[]
[]
[]
[]
[]
[]
[]
[]
[]
[]
[]
[]
[]
[]
[]
[]
[]
[]
[]
[]
[]
[]
[]
[]
[]
[]
[]
[]
[]
[]
[]
[]
[]
[]
[]
[]
[]
[]
[]
[]
[]
[]
[]
[]
[]
[]
[]
[]
[]
[]
[]
[]
[]
[]
[]
[]
[]
[]
[]
[]
[]
[]
[]
[]
[]
[]
[]
[]
[]
[]
[]
[]
[]
[]
[]
[]
[]
[]
[]
[]
[]
[]
[]
[]
[]
[]
[]
[]
[]
[]
[]
[]
[]
[]
[]
[]
[]
[]
[]
[]
[]
[]
[]
[]
[]
[]
[]
[]
[]
[]
[]
[]
[]
[]
[]
[]
[]
[]
[]
[]
[]
[]
[]
[]
[]
[]
[]
[]
[]
[]
[]
[]
[]
[]
[]
[]
[]
[]
[]
[]
[]
[]
[]
[]
[]
[]
[]
[]
[]
[]
[]
[]
[]
[]
[]
[]
[]
[]
[]
[]
[]
[]
[]
[]
[]
[]
[]
[]
[]
[]
[]
[]
[]
[]
[]
[]
[]
[]
[]
[]
[]
[]
[]
[]
[]
[]
[]
[]
[]
[]
[]
[]
[]
[]
[]
[]
[]
[]
[]
[]
[]
[]
[]
[]
[]
[]
[]
[]
[]
[]
[]
[]
[]
[]
[]
[]
[]
[]
[]
[]
[]
[]
[]
[]
[]
[]
[]
[]
[]
[]
[]
[]
[]
[]
[]
[]
[]
[]
[]
[]
[]
[]
[]
[]
[]
[]
[]
[]
[]
[]
[]
[]
[]
[]
[]
[]
[]
[]
[]
[]
[]
[]
[]
[]
[]
[]
[]
[]
[]
[]
[]
[]
[]
[]
[]
[]
[]
[]
[]
[]
[]
[]
[]
[]
[]
[]
[]
[]
[]
[]
[]
[]
[]
[]
[]
[]
[]
[]
[]
[]
[]
[]
[]
[]
[]
[]
[]
[]
[]
[]
[]
[]
[]
[]
[]
[]
[]
[]
[]
[]
[]
[]
[]
[]
[]
[]
[]
[]
[]
[]
[]
[]
[]
[]
[]
[]
[]
[]
[]
[]
[]
[]
[]
[]
[]
[]
[]
[]
[]
[]
[]
[]
[]
[]
[]
[]
[]
[]
[]
[]
[]
[]
[]
[]
[]
[]
[]
[]
[]
[]
[]
[]
[]
[]
[]
[]
[]
[]
[]
[]
[]
[]
[]
[]
[]
[]
[]
[]
[]
[]
[]
[]
[]
[]
[]
[]
[]
[]
[]
[]
[]
[]
[]
[]
[]
[]
[]
[]
[]
[]
[]
[]
[]
[]
[]
[]
[]
[]
[]
[]
[]
[]
[]
[]
[]
[]
[]
[]
[]
[]
[]
[]
[]
[]
[]
[]
[]
[]
[]
[]
[]
[]
[]
[]
[]
[]
[]
[]
[]
[]
[]
[]
[]
[]
[]
[]
[]
[]
[]
[]
[]
[]
[]
[]
[]
[]
[]
[]
[]
[]
[]
[]
[]
[]
[]
[]
[]
[]
[]
[]
[]
[]
[]
[]
[]
[]
[]
[]
[]
[]
[]
[]
[]
[]
[]
[]
[]
[]
[]
[]
[]
[]
[]
[]
[]
[]
[]
[]
[]
[]
[]
[]
[]
[]
[]
[]
[]
[]
[]
[]
[]
[]
[]
[]
[]
[]
[]
[]
[]
[]
[]
[]
[]
[]
[]
[]
[]
[]
[]
[]
[]
[]
[]
[]
[]
[]
[]
[]
[]
[]
[]
[]
[]
[]
[]
[]
[]
[]
[]
[]
[]
[]
[]
[]
[]
[]
[]
[]
[]
[]
[]
[]
[]
[]
[]
[]
[]
[]
[]
[]
[]
[]
[]
[]
[]
[]
[]
[]
[]
[]
[]
[]
[]
[]
[]
[]
[]
[]
[]
[]
[]
[]
[]
[]
[]
[]
[]
[]
[]
[]
[]
[]
[]
[]
[]
[]
[]
[]
[]
[]
[]
[]
[]
[]
[]
[]
[]
[]
[]
[]
[]
[]
[]
[]
[]
[]
[]
[]
[]
[]
[]
[]
[]
[]
[]
[]
[]
[]
[]
[]
[]
[]
[]
[]
[]
[]
[]
[]
[]
[]
[]
[]
[]
[]
[]
[]
[]
[]
[]
[]
[]
[]
[]
[]
[]
[]
[]
[]
[]
[]
[]
[]
[]
[]
[]
[]
[]
[]
[]
[]
[]
[]
[]
[]
[]
[]
[]
[]
[]
[]
[]
[]
[]
[]
[]
[]
[]
[]
[]
[]
[]
[]
[]
[]
[]
[]
[]
[]
[]
[]
[]
[]
[]
[]
[]
[]
[]
[]
[]
[]
[]
[]
[]
[]
[]
[]
[]
[]
[]
[]
[]
[]
[]
[]
[]
[]
[]
[]
[]
[]
[]
[]
[]
[]
[]
[]
[]
[]
[]
[]
[]
[]
[]
[]
[]
[]
[]
[]
[]
[]
[]
[]
[]
[]
[]
[]
[]
[]
[]
[]
[]
[]
[]
[]
[]
[]
[]
[]
[]
[]
[]
[]
[]
[]
[]
[]
[]
[]
[]
[]
[]
[]
[]
[]
[]
[]
[]
[]
[]
[]
[]
[]
[]
[]
[]
[]
[]
[]
[]
[]
[]
[]
[]
[]
[]
[]
[]
[]
[]
[]
[]
[]
[]
[]
[]
[]
[]
[]
[]
[]
[]
[]
[]
[]
[]
[]
[]
[]
[]
[]
[]
[]
[]
[]
[]
[]
[]
[]
[]
[]
[]
[]
[]
[]
[]
[]
[]
[]
[]
[]
[]
[]
[]
[]
[]
[]
[]
[]
[]
[]
[]
[]
[]
[]
[]
[]
[]
[]
[]
[]
[]
[]
[]
[]
[]
[]
[]
[]
[]
[]
[]
[]
[]
[]
[]
[]
[]
[]
[]
[]
[]
[]
[]
[]
[]
[]
[]
[]
[]
[]
[]
[]
[]
[]
[]
[]
[]
[]
[]
[]
[]
[]
[]
[]
[]
[]
[]
[]
[]
[]
[]
[]
[]
[]
[]
[]
[]
[]
[]
[]
[]
[]
[]
[]
[]
[]
[]
[]
[]
[]
[]
[]
[]
[]
[]
[]
[]
[]
[]
[]
[]
[]
[]
[]
[]
[]
[]
[]
[]
[]
[]
[]
[]
[]
[]
[]
[]
[]
[]
[]
[]
[]
[]
[]
[]
[]
[]
[]
[]
[]
[]
[]
[]
[]
[]
[]
[]
[]
[]
[]
[]
[]
[]
[]
[]
[]
[]
[]
[]
[]
[]
[]
[]
[]
[]
[]
[]
[]
[]
[]
[]
[]
[]
[]
[]
[]
[]
[]
[]
[]
[]
[]
[]
[]
[]
[]
[]
[]
[]
[]
[]
[]
[]
[]
[]
[]
[]
[]
[]
[]
[]
[]
[]
[]
[]
[]
[]
[]
[]
[]
[]
[]
[]
[]
[]
[]
[]
[]
[]
[]
[]
[]
[]
[]
[]
[]
[]
[]
[]
[]
[]
[]
[]
[]
[]
[]
[]
[]
[]
[]
[]
[]
[]
[]
[]
[]
[]
[]
[]
[]
[]
[]
[]
[]
[]
[]
[]
[]
[]
[]
[]
[]
[]
[]
[]
[]
[]
[]
[]
[]
[]
[]
[]
[]
[]
[]
[]
[]
[]
[]
[]
[]
[]
[]
[]
[]
[]
[]
[]
[]
[]
[]
[]
[]
[]
[]
[]
[]
[]
[]
[]
[]
[]
[]
[]
[]
[]
[]
[]
[]
[]
[]
[]
[]
[]
[]
[]
[]
[]
[]
[]
[]
[]
[]
[]
[]
[]
[]
[]
[]
[]
[]
[]
[]
[]
[]
[]
[]
[]
[]
[]
[]
[]
[]
[]
[]
[]
[]
[]
[]
[]
[]
[]
[]
[]
[]
[]
[]
[]
[]
[]
[]
[]
[]
[]
[]
[]
[]
[]
[]
[]
[]
[]
[]
[]
[]
[]
[]
[]
[]
[]
[]
[]
[]
[]
[]
[]
[]
[]
[]
[]
[]
[]
[]
[]
[]
[]
[]
[]
[]
[]
[]
[]
[]
[]
[]
[]
[]
[]
[]
[]
[]
[]
[]
[]
[]
[]
[]
[]
[]
[]
[]
[]
[]
[]
[]
[]
[]
[]
[]
[]
[]
[]
[]
[]
[]
[]
[]
[]
[]
[]
[]
[]
[]
[]
[]
[]
[]
[]
[]
[]
[]
[]
[]
[]
[]
[]
[]
[]
[]
[]
[]
[]
[]
[]
[]
[]
[]
[]
[]
[]
[]
[]
[]
[]
[]
[]
[]
[]
[]
[]
[]
[]
[]
[]
[]
[]
[]
[]
[]
[]
[]
[]
[]
[]
[]
[]
[]
[]
[]
[]
[]
[]
[]
[]
[]
[]
[]
[]
[]
[]
[]
[]
[]
[]
[]
[]
[]
[]
[]
[]
[]
[]
[]
[]
[]
[]
[]
[]
[]
[]
[]
[]
[]
[]
[]
[]
[]
[]
[]
[]
[]
[]
[]
[]
[]
[]
[]
[]
[]
[]
[]
[]
[]
[]
[]
[]
[]
[]
[]
[]
[]
[]
[]
[]
[]
[]
[]
[]
[]
[]
[]
[]
[]
[]
[]
[]
[]
[]
[]
[]
[]
[]
[]
[]
[]
[]
[]
[]
[]
[]
[]
[]
[]
[]
[]
[]
[]
[]
[]
[]
[]
[]
[]
[]
[]
[]
[]
[]
[]
[]
[]
[]
[]
[]
[]
[]
[]
[]
[]
[]
[]
[]
[]
[]
[]
[]
[]
[]
[]
[]
[]
[]
[]
[]
[]
[]
[]
[]
[]
[]
[]
[]
[]
[]
[]
[]
[]
[]
[]
[]
[]
[]
[]
[]
[]
[]
[]
[]
[]
[]
[]
[]
[]
[]
[]
[]
[]
[]
[]
[]
[]
[]
[]
[]
[]
[]
[]
[]
[]
[]
[]
[]
[]
[]
[]
[]
[]
[]
[]
[]
[]
[]
[]
[]
[]
[]
[]
[]
[]
[]
[]
[]
[]
[]
[]
[]
[]
[]
[]
[]
[]
[]
[]
[]
[]
[]
[]
[]
[]
[]
[]
[]
[]
[]
[]
[]
[]
[]
[]
[]
[]
[]
[]
[]
[]
[]
[]
[]
[]
[]
[]
[]
[]
[]
[]
[]
[]
[]
[]
[]
[]
[]
[]
[]
[]
[]
[]
[]
[]
[]
[]
[]
[]
[]
[]
[]
[]
[]
[]
[]
[]
[]
[]
[]
[]
[]
[]
[]
[]
[]
[]
[]
[]
[]
[]
[]
[]
[]
[]
[]
[]
[]
[]
[]
[]
[]
[]
[]
[]
[]
[]
[]
[]
[]
[]
[]
[]
[]
[]
[]
[]
[]
[]
[]
[]
[]
[]
[]
[]
[]
[]
[]
[]
[]
[]
[]
[]
[]
[]
[]
[]
[]
[]
[]
[]
[]
[]
[]
[]
[]
[]
[]
[]
[]
[]
[]
[]
[]
[]
[]
[]
[]
[]
[]
[]
[]
[]
[]
[]
[]
[]
[]
[]
[]
[]
[]
[]
[]
[]
[]
[]
[]
[]
[]
[]
[]
[]
[]
[]
[]
[]
[]
[]
[]
[]
[]
[]
[]
[]
[]
[]
[]
[]
[]
[]
[]
[]
[]
[]
[]
[]
[]
[]
[]
[]
[]
[]
[]
[]
[]
[]
[]
[]
[]
[]
[]
[]
[]
[]
[]
[]
[]
[]
[]
[]
[]
[]
[]
[]
[]
[]
[]
[]
[]
[]
[]
[]
[]
[]
[]
[]
[]
[]
[]
[]
[]
[]
[]
[]
[]
[]
[]
[]
[]
[]
[]
[]
[]
[]
[]
[]
[]
[]
[]
[]
[]
[]
[]
[]
[]
[]
[]
[]
[]
[]
[]
[]
[]
[]
[]
[]
[]
[]
[]
[]
[]
[]
[]
[]
[]
[]
[]
[]
[]
[]
[]
[]
[]
[]
[]
[]
[]
[]
[]
[]
[]
[]
[]
[]
[]
[]
[]
[]
[]
[]
[]
[]
[]
[]
[]
[]
[]
[]
[]
[]
[]
[]
[]
[]
[]
[]
[]
[]
[]
[]
[]
[]
[]
[]
[]
[]
[]
[]
[]
[]
[]
[]
[]
[]
[]
[]
[]
[]
[]
[]
[]
[]
[]
[]
[]
[]
[]
[]
[]
[]
[]
[]
[]
[]
[]
[]
[]
[]
[]
[]
[]
[]
[]
[]
[]
[]
[]
[]
[]
[]
[]
[]
[]
[]
[]
[]
[]
[]
[]
[]
[]
[]
[]
[]
[]
[]
[]
[]
[]
[]
[]
[]
[]
[]
[]
[]
[]
[]
[]
[]
[]
[]
[]
[]
[]
[]
[]
[]
[]
[]
[]
[]
[]
[]
[]
[]
[]
[]
[]
[]
[]
[]
[]
[]
[]
[]
[]
[]
[]
[]
[]
[]
[]
[]
[]
[]
[]
[]
[]
[]
[]
[]
[]
[]
[]
[]
[]
[]
[]
[]
[]
[]
[]
[]
[]
[]
[]
[]
[]
[]
[]
[]
[]
[]
[]
[]
[]
[]
[]
[]
[]
[]
[]
[]
[]
[]
[]
[]
[]
[]
[]
[]
[]
[]
[]
[]
[]
[]
[]
[]
[]
[]
[]
[]
[]
[]
[]
[]
[]
[]
[]
[]
[]
[]
[]
[]
[]
[]
[]
[]
[]
[]
[]
[]
[]
[]
[]
[]
[]
[]
[]
[]
[]
[]
[]
[]
[]
[]
[]
[]
[]
[]
[]
[]
[]
[]
[]
[]
[]
[]
[]
[]
[]
[]
[]
[]
[]
[]
[]
[]
[]
[]
[]
[]
[]
[]
[]
[]
[]
[]
[]
[]
[]
[]
[]
[]
[]
[]
[]
[]
[]
[]
[]
[]
[]
[]
[]
[]
[]
[]
[]
[]
[]
[]
[]
[]
[]
[]
[]
[]
[]
[]
[]
[]
[]
[]
[]
[]
[]
[]
[]
[]
[]
[]
[]
[]
[]
[]
[]
[]
[]
[]
[]
[]
[]
[]
[]
[]
[]
[]
[]
[]
[]
[]
[]
[]
[]
[]
[]
[]
[]
[]
[]
[]
[]
[]
[]
[]
[]
[]
[]
[]
[]
[]
[]
[]
[]
[]
[]
[]
[]
[]
[]
[]
[]
[]
[]
[]
[]
[]
[]
[]
[]
[]
[]
[]
[]
[]
[]
[]
[]
[]
[]
[]
[]
[]
[]
[]
[]
[]
[]
[]
[]
[]
[]
[]
[]
[]
[]
[]
[]
[]
[]
[]
[]
[]
[]
[]
[]
[]
[]
[]
[]
[]
[]
[]
[]
[]
[]
[]
[]
[]
[]
[]
[]
[]
[]
[]
[]
[]
[]
[]
[]
[]
[]
[]
[]
[]
[]
[]
[]
[]
[]
[]
[]
[]
[]
[]
[]
[]
[]
[]
[]
[]
[]
[]
[]
[]
[]
[]
[]
[]
[]
[]
[]
[]
[]
[]
[]
[]
[]
[]
[]
[]
[]
[]
[]
[]
[]
[]
[]
[]
[]
[]
[]
[]
[]
[]
[]
[]
[]
[]
[]
[]
[]
[]
[]
[]
[]
[]
[]
[]
[]
[]
[]
[]
[]
[]
[]
[]
[]
[]
[]
[]
[]
[]
[]
[]
[]
[]
[]
[]
[]
[]
[]
[]
[]
[]
[]
[]
[]
[]
[]
[]
[]
[]
[]
[]
[]
[]
[]
[]
[]
[]
[]
[]
[]
[]
[]
[]
[]
[]
[]
[]
[]
[]
[]
[]
[]
[]
[]
[]
[]
[]
[]
[]
[]
[]
[]
[]
[]
[]
[]
[]
[]
[]
[]
[]
[]
[]
[]
[]
[]
[]
[]
[]
[]
[]
[]
[]
[]
[]
[]
[]
[]
[]
[]
[]
[]
[]
[]
[]
[]
[]
[]
[]
[]
[]
[]
[]
[]
[]
[]
[]
[]
[]
[]
[]
[]
[]
[]
[]
[]
[]
[]
[]
[]
[]
[]
[]
[]
[]
[]
[]
[]
[]
[]
[]
[]
[]
[]
[]
[]
[]
[]
[]
[]
[]
[]
[]
[]
[]
[]
[]
[]
[]
[]
[]
[]
[]
[]
[]
[]
[]
[]
[]
[]
[]
[]
[]
[]
[]
[]
[]
[]
[]
[]
[]
[]
[]
[]
[]
[]
[]
[]
[]
[]
[]
[]
[]
[]
[]
[]
[]
[]
[]
[]
[]
[]
[]
[]
[]
[]
[]
[]
[]
[]
[]
[]
[]
[]
[]
[]
[]
[]
[]
[]
[]
[]
[]
[]
[]
[]
[]
[]
[]
[]
[]
[]
[]
[]
[]
[]
[]
[]
[]
[]
[]
[]
[]
[]
[]
[]
[]
[]
[]
[]
[]
[]
[]
[]
[]
[]
[]
[]
[]
[]
[]
[]
[]
[]
[]
[]
[]
[]
[]
[]
[]
[]
[]
[]
[]
[]
[]
[]
[]
[]
[]
[]
[]
[]
[]
[]
[]
[]
[]
[]
[]
[]
[]
[]
[]
[]
[]
[]
[]
[]
[]
[]
[]
[]
[]
[]
[]
[]
[]
[]
[]
[]
[]
[]
[]
[]
[]
[]
[]
[]
[]
[]
[]
[]
[]
[]
[]
[]
[]
[]
[]
[]
[]
[]
[]
[]
[]
[]
[]
[]
[]
[]
[]
[]
[]
[]
[]
[]
[]
[]
[]
[]
[]
[]
[]
[]
[]
[]
[]
[]
[]
[]
[]
[]
[]
[]
[]
[]
[]
[]
[]
[]
[]
[]
[]
[]
[]
[]
[]
[]
[]
[]
[]
[]
[]
[]
[]
[]
[]
[]
[]
[]
[]
[]
[]
[]
[]
[]
[]
[]
[]
[]
[]
[]
[]
[]
[]
[]
[]
[]
[]
[]
[]
[]
[]
[]
[]
[]
[]
[]
[]
[]
[]
[]
[]
[]
[]
[]
[]
[]
[]
[]
[]
[]
[]
[]
[]
[]
[]
[]
[]
[]
[]
[]
[]
[]
[]
[]
[]
[]
[]
[]
[]
[]
[]
[]
[]
[]
[]
[]
[]
[]
[]
[]
[]
[]
[]
[]
[]
[]
[]
[]
[]
[]
[]
[]
[]
[]
[]
[]
[]
[]
[]
[]
[]
[]
[]
[]
[]
[]
[]
[]
[]
[]
[]
[]
[]
[]
[]
[]
[]
[]
[]
[]
[]
[]
[]
[]
[]
[]
[]
[]
[]
[]
[]
[]
[]
[]
[]
[]
[]
[]
[]
[]
[]
[]
[]
[]
[]
[]
[]
[]
[]
[]
[]
[]
[]
[]
[]
[]
[]
[]
[]
[]
[]
[]
[]
[]
[]
[]
[]
[]
[]
[]
[]
[]
[]
[]
[]
[]
[]
[]
[]
[]
[]
[]
[]
[]
[]
[]
[]
[]
[]
[]
[]
[]
[]
[]
[]
[]
[]
[]
[]
[]
[]
[]
[]
[]
[]
[]
[]
[]
[]
[]
[]
[]
[]
[]
[]
[]
[]
[]
[]
[]
[]
[]
[]
[]
[]
[]
[]
[]
[]
[]
[]
[]
[]
[]
[]
[]
[]
[]
[]
[]
[]
[]
[]
[]
[]
[]
[]
[]
[]
[]
[]
[]
[]
[]
[]
[]
[]
[]
[]
[]
[]
[]
[]
[]
[]
[]
[]
[]
[]
[]
[]
[]
[]
[]
[]
[]
[]
[]
[]
[]
[]
[]
[]
[]
[]
[]
[]
[]
[]
[]
[]
[]
[]
[]
[]
[]
[]
[]
[]
[]
[]
[]
[]
[]
[]
[]
[]
[]
[]
[]
[]
[]
[]
[]
[]
[]
[]
[]
[]
[]
[]
[]
[]
[]
[]
[]
[]
[]
[]
[]
[]
[]
[]
[]
[]
[]
[]
[]
[]
[]
[]
[]
[]
[]
[]
[]
[]
[]
[]
[]
[]
[]
[]
[]
[]
[]
[]
[]
[]
[]
[]
[]
[]
[]
[]
[]
[]
[]
[]
[]
[]
[]
[]
[]
[]
[]
[]
[]
[]
[]
[]
[]
[]
[]
[]
[]
[]
[]
[]
[]
[]
[]
[]
[]
[]
[]
[]
[]
[]
[]
[]
[]
[]
[]
[]
[]
[]
[]
[]
[]
[]
[]
[]
[]
[]
[]
[]
[]
[]
[]
[]
[]
[]
[]
[]
[]
[]
[]
[]
[]
[]
[]
[]
[]
[]
[]
[]
[]
[]
[]
[]
[]
[]
[]
[]
[]
[]
[]
[]
[]
[]
[]
[]
[]
[]
[]
[]
[]
[]
[]
[]
[]
[]
[]
[]
[]
[]
[]
[]
[]
[]
[]
[]
[]
[]
[]
[]
[]
[]
[]
[]
[]
[]
[]
[]
[]
[]
[]
[]
[]
[]
[]
[]
[]
[]
[]
[]
[]
[]
[]
[]
[]
[]
[]
[]
[]
[]
[]
[]
[]
[]
[]
[]
[]
[]
[]
[]
[]
[]
[]
[]
[]
[]
[]
[]
[]
[]
[]
[]
[]
[]
[]
[]
[]
[]
[]
[]
[]
[]
[]
[]
[]
[]
[]
[]
[]
[]
[]
[]
[]
[]
[]
[]
[]
[]
[]
[]
[]
[]
[]
[]
[]
[]
[]
[]
[]
[]
[]
[]
[]
[]
[]
[]
[]
[]
[]
[]
[]
[]
[]
[]
[]
[]
[]
[]
[]
[]
[]
[]
[]
[]
[]
[]
[]
[]
[]
[]
[]
[]
[]
[]
[]
[]
[]
[]
[]
[]
[]
[]
[]
[]
[]
[]
[]
[]
[]
[]
[]
[]
[]
[]
[]
[]
[]
[]
[]
[]
[]
[]
[]
[]
[]
[]
[]
[]
[]
[]
[]
[]
[]
[]
[]
[]
[]
[]
[]
[]
[]
[]
[]
[]
[]
[]
[]
[]
[]
[]
[]
[]
[]
[]
[]
[]
[]
[]
[]
[]
[]
[]
[]
[]
[]
[]
[]
[]
[]
[]
[]
[]
[]
[]
[]
[]
[]
[]
[]
[]
[]
[]
[]
[]
[]
[]
[]
[]
[]
[]
[]
[]
[]
[]
[]
[]
[]
[]
[]
[]
[]
[]
[]
[]
[]
[]
[]
[]
[]
[]
[]
[]
[]
[]
[]
[]
[]
[]
[]
[]
[]
[]
[]
[]
[]
[]
[]
[]
[]
[]
[]
[]
[]
[]
[]
[]
[]
[]
[]
[]
[]
[]
[]
[]
[]
[]
[]
[]
[]
[]
[]
[]
[]
[]
[]
[]
[]
[]
[]
[]
[]
[]
[]
[]
[]
[]
[]
[]
[]
[]
[]
[]
[]
[]
[]
[]
[]
[]
[]
[]
[]
[]
[]
[]
[]
[]
[]
[]
[]
[]
[]
[]
[]
[]
[]
[]
[]
[]
[]
[]
[]
[]
[]
[]
[]
[]
[]
[]
[]
[]
[]
[]
[]
[]
[]
[]
[]
[]
[]
[]
[]
[]
[]
[]
[]
[]
[]
[]
[]
[]
[]
[]
[]
[]
[]
[]
[]
[]
[]
[]
[]
[]
[]
[]
[]
[]
[]
[]
[]
[]
[]
[]
[]
[]
[]
[]
[]
[]
[]
[]
[]
[]
[]
[]
[]
[]
[]
[]
[]
[]
[]
[]
[]
[]
[]
[]
[]
[]
[]
[]
[]
[]
[]
[]
[]
[]
[]
[]
[]
[]
[]
[]
[]
[]
[]
[]
[]
[]
[]
[]
[]
[]
[]
[]
[]
[]
[]
[]
[]
[]
[]
[]
[]
[]
[]
[]
[]
[]
[]
[]
[]
[]
[]
[]
[]
[]
[]
[]
[]
[]
[]
[]
[]
[]
[]
[]
[]
[]
[]
[]
[]
[]
[]
[]
[]
[]
[]
[]
[]
[]
[]
[]
[]
[]
[]
[]
[]
[]
[]
[]
[]
[]
[]
[]
[]
[]
[]
[]
[]
[]
[]
[]
[]
[]
[]
[]
[]
[]
[]
[]
[]
[]
[]
[]
[]
[]
[]
[]
[]
[]
[]
[]
[]
[]
[]
[]
[]
[]
[]
[]
[]
[]
[]
[]
[]
[]
[]
[]
[]
[]
[]
[]
[]
[]
[]
[]
[]
[]
[]
[]
[]
[]
[]
[]
[]
[]
[]
[]
[]
[]
[]
[]
[]
[]
[]
[]
[]
[]
[]
[]
[]
[]
[]
[]
[]
[]
[]
[]
[]
[]
[]
[]
[]
[]
[]
[]
[]
[]
[]
[]
[]
[]
[]
[]
[]
[]
[]
[]
[]
[]
[]
[]
[]
[]
[]
[]
[]
[]
[]
[]
[]
[]
[]
[]
[]
[]
[]
[]
[]
[]
[]
[]
[]
[]
[]
[]
[]
[]
[]
[]
[]
[]
[]
[]
[]
[]
[]
[]
[]
[]
[]
[]
[]
[]
[]
[]
[]
[]
[]
[]
[]
[]
[]
[]
[]
[]
[]
[]
[]
[]
[]
[]
[]
[]
[]
[]
[]
[]
[]
[]
[]
[]
[]
[]
[]
[]
[]
[]
[]
[]
[]
[]
[]
[]
[]
[]
[]
[]
[]
[]
[]
[]
[]
[]
[]
[]
[]
[]
[]
[]
[]
[]
[]
[]
[]
[]
[]
[]
[]
[]
[]
[]
[]
[]
[]
[]
[]
[]
[]
[]
[]
[]
[]
[]
[]
[]
[]
[]
[]
[]
[]
[]
[]
[]
[]
[]
[]
[]
[]
[]
[]
[]
[]
[]
[]
[]
[]
[]
[]
[]
[]
[]
[]
[]
[]
[]
[]
[]
[]
[]
[]
[]
[]
[]
[]
[]
[]
[]
[]
[]
[]
[]
[]
[]
[]
[]
[]
[]
[]
[]
[]
[]
[]
[]
[]
[]
[]
[]
[]
[]
[]
[]
[]
[]
[]
[]
[]
[]
[]
[]
[]
[]
[]
[]
[]
[]
[]
[]
[]
[]
[]
[]
[]
[]
[]
[]
[]
[]
[]
[]
[]
[]
[]
[]
[]
[]
[]
[]
[]
[]
[]
[]
[]
[]
[]
[]
[]
[]
[]
[]
[]
[]
[]
[]
[]
[]
[]
[]
[]
[]
[]
[]
[]
[]
[]
[]
[]
[]
[]
[]
[]
[]
[]
[]
[]
[]
[]
[]
[]
[]
[]
[]
[]
[]
[]
[]
[]
[]
[]
[]
[]
[]
[]
[]
[]
[]
[]
[]
[]
[]
[]
[]
[]
[]
[]
[]
[]
[]
[]
[]
[]
[]
[]
[]
[]
[]
[]
[]
[]
[]
[]
[]
[]
[]
[]
[]
[]
[]
[]
[]
[]
[]
[]
[]
[]
[]
[]
[]
[]
[]
[]
[]
[]
[]
[]
[]
[]
[]
[]
[]
[]
[]
[]
[]
[]
[]
[]
[]
[]
[]
[]
[]
[]
[]
[]
[]
[]
[]
[]
[]
[]
[]
[]
[]
[]
[]
[]
[]
[]
[]
[]
[]
[]
[]
[]
[]
[]
[]
[]
[]
[]
[]
[]
[]
[]
[]
[]
[]
[]
[]
[]
[]
[]
[]
[]
[]
[]
[]
[]
[]
[]
[]
[]
[]
[]
[]
[]
[]
[]
[]
[]
[]
[]
[]
[]
[]
[]
[]
[]
[]
[]
[]
[]
[]
[]
[]
[]
[]
[]
[]
[]
[]
[]
[]
[]
[]
[]
[]
[]
[]
[]
[]
[]
[]
[]
[]
[]
[]
[]
[]
[]
[]
[]
[]
[]
[]
[]
[]
[]
[]
[]
[]
[]
[]
[]
[]
[]
[]
[]
[]
[]
[]
[]
[]
[]
[]
[]
[]
[]
[]
[]
[]
[]
[]
[]
[]
[]
[]
[]
[]
[]
[]
[]
[]
[]
[]
[]
[]
[]
[]
[]
[]
[]
[]
[]
[]
[]
[]
[]
[]
[]
[]
[]
[]
[]
[]
[]
[]
[]
[]
[]
[]
[]
[]
[]
[]
[]
[]
[]
[]
[]
[]
[]
[]
[]
[]
[]
[]
[]
[]
[]
[]
[]
[]
[]
[]
[]
[]
[]
[]
[]
[]
[]
[]
[]
[]
[]
[]
[]
[]
[]
[]
[]
[]
[]
[]
[]
[]
[]
[]
[]
[]
[]
[]
[]
[]
[]
[]
[]
[]
[]
[]
[]
[]
[]
[]
[]
[]
[]
[]
[]
[]
[]
[]
[]
[]
[]
[]
[]
[]
[]
[]
[]
[]
[]
[]
[]
[]
[]
[]
[]
[]
[]
[]
[]
[]
[]
[]
[]
[]
[]
[]
[]
[]
[]
[]
[]
[]
[]
[]
[]
[]
[]
[]
[]
[]
[]
[]
[]
[]
[]
[]
[]
[]
[]
[]
[]
[]
[]
[]
[]
[]
[]
[]
[]
[]
[]
[]
[]
[]
[]
[]
[]
[]
[]
[]
[]
[]
[]
[]
[]
[]
[]
[]
[]
[]
[]
[]
[]
[]
[]
[]
[]
[]
[]
[]
[]
[]
[]
[]
[]
[]
[]
[]
[]
[]
[]
[]
[]
[]
[]
[]
[]
[]
[]
[]
[]
[]
[]
[]
[]
[]
[]
[]
[]
[]
[]
[]
[]
[]
[]
[]
[]
[]
[]
[]
[]
[]
[]
[]
[]
[]
[]
[]
[]
[]
[]
[]
[]
[]
[]
[]
[]
[]
[]
[]
[]
[]
[]
[]
[]
[]
[]
[]
[]
[]
[]
[]
[]
[]
[]
[]
[]
[]
[]
[]
[]
[]
[]
[]
[]
[]
[]
[]
[]
[]
[]
[]
[]
[]
[]
[]
[]
[]
[]
[]
[]
[]
[]
[]
[]
[]
[]
[]
[]
[]
[]
[]
[]
[]
[]
[]
[]
[]
[]
[]
[]
[]
[]
[]
[]
[]
[]
[]
[]
[]
[]
[]
[]
[]
[]
[]
[]
[]
[]
[]
[]
[]
[]
[]
[]
[]
[]
[]
[]
[]
[]
[]
[]
[]
[]
[]
[]
[]
[]
[]
[]
[]
[]
[]
[]
[]
[]
[]
[]
[]
[]
[]
[]
[]
[]
[]
[]
[]
[]
[]
[]
[]
[]
[]
[]
[]
[]
[]
[]
[]
[]
[]
[]
[]
[]
[]
[]
[]
[]
[]
[]
[]
[]
[]
[]
[]
[]
[]
[]
[]
[]
[]
[]
[]
[]
[]
[]
[]
[]
[]
[]
[]
[]
[]
[]
[]
[]
[]
[]
[]
[]
[]
[]
[]
[]
[]
[]
[]
[]
[]
[]
[]
[]
[]
[]
[]
[]
[]
[]
[]
[]
[]
[]
[]
[]
[]
[]
[]
[]
[]
[]
[]
[]
[]
[]
[]
[]
[]
[]
[]
[]
[]
[]
[]
[]
[]
[]
[]
[]
[]
[]
[]
[]
[]
[]
[]
[]
[]
[]
[]
[]
[]
[]
[]
[]
[]
[]
[]
[]
[]
[]
[]
[]
[]
[]
[]
[]
[]
[]
[]
[]
[]
[]
[]
[]
[]
[]
[]
[]
[]
[]
[]
[]
[]
[]
[]
[]
[]
[]
[]
[]
[]
[]
[]
[]
[]
[]
[]
[]
[]
[]
[]
[]
[]
[]
[]
[]
[]
[]
[]
[]
[]
[]
[]
[]
[]
[]
[]
[]
[]
[]
[]
[]
[]
[]
[]
[]
[]
[]
[]
[]
[]
[]
[]
[]
[]
[]
[]
[]
[]
[]
[]
[]
[]
[]
[]
[]
[]
[]
[]
[]
[]
[]
[]
[]
[]
[]
[]
[]
[]
[]
[]
[]
[]
[]
[]
[]
[]
[]
[]
[]
[]
[]
[]
[]
[]
[]
[]
[]
[]
[]
[]
[]
[]
[]
[]
[]
[]
[]
[]
[]
[]
[]
[]
[]
[]
[]
[]
[]
[]
[]
[]
[]
[]
[]
[]
[]
[]
[]
[]
[]
[]
[]
[]
[]
[]
[]
[]
[]
[]
[]
[]
[]
[]
[]
[]
[]
[]
[]
[]
[]
[]
[]
[]
[]
[]
[]
[]
[]
[]
[]
[]
[]
[]
[]
[]
[]
[]
[]
[]
[]
[]
[]
[]
[]
[]
[]
[]
[]
[]
[]
[]
[]
[]
[]
[]
[]
[]
[]
[]
[]
[]
[]
[]
[]
[]
[]
[]
[]
[]
[]
[]
[]
[]
[]
[]
[]
[]
[]
[]
[]
[]
[]
[]
[]
[]
[]
[]
[]
[]
[]
[]
[]
[]
[]
[]
[]
[]
[]
[]
[]
[]
[]
[]
[]
[]
[]
[]
[]
[]
[]
[]
[]
[]
[]
[]
[]
[]
[]
[]
[]
[]
[]
[]
[]
[]
[]
[]
[]
[]
[]
[]
[]
[]
[]
[]
[]
[]
[]
[]
[]
[]
[]
[]
[]
[]
[]
[]
[]
[]
[]
[]
[]
[]
[]
[]
[]
[]
[]
[]
[]
[]
[]
[]
[]
[]
[]
[]
[]
[]
[]
[]
[]
[]
[]
[]
[]
[]
[]
[]
[]
[]
[]
[]
[]
[]
[]
[]
[]
[]
[]
[]
[]
[]
[]
[]
[]
[]
[]
[]
[]
[]
[]
[]
[]
[]
[]
[]
[]
[]
[]
[]
[]
[]
[]
[]
[]
[]
[]
[]
[]
[]
[]
[]
[]
[]
[]
[]
[]
[]
[]
[]
[]
[]
[]
[]
[]
[]
[]
[]
[]
[]
[]
[]
[]
[]
[]
[]
[]
[]
[]
[]
[]
[]
[]
[]
[]
[]
[]
[]
[]
[]
[]
[]
[]
[]
[]
[]
[]
[]
[]
[]
[]
[]
[]
[]
[]
[]
[]
[]
[]
[]
[]
[]
[]
[]
[]
[]
[]
[]
[]
[]
[]
[]
[]
[]
[]
[]
[]
[]
[]
[]
[]
[]
[]
[]
[]
[]
[]
[]
[]
[]
[]
[]
[]
[]
[]
[]
[]
[]
[]
[]
[]
[]
[]
[]
[]
[]
[]
[]
[]
[]
[]
[]
[]
[]
[]
[]
[]
[]
[]
[]
[]
[]
[]
[]
[]
[]
[]
[]
[]
[]
[]
[]
[]
[]
[]
[]
[]
[]
[]
[]
[]
[]
[]
[]
[]
[]
[]
[]
[]
[]
[]
[]
[]
[]
[]
[]
[]
[]
[]
[]
[]
[]
[]
[]
[]
[]
[]
[]
[]
[]
[]
[]
[]
[]
[]
[]
[]
[]
[]
[]
[]
[]
[]
[]
[]
[]
[]
[]
[]
[]
[]
[]
[]
[]
[]
[]
[]
[]
[]
[]
[]
[]
[]
[]
[]
[]
[]
[]
[]
[]
[]
[]
[]
[]
[]
[]
[]
[]
[]
[]
[]
[]
[]
[]
[]
[]
[]
[]
[]
[]
[]
[]
[]
[]
[]
[]
[]
[]
[]
[]
[]
[]
[]
[]
[]
[]
[]
[]
[]
[]
[]
[]
[]
[]
[]
[]
[]
[]
[]
[]
[]
[]
[]
[]
[]
[]
[]
[]
[]
[]
[]
[]
[]
[]
[]
[]
[]
[]
[]
[]
[]
[]
[]
[]
[]
[]
[]
[]
[]
[]
[]
[]
[]
[]
[]
[]
[]
[]
[]
[]
[]
[]
[]
[]
[]
[]
[]
[]
[]
[]
[]
[]
[]
[]
[]
[]
[]
[]
[]
[]
[]
[]
[]
[]
[]
[]
[]
[]
[]
[]
[]
[]
[]
[]
[]
[]
[]
[]
[]
[]
[]
[]
[]
[]
[]
[]
[]
[]
[]
[]
[]
[]
[]
[]
[]
[]
[]
[]
[]
[]
[]
[]
[]
[]
[]
[]
[]
[]
[]
[]
[]
[]
[]
[]
[]
[]
[]
[]
[]
[]
[]
[]
[]
[]
[]
[]
[]
[]
[]
[]
[]
[]
[]
[]
[]
[]
[]
[]
[]
[]
[]
[]
[]
[]
[]
[]
[]
[]
[]
[]
[]
[]
[]
[]
[]
[]
[]
[]
[]
[]
[]
[]
[]
[]
[]
[]
[]
[]
[]
[]
[]
[]
[]
[]
[]
[]
[]
[]
[]
[]
[]
[]
[]
[]
[]
[]
[]
[]
[]
[]
[]
[]
[]
[]
[]
[]
[]
[]
[]
[]
[]
[]
[]
[]
[]
[]
[]
[]
[]
[]
[]
[]
[]
[]
[]
[]
[]
[]
[]
[]
[]
[]
[]
[]
[]
[]
[]
[]
[]
[]
[]
[]
[]
[]
[]
[]
[]
[]
[]
[]
[]
[]
[]
[]
[]
[]
[]
[]
[]
[]
[]
[]
[]
[]
[]
[]
[]
[]
[]
[]
[]
[]
[]
[]
[]
[]
[]
[]
[]
[]
[]
[]
[]
[]
[]
[]
[]
[]
[]
[]
[]
[]
[]
[]
[]
[]
[]
[]
[]
[]
[]
[]
[]
[]
[]
[]
[]
[]
[]
[]
[]
[]
[]
[]
[]
[]
[]
[]
[]
[]
[]
[]
[]
[]
[]
[]
[]
[]
[]
[]
[]
[]
[]
[]
[]
[]
[]
[]
[]
[]
[]
[]
[]
[]
[]
[]
[]
[]
[]
[]
[]
[]
[]
[]
[]
[]
[]
[]
[]
[]
[]
[]
[]
[]
[]
[]
[]
[]
[]
[]
[]
[]
[]
[]
[]
[]
[]
[]
[]
[]
[]
[]
[]
[]
[]
[]
[]
[]
[]
[]
[]
[]
[]
[]
[]
[]
[]
[]
[]
[]
[]
[]
[]
[]
[]
[]
[]
[]
[]
[]
[]
[]
[]
[]
[]
[]
[]
[]
[]
[]
[]
[]
[]
[]
[]
[]
[]
[]
[]
[]
[]
[]
[]
[]
[]
[]
[]
[]
[]
[]
[]
[]
[]
[]
[]
[]
[]
[]
[]
[]
[]
[]
[]
[]
[]
[]
[]
[]
[]
[]
[]
[]
[]
[]
[]
[]
[]
[]
[]
[]
[]
[]
[]
[]
[]
[]
[]
[]
[]
[]
[]
[]
[]
[]
[]
[]
[]
[]
[]
[]
[]
[]
[]
[]
[]
[]
[]
[]
[]
[]
[]
[]
[]
[]
[]
[]
[]
[]
[]
[]
[]
[]
[]
[]
[]
[]
[]
[]
[]
[]
[]
[]
[]
[]
[]
[]
[]
[]
[]
[]
[]
[]
[]
[]
[]
[]
[]
[]
[]
[]
[]
[]
[]
[]
[]
[]
[]
[]
[]
[]
[]
[]
[]
[]
[]
[]
[]
[]
[]
[]
[]
[]
[]
[]
[]
[]
[]
[]
[]
[]
[]
[]
[]
[]
[]
[]
[]
[]
[]
[]
[]
[]
[]
[]
[]
[]
[]
[]
[]
[]
[]
[]
[]
[]
[]
[]
[]
[]
[]
[]
[]
[]
[]
[]
[]
[]
[]
[]
[]
[]
[]
[]
[]
[]
[]
[]
[]
[]
[]
[]
[]
[]
[]
[]
[]
[]
[]
[]
[]
[]
[]
[]
[]
[]
[]
[]
[]
[]
[]
[]
[]
[]
[]
[]
[]
[]
[]
[]
[]
[]
[]
[]
[]
[]
[]
[]
[]
[]
[]
[]
[]
[]
[]
[]
[]
[]
[]
[]
[]
[]
[]
[]
[]
[]
[]
[]
[]
[]
[]
[]
[]
[]
[]
[]
[]
[]
[]
[]
[]
[]
[]
[]
[]
[]
[]
[]
[]
[]
[]
[]
[]
[]
[]
[]
[]
[]
[]
[]
[]
[]
[]
[]
[]
[]
[]
[]
[]
[]
[]
[]
[]
[]
[]
[]
[]
[]
[]
[]
[]
[]
[]
[]
[]
[]
[]
[]
[]
[]
[]
[]
[]
[]
[]
[]
[]
[]
[]
[]
[]
[]
[]
[]
[]
[]
[]
[]
[]
[]
[]
[]
[]
[]
[]
[]
[]
[]
[]
[]
[]
[]
[]
[]
[]
[]
[]
[]
[]
[]
[]
[]
[]
[]
[]
[]
[]
[]
[]
[]
[]
[]
[]
[]
[]
[]
[]
[]
[]
[]
[]
[]
[]
[]
[]
[]
[]
[]
[]
[]
[]
[]
[]
[]
[]
[]
[]
[]
[]
[]
[]
[]
[]
[]
[]
[]
[]
[]
[]
[]
[]
[]
[]
[]
[]
[]
[]
[]
[]
[]
[]
[]
[]
[]
[]
[]
[]
[]
[]
[]
[]
[]
[]
[]
[]
[]
[]
[]
[]
[]
[]
[]
[]
[]
[]
[]
[]
[]
[]
[]
[]
[]
[]
[]
[]
[]
[]
[]
[]
[]
[]
[]
[]
[]
[]
[]
[]
[]
[]
[]
[]
[]
[]
[]
[]
[]
[]
[]
[]
[]
[]
[]
[]
[]
[]
[]
[]
[]
[]
[]
[]
[]
[]
[]
[]
[]
[]
[]
[]
[]
[]
[]
[]
[]
[]
[]
[]
[]
[]
[]
[]
[]
[]
[]
[]
[]
[]
[]
[]
[]
[]
[]
[]
[]
[]
[]
[]
[]
[]
[]
[]
[]
[]
[]
[]
[]
[]
[]
[]
[]
[]
[]
[]
[]
[]
[]
[]
[]
[]
[]
[]
[]
[]
[]
[]
[]
[]
[]
[]
[]
[]
[]
[]
[]
[]
[]
[]
[]
[]
[]
[]
[]
[]
[]
[]
[]
[]
[]
[]
[]
[]
[]
[]
[]
[]
[]
[]
[]
[]
[]
[]
[]
[]
[]
[]
[]
[]
[]
[]
[]
[]
[]
[]
[]
[]
[]
[]
[]
[]
[]
[]
[]
[]
[]
[]
[]
[]
[]
[]
[]
[]
[]
[]
[]
[]
[]
[]
[]
[]
[]
[]
[]
[]
[]
[]
[]
[]
[]
[]
[]
[]
[]
[]
[]
[]
[]
[]
[]
[]
[]
[]
[]
[]
[]
[]
[]
[]
[]
[]
[]
[]
[]
[]
[]
[]
[]
[]
[]
[]
[]
[]
[]
[]
[]
[]
[]
[]
[]
[]
[]
[]
[]
[]
[]
[]
[]
[]
[]
[]
[]
[]
[]
[]
[]
[]
[]
[]
[]
[]
[]
[]
[]
[]
[]
[]
[]
[]
[]
[]
[]
[]
[]
[]
[]
[]
[]
[]
[]
[]
[]
[]
[]
[]
[]
[]
[]
[]
[]
[]
[]
[]
[]
[]
[]
[]
[]
[]
[]
[]
[]
[]
[]
[]
[]
[]
[]
[]
[]
[]
[]
[]
[]
[]
[]
[]
[]
[]
[]
[]
[]
[]
[]
[]
[]
[]
[]
[]
[]
[]
[]
[]
[]
[]
[]
[]
[]
[]
[]
[]
[]
[]
[]
[]
[]
[]
[]
[]
[]
[]
[]
[]
[]
[]
[]
[]
[]
[]
[]
[]
[]
[]
[]
[]
[]
[]
[]
[]
[]
[]
[]
[]
[]
[]
[]
[]
[]
[]
[]
[]
[]
[]
[]
[]
[]
[]
[]
[]
[]
[]
[]
[]
[]
[]
[]
[]
[]
[]
[]
[]
[]
[]
[]
[]
[]
[]
[]
[]
[]
[]
[]
[]
[]
[]
[]
[]
[]
[]
[]
[]
[]
[]
[]
[]
[]
[]
[]
[]
[]
[]
[]
[]
[]
[]
[]
[]
[]
[]
[]
[]
[]
[]
[]
[]
[]
[]
[]
[]
[]
[]
[]
[]
[]
[]
[]
[]
[]
[]
[]
[]
[]
[]
[]
[]
[]
[]
[]
[]
[]
[]
[]
[]
[]
[]
[]
[]
[]
[]
[]
[]
[]
[]
[]
[]
[]
[]
[]
[]
[]
[]
[]
[]
[]
[]
[]
[]
[]
[]
[]
[]
[]
[]
[]
[]
[]
[]
[]
[]
[]
[]
[]
[]
[]
[]
[]
[]
[]
[]
[]
[]
[]
[]
[]
[]
[]
[]
[]
[]
[]
[]
[]
[]
[]
[]
[]
[]
[]
[]
[]
[]
[]
[]
[]
[]
[]
[]
[]
[]
[]
[]
[]
[]
[]
[]
[]
[]
[]
[]
[]
[]
[]
[]
[]
[]
[]
[]
[]
[]
[]
[]
[]
[]
[]
[]
[]
[]
[]
[]
[]
[]
[]
[]
[]
[]
[]
[]
[]
[]
[]
[]
[]
[]
[]
[]
[]
[]
[]
[]
[]
[]
[]
[]
[]
[]
[]
[]
[]
[]
[]
[]
[]
[]
[]
[]
[]
[]
[]
[]
[]
[]
[]
[]
[]
[]
[]
[]
[]
[]
[]
[]
[]
[]
[]
[]
[]
[]
[]
[]
[]
[]
[]
[]
[]
[]
[]
[]
[]
[]
[]
[]
[]
[]
[]
[]
[]
[]
[]
[]
[]
[]
[]
[]
[]
[]
[]
[]
[]
[]
[]
[]
[]
[]
[]
[]
[]
[]
[]
[]
[]
[]
[]
[]
[]
[]
[]
[]
[]
[]
[]
[]
[]
[]
[]
[]
[]
[]
[]
[]
[]
[]
[]
[]
[]
[]
[]
[]
[]
[]
[]
[]
[]
[]
[]
[]
[]
[]
[]
[]
[]
[]
[]
[]
[]
[]
[]
[]
[]
[]
[]
[]
[]
[]
[]
[]
[]
[]
[]
[]
[]
[]
[]
[]
[]
[]
[]
[]
[]
[]
[]
[]
[]
[]
[]
[]
[]
[]
[]
[]
[]
[]
[]
[]
[]
[]
[]
[]
[]
[]
[]
[]
[]
[]
[]
[]
[]
[]
[]
[]
[]
[]
[]
[]
[]
[]
[]
[]
[]
[]
[]
[]
[]
[]
[]
[]
[]
[]
[]
[]
[]
[]
[]
[]
[]
[]
[]
[]
[]
[]
[]
[]
[]
[]
[]
[]
[]
[]
[]
[]
[]
[]
[]
[]
[]
[]
[]
[]
[]
[]
[]
[]
[]
[]
[]
[]
[]
[]
[]
[]
[]
[]
[]
[]
[]
[]
[]
[]
[]
[]
[]
[]
[]
[]
[]
[]
[]
[]
[]
[]
[]
[]
[]
[]
[]
[]
[]
[]
[]
[]
[]
[]
[]
[]
[]
[]
[]
[]
[]
[]
[]
[]
[]
[]
[]
[]
[]
[]
[]
[]
[]
[]
[]
[]
[]
[]
[]
[]
[]
[]
[]
[]
[]
[]
[]
[]
[]
[]
[]
[]
[]
[]
[]
[]
[]
[]
[]
[]
[]
[]
[]
[]
[]
[]
[]
[]
[]
[]
[]
[]
[]
[]
[]
[]
[]
[]
[]
[]
[]
[]
[]
[]
[]
[]
[]
[]
[]
[]
[]
[]
[]
[]
[]
[]
[]
[]
[]
[]
[]
[]
[]
[]
[]
[]
[]
[]
[]
[]
[]
[]
[]
[]
[]
[]
[]
[]
[]
[]
[]
[]
[]
[]
[]
[]
[]
[]
[]
[]
[]
[]
[]
[]
[]
[]
[]
[]
[]
[]
[]
[]
[]
[]
[]
[]
[]
[]
[]
[]
[]
[]
[]
[]
[]
[]
[]
[]
[]
[]
[]
[]
[]
[]
[]
[]
[]
[]
[]
[]
[]
[]
[]
[]
[]
[]
[]
[]
[]
[]
[]
[]
[]
[]
[]
[]
[]
[]
[]
[]
[]
[]
[]
[]
[]
[]
[]
[]
[]
[]
[]
[]
[]
[]
[]
[]
[]
[]
[]
[]
[]
[]
[]
[]
[]
[]
[]
[]
[]
[]
[]
[]
[]
[]
[]
[]
[]
[]
[]
[]
[]
[]
[]
[]
[]
[]
[]
[]
[]
[]
[]
[]
[]
[]
[]
[]
[]
[]
[]
[]
[]
[]
[]
[]
[]
[]
[]
[]
[]
[]
[]
[]
[]
[]
[]
[]
[]
[]
[]
[]
[]
[]
[]
[]
[]
[]
[]
[]
[]
[]
[]
[]
[]
[]
[]
[]
[]
[]
[]
[]
[]
[]
[]
[]
[]
[]
[]
[]
[]
[]
[]
[]
[]
[]
[]
[]
[]
[]
[]
[]
[]
[]
[]
[]
[]
[]
[]
[]
[]
[]
[]
[]
[]
[]
[]
[]
[]
[]
[]
[]
[]
[]
[]
[]
[]
[]
[]
[]
[]
[]
[]
[]
[]
[]
[]
[]
[]
[]
[]
[]
[]
[]
[]
[]
[]
[]
[]
[]
[]
[]
[]
[]
[]
[]
[]
[]
[]
[]
[]
[]
[]
[]
[]
[]
[]
[]
[]
[]
[]
[]
[]
[]
[]
[]
[]
[]
[]
[]
[]
[]
[]
[]
[]
[]
[]
[]
[]
[]
[]
[]
[]
[]
[]
[]
[]
[]
[]
[]
[]
[]
[]
[]
[]
[]
[]
[]
[]
[]
[]
[]
[]
[]
[]
[]
[]
[]
[]
[]
[]
[]
[]
[]
[]
[]
[]
[]
[]
[]
[]
[]
[]
[]
[]
[]
[]
[]
[]
[]
[]
[]
[]
[]
[]
[]
[]
[]
[]
[]
[]
[]
[]
[]
[]
[]
[]
[]
[]
[]
[]
[]
[]
[]
[]
[]
[]
[]
[]
[]
[]
[]
[]
[]
[]
[]
[]
[]
[]
[]
[]
[]
[]
[]
[]
[]
[]
[]
[]
[]
[]
[]
[]
[]
[]
[]
[]
[]
[]
[]
[]
[]
[]
[]
[]
[]
[]
[]
[]
[]
[]
[]
[]
[]
[]
[]
[]
[]
[]
[]
[]
[]
[]
[]
[]
[]
[]
[]
[]
[]
[]
[]
[]
[]
[]
[]
[]
[]
[]
[]
[]
[]
[]
[]
[]
[]
[]
[]
[]
[]
[]
[]
[]
[]
[]
[]
[]
[]
[]
[]
[]
[]
[]
[]
[]
[]
[]
[]
[]
[]
[]
[]
[]
[]
[]
[]
[]
[]
[]
[]
[]
[]
[]
[]
[]
[]
[]
[]
[]
[]
[]
[]
[]
[]
[]
[]
[]
[]
[]
[]
[]
[]
[]
[]
[]
[]
[]
[]
[]
[]
[]
[]
[]
[]
[]
[]
[]
[]
[]
[]
[]
[]
[]
[]
[]
[]
[]
[]
[]
[]
[]
[]
[]
[]
[]
[]
[]
[]
[]
[]
[]
[]
[]
[]
[]
[]
[]
[]
[]
[]
[]
[]
[]
[]
[]
[]
[]
[]
[]
[]
[]
[]
[]
[]
[]
[]
[]
[]
[]
[]
[]
[]
[]
[]
[]
[]
[]
[]
[]
[]
[]
[]
[]
[]
[]
[]
[]
[]
[]
[]
[]
[]
[]
[]
[]
[]
[]
[]
[]
[]
[]
[]
[]
[]
[]
[]
[]
[]
[]
[]
[]
[]
[]
[]
[]
[]
[]
[]
[]
[]
[]
[]
[]
[]
[]
[]
[]
[]
[]
[]
[]
[]
[]
[]
[]
[]
[]
[]
[]
[]
[]
[]
[]
[]
[]
[]
[]
[]
[]
[]
[]
[]
[]
[]
[]
[]
[]
[]
[]
[]
[]
[]
[]
[]
[]
[]
[]
[]
[]
[]
[]
[]
[]
[]
[]
[]
[]
[]
[]
[]
[]
[]
[]
[]
[]
[]
[]
[]
[]
[]
[]
[]
[]
[]
[]
[]
[]
[]
[]
[]
[]
[]
[]
[]
[]
[]
[]
[]
[]
[]
[]
[]
[]
[]
[]
[]
[]
[]
[]
[]
[]
[]
[]
[]
[]
[]
[]
[]
[]
[]
[]
[]
[]
[]
[]
[]
[]
[]
[]
[]
[]
[]
[]
[]
[]
[]
[]
[]
[]
[]
[]
[]
[]
[]
[]
[]
[]
[]
[]
[]
[]
[]
[]
[]
[]
[]
[]
[]
[]
[]
[]
[]
[]
[]
[]
[]
[]
[]
[]
[]
[]
[]
[]
[]
[]
[]
[]
[]
[]
[]
[]
[]
[]
[]
[]
[]
[]
[]
[]
[]
[]
[]
[]
[]
[]
[]
[]
[]
[]
[]
[]
[]
[]
[]
[]
[]
[]
[]
[]
[]
[]
[]
[]
[]
[]
[]
[]
[]
[]
[]
[]
[]
[]
[]
[]
[]
[]
[]
[]
[]
[]
[]
[]
[]
[]
[]
[]
[]
[]
[]
[]
[]
[]
[]
[]
[]
[]
[]
[]
[]
[]
[]
[]
[]
[]
[]
[]
[]
[]
[]
[]
[]
[]
[]
[]
[]
[]
[]
[]
[]
[]
[]
[]
[]
[]
[]
[]
[]
[]
[]
[]
[]
[]
[]
[]
[]
[]
[]
[]
[]
[]
[]
[]
[]
[]
[]
[]
[]
[]
[]
[]
[]
[]
[]
[]
[]
[]
[]
[]
[]
[]
[]
[]
[]
[]
[]
[]
[]
[]
[]
[]
[]
[]
[]
[]
[]
[]
[]
[]
[]
[]
[]
[]
[]
[]
[]
[]
[]
[]
[]
[]
[]
[]
[]
[]
[]
[]
[]
[]
[]
[]
[]
[]
[]
[]
[]
[]
[]
[]
[]
[]
[]
[]
[]
[]
[]
[]
[]
[]
[]
[]
[]
[]
[]
[]
[]
[]
[]
[]
[]
[]
[]
[]
[]
[]
[]
[]
[]
[]
[]
[]
[]
[]
[]
[]
[]
[]
[]
[]
[]
[]
[]
[]
[]
[]
[]
[]
[]
[]
[]
[]
[]
[]
[]
[]
[]
[]
[]
[]
[]
[]
[]
[]
[]
[]
[]
[]
[]
[]
[]
[]
[]
[]
[]
[]
[]
[]
[]
[]
[]
[]
[]
[]
[]
[]
[]
[]
[]
[]
[]
[]
[]
[]
[]
[]
[]
[]
[]
[]
[]
[]
[]
[]
[]
[]
[]
[]
[]
[]
[]
[]
[]
[]
[]
[]
[]
[]
[]
[]
[]
[]
[]
[]
[]
[]
[]
[]
[]
[]
[]
[]
[]
[]
[]
[]
[]
[]
[]
[]
[]
[]
[]
[]
[]
[]
[]
[]
[]
[]
[]
[]
[]
[]
[]
[]
[]
[]
[]
[]
[]
[]
[]
[]
[]
[]
[]
[]
[]
[]
[]
[]
[]
[]
[]
[]
[]
[]
[]
[]
[]
[]
[]
[]
[]
[]
[]
[]
[]
[]
[]
[]
[]
[]
[]
[]
[]
[]
[]
[]
[]
[]
[]
[]
[]
[]
[]
[]
[]
[]
[]
[]
[]
[]
[]
[]
[]
[]
[]
[]
[]
[]
[]
[]
[]
[]
[]
[]
[]
[]
[]
[]
[]
[]
[]
[]
[]
[]
[]
[]
[]
[]
[]
[]
[]
[]
[]
[]
[]
[]
[]
[]
[]
[]
[]
[]
[]
[]
[]
[]
[]
[]
[]
[]
[]
[]
[]
[]
[]
[]
[]
[]
[]
[]
[]
[]
[]
[]
[]
[]
[]
[]
[]
[]
[]
[]
[]
[]
[]
[]
[]
[]
[]
[]
[]
[]
[]
[]
[]
[]
[]
[]
[]
[]
[]
[]
[]
[]
[]
[]
[]
[]
[]
[]
[]
[]
[]
[]
[]
[]
[]
[]
[]
[]
[]
[]
[]
[]
[]
[]
[]
[]
[]
[]
[]
[]
[]
[]
[]
[]
[]
[]
[]
[]
[]
[]
[]
[]
[]
[]
[]
[]
[]
[]
[]
[]
[]
[]
[]
[]
[]
[]
[]
[]
[]
[]
[]
[]
[]
[]
[]
[]
[]
[]
[]
[]
[]
[]
[]
[]
[]
[]
[]
[]
[]
[]
[]
[]
[]
[]
[]
[]
[]
[]
[]
[]
[]
[]
[]
[]
[]
[]
[]
[]
[]
[]
[]
[]
[]
[]
[]
[]
[]
[]
[]
[]
[]
[]
[]
[]
[]
[]
[]
[]
[]
[]
[]
[]
[]
[]
[]
[]
[]
[]
[]
[]
[]
[]
[]
[]
[]
[]
[]
[]
[]
[]
[]
[]
[]
[]
[]
[]
[]
[]
[]
[]
[]
[]
[]
[]
[]
[]
[]
[]
[]
[]
[]
[]
[]
[]
[]
[]
[]
[]
[]
[]
[]
[]
[]
[]
[]
[]
[]
[]
[]
[]
[]
[]
[]
[]
[]
[]
[]
[]
[]
[]
[]
[]
[]
[]
[]
[]
[]
[]
[]
[]
[]
[]
[]
[]
[]
[]
[]
[]
[]
[]
[]
[]
[]
[]
[]
[]
[]
[]
[]
[]
[]
[]
[]
[]
[]
[]
[]
[]
[]
[]
[]
[]
[]
[]
[]
[]
[]
[]
[]
[]
[]
[]
[]
[]
[]
[]
[]
[]
[]
[]
[]
[]
[]
[]
[]
[]
[]
[]
[]
[]
[]
[]
[]
[]
[]
[]
[]
[]
[]
[]
[]
[]
[]
[]
[]
[]
[]
[]
[]
[]
[]
[]
[]
[]
[]
[]
[]
[]
[]
[]
[]
[]
[]
[]
[]
[]
[]
[]
[]
[]
[]
[]
[]
[]
[]
[]
[]
[]
[]
[]
[]
[]
[]
[]
[]
[]
[]
[]
[]
[]
[]
[]
[]
[]
[]
[]
[]
[]
[]
[]
[]
[]
[]
[]
[]
[]
[]
[]
[]
[]
[]
[]
[]
[]
[]
[]
[]
[]
[]
[]
[]
[]
[]
[]
[]
[]
[]
[]
[]
[]
[]
[]
[]
[]
[]
[]
[]
[]
[]
[]
[]
[]
[]
[]
[]
[]
[]
[]
[]
[]
[]
[]
[]
[]
[]
[]
[]
[]
[]
[]
[]
[]
[]
[]
[]
[]
[]
[]
[]
[]
[]
[]
[]
[]
[]
[]
[]
[]
[]
[]
[]
[]
[]
[]
[]
[]
[]
[]
[]
[]
[]
[]
[]
[]
[]
[]
[]
[]
[]
[]
[]
[]
[]
[]
[]
[]
[]
[]
[]
[]
[]
[]
[]
[]
[]
[]
[]
[]
[]
[]
[]
[]
[]
[]
[]
[]
[]
[]
[]
[]
[]
[]
[]
[]
[]
[]
[]
[]
[]
[]
[]
[]
[]
[]
[]
[]
[]
[]
[]
[]
[]
[]
[]
[]
[]
[]
[]
[]
[]
[]
[]
[]
[]
[]
[]
[]
[]
[]
[]
[]
[]
[]
[]
[]
[]
[]
[]
[]
[]
[]
[]
[]
[]
[]
[]
[]
[]
[]
[]
[]
[]
[]
[]
[]
[]
[]
[]
[]
[]
[]
[]
[]
[]
[]
[]
[]
[]
[]
[]
[]
[]
[]
[]
[]
[]
[]
[]
[]
[]
[]
[]
[]
[]
[]
[]
[]
[]
[]
[]
[]
[]
[]
[]
[]
[]
[]
[]
[]
[]
[]
[]
[]
[]
[]
[]
[]
[]
[]
[]
[]
[]
[]
[]
[]
[]
[]
[]
[]
[]
[]
[]
[]
[]
[]
[]
[]
[]
[]
[]
[]
[]
[]
[]
[]
[]
[]
[]
[]
[]
[]
[]
[]
[]
[]
[]
[]
[]
[]
[]
[]
[]
[]
[]
[]
[]
[]
[]
[]
[]
[]
[]
[]
[]
[]
[]
[]
[]
[]
[]
[]
[]
[]
[]
[]
[]
[]
[]
[]
[]
[]
[]
[]
[]
[]
[]
[]
[]
[]
[]
[]
[]
[]
[]
[]
[]
[]
[]
[]
[]
[]
[]
[]
[]
[]
[]
[]
[]
[]
[]
[]
[]
[]
[]
[]
[]
[]
[]
[]
[]
[]
[]
[]
[]
[]
[]
[]
[]
[]
[]
[]
[]
[]
[]
[]
[]
[]
[]
[]
[]
[]
[]
[]
[]
[]
[]
[]
[]
[]
[]
[]
[]
[]
[]
[]
[]
[]
[]
[]
[]
[]
[]
[]
[]
[]
[]
[]
[]
[]
[]
[]
[]
[]
[]
[]
[]
[]
[]
[]
[]
[]
[]
[]
[]
[]
[]
[]
[]
[]
[]
[]
[]
[]
[]
[]
[]
[]
[]
[]
[]
[]
[]
[]
[]
[]
[]
[]
[]
[]
[]
[]
[]
[]
[]
[]
[]
[]
[]
[]
[]
[]
[]
[]
[]
[]
[]
[]
[]
[]
[]
[]
[]
[]
[]
[]
[]
[]
[]
[]
[]
[]
[]
[]
[]
[]
[]
[]
[]
[]
[]
[]
[]
[]
[]
[]
[]
[]
[]
[]
[]
[]
[]
[]
[]
[]
[]
[]
[]
[]
[]
[]
[]
[]
[]
[]
[]
[]
[]
[]
[]
[]
[]
[]
[]
[]
[]
[]
[]
[]
[]
[]
[]
[]
[]
[]
[]
[]
[]
[]
[]
[]
[]
[]
[]
[]
[]
[]
[]
[]
[]
[]
[]
[]
[]
[]
[]
[]
[]
[]
[]
[]
[]
[]
[]
[]
[]
[]
[]
[]
[]
[]
[]
[]
[]
[]
[]
[]
[]
[]
[]
[]
[]
[]
[]
[]
[]
[]
[]
[]
[]
[]
[]
[]
[]
[]
[]
[]
[]
[]
[]
[]
[]
[]
[]
[]
[]
[]
[]
[]
[]
[]
[]
[]
[]
[]
[]
[]
[]
[]
[]
[]
[]
[]
[]
[]
[]
[]
[]
[]
[]
[]
[]
[]
[]
[]
[]
[]
[]
[]
[]
[]
[]
[]
[]
[]
[]
[]
[]
[]
[]
[]
[]
[]
[]
[]
[]
[]
[]
[]
[]
[]
[]
[]
[]
[]
[]
[]
[]
[]
[]
[]
[]
[]
[]
[]
[]
[]
[]
[]
[]
[]
[]
[]
[]
[]
[]
[]
[]
[]
[]
[]
[]
[]
[]
[]
[]
[]
[]
[]
[]
[]
[]
[]
[]
[]
[]
[]
[]
[]
[]
[]
[]
[]
[]
[]
[]
[]
[]
[]
[]
[]
[]
[]
[]
[]
[]
[]
[]
[]
[]
[]
[]
[]
[]
[]
[]
[]
[]
[]
[]
[]
[]
[]
[]
[]
[]
[]
[]
[]
[]
[]
[]
[]
[]
[]
[]
[]
[]
[]
[]
[]
[]
[]
[]
[]
[]
[]
[]
[]
[]
[]
[]
[]
[]
[]
[]
[]
[]
[]
[]
[]
[]
[]
[]
[]
[]
[]
[]
[]
[]
[]
[]
[]
[]
[]
[]
[]
[]
[]
[]
[]
[]
[]
[]
[]
[]
[]
[]
[]
[]
[]
[]
[]
[]
[]
[]
[]
[]
[]
[]
[]
[null,null,null,null,null,null,null,null,null,null,null,null,null,"22108 - Salaries"]
[null,null,null,null,null,null,null,null,null,null,null,null,null,"63102 - Seminars"]